74.7.227.169 - - [16/Mar/2026:09:27:52 -0700] "GET /detail/79877902.shtm?path=//lib/.build-id/bb HTTP/1.1" 200 3177 "http://www.golz.in/detail/79877902.shtm?path=//lib/.build-id" "Mozilla/5.0 AppleWebKit/537.36 (KHTML, like Gecko; compatible; GPTBot/1.3; +https://openai.com/gptbot)" 496 **0/496937**
74.7.227.169 - - [16/Mar/2026:09:27:55 -0700] "GET /detail/79877902.shtm?path=//lib/.build-id/db HTTP/1.1" 200 3388 "http://www.golz.in/detail/79877902.shtm?path=//lib/.build-id" "Mozilla/5.0 AppleWebKit/537.36 (KHTML, like Gecko; compatible; GPTBot/1.3; +https://openai.com/gptbot)" 501 **0/501301**
74.7.227.169 - - [16/Mar/2026:09:27:59 -0700] "GET /detail/79877902.shtm?fileloc=//lib/.build-id/da/58cbb76631a92b8cc1dc2bc9cc62420f98aab2&path=//lib/.build-id/da HTTP/1.1" 200 41110 "http://www.golz.in/detail/79877902.shtm?path=//lib/.build-id/da" "Mozilla/5.0 AppleWebKit/537.36 (KHTML, like Gecko; compatible; GPTBot/1.3; +https://openai.com/gptbot)" 516 **0/516871**
43.173.1.69 - - [16/Mar/2026:09:28:00 -0700] "GET / HTTP/1.1" 200 4098 "-" "Mozilla/5.0 (iPhone; CPU iPhone OS 13_2_3 like Mac OS X) AppleWebKit/605.1.15 (KHTML, like Gecko) Version/13.0.3 Mobile/15E148 Safari/604.1" 530 **0/530690**
74.7.227.169 - - [16/Mar/2026:09:28:02 -0700] "GET /detail/79877902.shtm?path=//lib/.build-id/cd HTTP/1.1" 200 3224 "http://www.golz.in/detail/79877902.shtm?path=//lib/.build-id" "Mozilla/5.0 AppleWebKit/537.36 (KHTML, like Gecko; compatible; GPTBot/1.3; +https://openai.com/gptbot)" 532 **0/532540**
74.7.227.169 - - [16/Mar/2026:09:28:05 -0700] "GET /detail/79877902.shtm?path=//lib/.build-id/eb HTTP/1.1" 200 3112 "http://www.golz.in/detail/79877902.shtm?path=//lib/.build-id" "Mozilla/5.0 AppleWebKit/537.36 (KHTML, like Gecko; compatible; GPTBot/1.3; +https://openai.com/gptbot)" 492 **0/492907**
74.7.227.169 - - [16/Mar/2026:09:28:08 -0700] "GET /detail/79877902.shtm?path=//lib/.build-id/aa HTTP/1.1" 200 3248 "http://www.golz.in/detail/79877902.shtm?path=//lib/.build-id" "Mozilla/5.0 AppleWebKit/537.36 (KHTML, like Gecko; compatible; GPTBot/1.3; +https://openai.com/gptbot)" 506 **0/506987**
74.7.227.169 - - [16/Mar/2026:09:28:11 -0700] "GET /detail/79877902.shtm?path=//lib/.build-id/ae HTTP/1.1" 200 3223 "http://www.golz.in/detail/79877902.shtm?path=//lib/.build-id" "Mozilla/5.0 AppleWebKit/537.36 (KHTML, like Gecko; compatible; GPTBot/1.3; +https://openai.com/gptbot)" 491 **0/491927**
66.249.66.14 - - [16/Mar/2026:09:28:11 -0700] "GET /?detail/826210803 HTTP/1.1" 200 21861 "-" "Mozilla/5.0 (Linux; Android 6.0.1; Nexus 5X Build/MMB29P) AppleWebKit/537.36 (KHTML, like Gecko) Chrome/145.0.7632.116 Mobile Safari/537.36 (compatible; Googlebot/2.1; +http://www.google.com/bot.html)" 1810 **1/1810936**
74.7.227.169 - - [16/Mar/2026:09:28:15 -0700] "GET /detail/79877902.shtm?path=//lib/.build-id/dd HTTP/1.1" 200 3111 "http://www.golz.in/detail/79877902.shtm?path=//lib/.build-id" "Mozilla/5.0 AppleWebKit/537.36 (KHTML, like Gecko; compatible; GPTBot/1.3; +https://openai.com/gptbot)" 492 **0/492444**
74.7.227.169 - - [16/Mar/2026:09:28:18 -0700] "GET /detail/79877902.shtm?path=//lib/.build-id/df HTTP/1.1" 200 3273 "http://www.golz.in/detail/79877902.shtm?path=//lib/.build-id" "Mozilla/5.0 AppleWebKit/537.36 (KHTML, like Gecko; compatible; GPTBot/1.3; +https://openai.com/gptbot)" 510 **0/510777**
74.7.227.169 - - [16/Mar/2026:09:28:21 -0700] "GET /detail/79877902.shtm?path=//lib/.build-id/fd HTTP/1.1" 200 3060 "http://www.golz.in/detail/79877902.shtm?path=//lib/.build-id" "Mozilla/5.0 AppleWebKit/537.36 (KHTML, like Gecko; compatible; GPTBot/1.3; +https://openai.com/gptbot)" 500 **0/500423**
74.7.227.169 - - [16/Mar/2026:09:28:24 -0700] "GET /detail/79877902.shtm?path=//lib/.build-id/bd HTTP/1.1" 200 3120 "http://www.golz.in/detail/79877902.shtm?path=//lib/.build-id" "Mozilla/5.0 AppleWebKit/537.36 (KHTML, like Gecko; compatible; GPTBot/1.3; +https://openai.com/gptbot)" 490 **0/490339**
74.7.227.169 - - [16/Mar/2026:09:28:27 -0700] "GET /detail/79877902.shtm?path=//lib/.build-id/be HTTP/1.1" 200 3153 "http://www.golz.in/detail/79877902.shtm?path=//lib/.build-id" "Mozilla/5.0 AppleWebKit/537.36 (KHTML, like Gecko; compatible; GPTBot/1.3; +https://openai.com/gptbot)" 491 **0/491579**
74.7.227.169 - - [16/Mar/2026:09:28:30 -0700] "GET /detail/79877902.shtm?fileloc=//lib/.build-id/db/4bb4761d58084a4308300b6e9ee919fd26aec0&path=//lib/.build-id/db HTTP/1.1" 200 5651 "http://www.golz.in/detail/79877902.shtm?path=//lib/.build-id/db" "Mozilla/5.0 AppleWebKit/537.36 (KHTML, like Gecko; compatible; GPTBot/1.3; +https://openai.com/gptbot)" 507 **0/507090**
74.7.227.169 - - [16/Mar/2026:09:28:33 -0700] "GET /detail/79877902.shtm?path=//lib/.build-id/dc HTTP/1.1" 200 2910 "http://www.golz.in/detail/79877902.shtm?path=//lib/.build-id" "Mozilla/5.0 AppleWebKit/537.36 (KHTML, like Gecko; compatible; GPTBot/1.3; +https://openai.com/gptbot)" 502 **0/502994**
74.7.227.169 - - [16/Mar/2026:09:28:37 -0700] "GET /detail/79877902.shtm?fileloc=//lib/.build-id/cd/882b0f149de4acdd51093659735f54e085ae22&path=//lib/.build-id/cd HTTP/1.1" 200 38964 "http://www.golz.in/detail/79877902.shtm?path=//lib/.build-id/cd" "Mozilla/5.0 AppleWebKit/537.36 (KHTML, like Gecko; compatible; GPTBot/1.3; +https://openai.com/gptbot)" 520 **0/520580**
74.7.227.169 - - [16/Mar/2026:09:28:40 -0700] "GET /detail/79877902.shtm?path=//lib/.build-id/bf HTTP/1.1" 200 3183 "http://www.golz.in/detail/79877902.shtm?path=//lib/.build-id" "Mozilla/5.0 AppleWebKit/537.36 (KHTML, like Gecko; compatible; GPTBot/1.3; +https://openai.com/gptbot)" 519 **0/519649**
74.7.227.169 - - [16/Mar/2026:09:28:43 -0700] "GET /detail/79877902.shtm?path=//lib/.build-id/ca HTTP/1.1" 200 3180 "http://www.golz.in/detail/79877902.shtm?path=//lib/.build-id" "Mozilla/5.0 AppleWebKit/537.36 (KHTML, like Gecko; compatible; GPTBot/1.3; +https://openai.com/gptbot)" 528 **0/528167**
74.7.227.169 - - [16/Mar/2026:09:28:46 -0700] "GET /detail/79877902.shtm?path=//lib/.build-id/cb HTTP/1.1" 200 3150 "http://www.golz.in/detail/79877902.shtm?path=//lib/.build-id" "Mozilla/5.0 AppleWebKit/537.36 (KHTML, like Gecko; compatible; GPTBot/1.3; +https://openai.com/gptbot)" 494 **0/494131**
74.7.227.169 - - [16/Mar/2026:09:28:49 -0700] "GET /detail/79877902.shtm?path=//lib/.build-id/ce HTTP/1.1" 200 3398 "http://www.golz.in/detail/79877902.shtm?path=//lib/.build-id" "Mozilla/5.0 AppleWebKit/537.36 (KHTML, like Gecko; compatible; GPTBot/1.3; +https://openai.com/gptbot)" 499 **0/499564**
74.7.227.169 - - [16/Mar/2026:09:28:52 -0700] "GET /detail/79877902.shtm?path=//lib/.build-id/cf HTTP/1.1" 200 3016 "http://www.golz.in/detail/79877902.shtm?path=//lib/.build-id" "Mozilla/5.0 AppleWebKit/537.36 (KHTML, like Gecko; compatible; GPTBot/1.3; +https://openai.com/gptbot)" 506 **0/506028**
49.51.141.76 - - [16/Mar/2026:09:28:55 -0700] "GET /?fileloc=/home/dpknvn09897v/public_html/golz.in/wp-login.php&path=/home/dpknvn09897v/public_html/golz.in HTTP/1.1" 200 15792 "-" "Mozilla/5.0 (iPhone; CPU iPhone OS 13_2_3 like Mac OS X) AppleWebKit/605.1.15 (KHTML, like Gecko) Version/13.0.3 Mobile/15E148 Safari/604.1" 510 **0/510075**
74.7.227.169 - - [16/Mar/2026:09:28:55 -0700] "GET /detail/79877902.shtm?path=//lib/.build-id/fe HTTP/1.1" 200 3266 "http://www.golz.in/detail/79877902.shtm?path=//lib/.build-id" "Mozilla/5.0 AppleWebKit/537.36 (KHTML, like Gecko; compatible; GPTBot/1.3; +https://openai.com/gptbot)" 517 **0/517162**
74.7.227.169 - - [16/Mar/2026:09:28:59 -0700] "GET /detail/79877902.shtm?path=//lib/.build-id/ec HTTP/1.1" 200 3086 "http://www.golz.in/detail/79877902.shtm?path=//lib/.build-id" "Mozilla/5.0 AppleWebKit/537.36 (KHTML, like Gecko; compatible; GPTBot/1.3; +https://openai.com/gptbot)" 506 **0/506526**
74.7.227.169 - - [16/Mar/2026:09:29:02 -0700] "GET /detail/79877902.shtm?path=//lib/.build-id/bc HTTP/1.1" 200 3016 "http://www.golz.in/detail/79877902.shtm?path=//lib/.build-id" "Mozilla/5.0 AppleWebKit/537.36 (KHTML, like Gecko; compatible; GPTBot/1.3; +https://openai.com/gptbot)" 525 **0/525817**
74.7.227.169 - - [16/Mar/2026:09:29:05 -0700] "GET /detail/79877902.shtm?path=//lib/.build-id/ef HTTP/1.1" 200 3255 "http://www.golz.in/detail/79877902.shtm?path=//lib/.build-id" "Mozilla/5.0 AppleWebKit/537.36 (KHTML, like Gecko; compatible; GPTBot/1.3; +https://openai.com/gptbot)" 505 **0/505821**
74.7.227.169 - - [16/Mar/2026:09:29:08 -0700] "GET /detail/79877902.shtm?path=//lib/.build-id/cc HTTP/1.1" 200 3308 "http://www.golz.in/detail/79877902.shtm?path=//lib/.build-id" "Mozilla/5.0 AppleWebKit/537.36 (KHTML, like Gecko; compatible; GPTBot/1.3; +https://openai.com/gptbot)" 492 **0/492945**
74.7.227.169 - - [16/Mar/2026:09:29:11 -0700] "GET /detail/79877902.shtm?path=//lib/.build-id/fa HTTP/1.1" 200 3324 "http://www.golz.in/detail/79877902.shtm?path=//lib/.build-id" "Mozilla/5.0 AppleWebKit/537.36 (KHTML, like Gecko; compatible; GPTBot/1.3; +https://openai.com/gptbot)" 509 **0/509305**
74.7.227.169 - - [16/Mar/2026:09:29:14 -0700] "GET /detail/79877902.shtm?path=//lib/.build-id/ac HTTP/1.1" 200 3250 "http://www.golz.in/detail/79877902.shtm?path=//lib/.build-id" "Mozilla/5.0 AppleWebKit/537.36 (KHTML, like Gecko; compatible; GPTBot/1.3; +https://openai.com/gptbot)" 496 **0/496918**
74.7.227.169 - - [16/Mar/2026:09:29:18 -0700] "GET /detail/79877902.shtm?path=//lib/.build-id/ff HTTP/1.1" 200 3305 "http://www.golz.in/detail/79877902.shtm?path=//lib/.build-id" "Mozilla/5.0 AppleWebKit/537.36 (KHTML, like Gecko; compatible; GPTBot/1.3; +https://openai.com/gptbot)" 512 **0/512262**
74.7.227.169 - - [16/Mar/2026:09:29:21 -0700] "GET /detail/79877902.shtm?path=//lib/.build-id/fb HTTP/1.1" 200 2907 "http://www.golz.in/detail/79877902.shtm?path=//lib/.build-id" "Mozilla/5.0 AppleWebKit/537.36 (KHTML, like Gecko; compatible; GPTBot/1.3; +https://openai.com/gptbot)" 508 **0/508694**
74.7.227.169 - - [16/Mar/2026:09:29:24 -0700] "GET /detail/79877902.shtm?path=//lib/.build-id/fc HTTP/1.1" 200 3196 "http://www.golz.in/detail/79877902.shtm?path=//lib/.build-id" "Mozilla/5.0 AppleWebKit/537.36 (KHTML, like Gecko; compatible; GPTBot/1.3; +https://openai.com/gptbot)" 509 **0/509379**
114.119.135.65 - - [16/Mar/2026:09:29:26 -0700] "GET /detail/2695578114.shtm HTTP/1.1" 200 4098 "http://www.golz.in/sitemap.xml" "Mozilla/5.0 (Linux; Android 7.0;) AppleWebKit/537.36 (KHTML, like Gecko) Mobile Safari/537.36 (compatible; PetalBot;+https://webmaster.petalsearch.com/site/petalbot)" 492 **0/492319**
74.7.227.169 - - [16/Mar/2026:09:29:27 -0700] "GET /detail/5247171.shtm?path=//proc/sys/net HTTP/1.1" 200 2757 "http://www.golz.in/detail/5247171.shtm?path=//proc/sys" "Mozilla/5.0 AppleWebKit/537.36 (KHTML, like Gecko; compatible; GPTBot/1.3; +https://openai.com/gptbot)" 498 **0/498576**
74.7.227.169 - - [16/Mar/2026:09:29:30 -0700] "GET /detail/5247171.shtm?path=//proc/lve HTTP/1.1" 200 2852 "http://www.golz.in/detail/5247171.shtm?path=//proc" "Mozilla/5.0 AppleWebKit/537.36 (KHTML, like Gecko; compatible; GPTBot/1.3; +https://openai.com/gptbot)" 497 **0/497503**
74.7.227.169 - - [16/Mar/2026:09:29:33 -0700] "GET /detail/5247171.shtm?fileloc=//bin/git&path=//bin HTTP/1.1" 200 1603085 "http://www.golz.in/detail/5247171.shtm?path=//bin" "Mozilla/5.0 AppleWebKit/537.36 (KHTML, like Gecko; compatible; GPTBot/1.3; +https://openai.com/gptbot)" 1182 **1/1182717**
74.7.227.169 - - [16/Mar/2026:09:29:37 -0700] "GET /detail/5247171.shtm?fileloc=//bin/tty&path=//bin HTTP/1.1" 200 14548 "http://www.golz.in/detail/5247171.shtm?path=//bin" "Mozilla/5.0 AppleWebKit/537.36 (KHTML, like Gecko; compatible; GPTBot/1.3; +https://openai.com/gptbot)" 502 **0/502850**
74.7.227.169 - - [16/Mar/2026:09:29:40 -0700] "GET /detail/5247171.shtm?fileloc=//bin/cpp&path=//bin HTTP/1.1" 200 439361 "http://www.golz.in/detail/5247171.shtm?path=//bin" "Mozilla/5.0 AppleWebKit/537.36 (KHTML, like Gecko; compatible; GPTBot/1.3; +https://openai.com/gptbot)" 688 **0/688512**
74.7.227.169 - - [16/Mar/2026:09:29:43 -0700] "GET /detail/5247171.shtm?fileloc=//bin/sed&path=//bin HTTP/1.1" 200 50293 "http://www.golz.in/detail/5247171.shtm?path=//bin" "Mozilla/5.0 AppleWebKit/537.36 (KHTML, like Gecko; compatible; GPTBot/1.3; +https://openai.com/gptbot)" 524 **0/524888**
66.249.71.70 - - [16/Mar/2026:09:29:42 -0700] "GET /?detail/544615185 HTTP/1.1" 200 21812 "-" "Mozilla/5.0 (Linux; Android 6.0.1; Nexus 5X Build/MMB29P) AppleWebKit/537.36 (KHTML, like Gecko) Chrome/145.0.7632.116 Mobile Safari/537.36 (compatible; Googlebot/2.1; +http://www.google.com/bot.html)" 1795 **1/1795697**
74.7.227.169 - - [16/Mar/2026:09:29:46 -0700] "GET /detail/8787383.shtm?fileloc=//bin/dd&path=//bin HTTP/1.1" 200 33537 "http://www.golz.in/detail/8787383.shtm?path=//bin" "Mozilla/5.0 AppleWebKit/537.36 (KHTML, like Gecko; compatible; GPTBot/1.3; +https://openai.com/gptbot)" 521 **0/521093**
74.7.227.169 - - [16/Mar/2026:09:29:49 -0700] "GET /detail/8787383.shtm?fileloc=//bin/ls&path=//bin HTTP/1.1" 200 57510 "http://www.golz.in/detail/8787383.shtm?path=//bin" "Mozilla/5.0 AppleWebKit/537.36 (KHTML, like Gecko; compatible; GPTBot/1.3; +https://openai.com/gptbot)" 527 **0/527797**
74.7.227.169 - - [16/Mar/2026:09:29:52 -0700] "GET /detail/8787383.shtm?fileloc=//bin/as&path=//bin HTTP/1.1" 200 178084 "http://www.golz.in/detail/8787383.shtm?path=//bin" "Mozilla/5.0 AppleWebKit/537.36 (KHTML, like Gecko; compatible; GPTBot/1.3; +https://openai.com/gptbot)" 616 **0/616313**
74.7.227.169 - - [16/Mar/2026:09:29:55 -0700] "GET /detail/8787383.shtm?fileloc=//bin/nm&path=//bin HTTP/1.1" 200 20682 "http://www.golz.in/detail/8787383.shtm?path=//bin" "Mozilla/5.0 AppleWebKit/537.36 (KHTML, like Gecko; compatible; GPTBot/1.3; +https://openai.com/gptbot)" 508 **0/508870**
74.7.227.169 - - [16/Mar/2026:09:29:58 -0700] "GET /detail/8787383.shtm?fileloc=//bin/cc&path=//bin HTTP/1.1" 200 438891 "http://www.golz.in/detail/8787383.shtm?path=//bin" "Mozilla/5.0 AppleWebKit/537.36 (KHTML, like Gecko; compatible; GPTBot/1.3; +https://openai.com/gptbot)" 650 **0/650340**
74.7.227.169 - - [16/Mar/2026:09:30:02 -0700] "GET /detail/5247171.shtm?path=//proc/sys/net/mptcp HTTP/1.1" 200 2658 "http://www.golz.in/detail/5247171.shtm?path=//proc/sys/net" "Mozilla/5.0 AppleWebKit/537.36 (KHTML, like Gecko; compatible; GPTBot/1.3; +https://openai.com/gptbot)" 624 **0/624723**
74.7.227.169 - - [16/Mar/2026:09:30:05 -0700] "GET /detail/5247171.shtm?path=//proc/lve/per-lve HTTP/1.1" 200 2315 "http://www.golz.in/detail/5247171.shtm?path=//proc/lve" "Mozilla/5.0 AppleWebKit/537.36 (KHTML, like Gecko; compatible; GPTBot/1.3; +https://openai.com/gptbot)" 535 **0/535191**
74.7.227.169 - - [16/Mar/2026:09:30:08 -0700] "GET /detail/5247171.shtm?path=//proc/sys/net/core HTTP/1.1" 200 3518 "http://www.golz.in/detail/5247171.shtm?path=//proc/sys/net" "Mozilla/5.0 AppleWebKit/537.36 (KHTML, like Gecko; compatible; GPTBot/1.3; +https://openai.com/gptbot)" 523 **0/523948**
74.7.227.169 - - [16/Mar/2026:09:30:11 -0700] "GET /detail/5247171.shtm?fileloc=//proc/sys/net/nf_conntrack_max&path=//proc/sys/net HTTP/1.1" 200 2280 "http://www.golz.in/detail/5247171.shtm?path=//proc/sys/net" "Mozilla/5.0 AppleWebKit/537.36 (KHTML, like Gecko; compatible; GPTBot/1.3; +https://openai.com/gptbot)" 508 **0/508536**
74.7.227.169 - - [16/Mar/2026:09:30:14 -0700] "GET /detail/8787383.shtm?fileloc=//bin/ld&path=//bin HTTP/1.1" 200 206671 "http://www.golz.in/detail/8787383.shtm?path=//bin" "Mozilla/5.0 AppleWebKit/537.36 (KHTML, like Gecko; compatible; GPTBot/1.3; +https://openai.com/gptbot)" 669 **0/669112**
74.7.227.169 - - [16/Mar/2026:09:30:18 -0700] "GET /detail/8787383.shtm?fileloc=//bin/sh&path=//bin HTTP/1.1" 200 464208 "http://www.golz.in/detail/8787383.shtm?path=//bin" "Mozilla/5.0 AppleWebKit/537.36 (KHTML, like Gecko; compatible; GPTBot/1.3; +https://openai.com/gptbot)" 745 **0/745211**
74.7.227.169 - - [16/Mar/2026:09:30:21 -0700] "GET /detail/5247171.shtm?path=//lib/udev HTTP/1.1" 200 3019 "http://www.golz.in/detail/5247171.shtm?path=//lib" "Mozilla/5.0 AppleWebKit/537.36 (KHTML, like Gecko; compatible; GPTBot/1.3; +https://openai.com/gptbot)" 508 **0/508048**
74.7.227.169 - - [16/Mar/2026:09:30:24 -0700] "GET /detail/79877902.shtm?fileloc=//bin/pmap&path=//bin HTTP/1.1" 200 13828 "http://www.golz.in/detail/79877902.shtm?path=//bin" "Mozilla/5.0 AppleWebKit/537.36 (KHTML, like Gecko; compatible; GPTBot/1.3; +https://openai.com/gptbot)" 535 **0/535277**
74.7.227.169 - - [16/Mar/2026:09:30:27 -0700] "GET /detail/79877902.shtm?fileloc=//bin/fold&path=//bin HTTP/1.1" 200 17590 "http://www.golz.in/detail/79877902.shtm?path=//bin" "Mozilla/5.0 AppleWebKit/537.36 (KHTML, like Gecko; compatible; GPTBot/1.3; +https://openai.com/gptbot)" 500 **0/500590**
74.7.227.169 - - [16/Mar/2026:09:30:30 -0700] "GET /detail/79877902.shtm?fileloc=//bin/echo&path=//bin HTTP/1.1" 200 15443 "http://www.golz.in/detail/79877902.shtm?path=//bin" "Mozilla/5.0 AppleWebKit/537.36 (KHTML, like Gecko; compatible; GPTBot/1.3; +https://openai.com/gptbot)" 509 **0/509684**
74.7.227.169 - - [16/Mar/2026:09:30:33 -0700] "GET /detail/79877902.shtm?fileloc=//bin/cpan&path=//bin HTTP/1.1" 200 5786 "http://www.golz.in/detail/79877902.shtm?path=//bin" "Mozilla/5.0 AppleWebKit/537.36 (KHTML, like Gecko; compatible; GPTBot/1.3; +https://openai.com/gptbot)" 493 **0/493744**
74.7.227.169 - - [16/Mar/2026:09:30:37 -0700] "GET /detail/5247171.shtm?fileloc=//proc/sys/net/mptcp/enabled&path=//proc/sys/net/mptcp HTTP/1.1" 200 2278 "http://www.golz.in/detail/5247171.shtm?path=//proc/sys/net/mptcp" "Mozilla/5.0 AppleWebKit/537.36 (KHTML, like Gecko; compatible; GPTBot/1.3; +https://openai.com/gptbot)" 498 **0/498320**
74.7.227.169 - - [16/Mar/2026:09:30:40 -0700] "GET /detail/5247171.shtm?fileloc=//proc/sys/net/mptcp/stale_loss_cnt&path=//proc/sys/net/mptcp HTTP/1.1" 200 2288 "http://www.golz.in/detail/5247171.shtm?path=//proc/sys/net/mptcp" "Mozilla/5.0 AppleWebKit/537.36 (KHTML, like Gecko; compatible; GPTBot/1.3; +https://openai.com/gptbot)" 495 **0/495853**
74.7.227.169 - - [16/Mar/2026:09:30:43 -0700] "GET /detail/5247171.shtm?fileloc=//proc/sys/net/core/somaxconn&path=//proc/sys/net/core HTTP/1.1" 200 2284 "http://www.golz.in/detail/5247171.shtm?path=//proc/sys/net/core" "Mozilla/5.0 AppleWebKit/537.36 (KHTML, like Gecko; compatible; GPTBot/1.3; +https://openai.com/gptbot)" 505 **0/505776**
74.7.227.169 - - [16/Mar/2026:09:30:46 -0700] "GET /detail/5247171.shtm?fileloc=//proc/sys/net/core/warnings&path=//proc/sys/net/core HTTP/1.1" 200 2277 "http://www.golz.in/detail/5247171.shtm?path=//proc/sys/net/core" "Mozilla/5.0 AppleWebKit/537.36 (KHTML, like Gecko; compatible; GPTBot/1.3; +https://openai.com/gptbot)" 503 **0/503857**
74.7.227.169 - - [16/Mar/2026:09:30:49 -0700] "GET /detail/5247171.shtm?fileloc=//proc/sys/net/core/tstamp_allow_data&path=//proc/sys/net/core HTTP/1.1" 200 2288 "http://www.golz.in/detail/5247171.shtm?path=//proc/sys/net/core" "Mozilla/5.0 AppleWebKit/537.36 (KHTML, like Gecko; compatible; GPTBot/1.3; +https://openai.com/gptbot)" 503 **0/503314**
74.7.227.169 - - [16/Mar/2026:09:30:52 -0700] "GET /detail/5247171.shtm?fileloc=//proc/sys/net/core/message_cost&path=//proc/sys/net/core HTTP/1.1" 200 2280 "http://www.golz.in/detail/5247171.shtm?path=//proc/sys/net/core" "Mozilla/5.0 AppleWebKit/537.36 (KHTML, like Gecko; compatible; GPTBot/1.3; +https://openai.com/gptbot)" 499 **0/499389**
74.7.227.169 - - [16/Mar/2026:09:30:55 -0700] "GET /detail/5247171.shtm?fileloc=//proc/sys/net/core/txrehash&path=//proc/sys/net/core HTTP/1.1" 200 2282 "http://www.golz.in/detail/5247171.shtm?path=//proc/sys/net/core" "Mozilla/5.0 AppleWebKit/537.36 (KHTML, like Gecko; compatible; GPTBot/1.3; +https://openai.com/gptbot)" 493 **0/493937**
74.7.227.169 - - [16/Mar/2026:09:30:58 -0700] "GET /detail/5247171.shtm?fileloc=//proc/sys/net/core/rps_sock_flow_entries&path=//proc/sys/net/core HTTP/1.1" 200 2291 "http://www.golz.in/detail/5247171.shtm?path=//proc/sys/net/core" "Mozilla/5.0 AppleWebKit/537.36 (KHTML, like Gecko; compatible; GPTBot/1.3; +https://openai.com/gptbot)" 485 **0/485636**
74.7.227.169 - - [16/Mar/2026:09:31:02 -0700] "GET /detail/5247171.shtm?fileloc=//proc/sys/net/core/rmem_default&path=//proc/sys/net/core HTTP/1.1" 200 2284 "http://www.golz.in/detail/5247171.shtm?path=//proc/sys/net/core" "Mozilla/5.0 AppleWebKit/537.36 (KHTML, like Gecko; compatible; GPTBot/1.3; +https://openai.com/gptbot)" 533 **0/533711**
74.7.227.169 - - [16/Mar/2026:09:31:05 -0700] "GET /detail/5247171.shtm?fileloc=//proc/sys/net/core/optmem_max&path=//proc/sys/net/core HTTP/1.1" 200 2285 "http://www.golz.in/detail/5247171.shtm?path=//proc/sys/net/core" "Mozilla/5.0 AppleWebKit/537.36 (KHTML, like Gecko; compatible; GPTBot/1.3; +https://openai.com/gptbot)" 501 **0/501847**
74.7.227.169 - - [16/Mar/2026:09:31:08 -0700] "GET /detail/5247171.shtm?fileloc=//proc/sys/net/core/flow_limit_cpu_bitmap&path=//proc/sys/net/core HTTP/1.1" 200 2292 "http://www.golz.in/detail/5247171.shtm?path=//proc/sys/net/core" "Mozilla/5.0 AppleWebKit/537.36 (KHTML, like Gecko; compatible; GPTBot/1.3; +https://openai.com/gptbot)" 500 **0/500697**
74.7.227.169 - - [16/Mar/2026:09:31:11 -0700] "GET /detail/5247171.shtm?fileloc=//proc/sys/net/core/netdev_budget_usecs&path=//proc/sys/net/core HTTP/1.1" 200 2289 "http://www.golz.in/detail/5247171.shtm?path=//proc/sys/net/core" "Mozilla/5.0 AppleWebKit/537.36 (KHTML, like Gecko; compatible; GPTBot/1.3; +https://openai.com/gptbot)" 500 **0/500470**
74.7.227.169 - - [16/Mar/2026:09:31:14 -0700] "GET /detail/5247171.shtm?fileloc=//proc/sys/net/core/rps_default_mask&path=//proc/sys/net/core HTTP/1.1" 200 2287 "http://www.golz.in/detail/5247171.shtm?path=//proc/sys/net/core" "Mozilla/5.0 AppleWebKit/537.36 (KHTML, like Gecko; compatible; GPTBot/1.3; +https://openai.com/gptbot)" 511 **0/511226**
74.7.227.169 - - [16/Mar/2026:09:31:17 -0700] "GET /detail/5247171.shtm?fileloc=//proc/sys/net/core/default_qdisc&path=//proc/sys/net/core HTTP/1.1" 200 2289 "http://www.golz.in/detail/5247171.shtm?path=//proc/sys/net/core" "Mozilla/5.0 AppleWebKit/537.36 (KHTML, like Gecko; compatible; GPTBot/1.3; +https://openai.com/gptbot)" 500 **0/500003**
74.7.227.169 - - [16/Mar/2026:09:31:21 -0700] "GET /detail/5247171.shtm?fileloc=//proc/sys/net/core/bpf_jit_kallsyms&path=//proc/sys/net/core HTTP/1.1" 200 2288 "http://www.golz.in/detail/5247171.shtm?path=//proc/sys/net/core" "Mozilla/5.0 AppleWebKit/537.36 (KHTML, like Gecko; compatible; GPTBot/1.3; +https://openai.com/gptbot)" 498 **0/498314**
74.7.227.169 - - [16/Mar/2026:09:31:24 -0700] "GET /detail/5247171.shtm?fileloc=//proc/sys/net/core/xfrm_larval_drop&path=//proc/sys/net/core HTTP/1.1" 200 2284 "http://www.golz.in/detail/5247171.shtm?path=//proc/sys/net/core" "Mozilla/5.0 AppleWebKit/537.36 (KHTML, like Gecko; compatible; GPTBot/1.3; +https://openai.com/gptbot)" 503 **0/503625**
74.7.227.169 - - [16/Mar/2026:09:31:27 -0700] "GET /detail/5247171.shtm?fileloc=//proc/sys/net/core/netdev_budget&path=//proc/sys/net/core HTTP/1.1" 200 2283 "http://www.golz.in/detail/5247171.shtm?path=//proc/sys/net/core" "Mozilla/5.0 AppleWebKit/537.36 (KHTML, like Gecko; compatible; GPTBot/1.3; +https://openai.com/gptbot)" 511 **0/511834**
74.7.227.169 - - [16/Mar/2026:09:31:30 -0700] "GET /detail/5247171.shtm?fileloc=//proc/sys/net/mptcp/add_addr_timeout&path=//proc/sys/net/mptcp HTTP/1.1" 200 2289 "http://www.golz.in/detail/5247171.shtm?path=//proc/sys/net/mptcp" "Mozilla/5.0 AppleWebKit/537.36 (KHTML, like Gecko; compatible; GPTBot/1.3; +https://openai.com/gptbot)" 535 **0/535602**
74.7.227.169 - - [16/Mar/2026:09:31:33 -0700] "GET /detail/5247171.shtm?fileloc=//proc/sys/net/core/xfrm_acq_expires&path=//proc/sys/net/core HTTP/1.1" 200 2284 "http://www.golz.in/detail/5247171.shtm?path=//proc/sys/net/core" "Mozilla/5.0 AppleWebKit/537.36 (KHTML, like Gecko; compatible; GPTBot/1.3; +https://openai.com/gptbot)" 507 **0/507524**
74.7.227.169 - - [16/Mar/2026:09:31:36 -0700] "GET /detail/5247171.shtm?fileloc=//proc/sys/net/core/xfrm_aevent_etime&path=//proc/sys/net/core HTTP/1.1" 200 2286 "http://www.golz.in/detail/5247171.shtm?path=//proc/sys/net/core" "Mozilla/5.0 AppleWebKit/537.36 (KHTML, like Gecko; compatible; GPTBot/1.3; +https://openai.com/gptbot)" 500 **0/500769**
74.7.227.169 - - [16/Mar/2026:09:31:39 -0700] "GET /detail/5247171.shtm?fileloc=//proc/sys/net/core/message_burst&path=//proc/sys/net/core HTTP/1.1" 200 2284 "http://www.golz.in/detail/5247171.shtm?path=//proc/sys/net/core" "Mozilla/5.0 AppleWebKit/537.36 (KHTML, like Gecko; compatible; GPTBot/1.3; +https://openai.com/gptbot)" 516 **0/516278**
74.7.227.169 - - [16/Mar/2026:09:31:42 -0700] "GET /detail/5247171.shtm?fileloc=//proc/sys/net/core/xfrm_aevent_rseqth&path=//proc/sys/net/core HTTP/1.1" 200 2287 "http://www.golz.in/detail/5247171.shtm?path=//proc/sys/net/core" "Mozilla/5.0 AppleWebKit/537.36 (KHTML, like Gecko; compatible; GPTBot/1.3; +https://openai.com/gptbot)" 492 **0/492403**
74.7.227.169 - - [16/Mar/2026:09:31:45 -0700] "GET /detail/5247171.shtm?fileloc=//proc/sys/net/core/wmem_default&path=//proc/sys/net/core HTTP/1.1" 200 2286 "http://www.golz.in/detail/5247171.shtm?path=//proc/sys/net/core" "Mozilla/5.0 AppleWebKit/537.36 (KHTML, like Gecko; compatible; GPTBot/1.3; +https://openai.com/gptbot)" 523 **0/523751**
114.119.135.65 - - [16/Mar/2026:09:31:46 -0700] "GET /detail/2693153916.shtm HTTP/1.1" 200 4098 "http://www.golz.in/sitemap.xml" "Mozilla/5.0 (Linux; Android 7.0;) AppleWebKit/537.36 (KHTML, like Gecko) Mobile Safari/537.36 (compatible; PetalBot;+https://webmaster.petalsearch.com/site/petalbot)" 494 **0/494075**
74.7.227.169 - - [16/Mar/2026:09:31:49 -0700] "GET /detail/5247171.shtm?fileloc=//proc/sys/net/core/netdev_max_backlog&path=//proc/sys/net/core HTTP/1.1" 200 2290 "http://www.golz.in/detail/5247171.shtm?path=//proc/sys/net/core" "Mozilla/5.0 AppleWebKit/537.36 (KHTML, like Gecko; compatible; GPTBot/1.3; +https://openai.com/gptbot)" 498 **0/498125**
66.249.71.69 - - [16/Mar/2026:09:31:49 -0700] "GET /?detail/10156179 HTTP/1.1" 200 22210 "-" "Mozilla/5.0 (Linux; Android 6.0.1; Nexus 5X Build/MMB29P) AppleWebKit/537.36 (KHTML, like Gecko) Chrome/145.0.7632.116 Mobile Safari/537.36 (compatible; Googlebot/2.1; +http://www.google.com/bot.html)" 1793 **1/1793519**
74.7.227.169 - - [16/Mar/2026:09:31:52 -0700] "GET /detail/5247171.shtm?fileloc=//proc/sys/net/core/rmem_max&path=//proc/sys/net/core HTTP/1.1" 200 2285 "http://www.golz.in/detail/5247171.shtm?path=//proc/sys/net/core" "Mozilla/5.0 AppleWebKit/537.36 (KHTML, like Gecko; compatible; GPTBot/1.3; +https://openai.com/gptbot)" 493 **0/493118**
74.7.227.169 - - [16/Mar/2026:09:31:55 -0700] "GET /detail/5247171.shtm?fileloc=//proc/sys/net/core/busy_poll&path=//proc/sys/net/core HTTP/1.1" 200 2284 "http://www.golz.in/detail/5247171.shtm?path=//proc/sys/net/core" "Mozilla/5.0 AppleWebKit/537.36 (KHTML, like Gecko; compatible; GPTBot/1.3; +https://openai.com/gptbot)" 493 **0/493085**
74.7.227.169 - - [16/Mar/2026:09:31:58 -0700] "GET /detail/5247171.shtm?fileloc=//proc/sys/net/core/netdev_rss_key&path=//proc/sys/net/core HTTP/1.1" 200 2290 "http://www.golz.in/detail/5247171.shtm?path=//proc/sys/net/core" "Mozilla/5.0 AppleWebKit/537.36 (KHTML, like Gecko; compatible; GPTBot/1.3; +https://openai.com/gptbot)" 490 **0/490611**
216.73.216.210 - - [16/Mar/2026:09:32:00 -0700] "GET /detail/529445352.shtm?path=%2F%2Fusr%2Finclude%2Fgdb HTTP/1.1" 200 2578 "-" "Mozilla/5.0 AppleWebKit/537.36 (KHTML, like Gecko; compatible; ClaudeBot/1.0; +claudebot@anthropic.com)" 500 **0/500461**
74.7.227.169 - - [16/Mar/2026:09:32:01 -0700] "GET /detail/5247171.shtm?fileloc=//proc/sys/net/core/bpf_jit_limit&path=//proc/sys/net/core HTTP/1.1" 200 2286 "http://www.golz.in/detail/5247171.shtm?path=//proc/sys/net/core" "Mozilla/5.0 AppleWebKit/537.36 (KHTML, like Gecko; compatible; GPTBot/1.3; +https://openai.com/gptbot)" 545 **0/545020**
216.73.216.210 - - [16/Mar/2026:09:32:03 -0700] "GET /detail/590597580.shtm?path=%2F%2Fusr%2Finclude%2Fbsock HTTP/1.1" 200 2707 "-" "Mozilla/5.0 AppleWebKit/537.36 (KHTML, like Gecko; compatible; ClaudeBot/1.0; +claudebot@anthropic.com)" 512 **0/512980**
74.7.227.169 - - [16/Mar/2026:09:32:04 -0700] "GET /detail/5247171.shtm?fileloc=//proc/sys/net/core/bpf_jit_harden&path=//proc/sys/net/core HTTP/1.1" 200 2283 "http://www.golz.in/detail/5247171.shtm?path=//proc/sys/net/core" "Mozilla/5.0 AppleWebKit/537.36 (KHTML, like Gecko; compatible; GPTBot/1.3; +https://openai.com/gptbot)" 499 **0/499754**
216.73.216.210 - - [16/Mar/2026:09:32:06 -0700] "GET /detail/590597580.shtm?fileloc=%2F%2Fusr%2Finclude%2Fterm_entry.h&path=%2F%2Fusr%2Finclude HTTP/1.1" 200 5145 "-" "Mozilla/5.0 AppleWebKit/537.36 (KHTML, like Gecko; compatible; ClaudeBot/1.0; +claudebot@anthropic.com)" 523 **0/523717**
74.7.227.169 - - [16/Mar/2026:09:32:08 -0700] "GET /detail/5247171.shtm?fileloc=//proc/sys/net/core/bpf_jit_enable&path=//proc/sys/net/core HTTP/1.1" 200 2287 "http://www.golz.in/detail/5247171.shtm?path=//proc/sys/net/core" "Mozilla/5.0 AppleWebKit/537.36 (KHTML, like Gecko; compatible; GPTBot/1.3; +https://openai.com/gptbot)" 513 **0/513481**
216.73.216.210 - - [16/Mar/2026:09:32:09 -0700] "GET /detail/529445352.shtm?fileloc=%2F%2Fusr%2Finclude%2Fgetopt.h&path=%2F%2Fusr%2Finclude HTTP/1.1" 200 2968 "-" "Mozilla/5.0 AppleWebKit/537.36 (KHTML, like Gecko; compatible; ClaudeBot/1.0; +claudebot@anthropic.com)" 512 **0/512746**
74.7.227.169 - - [16/Mar/2026:09:32:11 -0700] "GET /detail/5247171.shtm?fileloc=//proc/sys/net/core/flow_limit_table_len&path=//proc/sys/net/core HTTP/1.1" 200 2288 "http://www.golz.in/detail/5247171.shtm?path=//proc/sys/net/core" "Mozilla/5.0 AppleWebKit/537.36 (KHTML, like Gecko; compatible; GPTBot/1.3; +https://openai.com/gptbot)" 533 **0/533033**
216.73.216.210 - - [16/Mar/2026:09:32:12 -0700] "GET /detail/529445352.shtm?fileloc=%2F%2Fusr%2Finclude%2Fzlib.h&path=%2F%2Fusr%2Finclude HTTP/1.1" 200 27461 "-" "Mozilla/5.0 AppleWebKit/537.36 (KHTML, like Gecko; compatible; ClaudeBot/1.0; +claudebot@anthropic.com)" 519 **0/519280**
74.7.227.169 - - [16/Mar/2026:09:32:14 -0700] "GET /detail/5247171.shtm?fileloc=//proc/sys/net/core/netdev_tstamp_prequeue&path=//proc/sys/net/core HTTP/1.1" 200 2291 "http://www.golz.in/detail/5247171.shtm?path=//proc/sys/net/core" "Mozilla/5.0 AppleWebKit/537.36 (KHTML, like Gecko; compatible; GPTBot/1.3; +https://openai.com/gptbot)" 488 **0/488077**
216.73.216.210 - - [16/Mar/2026:09:32:15 -0700] "GET /detail/590597580.shtm?fileloc=%2F%2Fusr%2Finclude%2Functrl.h&path=%2F%2Fusr%2Finclude HTTP/1.1" 200 3464 "-" "Mozilla/5.0 AppleWebKit/537.36 (KHTML, like Gecko; compatible; ClaudeBot/1.0; +claudebot@anthropic.com)" 499 **0/499483**
74.7.227.169 - - [16/Mar/2026:09:32:17 -0700] "GET /detail/5247171.shtm?fileloc=//proc/sys/net/core/dev_weight&path=//proc/sys/net/core HTTP/1.1" 200 2282 "http://www.golz.in/detail/5247171.shtm?path=//proc/sys/net/core" "Mozilla/5.0 AppleWebKit/537.36 (KHTML, like Gecko; compatible; GPTBot/1.3; +https://openai.com/gptbot)" 487 **0/487712**
216.73.216.210 - - [16/Mar/2026:09:32:18 -0700] "GET /detail/590597580.shtm?fileloc=%2F%2Fusr%2Finclude%2Ftgmath.h&path=%2F%2Fusr%2Finclude HTTP/1.1" 200 7839 "-" "Mozilla/5.0 AppleWebKit/537.36 (KHTML, like Gecko; compatible; ClaudeBot/1.0; +claudebot@anthropic.com)" 507 **0/507004**
74.7.227.169 - - [16/Mar/2026:09:32:20 -0700] "GET /detail/5247171.shtm?fileloc=//proc/sys/net/core/busy_read&path=//proc/sys/net/core HTTP/1.1" 200 2281 "http://www.golz.in/detail/5247171.shtm?path=//proc/sys/net/core" "Mozilla/5.0 AppleWebKit/537.36 (KHTML, like Gecko; compatible; GPTBot/1.3; +https://openai.com/gptbot)" 492 **0/492315**
216.73.216.210 - - [16/Mar/2026:09:32:21 -0700] "GET /detail/590597580.shtm?fileloc=%2F%2Fusr%2Finclude%2Ftic.h&path=%2F%2Fusr%2Finclude HTTP/1.1" 200 6942 "-" "Mozilla/5.0 AppleWebKit/537.36 (KHTML, like Gecko; compatible; ClaudeBot/1.0; +claudebot@anthropic.com)" 504 **0/504240**
74.7.227.169 - - [16/Mar/2026:09:32:23 -0700] "GET /detail/5247171.shtm?fileloc=//proc/sys/net/core/fb_tunnels_only_for_init_net&path=//proc/sys/net/core HTTP/1.1" 200 2294 "http://www.golz.in/detail/5247171.shtm?path=//proc/sys/net/core" "Mozilla/5.0 AppleWebKit/537.36 (KHTML, like Gecko; compatible; GPTBot/1.3; +https://openai.com/gptbot)" 494 **0/494115**
216.73.216.210 - - [16/Mar/2026:09:32:24 -0700] "GET /detail/4163750565.shtm?fileloc=%2F%2Fusr%2Finclude%2Fsyscall.h&path=%2F%2Fusr%2Finclude HTTP/1.1" 200 2281 "-" "Mozilla/5.0 AppleWebKit/537.36 (KHTML, like Gecko; compatible; ClaudeBot/1.0; +claudebot@anthropic.com)" 511 **0/511134**
74.7.227.169 - - [16/Mar/2026:09:32:26 -0700] "GET /detail/5247171.shtm?fileloc=//proc/sys/net/core/dev_weight_tx_bias&path=//proc/sys/net/core HTTP/1.1" 200 2286 "http://www.golz.in/detail/5247171.shtm?path=//proc/sys/net/core" "Mozilla/5.0 AppleWebKit/537.36 (KHTML, like Gecko; compatible; GPTBot/1.3; +https://openai.com/gptbot)" 510 **0/510031**
216.73.216.210 - - [16/Mar/2026:09:32:27 -0700] "GET /detail/590597580.shtm?fileloc=%2F%2Fusr%2Finclude%2Fasm%2Fstatfs.h&path=%2F%2Fusr%2Finclude%2Fasm HTTP/1.1" 200 2531 "-" "Mozilla/5.0 AppleWebKit/537.36 (KHTML, like Gecko; compatible; ClaudeBot/1.0; +claudebot@anthropic.com)" 502 **0/502381**
216.73.216.210 - - [16/Mar/2026:09:32:30 -0700] "GET /detail/590597580.shtm?fileloc=%2F%2Fusr%2Finclude%2Ferrno.h&path=%2F%2Fusr%2Finclude HTTP/1.1" 200 3087 "-" "Mozilla/5.0 AppleWebKit/537.36 (KHTML, like Gecko; compatible; ClaudeBot/1.0; +claudebot@anthropic.com)" 505 **0/505991**
74.7.227.169 - - [16/Mar/2026:09:32:30 -0700] "GET /detail/5247171.shtm?fileloc=//proc/sys/net/core/dev_weight_rx_bias&path=//proc/sys/net/core HTTP/1.1" 200 2286 "http://www.golz.in/detail/5247171.shtm?path=//proc/sys/net/core" "Mozilla/5.0 AppleWebKit/537.36 (KHTML, like Gecko; compatible; GPTBot/1.3; +https://openai.com/gptbot)" 491 **0/491176**
216.73.216.210 - - [16/Mar/2026:09:32:33 -0700] "GET /detail/529445352.shtm?fileloc=%2F%2Fusr%2Finclude%2Ffenv.h&path=%2F%2Fusr%2Finclude HTTP/1.1" 200 4163 "-" "Mozilla/5.0 AppleWebKit/537.36 (KHTML, like Gecko; compatible; ClaudeBot/1.0; +claudebot@anthropic.com)" 512 **0/512010**
74.7.227.169 - - [16/Mar/2026:09:32:33 -0700] "GET /detail/5247171.shtm?fileloc=//proc/sys/net/core/max_skb_frags&path=//proc/sys/net/core HTTP/1.1" 200 2286 "http://www.golz.in/detail/5247171.shtm?path=//proc/sys/net/core" "Mozilla/5.0 AppleWebKit/537.36 (KHTML, like Gecko; compatible; GPTBot/1.3; +https://openai.com/gptbot)" 489 **0/489908**
216.73.216.210 - - [16/Mar/2026:09:32:36 -0700] "GET /detail/1535633.shtm?fileloc=%2F%2Fusr%2Finclude%2Fsyscall.h&path=%2F%2Fusr%2Finclude HTTP/1.1" 200 2281 "-" "Mozilla/5.0 AppleWebKit/537.36 (KHTML, like Gecko; compatible; ClaudeBot/1.0; +claudebot@anthropic.com)" 488 **0/488387**
74.7.227.169 - - [16/Mar/2026:09:32:36 -0700] "GET /detail/79877902.shtm?fileloc=//bin/sftp&path=//bin HTTP/1.1" 200 66050 "http://www.golz.in/detail/79877902.shtm?path=//bin" "Mozilla/5.0 AppleWebKit/537.36 (KHTML, like Gecko; compatible; GPTBot/1.3; +https://openai.com/gptbot)" 515 **0/515529**
216.73.216.210 - - [16/Mar/2026:09:32:39 -0700] "GET /detail/590597580.shtm?fileloc=%2F%2Fusr%2Finclude%2Fsemaphore.h&path=%2F%2Fusr%2Finclude HTTP/1.1" 200 3262 "-" "Mozilla/5.0 AppleWebKit/537.36 (KHTML, like Gecko; compatible; ClaudeBot/1.0; +claudebot@anthropic.com)" 496 **0/496713**
74.7.227.169 - - [16/Mar/2026:09:32:39 -0700] "GET /detail/5247171.shtm?fileloc=//bin/pl2pm&path=//bin HTTP/1.1" 200 4423 "http://www.golz.in/detail/5247171.shtm?path=//bin" "Mozilla/5.0 AppleWebKit/537.36 (KHTML, like Gecko; compatible; GPTBot/1.3; +https://openai.com/gptbot)" 525 **0/525059**
216.73.216.210 - - [16/Mar/2026:09:32:42 -0700] "GET /detail/529445352.shtm?path=%2F%2Fusr%2Finclude%2Farpa HTTP/1.1" 200 2730 "-" "Mozilla/5.0 AppleWebKit/537.36 (KHTML, like Gecko; compatible; ClaudeBot/1.0; +claudebot@anthropic.com)" 510 **0/510195**
74.7.227.169 - - [16/Mar/2026:09:32:42 -0700] "GET /detail/79877902.shtm?fileloc=//bin/gtbl&path=//bin HTTP/1.1" 200 51828 "http://www.golz.in/detail/79877902.shtm?path=//bin" "Mozilla/5.0 AppleWebKit/537.36 (KHTML, like Gecko; compatible; GPTBot/1.3; +https://openai.com/gptbot)" 515 **0/515709**
216.73.216.210 - - [16/Mar/2026:09:32:45 -0700] "GET /detail/529445352.shtm?path=%2F%2Fusr%2Flib%2Fmodules-load.d HTTP/1.1" 200 2319 "-" "Mozilla/5.0 AppleWebKit/537.36 (KHTML, like Gecko; compatible; ClaudeBot/1.0; +claudebot@anthropic.com)" 525 **0/525514**
74.7.227.169 - - [16/Mar/2026:09:32:45 -0700] "GET /detail/8787383.shtm?path=//lib/udev HTTP/1.1" 200 3019 "http://www.golz.in/detail/8787383.shtm?path=//lib" "Mozilla/5.0 AppleWebKit/537.36 (KHTML, like Gecko; compatible; GPTBot/1.3; +https://openai.com/gptbot)" 517 **0/517469**
216.73.216.210 - - [16/Mar/2026:09:32:48 -0700] "GET /detail/529445352.shtm?fileloc=%2F%2Fusr%2Finclude%2Fterm.h&path=%2F%2Fusr%2Finclude HTTP/1.1" 200 9321 "-" "Mozilla/5.0 AppleWebKit/537.36 (KHTML, like Gecko; compatible; ClaudeBot/1.0; +claudebot@anthropic.com)" 509 **0/509102**
74.7.227.169 - - [16/Mar/2026:09:32:48 -0700] "GET /detail/5247171.shtm?path=//proc/tty HTTP/1.1" 200 2680 "http://www.golz.in/detail/5247171.shtm?path=//proc" "Mozilla/5.0 AppleWebKit/537.36 (KHTML, like Gecko; compatible; GPTBot/1.3; +https://openai.com/gptbot)" 493 **0/493708**
216.73.216.210 - - [16/Mar/2026:09:32:51 -0700] "GET /detail/590597580.shtm?path=%2F%2Fusr%2Finclude%2Ffstrm HTTP/1.1" 200 2787 "-" "Mozilla/5.0 AppleWebKit/537.36 (KHTML, like Gecko; compatible; ClaudeBot/1.0; +claudebot@anthropic.com)" 518 **0/518079**
74.7.227.169 - - [16/Mar/2026:09:32:51 -0700] "GET /detail/8787383.shtm?path=//lib/grub HTTP/1.1" 200 2548 "http://www.golz.in/detail/8787383.shtm?path=//lib" "Mozilla/5.0 AppleWebKit/537.36 (KHTML, like Gecko; compatible; GPTBot/1.3; +https://openai.com/gptbot)" 488 **0/488410**
216.73.216.210 - - [16/Mar/2026:09:32:54 -0700] "GET /detail/590597580.shtm?path=%2F%2Fusr%2Finclude%2Fevent2 HTTP/1.1" 200 3288 "-" "Mozilla/5.0 AppleWebKit/537.36 (KHTML, like Gecko; compatible; ClaudeBot/1.0; +claudebot@anthropic.com)" 506 **0/506926**
74.7.227.169 - - [16/Mar/2026:09:32:55 -0700] "GET /detail/8787383.shtm?path=//run/dbus HTTP/1.1" 200 2305 "http://www.golz.in/detail/8787383.shtm?path=//run" "Mozilla/5.0 AppleWebKit/537.36 (KHTML, like Gecko; compatible; GPTBot/1.3; +https://openai.com/gptbot)" 497 **0/497576**
216.73.216.210 - - [16/Mar/2026:09:32:57 -0700] "GET /detail/4163750565.shtm?path=%2F%2Fusr%2Finclude%2Fmtd HTTP/1.1" 200 2691 "-" "Mozilla/5.0 AppleWebKit/537.36 (KHTML, like Gecko; compatible; ClaudeBot/1.0; +claudebot@anthropic.com)" 494 **0/494270**
74.7.227.169 - - [16/Mar/2026:09:32:58 -0700] "GET /detail/5247171.shtm?path=//lib/exim HTTP/1.1" 200 2545 "http://www.golz.in/detail/5247171.shtm?path=//lib" "Mozilla/5.0 AppleWebKit/537.36 (KHTML, like Gecko; compatible; GPTBot/1.3; +https://openai.com/gptbot)" 489 **0/489949**
216.73.216.210 - - [16/Mar/2026:09:33:00 -0700] "GET /detail/4163750565.shtm?fileloc=%2F%2Fusr%2Finclude%2Fgssapi.h&path=%2F%2Fusr%2Finclude HTTP/1.1" 200 2355 "-" "Mozilla/5.0 AppleWebKit/537.36 (KHTML, like Gecko; compatible; ClaudeBot/1.0; +claudebot@anthropic.com)" 512 **0/512315**
74.7.227.169 - - [16/Mar/2026:09:33:01 -0700] "GET /detail/8787383.shtm?path=//proc/lve HTTP/1.1" 200 2852 "http://www.golz.in/detail/8787383.shtm?path=//proc" "Mozilla/5.0 AppleWebKit/537.36 (KHTML, like Gecko; compatible; GPTBot/1.3; +https://openai.com/gptbot)" 524 **0/524451**
216.73.216.210 - - [16/Mar/2026:09:33:03 -0700] "GET /detail/590597580.shtm?path=%2F%2Fusr%2Finclude%2Fmysql HTTP/1.1" 200 3169 "-" "Mozilla/5.0 AppleWebKit/537.36 (KHTML, like Gecko; compatible; ClaudeBot/1.0; +claudebot@anthropic.com)" 524 **0/524506**
74.7.227.169 - - [16/Mar/2026:09:33:04 -0700] "GET /detail/8787383.shtm?path=//proc/irq HTTP/1.1" 200 3464 "http://www.golz.in/detail/8787383.shtm?path=//proc" "Mozilla/5.0 AppleWebKit/537.36 (KHTML, like Gecko; compatible; GPTBot/1.3; +https://openai.com/gptbot)" 502 **0/502266**
216.73.216.210 - - [16/Mar/2026:09:33:06 -0700] "GET /detail/529445352.shtm?fileloc=%2F%2Fusr%2Finclude%2Fevhttp.h&path=%2F%2Fusr%2Finclude HTTP/1.1" 200 3260 "-" "Mozilla/5.0 AppleWebKit/537.36 (KHTML, like Gecko; compatible; ClaudeBot/1.0; +claudebot@anthropic.com)" 489 **0/489432**
74.7.227.169 - - [16/Mar/2026:09:33:07 -0700] "GET /detail/5247171.shtm?path=//lib/gems HTTP/1.1" 200 2544 "http://www.golz.in/detail/5247171.shtm?path=//lib" "Mozilla/5.0 AppleWebKit/537.36 (KHTML, like Gecko; compatible; GPTBot/1.3; +https://openai.com/gptbot)" 489 **0/489812**
216.73.216.210 - - [16/Mar/2026:09:33:09 -0700] "GET /detail/4163750565.shtm?path=%2F%2Fusr%2Finclude%2Fnetrom HTTP/1.1" 200 2572 "-" "Mozilla/5.0 AppleWebKit/537.36 (KHTML, like Gecko; compatible; ClaudeBot/1.0; +claudebot@anthropic.com)" 502 **0/502196**
74.7.227.169 - - [16/Mar/2026:09:33:11 -0700] "GET /detail/8787383.shtm?path=//proc/bus HTTP/1.1" 200 2572 "http://www.golz.in/detail/8787383.shtm?path=//proc" "Mozilla/5.0 AppleWebKit/537.36 (KHTML, like Gecko; compatible; GPTBot/1.3; +https://openai.com/gptbot)" 509 **0/509169**
216.73.216.210 - - [16/Mar/2026:09:33:12 -0700] "GET /detail/3120546881.shtm?fileloc=%2Fhome%2Fdpknvn09897v%2F.bash_profile&path=%2Fhome%2Fdpknvn09897v HTTP/1.1" 200 2346 "-" "Mozilla/5.0 AppleWebKit/537.36 (KHTML, like Gecko; compatible; ClaudeBot/1.0; +claudebot@anthropic.com)" 500 **0/500175**
74.7.227.169 - - [16/Mar/2026:09:33:14 -0700] "GET /detail/8787383.shtm?path=//etc/skel HTTP/1.1" 200 2628 "http://www.golz.in/detail/8787383.shtm?path=//etc" "Mozilla/5.0 AppleWebKit/537.36 (KHTML, like Gecko; compatible; GPTBot/1.3; +https://openai.com/gptbot)" 522 **0/522722**
216.73.216.210 - - [16/Mar/2026:09:33:15 -0700] "GET /detail/4185250797.shtm?fileloc=%2F%2Flib64%2Flibgvpr.so.2&path=%2F%2Flib64 HTTP/1.1" 200 169336 "-" "Mozilla/5.0 AppleWebKit/537.36 (KHTML, like Gecko; compatible; ClaudeBot/1.0; +claudebot@anthropic.com)" 589 **0/589829**
74.7.227.169 - - [16/Mar/2026:09:33:17 -0700] "GET /detail/8787383.shtm?path=//proc/sys HTTP/1.1" 200 2763 "http://www.golz.in/detail/8787383.shtm?path=//proc" "Mozilla/5.0 AppleWebKit/537.36 (KHTML, like Gecko; compatible; GPTBot/1.3; +https://openai.com/gptbot)" 496 **0/496493**
216.73.216.210 - - [16/Mar/2026:09:33:18 -0700] "GET /detail/732387836.shtm?path=%2Fhome%2Fdpknvn09897v%2F.sucuriquarantine%2Fhome HTTP/1.1" 200 2554 "-" "Mozilla/5.0 AppleWebKit/537.36 (KHTML, like Gecko; compatible; ClaudeBot/1.0; +claudebot@anthropic.com)" 490 **0/490827**
74.7.227.169 - - [16/Mar/2026:09:33:20 -0700] "GET /detail/8787383.shtm?path=//proc/tty HTTP/1.1" 200 2680 "http://www.golz.in/detail/8787383.shtm?path=//proc" "Mozilla/5.0 AppleWebKit/537.36 (KHTML, like Gecko; compatible; GPTBot/1.3; +https://openai.com/gptbot)" 535 **0/535064**
216.73.216.210 - - [16/Mar/2026:09:33:21 -0700] "GET /detail/4185250797.shtm?fileloc=%2F%2Flib64%2Flibxcb-dri2.so.0&path=%2F%2Flib64 HTTP/1.1" 200 7394 "-" "Mozilla/5.0 AppleWebKit/537.36 (KHTML, like Gecko; compatible; ClaudeBot/1.0; +claudebot@anthropic.com)" 511 **0/511305**
74.7.227.169 - - [16/Mar/2026:09:33:23 -0700] "GET /detail/8787383.shtm?path=//run/nscd HTTP/1.1" 200 2560 "http://www.golz.in/detail/8787383.shtm?path=//run" "Mozilla/5.0 AppleWebKit/537.36 (KHTML, like Gecko; compatible; GPTBot/1.3; +https://openai.com/gptbot)" 527 **0/527348**
216.73.216.210 - - [16/Mar/2026:09:33:24 -0700] "GET /detail/4185250797.shtm?fileloc=%2F%2Flib64%2Flibdav1d.so.3.1.0&path=%2F%2Flib64 HTTP/1.1" 200 306976 "-" "Mozilla/5.0 AppleWebKit/537.36 (KHTML, like Gecko; compatible; ClaudeBot/1.0; +claudebot@anthropic.com)" 766 **0/766632**
74.7.227.169 - - [16/Mar/2026:09:33:26 -0700] "GET /detail/8787383.shtm?path=//lib/exim HTTP/1.1" 200 2545 "http://www.golz.in/detail/8787383.shtm?path=//lib" "Mozilla/5.0 AppleWebKit/537.36 (KHTML, like Gecko; compatible; GPTBot/1.3; +https://openai.com/gptbot)" 496 **0/496002**
216.73.216.210 - - [16/Mar/2026:09:33:27 -0700] "GET /detail/4185250797.shtm?fileloc=%2F%2Flib64%2Flibcdt.so.5&path=%2F%2Flib64 HTTP/1.1" 200 13890 "-" "Mozilla/5.0 AppleWebKit/537.36 (KHTML, like Gecko; compatible; ClaudeBot/1.0; +claudebot@anthropic.com)" 502 **0/502658**
74.7.227.169 - - [16/Mar/2026:09:33:30 -0700] "GET /detail/8787383.shtm?path=//etc/mail HTTP/1.1" 200 2548 "http://www.golz.in/detail/8787383.shtm?path=//etc" "Mozilla/5.0 AppleWebKit/537.36 (KHTML, like Gecko; compatible; GPTBot/1.3; +https://openai.com/gptbot)" 508 **0/508761**
66.249.66.40 - - [16/Mar/2026:09:33:28 -0700] "GET /?detail/450658467 HTTP/1.1" 200 22205 "-" "Mozilla/5.0 (Linux; Android 6.0.1; Nexus 5X Build/MMB29P) AppleWebKit/537.36 (KHTML, like Gecko) Chrome/145.0.7632.116 Mobile Safari/537.36 (compatible; Googlebot/2.1; +http://www.google.com/bot.html)" 1810 **1/1810029**
216.73.216.210 - - [16/Mar/2026:09:33:30 -0700] "GET /detail/738188707.shtm?path=%2Fhome%2Fdpknvn09897v%2Fpublic_html%2Fgolz.in%2F.well-known HTTP/1.1" 200 2697 "-" "Mozilla/5.0 AppleWebKit/537.36 (KHTML, like Gecko; compatible; ClaudeBot/1.0; +claudebot@anthropic.com)" 488 **0/488660**
74.7.227.169 - - [16/Mar/2026:09:33:33 -0700] "GET /detail/5247171.shtm?path=//etc/mail HTTP/1.1" 200 2548 "http://www.golz.in/detail/5247171.shtm?path=//etc" "Mozilla/5.0 AppleWebKit/537.36 (KHTML, like Gecko; compatible; GPTBot/1.3; +https://openai.com/gptbot)" 498 **0/498315**
216.73.216.210 - - [16/Mar/2026:09:33:33 -0700] "GET /detail/4185250797.shtm?fileloc=%2F%2Flib64%2Flibevent-2.1.so.6&path=%2F%2Flib64 HTTP/1.1" 403 3512 "-" "Mozilla/5.0 AppleWebKit/537.36 (KHTML, like Gecko; compatible; ClaudeBot/1.0; +claudebot@anthropic.com)" 506 **0/506487**
74.7.227.169 - - [16/Mar/2026:09:33:36 -0700] "GET /detail/8787383.shtm?path=//proc/lve/per-lve HTTP/1.1" 200 2315 "http://www.golz.in/detail/8787383.shtm?path=//proc/lve" "Mozilla/5.0 AppleWebKit/537.36 (KHTML, like Gecko; compatible; GPTBot/1.3; +https://openai.com/gptbot)" 498 **0/498327**
216.73.216.210 - - [16/Mar/2026:09:33:36 -0700] "GET /detail/4185250797.shtm?fileloc=%2F%2Flib64%2FlibodbcmyS.so.2.0.0&path=%2F%2Flib64 HTTP/1.1" 403 3512 "-" "Mozilla/5.0 AppleWebKit/537.36 (KHTML, like Gecko; compatible; ClaudeBot/1.0; +claudebot@anthropic.com)" 496 **0/496513**
74.7.227.169 - - [16/Mar/2026:09:33:39 -0700] "GET /detail/5247171.shtm?path=//etc/skel HTTP/1.1" 200 2628 "http://www.golz.in/detail/5247171.shtm?path=//etc" "Mozilla/5.0 AppleWebKit/537.36 (KHTML, like Gecko; compatible; GPTBot/1.3; +https://openai.com/gptbot)" 502 **0/502980**
216.73.216.210 - - [16/Mar/2026:09:33:39 -0700] "GET /detail/4185250797.shtm?fileloc=%2F%2Flib64%2Flibsnappy.so.1.1.8&path=%2F%2Flib64 HTTP/1.1" 403 3512 "-" "Mozilla/5.0 AppleWebKit/537.36 (KHTML, like Gecko; compatible; ClaudeBot/1.0; +claudebot@anthropic.com)" 512 **0/512464**
74.7.227.169 - - [16/Mar/2026:09:33:42 -0700] "GET /detail/8787383.shtm?path=//lib/gems HTTP/1.1" 200 2544 "http://www.golz.in/detail/8787383.shtm?path=//lib" "Mozilla/5.0 AppleWebKit/537.36 (KHTML, like Gecko; compatible; GPTBot/1.3; +https://openai.com/gptbot)" 497 **0/497269**
216.73.216.210 - - [16/Mar/2026:09:33:42 -0700] "GET /detail/4185250797.shtm?fileloc=%2F%2Flib64%2Flibxcb-dri3.so&path=%2F%2Flib64 HTTP/1.1" 403 3512 "-" "Mozilla/5.0 AppleWebKit/537.36 (KHTML, like Gecko; compatible; ClaudeBot/1.0; +claudebot@anthropic.com)" 501 **0/501228**
216.73.216.210 - - [16/Mar/2026:09:33:45 -0700] "GET /detail/4185250797.shtm?fileloc=%2F%2Flib64%2Flibnftables.so.1.1.0&path=%2F%2Flib64 HTTP/1.1" 403 3512 "-" "Mozilla/5.0 AppleWebKit/537.36 (KHTML, like Gecko; compatible; ClaudeBot/1.0; +claudebot@anthropic.com)" 523 **0/523162**
74.7.227.169 - - [16/Mar/2026:09:33:45 -0700] "GET /detail/8787383.shtm?path=//usr/sbin HTTP/1.1" 200 3997 "http://www.golz.in/detail/8787383.shtm?path=//usr" "Mozilla/5.0 AppleWebKit/537.36 (KHTML, like Gecko; compatible; GPTBot/1.3; +https://openai.com/gptbot)" 502 **0/502808**
216.73.216.210 - - [16/Mar/2026:09:33:48 -0700] "GET /detail/3048635013.shtm?fileloc=%2Fhome%2Fdpknvn09897v%2F.bash_profile&path=%2Fhome%2Fdpknvn09897v HTTP/1.1" 403 3512 "-" "Mozilla/5.0 AppleWebKit/537.36 (KHTML, like Gecko; compatible; ClaudeBot/1.0; +claudebot@anthropic.com)" 492 **0/492785**
74.7.227.169 - - [16/Mar/2026:09:33:49 -0700] "GET /detail/9999482.shtm?path=//proc/bus HTTP/1.1" 200 2572 "http://www.golz.in/detail/9999482.shtm?path=//proc" "Mozilla/5.0 AppleWebKit/537.36 (KHTML, like Gecko; compatible; GPTBot/1.3; +https://openai.com/gptbot)" 492 **0/492907**
216.73.216.210 - - [16/Mar/2026:09:33:51 -0700] "GET /detail/4185250797.shtm?fileloc=%2F%2Flib64%2Flibgettextpo.so.0&path=%2F%2Flib64 HTTP/1.1" 403 3512 "-" "Mozilla/5.0 AppleWebKit/537.36 (KHTML, like Gecko; compatible; ClaudeBot/1.0; +claudebot@anthropic.com)" 493 **0/493078**
74.7.227.169 - - [16/Mar/2026:09:33:52 -0700] "GET /detail/8787383.shtm?path=//proc/sys/net HTTP/1.1" 200 2757 "http://www.golz.in/detail/8787383.shtm?path=//proc/sys" "Mozilla/5.0 AppleWebKit/537.36 (KHTML, like Gecko; compatible; GPTBot/1.3; +https://openai.com/gptbot)" 494 **0/494760**
216.73.216.210 - - [16/Mar/2026:09:33:54 -0700] "GET /detail/4185250797.shtm?fileloc=%2F%2Flib64%2Flibwebpdemux.so.2.0.4&path=%2F%2Flib64 HTTP/1.1" 403 3512 "-" "Mozilla/5.0 AppleWebKit/537.36 (KHTML, like Gecko; compatible; ClaudeBot/1.0; +claudebot@anthropic.com)" 489 **0/489075**
74.7.227.169 - - [16/Mar/2026:09:33:55 -0700] "GET /detail/5247171.shtm?path=//var/log HTTP/1.1" 200 2726 "http://www.golz.in/detail/5247171.shtm?path=//var" "Mozilla/5.0 AppleWebKit/537.36 (KHTML, like Gecko; compatible; GPTBot/1.3; +https://openai.com/gptbot)" 491 **0/491696**
216.73.216.210 - - [16/Mar/2026:09:33:57 -0700] "GET /detail/4185250797.shtm?fileloc=%2F%2Flib64%2Flibtinfo.so&path=%2F%2Flib64 HTTP/1.1" 403 3512 "-" "Mozilla/5.0 AppleWebKit/537.36 (KHTML, like Gecko; compatible; ClaudeBot/1.0; +claudebot@anthropic.com)" 509 **0/509080**
