66.249.66.15 - - [16/Mar/2026:10:52:06 -0700] "GET /?detail/865170269 HTTP/1.1" 200 22479 "-" "Mozilla/5.0 (Linux; Android 6.0.1; Nexus 5X Build/MMB29P) AppleWebKit/537.36 (KHTML, like Gecko) Chrome/145.0.7632.116 Mobile Safari/537.36 (compatible; Googlebot/2.1; +http://www.google.com/bot.html)" 1795 **1/1795279**
66.249.66.77 - - [16/Mar/2026:10:52:05 -0700] "GET /detail/2809761568.shtm HTTP/1.1" 200 21938 "-" "Mozilla/5.0 (Linux; Android 6.0.1; Nexus 5X Build/MMB29P) AppleWebKit/537.36 (KHTML, like Gecko) Chrome/145.0.7632.116 Mobile Safari/537.36 (compatible; GoogleOther)" 4043 **4/4043345**
74.7.227.169 - - [16/Mar/2026:10:52:09 -0700] "GET /detail/8787383.shtm?fileloc=//bin/nroff&path=//bin HTTP/1.1" 200 3762 "http://www.golz.in/detail/8787383.shtm?path=//bin" "Mozilla/5.0 AppleWebKit/537.36 (KHTML, like Gecko; compatible; GPTBot/1.3; +https://openai.com/gptbot)" 488 **0/488649**
74.7.227.169 - - [16/Mar/2026:10:52:12 -0700] "GET /detail/8787383.shtm?fileloc=//bin/tsort&path=//bin HTTP/1.1" 200 17170 "http://www.golz.in/detail/8787383.shtm?path=//bin" "Mozilla/5.0 AppleWebKit/537.36 (KHTML, like Gecko; compatible; GPTBot/1.3; +https://openai.com/gptbot)" 501 **0/501493**
74.7.227.169 - - [16/Mar/2026:10:52:15 -0700] "GET /detail/8787383.shtm?fileloc=//bin/rnano&path=//bin HTTP/1.1" 200 105316 "http://www.golz.in/detail/8787383.shtm?path=//bin" "Mozilla/5.0 AppleWebKit/537.36 (KHTML, like Gecko; compatible; GPTBot/1.3; +https://openai.com/gptbot)" 557 **0/557967**
74.7.227.169 - - [16/Mar/2026:10:52:19 -0700] "GET /detail/8787383.shtm?fileloc=//bin/rmdir&path=//bin HTTP/1.1" 200 19709 "http://www.golz.in/detail/8787383.shtm?path=//bin" "Mozilla/5.0 AppleWebKit/537.36 (KHTML, like Gecko; compatible; GPTBot/1.3; +https://openai.com/gptbot)" 490 **0/490592**
74.7.227.169 - - [16/Mar/2026:10:52:22 -0700] "GET /detail/8787383.shtm?fileloc=//lib/tmpfiles.d/libselinux.conf&path=//lib/tmpfiles.d HTTP/1.1" 200 2287 "http://www.golz.in/detail/8787383.shtm?path=//lib/tmpfiles.d" "Mozilla/5.0 AppleWebKit/537.36 (KHTML, like Gecko; compatible; GPTBot/1.3; +https://openai.com/gptbot)" 510 **0/510262**
74.7.227.169 - - [16/Mar/2026:10:52:25 -0700] "GET /detail/8787383.shtm?fileloc=//bin/touch&path=//bin HTTP/1.1" 200 39752 "http://www.golz.in/detail/8787383.shtm?path=//bin" "Mozilla/5.0 AppleWebKit/537.36 (KHTML, like Gecko; compatible; GPTBot/1.3; +https://openai.com/gptbot)" 517 **0/517628**
74.7.227.169 - - [16/Mar/2026:10:52:28 -0700] "GET /detail/8787383.shtm?fileloc=//bin/shred&path=//bin HTTP/1.1" 200 27027 "http://www.golz.in/detail/8787383.shtm?path=//bin" "Mozilla/5.0 AppleWebKit/537.36 (KHTML, like Gecko; compatible; GPTBot/1.3; +https://openai.com/gptbot)" 517 **0/517816**
74.7.227.169 - - [16/Mar/2026:10:52:31 -0700] "GET /detail/8787383.shtm?fileloc=//bin/troff&path=//bin HTTP/1.1" 200 225362 "http://www.golz.in/detail/8787383.shtm?path=//bin" "Mozilla/5.0 AppleWebKit/537.36 (KHTML, like Gecko; compatible; GPTBot/1.3; +https://openai.com/gptbot)" 666 **0/666435**
74.7.227.169 - - [16/Mar/2026:10:52:34 -0700] "GET /detail/8787383.shtm?fileloc=//bin/zless&path=//bin HTTP/1.1" 200 3323 "http://www.golz.in/detail/8787383.shtm?path=//bin" "Mozilla/5.0 AppleWebKit/537.36 (KHTML, like Gecko; compatible; GPTBot/1.3; +https://openai.com/gptbot)" 483 **0/483295**
74.7.227.169 - - [16/Mar/2026:10:52:38 -0700] "GET /detail/8787383.shtm?fileloc=//bin/watch&path=//bin HTTP/1.1" 200 11568 "http://www.golz.in/detail/8787383.shtm?path=//bin" "Mozilla/5.0 AppleWebKit/537.36 (KHTML, like Gecko; compatible; GPTBot/1.3; +https://openai.com/gptbot)" 497 **0/497078**
74.7.227.169 - - [16/Mar/2026:10:52:41 -0700] "GET /detail/8787383.shtm?fileloc=//bin/strip&path=//bin HTTP/1.1" 200 95277 "http://www.golz.in/detail/8787383.shtm?path=//bin" "Mozilla/5.0 AppleWebKit/537.36 (KHTML, like Gecko; compatible; GPTBot/1.3; +https://openai.com/gptbot)" 564 **0/564605**
74.7.227.169 - - [16/Mar/2026:10:52:44 -0700] "GET /detail/8787383.shtm?fileloc=//bin/clear&path=//bin HTTP/1.1" 200 6429 "http://www.golz.in/detail/8787383.shtm?path=//bin" "Mozilla/5.0 AppleWebKit/537.36 (KHTML, like Gecko; compatible; GPTBot/1.3; +https://openai.com/gptbot)" 502 **0/502179**
74.7.227.169 - - [16/Mar/2026:10:52:47 -0700] "GET /detail/8787383.shtm?fileloc=//bin/nohup&path=//bin HTTP/1.1" 200 16257 "http://www.golz.in/detail/8787383.shtm?path=//bin" "Mozilla/5.0 AppleWebKit/537.36 (KHTML, like Gecko; compatible; GPTBot/1.3; +https://openai.com/gptbot)" 526 **0/526795**
74.7.227.169 - - [16/Mar/2026:10:52:50 -0700] "GET /detail/8787383.shtm?fileloc=//bin/bzcat&path=//bin HTTP/1.1" 200 15973 "http://www.golz.in/detail/8787383.shtm?path=//bin" "Mozilla/5.0 AppleWebKit/537.36 (KHTML, like Gecko; compatible; GPTBot/1.3; +https://openai.com/gptbot)" 517 **0/517243**
114.119.165.200 - - [16/Mar/2026:10:52:53 -0700] "GET /detail/252231251.shtm HTTP/1.1" 200 4098 "http://www.golz.in/sitemap.xml" "Mozilla/5.0 (Linux; Android 7.0;) AppleWebKit/537.36 (KHTML, like Gecko) Mobile Safari/537.36 (compatible; PetalBot;+https://webmaster.petalsearch.com/site/petalbot)" 513 **0/513810**
74.7.227.169 - - [16/Mar/2026:10:52:54 -0700] "GET /detail/8787383.shtm?fileloc=//bin/chmod&path=//bin HTTP/1.1" 200 28117 "http://www.golz.in/detail/8787383.shtm?path=//bin" "Mozilla/5.0 AppleWebKit/537.36 (KHTML, like Gecko; compatible; GPTBot/1.3; +https://openai.com/gptbot)" 517 **0/517018**
74.7.227.169 - - [16/Mar/2026:10:52:57 -0700] "GET /detail/5247171.shtm?fileloc=//etc/vimrc&path=//etc HTTP/1.1" 200 3269 "http://www.golz.in/detail/5247171.shtm?path=//etc" "Mozilla/5.0 AppleWebKit/537.36 (KHTML, like Gecko; compatible; GPTBot/1.3; +https://openai.com/gptbot)" 498 **0/498671**
74.7.227.169 - - [16/Mar/2026:10:53:00 -0700] "GET /detail/9999482.shtm?path=//usr/lib/modprobe.d HTTP/1.1" 200 2624 "http://www.golz.in/detail/9999482.shtm?path=//usr/lib" "Mozilla/5.0 AppleWebKit/537.36 (KHTML, like Gecko; compatible; GPTBot/1.3; +https://openai.com/gptbot)" 562 **0/562854**
74.7.227.169 - - [16/Mar/2026:10:53:03 -0700] "GET /detail/9999482.shtm?path=//lib/tuned/epyc-eda HTTP/1.1" 200 2578 "http://www.golz.in/detail/9999482.shtm?path=//lib/tuned" "Mozilla/5.0 AppleWebKit/537.36 (KHTML, like Gecko; compatible; GPTBot/1.3; +https://openai.com/gptbot)" 499 **0/499724**
74.7.227.169 - - [16/Mar/2026:10:53:06 -0700] "GET /detail/8787383.shtm?fileloc=//lib/.build-id/e9/7fe39419d83542de6455023df08d7a20a18a5e&path=//lib/.build-id/e9 HTTP/1.1" 200 105380 "http://www.golz.in/detail/8787383.shtm?path=//lib/.build-id/e9" "Mozilla/5.0 AppleWebKit/537.36 (KHTML, like Gecko; compatible; GPTBot/1.3; +https://openai.com/gptbot)" 535 **0/535707**
74.7.227.169 - - [16/Mar/2026:10:53:09 -0700] "GET /detail/5247171.shtm?fileloc=//lib/.build-id/e2/b58f1689d73c271f07bbff7b95181958904ec1&path=//lib/.build-id/e2 HTTP/1.1" 200 6594 "http://www.golz.in/detail/5247171.shtm?path=//lib/.build-id/e2" "Mozilla/5.0 AppleWebKit/537.36 (KHTML, like Gecko; compatible; GPTBot/1.3; +https://openai.com/gptbot)" 504 **0/504144**
74.7.227.169 - - [16/Mar/2026:10:53:12 -0700] "GET /detail/8787383.shtm?fileloc=//lib/.build-id/7e/d0a0ab6145c94739c50ff387939e479f620598&path=//lib/.build-id/7e HTTP/1.1" 200 12038 "http://www.golz.in/detail/8787383.shtm?path=//lib/.build-id/7e" "Mozilla/5.0 AppleWebKit/537.36 (KHTML, like Gecko; compatible; GPTBot/1.3; +https://openai.com/gptbot)" 495 **0/495476**
74.7.227.169 - - [16/Mar/2026:10:53:16 -0700] "GET /detail/5247171.shtm?fileloc=//lib/.build-id/f4/2cf3413b73840d350a200d98fa8959bf55bbf4&path=//lib/.build-id/f4 HTTP/1.1" 200 12948 "http://www.golz.in/detail/5247171.shtm?path=//lib/.build-id/f4" "Mozilla/5.0 AppleWebKit/537.36 (KHTML, like Gecko; compatible; GPTBot/1.3; +https://openai.com/gptbot)" 525 **0/525905**
74.7.227.169 - - [16/Mar/2026:10:53:19 -0700] "GET /detail/8787383.shtm?fileloc=//lib/.build-id/f7/80986c74a30cd5d1ce79b9b1a10654d65b172f&path=//lib/.build-id/f7 HTTP/1.1" 200 6915 "http://www.golz.in/detail/8787383.shtm?path=//lib/.build-id/f7" "Mozilla/5.0 AppleWebKit/537.36 (KHTML, like Gecko; compatible; GPTBot/1.3; +https://openai.com/gptbot)" 507 **0/507853**
74.7.227.169 - - [16/Mar/2026:10:53:22 -0700] "GET /detail/79877902.shtm?fileloc=//lib/.build-id/fe/2f8563d3ec9b2c7d348e260c015eb237574379&path=//lib/.build-id/fe HTTP/1.1" 200 2936 "http://www.golz.in/detail/79877902.shtm?path=//lib/.build-id/fe" "Mozilla/5.0 AppleWebKit/537.36 (KHTML, like Gecko; compatible; GPTBot/1.3; +https://openai.com/gptbot)" 501 **0/501964**
74.7.227.169 - - [16/Mar/2026:10:53:25 -0700] "GET /detail/8787383.shtm?fileloc=//lib/.build-id/f1/66f843527ec680b6bc23d0b7a3b31ff29a9549&path=//lib/.build-id/f1 HTTP/1.1" 200 22101 "http://www.golz.in/detail/8787383.shtm?path=//lib/.build-id/f1" "Mozilla/5.0 AppleWebKit/537.36 (KHTML, like Gecko; compatible; GPTBot/1.3; +https://openai.com/gptbot)" 497 **0/497041**
74.7.227.169 - - [16/Mar/2026:10:53:28 -0700] "GET /detail/5247171.shtm?fileloc=//lib/.build-id/c0/5f36b879335699352daf30b23d1adf49ea2c29&path=//lib/.build-id/c0 HTTP/1.1" 200 12057 "http://www.golz.in/detail/5247171.shtm?path=//lib/.build-id/c0" "Mozilla/5.0 AppleWebKit/537.36 (KHTML, like Gecko; compatible; GPTBot/1.3; +https://openai.com/gptbot)" 502 **0/502242**
74.7.227.169 - - [16/Mar/2026:10:53:32 -0700] "GET /detail/5247171.shtm?fileloc=//lib/.build-id/0c/f9b8017fb1403809ac5e3627b7051c5d34ad14&path=//lib/.build-id/0c HTTP/1.1" 200 40938 "http://www.golz.in/detail/5247171.shtm?path=//lib/.build-id/0c" "Mozilla/5.0 AppleWebKit/537.36 (KHTML, like Gecko; compatible; GPTBot/1.3; +https://openai.com/gptbot)" 512 **0/512756**
74.7.227.169 - - [16/Mar/2026:10:53:35 -0700] "GET /detail/8787383.shtm?fileloc=//lib/.build-id/b5/ff51f6bf52c29dc471f1a80147a3134948ec75&path=//lib/.build-id/b5 HTTP/1.1" 200 7758 "http://www.golz.in/detail/8787383.shtm?path=//lib/.build-id/b5" "Mozilla/5.0 AppleWebKit/537.36 (KHTML, like Gecko; compatible; GPTBot/1.3; +https://openai.com/gptbot)" 505 **0/505588**
74.7.227.169 - - [16/Mar/2026:10:53:38 -0700] "GET /detail/79877902.shtm?fileloc=//lib/.build-id/74/90c1b902c23343b7a1cd67ba825d6b62466d3b&path=//lib/.build-id/74 HTTP/1.1" 200 300749 "http://www.golz.in/detail/79877902.shtm?path=//lib/.build-id/74" "Mozilla/5.0 AppleWebKit/537.36 (KHTML, like Gecko; compatible; GPTBot/1.3; +https://openai.com/gptbot)" 660 **0/660416**
74.7.227.169 - - [16/Mar/2026:10:53:41 -0700] "GET /detail/9999482.shtm?path=//lib/debug/sbin HTTP/1.1" 200 2315 "http://www.golz.in/detail/9999482.shtm?path=//lib/debug" "Mozilla/5.0 AppleWebKit/537.36 (KHTML, like Gecko; compatible; GPTBot/1.3; +https://openai.com/gptbot)" 488 **0/488266**
74.7.227.169 - - [16/Mar/2026:10:53:44 -0700] "GET /detail/9999482.shtm?path=//opt/alt/libicu HTTP/1.1" 200 2555 "http://www.golz.in/detail/9999482.shtm?path=//opt/alt" "Mozilla/5.0 AppleWebKit/537.36 (KHTML, like Gecko; compatible; GPTBot/1.3; +https://openai.com/gptbot)" 485 **0/485016**
74.7.227.169 - - [16/Mar/2026:10:53:48 -0700] "GET /detail/9999482.shtm?path=//proc/self/task HTTP/1.1" 200 2555 "http://www.golz.in/detail/9999482.shtm?path=//proc/self" "Mozilla/5.0 AppleWebKit/537.36 (KHTML, like Gecko; compatible; GPTBot/1.3; +https://openai.com/gptbot)" 497 **0/497838**
74.7.227.169 - - [16/Mar/2026:10:53:51 -0700] "GET /detail/9999482.shtm?path=//lib/modules-load.d HTTP/1.1" 200 2310 "http://www.golz.in/detail/9999482.shtm?path=//lib" "Mozilla/5.0 AppleWebKit/537.36 (KHTML, like Gecko; compatible; GPTBot/1.3; +https://openai.com/gptbot)" 511 **0/511821**
74.7.227.169 - - [16/Mar/2026:10:53:54 -0700] "GET /detail/9999482.shtm?path=//proc/self/root HTTP/1.1" 200 2864 "http://www.golz.in/detail/9999482.shtm?path=//proc/self" "Mozilla/5.0 AppleWebKit/537.36 (KHTML, like Gecko; compatible; GPTBot/1.3; +https://openai.com/gptbot)" 501 **0/501801**
74.7.227.169 - - [16/Mar/2026:10:53:57 -0700] "GET /detail/9999482.shtm?path=//opt/alt/zeromq HTTP/1.1" 200 2557 "http://www.golz.in/detail/9999482.shtm?path=//opt/alt" "Mozilla/5.0 AppleWebKit/537.36 (KHTML, like Gecko; compatible; GPTBot/1.3; +https://openai.com/gptbot)" 502 **0/502158**
74.7.227.169 - - [16/Mar/2026:10:54:00 -0700] "GET /detail/9999482.shtm?path=//lib/sysusers.d HTTP/1.1" 200 2661 "http://www.golz.in/detail/9999482.shtm?path=//lib" "Mozilla/5.0 AppleWebKit/537.36 (KHTML, like Gecko; compatible; GPTBot/1.3; +https://openai.com/gptbot)" 502 **0/502770**
74.7.227.169 - - [16/Mar/2026:10:54:03 -0700] "GET /detail/9999482.shtm?path=//opt/alt/sqlite HTTP/1.1" 200 2556 "http://www.golz.in/detail/9999482.shtm?path=//opt/alt" "Mozilla/5.0 AppleWebKit/537.36 (KHTML, like Gecko; compatible; GPTBot/1.3; +https://openai.com/gptbot)" 519 **0/519201**
66.249.71.70 - - [16/Mar/2026:10:54:03 -0700] "GET /?detail/322039032 HTTP/1.1" 200 21406 "-" "Mozilla/5.0 (Linux; Android 6.0.1; Nexus 5X Build/MMB29P) AppleWebKit/537.36 (KHTML, like Gecko) Chrome/145.0.7632.116 Mobile Safari/537.36 (compatible; Googlebot/2.1; +http://www.google.com/bot.html)" 1829 **1/1829769**
74.7.227.169 - - [16/Mar/2026:10:54:06 -0700] "GET /detail/9999482.shtm?path=//usr/lib/dracut HTTP/1.1" 200 2897 "http://www.golz.in/detail/9999482.shtm?path=//usr/lib" "Mozilla/5.0 AppleWebKit/537.36 (KHTML, like Gecko; compatible; GPTBot/1.3; +https://openai.com/gptbot)" 520 **0/520656**
74.7.227.169 - - [16/Mar/2026:10:54:09 -0700] "GET /detail/9999482.shtm?path=//proc/self/attr HTTP/1.1" 200 2712 "http://www.golz.in/detail/9999482.shtm?path=//proc/self" "Mozilla/5.0 AppleWebKit/537.36 (KHTML, like Gecko; compatible; GPTBot/1.3; +https://openai.com/gptbot)" 499 **0/499493**
74.7.227.169 - - [16/Mar/2026:10:54:12 -0700] "GET /detail/9999482.shtm?path=//lib/rpm/redhat HTTP/1.1" 200 3085 "http://www.golz.in/detail/9999482.shtm?path=//lib/rpm" "Mozilla/5.0 AppleWebKit/537.36 (KHTML, like Gecko; compatible; GPTBot/1.3; +https://openai.com/gptbot)" 524 **0/524661**
74.7.227.169 - - [16/Mar/2026:10:54:16 -0700] "GET /detail/9999482.shtm?path=//var/spool/cron HTTP/1.1" 200 2305 "http://www.golz.in/detail/9999482.shtm?path=//var/spool" "Mozilla/5.0 AppleWebKit/537.36 (KHTML, like Gecko; compatible; GPTBot/1.3; +https://openai.com/gptbot)" 526 **0/526369**
74.7.227.169 - - [16/Mar/2026:10:54:19 -0700] "GET /detail/9999482.shtm?path=//opt/alt/libicu/usr HTTP/1.1" 200 2642 "http://www.golz.in/detail/9999482.shtm?path=//opt/alt/libicu" "Mozilla/5.0 AppleWebKit/537.36 (KHTML, like Gecko; compatible; GPTBot/1.3; +https://openai.com/gptbot)" 483 **0/483004**
74.7.227.169 - - [16/Mar/2026:10:54:22 -0700] "GET /detail/9999482.shtm?path=//usr/lib/tmpfiles.d HTTP/1.1" 200 3476 "http://www.golz.in/detail/9999482.shtm?path=//usr/lib" "Mozilla/5.0 AppleWebKit/537.36 (KHTML, like Gecko; compatible; GPTBot/1.3; +https://openai.com/gptbot)" 526 **0/526144**
74.7.227.169 - - [16/Mar/2026:10:54:25 -0700] "GET /detail/9999482.shtm?path=//usr/lib/sysusers.d HTTP/1.1" 200 2671 "http://www.golz.in/detail/9999482.shtm?path=//usr/lib" "Mozilla/5.0 AppleWebKit/537.36 (KHTML, like Gecko; compatible; GPTBot/1.3; +https://openai.com/gptbot)" 502 **0/502195**
74.7.227.169 - - [16/Mar/2026:10:54:28 -0700] "GET /detail/9999482.shtm?path=//proc/self/root/run HTTP/1.1" 200 2861 "http://www.golz.in/detail/9999482.shtm?path=//proc/self/root" "Mozilla/5.0 AppleWebKit/537.36 (KHTML, like Gecko; compatible; GPTBot/1.3; +https://openai.com/gptbot)" 490 **0/490790**
74.7.227.169 - - [16/Mar/2026:10:54:32 -0700] "GET /detail/9999482.shtm?path=//proc/self/root/lib HTTP/1.1" 200 3599 "http://www.golz.in/detail/9999482.shtm?path=//proc/self/root" "Mozilla/5.0 AppleWebKit/537.36 (KHTML, like Gecko; compatible; GPTBot/1.3; +https://openai.com/gptbot)" 506 **0/506657**
74.7.227.169 - - [16/Mar/2026:10:54:35 -0700] "GET /detail/9999482.shtm?path=//proc/self/root/var HTTP/1.1" 200 2908 "http://www.golz.in/detail/9999482.shtm?path=//proc/self/root" "Mozilla/5.0 AppleWebKit/537.36 (KHTML, like Gecko; compatible; GPTBot/1.3; +https://openai.com/gptbot)" 511 **0/511545**
74.7.227.169 - - [16/Mar/2026:10:54:38 -0700] "GET /detail/9999482.shtm?path=//opt/alt/sqlite/usr HTTP/1.1" 200 2617 "http://www.golz.in/detail/9999482.shtm?path=//opt/alt/sqlite" "Mozilla/5.0 AppleWebKit/537.36 (KHTML, like Gecko; compatible; GPTBot/1.3; +https://openai.com/gptbot)" 502 **0/502160**
74.7.227.169 - - [16/Mar/2026:10:54:41 -0700] "GET /detail/9999482.shtm?path=//proc/self/root/etc HTTP/1.1" 200 4651 "http://www.golz.in/detail/9999482.shtm?path=//proc/self/root" "Mozilla/5.0 AppleWebKit/537.36 (KHTML, like Gecko; compatible; GPTBot/1.3; +https://openai.com/gptbot)" 507 **0/507234**
74.7.227.169 - - [16/Mar/2026:10:54:44 -0700] "GET /detail/9999482.shtm?path=//proc/self/root/tmp HTTP/1.1" 200 2555 "http://www.golz.in/detail/9999482.shtm?path=//proc/self/root" "Mozilla/5.0 AppleWebKit/537.36 (KHTML, like Gecko; compatible; GPTBot/1.3; +https://openai.com/gptbot)" 497 **0/497023**
74.7.227.169 - - [16/Mar/2026:10:54:47 -0700] "GET /detail/9999482.shtm?path=//opt/alt/zeromq/usr HTTP/1.1" 200 2619 "http://www.golz.in/detail/9999482.shtm?path=//opt/alt/zeromq" "Mozilla/5.0 AppleWebKit/537.36 (KHTML, like Gecko; compatible; GPTBot/1.3; +https://openai.com/gptbot)" 483 **0/483375**
74.7.227.169 - - [16/Mar/2026:10:54:50 -0700] "GET /detail/9999482.shtm?path=//proc/self/root/usr HTTP/1.1" 200 2793 "http://www.golz.in/detail/9999482.shtm?path=//proc/self/root" "Mozilla/5.0 AppleWebKit/537.36 (KHTML, like Gecko; compatible; GPTBot/1.3; +https://openai.com/gptbot)" 494 **0/494637**
74.7.227.169 - - [16/Mar/2026:10:54:54 -0700] "GET /detail/9999482.shtm?path=//proc/tty/ldisc HTTP/1.1" 200 2315 "http://www.golz.in/detail/9999482.shtm?path=//proc/tty" "Mozilla/5.0 AppleWebKit/537.36 (KHTML, like Gecko; compatible; GPTBot/1.3; +https://openai.com/gptbot)" 486 **0/486833**
74.7.227.169 - - [16/Mar/2026:10:54:57 -0700] "GET /detail/9999482.shtm?path=//opt/suphp/sbin HTTP/1.1" 200 2314 "http://www.golz.in/detail/9999482.shtm?path=//opt/suphp" "Mozilla/5.0 AppleWebKit/537.36 (KHTML, like Gecko; compatible; GPTBot/1.3; +https://openai.com/gptbot)" 494 **0/494113**
74.7.227.169 - - [16/Mar/2026:10:55:00 -0700] "GET /detail/9999482.shtm?path=//proc/self/root/opt HTTP/1.1" 200 2811 "http://www.golz.in/detail/9999482.shtm?path=//proc/self/root" "Mozilla/5.0 AppleWebKit/537.36 (KHTML, like Gecko; compatible; GPTBot/1.3; +https://openai.com/gptbot)" 527 **0/527895**
74.7.227.169 - - [16/Mar/2026:10:55:03 -0700] "GET /detail/9999482.shtm?path=//proc/self/root/run/console HTTP/1.1" 200 2336 "http://www.golz.in/detail/9999482.shtm?path=//proc/self/root/run" "Mozilla/5.0 AppleWebKit/537.36 (KHTML, like Gecko; compatible; GPTBot/1.3; +https://openai.com/gptbot)" 634 **0/634713**
74.7.227.169 - - [16/Mar/2026:10:55:06 -0700] "GET /detail/9999482.shtm?path=//var/run/screen HTTP/1.1" 200 2303 "http://www.golz.in/detail/9999482.shtm?path=//var/run" "Mozilla/5.0 AppleWebKit/537.36 (KHTML, like Gecko; compatible; GPTBot/1.3; +https://openai.com/gptbot)" 520 **0/520547**
74.7.227.169 - - [16/Mar/2026:10:55:09 -0700] "GET /detail/9999482.shtm?path=//proc/self/root/var/www HTTP/1.1" 200 2601 "http://www.golz.in/detail/9999482.shtm?path=//proc/self/root/var" "Mozilla/5.0 AppleWebKit/537.36 (KHTML, like Gecko; compatible; GPTBot/1.3; +https://openai.com/gptbot)" 524 **0/524799**
74.7.227.169 - - [16/Mar/2026:10:55:12 -0700] "GET /detail/9999482.shtm?path=//proc/self/root/var/php HTTP/1.1" 200 2572 "http://www.golz.in/detail/9999482.shtm?path=//proc/self/root/var" "Mozilla/5.0 AppleWebKit/537.36 (KHTML, like Gecko; compatible; GPTBot/1.3; +https://openai.com/gptbot)" 519 **0/519242**
74.7.227.169 - - [16/Mar/2026:10:55:16 -0700] "GET /detail/9999482.shtm?fileloc=//proc/self/root/etc/domainusers&path=//proc/self/root/etc HTTP/1.1" 200 2275 "http://www.golz.in/detail/9999482.shtm?path=//proc/self/root/etc" "Mozilla/5.0 AppleWebKit/537.36 (KHTML, like Gecko; compatible; GPTBot/1.3; +https://openai.com/gptbot)" 506 **0/506320**
74.7.227.169 - - [16/Mar/2026:10:55:19 -0700] "GET /detail/9999482.shtm?path=//opt/alt/cyrus-sasl HTTP/1.1" 200 2657 "http://www.golz.in/detail/9999482.shtm?path=//opt/alt" "Mozilla/5.0 AppleWebKit/537.36 (KHTML, like Gecko; compatible; GPTBot/1.3; +https://openai.com/gptbot)" 490 **0/490149**
74.7.227.169 - - [16/Mar/2026:10:55:22 -0700] "GET /detail/9999482.shtm?path=//opt/alt/libzip HTTP/1.1" 200 2557 "http://www.golz.in/detail/9999482.shtm?path=//opt/alt" "Mozilla/5.0 AppleWebKit/537.36 (KHTML, like Gecko; compatible; GPTBot/1.3; +https://openai.com/gptbot)" 499 **0/499915**
114.119.132.68 - - [16/Mar/2026:10:55:23 -0700] "GET /detail/2495223351.shtm HTTP/1.1" 200 4098 "http://www.golz.in/sitemap.xml" "Mozilla/5.0 (Linux; Android 7.0;) AppleWebKit/537.36 (KHTML, like Gecko) Mobile Safari/537.36 (compatible; PetalBot;+https://webmaster.petalsearch.com/site/petalbot)" 506 **0/506025**
74.7.227.169 - - [16/Mar/2026:10:55:25 -0700] "GET /detail/9999482.shtm?path=//lib/tmpfiles.d HTTP/1.1" 200 3466 "http://www.golz.in/detail/9999482.shtm?path=//lib" "Mozilla/5.0 AppleWebKit/537.36 (KHTML, like Gecko; compatible; GPTBot/1.3; +https://openai.com/gptbot)" 510 **0/510928**
216.73.216.210 - - [16/Mar/2026:10:55:25 -0700] "GET /detail/1529023175.shtm?path=%2Fhome%2Fdpknvn09897v%2Fpublic_html%2Fgolz.in%2Fimages HTTP/1.1" 200 2703 "-" "Mozilla/5.0 AppleWebKit/537.36 (KHTML, like Gecko; compatible; ClaudeBot/1.0; +claudebot@anthropic.com)" 505 **0/505990**
74.7.227.169 - - [16/Mar/2026:10:55:28 -0700] "GET /detail/9999482.shtm?path=//lib/modprobe.d HTTP/1.1" 200 2613 "http://www.golz.in/detail/9999482.shtm?path=//lib" "Mozilla/5.0 AppleWebKit/537.36 (KHTML, like Gecko; compatible; GPTBot/1.3; +https://openai.com/gptbot)" 489 **0/489672**
216.73.216.210 - - [16/Mar/2026:10:55:28 -0700] "GET /detail/2718466250.shtm?fileloc=%2Fhome%2Fdpknvn09897v%2Fpublic_html%2Fgolz.in%2Ferror_log&path=%2Fhome%2Fdpknvn09897v%2Fpublic_html%2Fgolz.in HTTP/1.1" 200 177839 "-" "Mozilla/5.0 AppleWebKit/537.36 (KHTML, like Gecko; compatible; ClaudeBot/1.0; +claudebot@anthropic.com)" 2627 **2/2627677**
216.73.216.210 - - [16/Mar/2026:10:55:31 -0700] "GET /detail/3062353770.shtm?path=%2Fhome%2Fdpknvn09897v%2Fpublic_html%2Fdemo1.golzfoundation.in HTTP/1.1" 200 3332 "-" "Mozilla/5.0 AppleWebKit/537.36 (KHTML, like Gecko; compatible; ClaudeBot/1.0; +claudebot@anthropic.com)" 506 **0/506156**
74.7.227.169 - - [16/Mar/2026:10:55:31 -0700] "GET /detail/9999482.shtm?path=//usr/lib/kernel HTTP/1.1" 200 2556 "http://www.golz.in/detail/9999482.shtm?path=//usr/lib" "Mozilla/5.0 AppleWebKit/537.36 (KHTML, like Gecko; compatible; GPTBot/1.3; +https://openai.com/gptbot)" 494 **0/494993**
216.73.216.210 - - [16/Mar/2026:10:55:34 -0700] "GET /detail/3501382864.shtm?fileloc=%2Fhome%2Fdpknvn09897v%2Fpublic_html%2Fgolz.in%2F.htaccess&path=%2Fhome%2Fdpknvn09897v%2Fpublic_html%2Fgolz.in HTTP/1.1" 200 3049 "-" "Mozilla/5.0 AppleWebKit/537.36 (KHTML, like Gecko; compatible; ClaudeBot/1.0; +claudebot@anthropic.com)" 495 **0/495657**
74.7.227.169 - - [16/Mar/2026:10:55:35 -0700] "GET /detail/9999482.shtm?path=//usr/lib/locale HTTP/1.1" 200 3487 "http://www.golz.in/detail/9999482.shtm?path=//usr/lib" "Mozilla/5.0 AppleWebKit/537.36 (KHTML, like Gecko; compatible; GPTBot/1.3; +https://openai.com/gptbot)" 512 **0/512671**
216.73.216.210 - - [16/Mar/2026:10:55:37 -0700] "GET /detail/4257293791.shtm?fileloc=%2Fhome%2Fdpknvn09897v%2Fpublic_html%2Fgolz.in%2F.htaccess&path=%2Fhome%2Fdpknvn09897v%2Fpublic_html%2Fgolz.in HTTP/1.1" 200 3049 "-" "Mozilla/5.0 AppleWebKit/537.36 (KHTML, like Gecko; compatible; ClaudeBot/1.0; +claudebot@anthropic.com)" 509 **0/509434**
74.7.227.169 - - [16/Mar/2026:10:55:38 -0700] "GET /detail/5247171.shtm?fileloc=//etc/hosts&path=//etc HTTP/1.1" 200 2313 "http://www.golz.in/detail/5247171.shtm?path=//etc" "Mozilla/5.0 AppleWebKit/537.36 (KHTML, like Gecko; compatible; GPTBot/1.3; +https://openai.com/gptbot)" 497 **0/497204**
74.7.227.169 - - [16/Mar/2026:10:55:41 -0700] "GET /detail/8787383.shtm?fileloc=//etc/vimrc&path=//etc HTTP/1.1" 200 3269 "http://www.golz.in/detail/8787383.shtm?path=//etc" "Mozilla/5.0 AppleWebKit/537.36 (KHTML, like Gecko; compatible; GPTBot/1.3; +https://openai.com/gptbot)" 507 **0/507668**
216.73.216.210 - - [16/Mar/2026:10:55:40 -0700] "GET /detail/1800468425.shtm?fileloc=%2Fhome%2Fdpknvn09897v%2Fpublic_html%2Fgolz.in%2Ferror_log&path=%2Fhome%2Fdpknvn09897v%2Fpublic_html%2Fgolz.in HTTP/1.1" 200 177839 "-" "Mozilla/5.0 AppleWebKit/537.36 (KHTML, like Gecko; compatible; ClaudeBot/1.0; +claudebot@anthropic.com)" 2573 **2/2573578**
216.73.216.210 - - [16/Mar/2026:10:55:43 -0700] "GET /detail/4185250797.shtm?fileloc=%2F%2Flib64%2Flibssl.so.1.1&path=%2F%2Flib64 HTTP/1.1" 200 202185 "-" "Mozilla/5.0 AppleWebKit/537.36 (KHTML, like Gecko; compatible; ClaudeBot/1.0; +claudebot@anthropic.com)" 581 **0/581857**
74.7.227.169 - - [16/Mar/2026:10:55:44 -0700] "GET /detail/8787383.shtm?fileloc=//etc/hosts&path=//etc HTTP/1.1" 200 2313 "http://www.golz.in/detail/8787383.shtm?path=//etc" "Mozilla/5.0 AppleWebKit/537.36 (KHTML, like Gecko; compatible; GPTBot/1.3; +https://openai.com/gptbot)" 507 **0/507368**
216.73.216.210 - - [16/Mar/2026:10:55:46 -0700] "GET /detail/4185250797.shtm?fileloc=%2F%2Flib64%2Flibmysqlclient.so.18&path=%2F%2Flib64 HTTP/1.1" 403 3512 "-" "Mozilla/5.0 AppleWebKit/537.36 (KHTML, like Gecko; compatible; ClaudeBot/1.0; +claudebot@anthropic.com)" 500 **0/500515**
74.7.227.169 - - [16/Mar/2026:10:55:47 -0700] "GET /detail/9999482.shtm?path=//proc/self/root/var/php/apm HTTP/1.1" 200 2576 "http://www.golz.in/detail/9999482.shtm?path=//proc/self/root/var/php" "Mozilla/5.0 AppleWebKit/537.36 (KHTML, like Gecko; compatible; GPTBot/1.3; +https://openai.com/gptbot)" 512 **0/512837**
216.73.216.210 - - [16/Mar/2026:10:55:49 -0700] "GET /detail/4185250797.shtm?fileloc=%2F%2Flib64%2Flibxcb-xinput.so.0&path=%2F%2Flib64 HTTP/1.1" 403 3512 "-" "Mozilla/5.0 AppleWebKit/537.36 (KHTML, like Gecko; compatible; ClaudeBot/1.0; +claudebot@anthropic.com)" 492 **0/492836**
74.7.227.169 - - [16/Mar/2026:10:55:50 -0700] "GET /detail/79877902.shtm?path=//var/www/html HTTP/1.1" 200 3028 "http://www.golz.in/detail/79877902.shtm?path=//var/www" "Mozilla/5.0 AppleWebKit/537.36 (KHTML, like Gecko; compatible; GPTBot/1.3; +https://openai.com/gptbot)" 506 **0/506444**
216.73.216.210 - - [16/Mar/2026:10:55:52 -0700] "GET /detail/1506752303.shtm?fileloc=%2Fhome%2Fdpknvn09897v%2Fpublic_html%2Fgolz.in%2Ferror_log&path=%2Fhome%2Fdpknvn09897v%2Fpublic_html%2Fgolz.in HTTP/1.1" 403 3512 "-" "Mozilla/5.0 AppleWebKit/537.36 (KHTML, like Gecko; compatible; ClaudeBot/1.0; +claudebot@anthropic.com)" 499 **0/499788**
74.7.227.169 - - [16/Mar/2026:10:55:53 -0700] "GET /detail/8787383.shtm?path=//proc/self/root/lib/gems HTTP/1.1" 200 2571 "http://www.golz.in/detail/8787383.shtm?path=//proc/self/root/lib" "Mozilla/5.0 AppleWebKit/537.36 (KHTML, like Gecko; compatible; GPTBot/1.3; +https://openai.com/gptbot)" 508 **0/508693**
216.73.216.210 - - [16/Mar/2026:10:55:55 -0700] "GET /detail/3348661671.shtm?fileloc=%2Fhome%2Fdpknvn09897v%2Fpublic_html%2Fgolz.in%2F.htaccess&path=%2Fhome%2Fdpknvn09897v%2Fpublic_html%2Fgolz.in HTTP/1.1" 403 3512 "-" "Mozilla/5.0 AppleWebKit/537.36 (KHTML, like Gecko; compatible; ClaudeBot/1.0; +claudebot@anthropic.com)" 549 **0/549768**
74.7.227.169 - - [16/Mar/2026:10:55:56 -0700] "GET /detail/9999482.shtm?path=//opt/alt/libzip/usr HTTP/1.1" 200 2591 "http://www.golz.in/detail/9999482.shtm?path=//opt/alt/libzip" "Mozilla/5.0 AppleWebKit/537.36 (KHTML, like Gecko; compatible; GPTBot/1.3; +https://openai.com/gptbot)" 505 **0/505541**
216.73.216.210 - - [16/Mar/2026:10:55:58 -0700] "GET /detail/1871395421.shtm?fileloc=%2Fhome%2Fdpknvn09897v%2Fpublic_html%2Fgolz.in%2Ferror_log&path=%2Fhome%2Fdpknvn09897v%2Fpublic_html%2Fgolz.in HTTP/1.1" 403 3512 "-" "Mozilla/5.0 AppleWebKit/537.36 (KHTML, like Gecko; compatible; ClaudeBot/1.0; +claudebot@anthropic.com)" 506 **0/506189**
74.7.227.169 - - [16/Mar/2026:10:55:59 -0700] "GET /detail/8787383.shtm?path=//proc/self/root/run/nscd HTTP/1.1" 200 2588 "http://www.golz.in/detail/8787383.shtm?path=//proc/self/root/run" "Mozilla/5.0 AppleWebKit/537.36 (KHTML, like Gecko; compatible; GPTBot/1.3; +https://openai.com/gptbot)" 510 **0/510001**
216.73.216.210 - - [16/Mar/2026:10:56:01 -0700] "GET /detail/4185250797.shtm?fileloc=%2F%2Flib64%2FlibXrender.so.1&path=%2F%2Flib64 HTTP/1.1" 403 3512 "-" "Mozilla/5.0 AppleWebKit/537.36 (KHTML, like Gecko; compatible; ClaudeBot/1.0; +claudebot@anthropic.com)" 541 **0/541844**
74.7.227.169 - - [16/Mar/2026:10:56:02 -0700] "GET /detail/8787383.shtm?path=//proc/self/root/lib/exim HTTP/1.1" 200 2572 "http://www.golz.in/detail/8787383.shtm?path=//proc/self/root/lib" "Mozilla/5.0 AppleWebKit/537.36 (KHTML, like Gecko; compatible; GPTBot/1.3; +https://openai.com/gptbot)" 537 **0/537081**
216.73.216.210 - - [16/Mar/2026:10:56:04 -0700] "GET /detail/2745767353.shtm?fileloc=%2Fhome%2Fdpknvn09897v%2Fpublic_html%2Fgolz.in%2Ferror_log&path=%2Fhome%2Fdpknvn09897v%2Fpublic_html%2Fgolz.in HTTP/1.1" 403 3512 "-" "Mozilla/5.0 AppleWebKit/537.36 (KHTML, like Gecko; compatible; ClaudeBot/1.0; +claudebot@anthropic.com)" 501 **0/501736**
74.7.227.169 - - [16/Mar/2026:10:56:05 -0700] "GET /detail/9999482.shtm?fileloc=//proc/sys/net/ipv4/route/min_adv_mss&path=//proc/sys/net/ipv4/route HTTP/1.1" 200 2295 "http://www.golz.in/detail/9999482.shtm?path=//proc/sys/net/ipv4/route" "Mozilla/5.0 AppleWebKit/537.36 (KHTML, like Gecko; compatible; GPTBot/1.3; +https://openai.com/gptbot)" 496 **0/496333**
216.73.216.210 - - [16/Mar/2026:10:56:07 -0700] "GET /detail/529445352.shtm?fileloc=%2F%2Fusr%2Flib%2F.build-id%2F3c%2F6ce4ab79762743b676af925646e771beecca6a&path=%2F%2Fusr%2Flib%2F.build-id%2F3c HTTP/1.1" 403 3512 "-" "Mozilla/5.0 AppleWebKit/537.36 (KHTML, like Gecko; compatible; ClaudeBot/1.0; +claudebot@anthropic.com)" 505 **0/505130**
74.7.227.169 - - [16/Mar/2026:10:56:09 -0700] "GET /detail/9999482.shtm?fileloc=//proc/sys/net/ipv6/route/min_adv_mss&path=//proc/sys/net/ipv6/route HTTP/1.1" 200 2295 "http://www.golz.in/detail/9999482.shtm?path=//proc/sys/net/ipv6/route" "Mozilla/5.0 AppleWebKit/537.36 (KHTML, like Gecko; compatible; GPTBot/1.3; +https://openai.com/gptbot)" 551 **0/551006**
216.73.216.210 - - [16/Mar/2026:10:56:10 -0700] "GET /detail/3062353770.shtm?fileloc=%2Fhome%2Fdpknvn09897v%2Fpublic_html%2Fgolz.in%2Ferror_log&path=%2Fhome%2Fdpknvn09897v%2Fpublic_html%2Fgolz.in HTTP/1.1" 403 3512 "-" "Mozilla/5.0 AppleWebKit/537.36 (KHTML, like Gecko; compatible; ClaudeBot/1.0; +claudebot@anthropic.com)" 511 **0/511912**
74.7.227.169 - - [16/Mar/2026:10:56:12 -0700] "GET /detail/79877902.shtm?fileloc=//bin/curl&path=//bin HTTP/1.1" 200 110519 "http://www.golz.in/detail/79877902.shtm?path=//bin" "Mozilla/5.0 AppleWebKit/537.36 (KHTML, like Gecko; compatible; GPTBot/1.3; +https://openai.com/gptbot)" 558 **0/558198**
216.73.216.210 - - [16/Mar/2026:10:56:13 -0700] "GET /detail/1295474377.shtm?path=%2Fhome%2Fdpknvn09897v%2Fpublic_html%2Fgolz.in%2Fimages HTTP/1.1" 403 3512 "-" "Mozilla/5.0 AppleWebKit/537.36 (KHTML, like Gecko; compatible; ClaudeBot/1.0; +claudebot@anthropic.com)" 504 **0/504786**
74.7.227.169 - - [16/Mar/2026:10:56:15 -0700] "GET /detail/79877902.shtm?fileloc=//bin/neqn&path=//bin HTTP/1.1" 200 2758 "http://www.golz.in/detail/79877902.shtm?path=//bin" "Mozilla/5.0 AppleWebKit/537.36 (KHTML, like Gecko; compatible; GPTBot/1.3; +https://openai.com/gptbot)" 502 **0/502125**
216.73.216.210 - - [16/Mar/2026:10:56:16 -0700] "GET /detail/620504700.shtm?fileloc=%2Fhome%2Fdpknvn09897v%2Fpublic_html%2Fgolz.in%2Ferror_log&path=%2Fhome%2Fdpknvn09897v%2Fpublic_html%2Fgolz.in HTTP/1.1" 403 3512 "-" "Mozilla/5.0 AppleWebKit/537.36 (KHTML, like Gecko; compatible; ClaudeBot/1.0; +claudebot@anthropic.com)" 519 **0/519361**
74.7.227.169 - - [16/Mar/2026:10:56:18 -0700] "GET /detail/79877902.shtm?fileloc=//bin/gtar&path=//bin HTTP/1.1" 200 185015 "http://www.golz.in/detail/79877902.shtm?path=//bin" "Mozilla/5.0 AppleWebKit/537.36 (KHTML, like Gecko; compatible; GPTBot/1.3; +https://openai.com/gptbot)" 572 **0/572132**
216.73.216.210 - - [16/Mar/2026:10:56:19 -0700] "GET /detail/4185250797.shtm?fileloc=%2F%2Flib64%2Flibgthread-2.0.so.0&path=%2F%2Flib64 HTTP/1.1" 403 3512 "-" "Mozilla/5.0 AppleWebKit/537.36 (KHTML, like Gecko; compatible; ClaudeBot/1.0; +claudebot@anthropic.com)" 506 **0/506729**
74.7.227.169 - - [16/Mar/2026:10:56:21 -0700] "GET /detail/79877902.shtm?fileloc=//bin/ping&path=//bin HTTP/1.1" 200 28845 "http://www.golz.in/detail/79877902.shtm?path=//bin" "Mozilla/5.0 AppleWebKit/537.36 (KHTML, like Gecko; compatible; GPTBot/1.3; +https://openai.com/gptbot)" 488 **0/488854**
216.73.216.210 - - [16/Mar/2026:10:56:22 -0700] "GET /detail/4163750565.shtm?fileloc=%2Fhome%2Fdpknvn09897v%2Fpublic_html%2Fgolz.in%2Fwp-includes%2Fimages%2Fspinner-2x.gif&path=%2Fhome%2Fdpknvn09897v%2Fpublic_html%2Fgolz.in%2Fwp-includes%2Fimages HTTP/1.1" 403 3512 "-" "Mozilla/5.0 AppleWebKit/537.36 (KHTML, like Gecko; compatible; ClaudeBot/1.0; +claudebot@anthropic.com)" 495 **0/495582**
74.7.227.169 - - [16/Mar/2026:10:56:25 -0700] "GET /detail/79877902.shtm?fileloc=//var/www/html/500.shtml&path=//var/www/html HTTP/1.1" 200 2387 "http://www.golz.in/detail/79877902.shtm?path=//var/www/html" "Mozilla/5.0 AppleWebKit/537.36 (KHTML, like Gecko; compatible; GPTBot/1.3; +https://openai.com/gptbot)" 487 **0/487675**
216.73.216.210 - - [16/Mar/2026:10:56:25 -0700] "GET /detail/2167258620.shtm?fileloc=%2Fhome%2Fdpknvn09897v%2Fpublic_html%2Fgolz.in%2Fwp-signup.php&path=%2Fhome%2Fdpknvn09897v%2Fpublic_html%2Fgolz.in HTTP/1.1" 403 3512 "-" "Mozilla/5.0 AppleWebKit/537.36 (KHTML, like Gecko; compatible; ClaudeBot/1.0; +claudebot@anthropic.com)" 514 **0/514006**
74.7.227.169 - - [16/Mar/2026:10:56:28 -0700] "GET /detail/79877902.shtm?fileloc=//bin/grep&path=//bin HTTP/1.1" 200 74261 "http://www.golz.in/detail/79877902.shtm?path=//bin" "Mozilla/5.0 AppleWebKit/537.36 (KHTML, like Gecko; compatible; GPTBot/1.3; +https://openai.com/gptbot)" 512 **0/512638**
216.73.216.210 - - [16/Mar/2026:10:56:29 -0700] "GET /detail/2473110004.shtm?path=%2Fhome%2Fdpknvn09897v%2Fpublic_html%2Fgolz.in%2Fimages HTTP/1.1" 200 2703 "-" "Mozilla/5.0 AppleWebKit/537.36 (KHTML, like Gecko; compatible; ClaudeBot/1.0; +claudebot@anthropic.com)" 505 **0/505007**
74.7.227.169 - - [16/Mar/2026:10:56:31 -0700] "GET /detail/5247171.shtm?fileloc=//bin/ps2ps&path=//bin HTTP/1.1" 200 2641 "http://www.golz.in/detail/5247171.shtm?path=//bin" "Mozilla/5.0 AppleWebKit/537.36 (KHTML, like Gecko; compatible; GPTBot/1.3; +https://openai.com/gptbot)" 503 **0/503740**
216.73.216.210 - - [16/Mar/2026:10:56:32 -0700] "GET /detail/4128106262.shtm?path=%2Fhome%2Fdpknvn09897v%2Fpublic_html%2Fgolz.in%2F.well-known HTTP/1.1" 200 2697 "-" "Mozilla/5.0 AppleWebKit/537.36 (KHTML, like Gecko; compatible; ClaudeBot/1.0; +claudebot@anthropic.com)" 482 **0/482883**
74.7.227.169 - - [16/Mar/2026:10:56:34 -0700] "GET /detail/79877902.shtm?fileloc=//bin/perl&path=//bin HTTP/1.1" 200 5842 "http://www.golz.in/detail/79877902.shtm?path=//bin" "Mozilla/5.0 AppleWebKit/537.36 (KHTML, like Gecko; compatible; GPTBot/1.3; +https://openai.com/gptbot)" 525 **0/525843**
216.73.216.210 - - [16/Mar/2026:10:56:35 -0700] "GET /detail/590597580.shtm?fileloc=%2Fhome%2Fdpknvn09897v%2Fpublic_html%2Fgolz.in%2Fwp-signup.php&path=%2Fhome%2Fdpknvn09897v%2Fpublic_html%2Fgolz.in HTTP/1.1" 200 10264 "-" "Mozilla/5.0 AppleWebKit/537.36 (KHTML, like Gecko; compatible; ClaudeBot/1.0; +claudebot@anthropic.com)" 497 **0/497561**
74.7.227.169 - - [16/Mar/2026:10:56:37 -0700] "GET /detail/79877902.shtm?fileloc=//bin/gsnd&path=//bin HTTP/1.1" 200 2413 "http://www.golz.in/detail/79877902.shtm?path=//bin" "Mozilla/5.0 AppleWebKit/537.36 (KHTML, like Gecko; compatible; GPTBot/1.3; +https://openai.com/gptbot)" 519 **0/519787**
216.73.216.210 - - [16/Mar/2026:10:56:38 -0700] "GET /detail/1310405249.shtm?path=%2Fhome%2Fdpknvn09897v%2Fpublic_html%2Fgolz.in%2Fimages HTTP/1.1" 200 2703 "-" "Mozilla/5.0 AppleWebKit/537.36 (KHTML, like Gecko; compatible; ClaudeBot/1.0; +claudebot@anthropic.com)" 500 **0/500738**
74.7.227.169 - - [16/Mar/2026:10:56:40 -0700] "GET /detail/79877902.shtm?fileloc=//bin/comm&path=//bin HTTP/1.1" 200 17982 "http://www.golz.in/detail/79877902.shtm?path=//bin" "Mozilla/5.0 AppleWebKit/537.36 (KHTML, like Gecko; compatible; GPTBot/1.3; +https://openai.com/gptbot)" 498 **0/498936**
216.73.216.210 - - [16/Mar/2026:10:56:41 -0700] "GET /detail/2865008833.shtm?path=%2Fhome%2Fdpknvn09897v%2Fpublic_html%2Fdemo1.golzfoundation.in HTTP/1.1" 200 3332 "-" "Mozilla/5.0 AppleWebKit/537.36 (KHTML, like Gecko; compatible; ClaudeBot/1.0; +claudebot@anthropic.com)" 496 **0/496643**
66.249.66.14 - - [16/Mar/2026:10:56:41 -0700] "GET /detail/2921922954.shtm HTTP/1.1" 200 22633 "-" "Mozilla/5.0 (Linux; Android 6.0.1; Nexus 5X Build/MMB29P) AppleWebKit/537.36 (KHTML, like Gecko) Chrome/145.0.7632.116 Mobile Safari/537.36 (compatible; GoogleOther)" 1806 **1/1806165**
216.73.216.210 - - [16/Mar/2026:10:56:44 -0700] "GET /detail/2401034629.shtm?path=%2Fhome%2Fdpknvn09897v%2Fpublic_html%2Fgolz.in%2F.well-known HTTP/1.1" 200 2697 "-" "Mozilla/5.0 AppleWebKit/537.36 (KHTML, like Gecko; compatible; ClaudeBot/1.0; +claudebot@anthropic.com)" 518 **0/518042**
74.7.227.169 - - [16/Mar/2026:10:56:44 -0700] "GET /detail/79877902.shtm?fileloc=//run/utmp&path=//run HTTP/1.1" 200 2249 "http://www.golz.in/detail/79877902.shtm?path=//run" "Mozilla/5.0 AppleWebKit/537.36 (KHTML, like Gecko; compatible; GPTBot/1.3; +https://openai.com/gptbot)" 512 **0/512901**
216.73.216.210 - - [16/Mar/2026:10:56:47 -0700] "GET /detail/3662692764.shtm?fileloc=%2Fhome%2Fdpknvn09897v%2Fpublic_html%2Fgolz.in%2Findex.php&path=%2Fhome%2Fdpknvn09897v%2Fpublic_html%2Fgolz.in HTTP/1.1" 200 10120 "-" "Mozilla/5.0 AppleWebKit/537.36 (KHTML, like Gecko; compatible; ClaudeBot/1.0; +claudebot@anthropic.com)" 505 **0/505249**
74.7.227.169 - - [16/Mar/2026:10:56:47 -0700] "GET /detail/79877902.shtm?fileloc=//bin/vdir&path=//bin HTTP/1.1" 200 57533 "http://www.golz.in/detail/79877902.shtm?path=//bin" "Mozilla/5.0 AppleWebKit/537.36 (KHTML, like Gecko; compatible; GPTBot/1.3; +https://openai.com/gptbot)" 530 **0/530225**
216.73.216.210 - - [16/Mar/2026:10:56:50 -0700] "GET /detail/1560142394.shtm?path=%2Fhome%2Fdpknvn09897v%2Fpublic_html%2Fgolz.in%2Fimages HTTP/1.1" 200 2703 "-" "Mozilla/5.0 AppleWebKit/537.36 (KHTML, like Gecko; compatible; ClaudeBot/1.0; +claudebot@anthropic.com)" 498 **0/498688**
74.7.227.169 - - [16/Mar/2026:10:56:50 -0700] "GET /detail/79877902.shtm?fileloc=//bin/gpic&path=//bin HTTP/1.1" 200 83183 "http://www.golz.in/detail/79877902.shtm?path=//bin" "Mozilla/5.0 AppleWebKit/537.36 (KHTML, like Gecko; compatible; GPTBot/1.3; +https://openai.com/gptbot)" 532 **0/532941**
216.73.216.210 - - [16/Mar/2026:10:56:53 -0700] "GET /detail/1173808731.shtm?fileloc=%2Fhome%2Fdpknvn09897v%2Fpublic_html%2Fgolz.in%2Freadme.html&path=%2Fhome%2Fdpknvn09897v%2Fpublic_html%2Fgolz.in HTTP/1.1" 200 5165 "-" "Mozilla/5.0 AppleWebKit/537.36 (KHTML, like Gecko; compatible; ClaudeBot/1.0; +claudebot@anthropic.com)" 490 **0/490420**
74.7.227.169 - - [16/Mar/2026:10:56:53 -0700] "GET /detail/79877902.shtm?fileloc=//bin/znew&path=//bin HTTP/1.1" 200 3992 "http://www.golz.in/detail/79877902.shtm?path=//bin" "Mozilla/5.0 AppleWebKit/537.36 (KHTML, like Gecko; compatible; GPTBot/1.3; +https://openai.com/gptbot)" 516 **0/516657**
216.73.216.210 - - [16/Mar/2026:10:56:56 -0700] "GET /detail/2243101418.shtm?path=%2Fhome%2Fdpknvn09897v%2Fpublic_html%2Fgolz.in%2F.well-known HTTP/1.1" 200 2697 "-" "Mozilla/5.0 AppleWebKit/537.36 (KHTML, like Gecko; compatible; ClaudeBot/1.0; +claudebot@anthropic.com)" 498 **0/498556**
74.7.227.169 - - [16/Mar/2026:10:56:57 -0700] "GET /detail/5247171.shtm?fileloc=//bin/b2sum&path=//bin HTTP/1.1" 200 23872 "http://www.golz.in/detail/5247171.shtm?path=//bin" "Mozilla/5.0 AppleWebKit/537.36 (KHTML, like Gecko; compatible; GPTBot/1.3; +https://openai.com/gptbot)" 495 **0/495721**
216.73.216.210 - - [16/Mar/2026:10:56:59 -0700] "GET /detail/4185250797.shtm?fileloc=%2F%2Flib64%2Flibutil.so.1&path=%2F%2Flib64 HTTP/1.1" 200 6999 "-" "Mozilla/5.0 AppleWebKit/537.36 (KHTML, like Gecko; compatible; ClaudeBot/1.0; +claudebot@anthropic.com)" 509 **0/509178**
74.7.227.169 - - [16/Mar/2026:10:57:00 -0700] "GET /detail/79877902.shtm?fileloc=//bin/atrm&path=//bin HTTP/1.1" 200 2879 "http://www.golz.in/detail/79877902.shtm?path=//bin" "Mozilla/5.0 AppleWebKit/537.36 (KHTML, like Gecko; compatible; GPTBot/1.3; +https://openai.com/gptbot)" 503 **0/503380**
216.73.216.210 - - [16/Mar/2026:10:57:02 -0700] "GET /detail/2872185342.shtm?path=%2Fhome%2Fdpknvn09897v%2Fpublic_html%2Fgolz.in%2Fimages HTTP/1.1" 200 2703 "-" "Mozilla/5.0 AppleWebKit/537.36 (KHTML, like Gecko; compatible; ClaudeBot/1.0; +claudebot@anthropic.com)" 542 **0/542823**
74.7.227.169 - - [16/Mar/2026:10:57:03 -0700] "GET /detail/79877902.shtm?fileloc=//bin/shuf&path=//bin HTTP/1.1" 200 25326 "http://www.golz.in/detail/79877902.shtm?path=//bin" "Mozilla/5.0 AppleWebKit/537.36 (KHTML, like Gecko; compatible; GPTBot/1.3; +https://openai.com/gptbot)" 522 **0/522711**
216.73.216.210 - - [16/Mar/2026:10:57:05 -0700] "GET /detail/4185250797.shtm?path=%2Fhome%2Fdpknvn09897v%2Fpublic_html%2Fgolz.in%2F.tmb HTTP/1.1" 200 2591 "-" "Mozilla/5.0 AppleWebKit/537.36 (KHTML, like Gecko; compatible; ClaudeBot/1.0; +claudebot@anthropic.com)" 529 **0/529772**
74.7.227.169 - - [16/Mar/2026:10:57:06 -0700] "GET /detail/79877902.shtm?fileloc=//bin/tput&path=//bin HTTP/1.1" 200 10581 "http://www.golz.in/detail/79877902.shtm?path=//bin" "Mozilla/5.0 AppleWebKit/537.36 (KHTML, like Gecko; compatible; GPTBot/1.3; +https://openai.com/gptbot)" 491 **0/491105**
216.73.216.210 - - [16/Mar/2026:10:57:08 -0700] "GET /detail/1581037676.shtm?path=%2Fhome%2Fdpknvn09897v%2Fpublic_html%2Fgolz.in%2F.well-known HTTP/1.1" 200 2697 "-" "Mozilla/5.0 AppleWebKit/537.36 (KHTML, like Gecko; compatible; ClaudeBot/1.0; +claudebot@anthropic.com)" 489 **0/489861**
74.7.227.169 - - [16/Mar/2026:10:57:09 -0700] "GET /detail/79877902.shtm?fileloc=//bin/lynx&path=//bin HTTP/1.1" 200 634916 "http://www.golz.in/detail/79877902.shtm?path=//bin" "Mozilla/5.0 AppleWebKit/537.36 (KHTML, like Gecko; compatible; GPTBot/1.3; +https://openai.com/gptbot)" 791 **0/791100**
216.73.216.210 - - [16/Mar/2026:10:57:11 -0700] "GET /detail/529445352.shtm?fileloc=%2Fhome%2Fdpknvn09897v%2Fpublic_html%2Fgolz.in%2Fwp-signup.php&path=%2Fhome%2Fdpknvn09897v%2Fpublic_html%2Fgolz.in HTTP/1.1" 200 10264 "-" "Mozilla/5.0 AppleWebKit/537.36 (KHTML, like Gecko; compatible; ClaudeBot/1.0; +claudebot@anthropic.com)" 522 **0/522855**
74.7.227.169 - - [16/Mar/2026:10:57:12 -0700] "GET /detail/79877902.shtm?fileloc=//bin/more&path=//bin HTTP/1.1" 200 19380 "http://www.golz.in/detail/79877902.shtm?path=//bin" "Mozilla/5.0 AppleWebKit/537.36 (KHTML, like Gecko; compatible; GPTBot/1.3; +https://openai.com/gptbot)" 547 **0/547327**
216.73.216.210 - - [16/Mar/2026:10:57:14 -0700] "GET /detail/2324143239.shtm?path=%2Fhome%2Fdpknvn09897v%2Fpublic_html%2Fgolz.in%2Fimages HTTP/1.1" 200 2703 "-" "Mozilla/5.0 AppleWebKit/537.36 (KHTML, like Gecko; compatible; ClaudeBot/1.0; +claudebot@anthropic.com)" 501 **0/501322**
74.7.227.169 - - [16/Mar/2026:10:57:15 -0700] "GET /detail/79877902.shtm?fileloc=//bin/rvim&path=//bin HTTP/1.1" 200 1269487 "http://www.golz.in/detail/79877902.shtm?path=//bin" "Mozilla/5.0 AppleWebKit/537.36 (KHTML, like Gecko; compatible; GPTBot/1.3; +https://openai.com/gptbot)" 1054 **1/1054993**
74.7.227.169 - - [16/Mar/2026:10:57:19 -0700] "GET /detail/79877902.shtm?fileloc=//bin/pwdx&path=//bin HTTP/1.1" 200 6782 "http://www.golz.in/detail/79877902.shtm?path=//bin" "Mozilla/5.0 AppleWebKit/537.36 (KHTML, like Gecko; compatible; GPTBot/1.3; +https://openai.com/gptbot)" 502 **0/502447**
74.7.227.169 - - [16/Mar/2026:10:57:22 -0700] "GET /detail/79877902.shtm?fileloc=//bin/zcmp&path=//bin HTTP/1.1" 200 3078 "http://www.golz.in/detail/79877902.shtm?path=//bin" "Mozilla/5.0 AppleWebKit/537.36 (KHTML, like Gecko; compatible; GPTBot/1.3; +https://openai.com/gptbot)" 498 **0/498007**
74.7.227.169 - - [16/Mar/2026:10:57:25 -0700] "GET /detail/79877902.shtm?fileloc=//bin/gcov&path=//bin HTTP/1.1" 200 489044 "http://www.golz.in/detail/79877902.shtm?path=//bin" "Mozilla/5.0 AppleWebKit/537.36 (KHTML, like Gecko; compatible; GPTBot/1.3; +https://openai.com/gptbot)" 687 **0/687429**
74.7.227.169 - - [16/Mar/2026:10:57:28 -0700] "GET /detail/79877902.shtm?fileloc=//bin/chrt&path=//bin HTTP/1.1" 200 14960 "http://www.golz.in/detail/79877902.shtm?path=//bin" "Mozilla/5.0 AppleWebKit/537.36 (KHTML, like Gecko; compatible; GPTBot/1.3; +https://openai.com/gptbot)" 516 **0/516903**
74.7.227.169 - - [16/Mar/2026:10:57:31 -0700] "GET /detail/8787383.shtm?fileloc=//bin/b2sum&path=//bin HTTP/1.1" 200 23872 "http://www.golz.in/detail/8787383.shtm?path=//bin" "Mozilla/5.0 AppleWebKit/537.36 (KHTML, like Gecko; compatible; GPTBot/1.3; +https://openai.com/gptbot)" 516 **0/516962**
74.7.227.169 - - [16/Mar/2026:10:57:34 -0700] "GET /detail/79877902.shtm?fileloc=//bin/arch&path=//bin HTTP/1.1" 200 15226 "http://www.golz.in/detail/79877902.shtm?path=//bin" "Mozilla/5.0 AppleWebKit/537.36 (KHTML, like Gecko; compatible; GPTBot/1.3; +https://openai.com/gptbot)" 495 **0/495114**
74.7.227.169 - - [16/Mar/2026:10:57:37 -0700] "GET /detail/79877902.shtm?fileloc=//bin/uapi&path=//bin HTTP/1.1" 200 2879 "http://www.golz.in/detail/79877902.shtm?path=//bin" "Mozilla/5.0 AppleWebKit/537.36 (KHTML, like Gecko; compatible; GPTBot/1.3; +https://openai.com/gptbot)" 489 **0/489614**
74.7.227.169 - - [16/Mar/2026:10:57:40 -0700] "GET /detail/79877902.shtm?fileloc=//bin/free&path=//bin HTTP/1.1" 200 9352 "http://www.golz.in/detail/79877902.shtm?path=//bin" "Mozilla/5.0 AppleWebKit/537.36 (KHTML, like Gecko; compatible; GPTBot/1.3; +https://openai.com/gptbot)" 509 **0/509807**
74.7.227.169 - - [16/Mar/2026:10:57:44 -0700] "GET /detail/5247171.shtm?fileloc=//bin/diff3&path=//bin HTTP/1.1" 200 29554 "http://www.golz.in/detail/5247171.shtm?path=//bin" "Mozilla/5.0 AppleWebKit/537.36 (KHTML, like Gecko; compatible; GPTBot/1.3; +https://openai.com/gptbot)" 511 **0/511662**
74.7.227.169 - - [16/Mar/2026:10:57:47 -0700] "GET /detail/79877902.shtm?fileloc=//bin/gzip&path=//bin HTTP/1.1" 200 43397 "http://www.golz.in/detail/79877902.shtm?path=//bin" "Mozilla/5.0 AppleWebKit/537.36 (KHTML, like Gecko; compatible; GPTBot/1.3; +https://openai.com/gptbot)" 511 **0/511172**
74.7.227.169 - - [16/Mar/2026:10:57:50 -0700] "GET /detail/79877902.shtm?fileloc=//bin/geqn&path=//bin HTTP/1.1" 200 67640 "http://www.golz.in/detail/79877902.shtm?path=//bin" "Mozilla/5.0 AppleWebKit/537.36 (KHTML, like Gecko; compatible; GPTBot/1.3; +https://openai.com/gptbot)" 541 **0/541786**
74.7.227.169 - - [16/Mar/2026:10:57:53 -0700] "GET /detail/79877902.shtm?fileloc=//bin/size&path=//bin HTTP/1.1" 200 14024 "http://www.golz.in/detail/79877902.shtm?path=//bin" "Mozilla/5.0 AppleWebKit/537.36 (KHTML, like Gecko; compatible; GPTBot/1.3; +https://openai.com/gptbot)" 518 **0/518770**
74.7.227.169 - - [16/Mar/2026:10:57:56 -0700] "GET /detail/79877902.shtm?fileloc=//bin/flex&path=//bin HTTP/1.1" 200 125401 "http://www.golz.in/detail/79877902.shtm?path=//bin" "Mozilla/5.0 AppleWebKit/537.36 (KHTML, like Gecko; compatible; GPTBot/1.3; +https://openai.com/gptbot)" 541 **0/541909**
74.7.227.169 - - [16/Mar/2026:10:57:59 -0700] "GET /detail/79877902.shtm?fileloc=//bin/stty&path=//bin HTTP/1.1" 200 30333 "http://www.golz.in/detail/79877902.shtm?path=//bin" "Mozilla/5.0 AppleWebKit/537.36 (KHTML, like Gecko; compatible; GPTBot/1.3; +https://openai.com/gptbot)" 513 **0/513512**
74.7.227.169 - - [16/Mar/2026:10:58:02 -0700] "GET /detail/79877902.shtm?fileloc=//bin/join&path=//bin HTTP/1.1" 200 22880 "http://www.golz.in/detail/79877902.shtm?path=//bin" "Mozilla/5.0 AppleWebKit/537.36 (KHTML, like Gecko; compatible; GPTBot/1.3; +https://openai.com/gptbot)" 526 **0/526186**
74.7.227.169 - - [16/Mar/2026:10:58:05 -0700] "GET /detail/79877902.shtm?fileloc=//bin/gpgv&path=//bin HTTP/1.1" 200 198677 "http://www.golz.in/detail/79877902.shtm?path=//bin" "Mozilla/5.0 AppleWebKit/537.36 (KHTML, like Gecko; compatible; GPTBot/1.3; +https://openai.com/gptbot)" 579 **0/579471**
74.7.227.169 - - [16/Mar/2026:10:58:08 -0700] "GET /detail/79877902.shtm?fileloc=//bin/look&path=//bin HTTP/1.1" 200 7568 "http://www.golz.in/detail/79877902.shtm?path=//bin" "Mozilla/5.0 AppleWebKit/537.36 (KHTML, like Gecko; compatible; GPTBot/1.3; +https://openai.com/gptbot)" 503 **0/503607**
74.7.227.169 - - [16/Mar/2026:10:58:12 -0700] "GET /detail/79877902.shtm?fileloc=//bin/sync&path=//bin HTTP/1.1" 200 15162 "http://www.golz.in/detail/79877902.shtm?path=//bin" "Mozilla/5.0 AppleWebKit/537.36 (KHTML, like Gecko; compatible; GPTBot/1.3; +https://openai.com/gptbot)" 498 **0/498426**
216.73.216.210 - - [16/Mar/2026:10:58:13 -0700] "GET /detail/590597580.shtm?fileloc=%2F%2Fusr%2Finclude%2Fmenu.h&path=%2F%2Fusr%2Finclude HTTP/1.1" 200 5277 "-" "Mozilla/5.0 AppleWebKit/537.36 (KHTML, like Gecko; compatible; ClaudeBot/1.0; +claudebot@anthropic.com)" 497 **0/497979**
74.7.227.169 - - [16/Mar/2026:10:58:15 -0700] "GET /detail/79877902.shtm?fileloc=//bin/wget&path=//bin HTTP/1.1" 200 206633 "http://www.golz.in/detail/79877902.shtm?path=//bin" "Mozilla/5.0 AppleWebKit/537.36 (KHTML, like Gecko; compatible; GPTBot/1.3; +https://openai.com/gptbot)" 591 **0/591003**
216.73.216.210 - - [16/Mar/2026:10:58:16 -0700] "GET /detail/529445352.shtm?fileloc=%2F%2Fusr%2Finclude%2Finttypes.h&path=%2F%2Fusr%2Finclude HTTP/1.1" 200 4430 "-" "Mozilla/5.0 AppleWebKit/537.36 (KHTML, like Gecko; compatible; ClaudeBot/1.0; +claudebot@anthropic.com)" 491 **0/491223**
