74.7.227.169 - - [16/Mar/2026:09:47:12 -0700] "GET /detail/9999482.shtm?fileloc=//proc/sys/net/core/message_cost&path=//proc/sys/net/core HTTP/1.1" 200 2280 "http://www.golz.in/detail/9999482.shtm?path=//proc/sys/net/core" "Mozilla/5.0 AppleWebKit/537.36 (KHTML, like Gecko; compatible; GPTBot/1.3; +https://openai.com/gptbot)" 493 **0/493143**
74.7.227.169 - - [16/Mar/2026:09:47:15 -0700] "GET /detail/9999482.shtm?fileloc=//proc/sys/net/core/txrehash&path=//proc/sys/net/core HTTP/1.1" 200 2282 "http://www.golz.in/detail/9999482.shtm?path=//proc/sys/net/core" "Mozilla/5.0 AppleWebKit/537.36 (KHTML, like Gecko; compatible; GPTBot/1.3; +https://openai.com/gptbot)" 499 **0/499767**
74.7.227.169 - - [16/Mar/2026:09:47:19 -0700] "GET /detail/9999482.shtm?fileloc=//proc/sys/net/core/somaxconn&path=//proc/sys/net/core HTTP/1.1" 200 2284 "http://www.golz.in/detail/9999482.shtm?path=//proc/sys/net/core" "Mozilla/5.0 AppleWebKit/537.36 (KHTML, like Gecko; compatible; GPTBot/1.3; +https://openai.com/gptbot)" 489 **0/489556**
74.7.227.169 - - [16/Mar/2026:09:47:22 -0700] "GET /detail/9999482.shtm?fileloc=//proc/sys/net/core/tstamp_allow_data&path=//proc/sys/net/core HTTP/1.1" 200 2288 "http://www.golz.in/detail/9999482.shtm?path=//proc/sys/net/core" "Mozilla/5.0 AppleWebKit/537.36 (KHTML, like Gecko; compatible; GPTBot/1.3; +https://openai.com/gptbot)" 511 **0/511092**
74.7.227.169 - - [16/Mar/2026:09:47:25 -0700] "GET /detail/9999482.shtm?fileloc=//proc/sys/net/core/warnings&path=//proc/sys/net/core HTTP/1.1" 200 2277 "http://www.golz.in/detail/9999482.shtm?path=//proc/sys/net/core" "Mozilla/5.0 AppleWebKit/537.36 (KHTML, like Gecko; compatible; GPTBot/1.3; +https://openai.com/gptbot)" 501 **0/501682**
74.7.227.169 - - [16/Mar/2026:09:47:28 -0700] "GET /detail/9999482.shtm?fileloc=//proc/sys/net/core/rps_sock_flow_entries&path=//proc/sys/net/core HTTP/1.1" 200 2291 "http://www.golz.in/detail/9999482.shtm?path=//proc/sys/net/core" "Mozilla/5.0 AppleWebKit/537.36 (KHTML, like Gecko; compatible; GPTBot/1.3; +https://openai.com/gptbot)" 500 **0/500077**
74.7.227.169 - - [16/Mar/2026:09:47:31 -0700] "GET /detail/9999482.shtm?fileloc=//proc/sys/net/core/xfrm_aevent_etime&path=//proc/sys/net/core HTTP/1.1" 200 2286 "http://www.golz.in/detail/9999482.shtm?path=//proc/sys/net/core" "Mozilla/5.0 AppleWebKit/537.36 (KHTML, like Gecko; compatible; GPTBot/1.3; +https://openai.com/gptbot)" 504 **0/504255**
74.7.227.169 - - [16/Mar/2026:09:47:34 -0700] "GET /detail/9999482.shtm?fileloc=//proc/sys/net/core/message_burst&path=//proc/sys/net/core HTTP/1.1" 200 2284 "http://www.golz.in/detail/9999482.shtm?path=//proc/sys/net/core" "Mozilla/5.0 AppleWebKit/537.36 (KHTML, like Gecko; compatible; GPTBot/1.3; +https://openai.com/gptbot)" 497 **0/497045**
74.7.227.169 - - [16/Mar/2026:09:47:37 -0700] "GET /detail/9999482.shtm?fileloc=//proc/sys/net/core/rmem_default&path=//proc/sys/net/core HTTP/1.1" 200 2284 "http://www.golz.in/detail/9999482.shtm?path=//proc/sys/net/core" "Mozilla/5.0 AppleWebKit/537.36 (KHTML, like Gecko; compatible; GPTBot/1.3; +https://openai.com/gptbot)" 494 **0/494636**
74.7.227.169 - - [16/Mar/2026:09:47:41 -0700] "GET /detail/9999482.shtm?fileloc=//proc/sys/net/core/default_qdisc&path=//proc/sys/net/core HTTP/1.1" 200 2289 "http://www.golz.in/detail/9999482.shtm?path=//proc/sys/net/core" "Mozilla/5.0 AppleWebKit/537.36 (KHTML, like Gecko; compatible; GPTBot/1.3; +https://openai.com/gptbot)" 502 **0/502794**
74.7.227.169 - - [16/Mar/2026:09:47:44 -0700] "GET /detail/9999482.shtm?fileloc=//proc/sys/net/core/netdev_max_backlog&path=//proc/sys/net/core HTTP/1.1" 200 2290 "http://www.golz.in/detail/9999482.shtm?path=//proc/sys/net/core" "Mozilla/5.0 AppleWebKit/537.36 (KHTML, like Gecko; compatible; GPTBot/1.3; +https://openai.com/gptbot)" 490 **0/490070**
74.7.227.169 - - [16/Mar/2026:09:47:47 -0700] "GET /detail/9999482.shtm?fileloc=//proc/sys/net/core/optmem_max&path=//proc/sys/net/core HTTP/1.1" 200 2285 "http://www.golz.in/detail/9999482.shtm?path=//proc/sys/net/core" "Mozilla/5.0 AppleWebKit/537.36 (KHTML, like Gecko; compatible; GPTBot/1.3; +https://openai.com/gptbot)" 530 **0/530718**
74.7.227.169 - - [16/Mar/2026:09:47:50 -0700] "GET /detail/9999482.shtm?fileloc=//proc/sys/net/core/busy_poll&path=//proc/sys/net/core HTTP/1.1" 200 2284 "http://www.golz.in/detail/9999482.shtm?path=//proc/sys/net/core" "Mozilla/5.0 AppleWebKit/537.36 (KHTML, like Gecko; compatible; GPTBot/1.3; +https://openai.com/gptbot)" 491 **0/491387**
66.249.66.39 - - [16/Mar/2026:09:47:50 -0700] "GET /?detail/647547261 HTTP/1.1" 200 21937 "-" "Mozilla/5.0 (Linux; Android 6.0.1; Nexus 5X Build/MMB29P) AppleWebKit/537.36 (KHTML, like Gecko) Chrome/145.0.7632.116 Mobile Safari/537.36 (compatible; Googlebot/2.1; +http://www.google.com/bot.html)" 1891 **1/1891569**
74.7.227.169 - - [16/Mar/2026:09:47:53 -0700] "GET /detail/9999482.shtm?fileloc=//proc/sys/net/core/netdev_rss_key&path=//proc/sys/net/core HTTP/1.1" 200 2290 "http://www.golz.in/detail/9999482.shtm?path=//proc/sys/net/core" "Mozilla/5.0 AppleWebKit/537.36 (KHTML, like Gecko; compatible; GPTBot/1.3; +https://openai.com/gptbot)" 503 **0/503489**
74.7.227.169 - - [16/Mar/2026:09:47:56 -0700] "GET /detail/9999482.shtm?fileloc=//proc/sys/net/core/fb_tunnels_only_for_init_net&path=//proc/sys/net/core HTTP/1.1" 200 2294 "http://www.golz.in/detail/9999482.shtm?path=//proc/sys/net/core" "Mozilla/5.0 AppleWebKit/537.36 (KHTML, like Gecko; compatible; GPTBot/1.3; +https://openai.com/gptbot)" 501 **0/501124**
216.73.216.210 - - [16/Mar/2026:09:47:58 -0700] "GET /detail/4163750565.shtm?fileloc=%2F%2Fusr%2Finclude%2Fncursesw%2Fcurses.h&path=%2F%2Fusr%2Finclude%2Fncursesw HTTP/1.1" 403 3512 "-" "Mozilla/5.0 AppleWebKit/537.36 (KHTML, like Gecko; compatible; ClaudeBot/1.0; +claudebot@anthropic.com)" 500 **0/500333**
74.7.227.169 - - [16/Mar/2026:09:47:59 -0700] "GET /detail/9999482.shtm?fileloc=//proc/sys/net/core/flow_limit_cpu_bitmap&path=//proc/sys/net/core HTTP/1.1" 200 2292 "http://www.golz.in/detail/9999482.shtm?path=//proc/sys/net/core" "Mozilla/5.0 AppleWebKit/537.36 (KHTML, like Gecko; compatible; GPTBot/1.3; +https://openai.com/gptbot)" 515 **0/515129**
216.73.216.210 - - [16/Mar/2026:09:48:01 -0700] "GET /detail/4163750565.shtm?fileloc=%2F%2Fusr%2Finclude%2Fncursesw%2Fcursesf.h&path=%2F%2Fusr%2Finclude%2Fncursesw HTTP/1.1" 403 3512 "-" "Mozilla/5.0 AppleWebKit/537.36 (KHTML, like Gecko; compatible; ClaudeBot/1.0; +claudebot@anthropic.com)" 516 **0/516142**
74.7.227.169 - - [16/Mar/2026:09:48:02 -0700] "GET /detail/9999482.shtm?fileloc=//proc/sys/net/core/xfrm_aevent_rseqth&path=//proc/sys/net/core HTTP/1.1" 200 2287 "http://www.golz.in/detail/9999482.shtm?path=//proc/sys/net/core" "Mozilla/5.0 AppleWebKit/537.36 (KHTML, like Gecko; compatible; GPTBot/1.3; +https://openai.com/gptbot)" 543 **0/543172**
216.73.216.210 - - [16/Mar/2026:09:48:04 -0700] "GET /detail/2309212399.shtm?path=%2F HTTP/1.1" 403 3512 "-" "Mozilla/5.0 AppleWebKit/537.36 (KHTML, like Gecko; compatible; ClaudeBot/1.0; +claudebot@anthropic.com)" 508 **0/508199**
74.7.227.169 - - [16/Mar/2026:09:48:06 -0700] "GET /detail/9999482.shtm?fileloc=//proc/sys/net/core/netdev_budget&path=//proc/sys/net/core HTTP/1.1" 200 2283 "http://www.golz.in/detail/9999482.shtm?path=//proc/sys/net/core" "Mozilla/5.0 AppleWebKit/537.36 (KHTML, like Gecko; compatible; GPTBot/1.3; +https://openai.com/gptbot)" 515 **0/515782**
216.73.216.210 - - [16/Mar/2026:09:48:07 -0700] "GET /detail/3577062155.shtm?path=%2F HTTP/1.1" 403 3512 "-" "Mozilla/5.0 AppleWebKit/537.36 (KHTML, like Gecko; compatible; ClaudeBot/1.0; +claudebot@anthropic.com)" 504 **0/504099**
74.7.227.169 - - [16/Mar/2026:09:48:09 -0700] "GET /detail/9999482.shtm?fileloc=//proc/sys/net/core/xfrm_larval_drop&path=//proc/sys/net/core HTTP/1.1" 200 2284 "http://www.golz.in/detail/9999482.shtm?path=//proc/sys/net/core" "Mozilla/5.0 AppleWebKit/537.36 (KHTML, like Gecko; compatible; GPTBot/1.3; +https://openai.com/gptbot)" 501 **0/501967**
216.73.216.210 - - [16/Mar/2026:09:48:10 -0700] "GET /detail/3571097745.shtm?path=%2F HTTP/1.1" 403 3512 "-" "Mozilla/5.0 AppleWebKit/537.36 (KHTML, like Gecko; compatible; ClaudeBot/1.0; +claudebot@anthropic.com)" 509 **0/509973**
74.7.227.169 - - [16/Mar/2026:09:48:12 -0700] "GET /detail/9999482.shtm?fileloc=//proc/sys/net/core/rps_default_mask&path=//proc/sys/net/core HTTP/1.1" 200 2287 "http://www.golz.in/detail/9999482.shtm?path=//proc/sys/net/core" "Mozilla/5.0 AppleWebKit/537.36 (KHTML, like Gecko; compatible; GPTBot/1.3; +https://openai.com/gptbot)" 510 **0/510485**
216.73.216.210 - - [16/Mar/2026:09:48:13 -0700] "GET /detail/4163750565.shtm?fileloc=%2F%2Fusr%2Finclude%2Fncursesw%2Fterm_entry.h&path=%2F%2Fusr%2Finclude%2Fncursesw HTTP/1.1" 403 3512 "-" "Mozilla/5.0 AppleWebKit/537.36 (KHTML, like Gecko; compatible; ClaudeBot/1.0; +claudebot@anthropic.com)" 507 **0/507934**
74.7.227.169 - - [16/Mar/2026:09:48:15 -0700] "GET /detail/9999482.shtm?fileloc=//proc/sys/net/core/xfrm_acq_expires&path=//proc/sys/net/core HTTP/1.1" 200 2284 "http://www.golz.in/detail/9999482.shtm?path=//proc/sys/net/core" "Mozilla/5.0 AppleWebKit/537.36 (KHTML, like Gecko; compatible; GPTBot/1.3; +https://openai.com/gptbot)" 500 **0/500600**
216.73.216.210 - - [16/Mar/2026:09:48:16 -0700] "GET /detail/4163750565.shtm?fileloc=%2F%2Fusr%2Finclude%2Fncursesw%2Fform.h&path=%2F%2Fusr%2Finclude%2Fncursesw HTTP/1.1" 403 3512 "-" "Mozilla/5.0 AppleWebKit/537.36 (KHTML, like Gecko; compatible; ClaudeBot/1.0; +claudebot@anthropic.com)" 503 **0/503304**
74.7.227.169 - - [16/Mar/2026:09:48:18 -0700] "GET /detail/9999482.shtm?fileloc=//proc/sys/net/core/netdev_budget_usecs&path=//proc/sys/net/core HTTP/1.1" 200 2289 "http://www.golz.in/detail/9999482.shtm?path=//proc/sys/net/core" "Mozilla/5.0 AppleWebKit/537.36 (KHTML, like Gecko; compatible; GPTBot/1.3; +https://openai.com/gptbot)" 507 **0/507969**
216.73.216.210 - - [16/Mar/2026:09:48:19 -0700] "GET /detail/4163750565.shtm?fileloc=%2F%2Fusr%2Finclude%2Fncursesw%2Functrl.h&path=%2F%2Fusr%2Finclude%2Fncursesw HTTP/1.1" 403 3512 "-" "Mozilla/5.0 AppleWebKit/537.36 (KHTML, like Gecko; compatible; ClaudeBot/1.0; +claudebot@anthropic.com)" 496 **0/496432**
74.7.227.169 - - [16/Mar/2026:09:48:21 -0700] "GET /detail/9999482.shtm?fileloc=//proc/sys/net/core/bpf_jit_kallsyms&path=//proc/sys/net/core HTTP/1.1" 200 2288 "http://www.golz.in/detail/9999482.shtm?path=//proc/sys/net/core" "Mozilla/5.0 AppleWebKit/537.36 (KHTML, like Gecko; compatible; GPTBot/1.3; +https://openai.com/gptbot)" 500 **0/500810**
216.73.216.210 - - [16/Mar/2026:09:48:22 -0700] "GET /detail/4163750565.shtm?fileloc=%2F%2Fusr%2Finclude%2Fncursesw%2Fterm.h&path=%2F%2Fusr%2Finclude%2Fncursesw HTTP/1.1" 403 3512 "-" "Mozilla/5.0 AppleWebKit/537.36 (KHTML, like Gecko; compatible; ClaudeBot/1.0; +claudebot@anthropic.com)" 515 **0/515276**
74.7.227.169 - - [16/Mar/2026:09:48:25 -0700] "GET /detail/9999482.shtm?fileloc=//proc/sys/net/core/busy_read&path=//proc/sys/net/core HTTP/1.1" 200 2281 "http://www.golz.in/detail/9999482.shtm?path=//proc/sys/net/core" "Mozilla/5.0 AppleWebKit/537.36 (KHTML, like Gecko; compatible; GPTBot/1.3; +https://openai.com/gptbot)" 511 **0/511188**
216.73.216.210 - - [16/Mar/2026:09:48:25 -0700] "GET /detail/4163750565.shtm?fileloc=%2F%2Fusr%2Finclude%2Fncursesw%2Ftic.h&path=%2F%2Fusr%2Finclude%2Fncursesw HTTP/1.1" 200 6954 "-" "Mozilla/5.0 AppleWebKit/537.36 (KHTML, like Gecko; compatible; ClaudeBot/1.0; +claudebot@anthropic.com)" 509 **0/509941**
216.73.216.210 - - [16/Mar/2026:09:48:28 -0700] "GET /detail/4163750565.shtm?fileloc=%2F%2Fusr%2Finclude%2Fncursesw%2Fpanel.h&path=%2F%2Fusr%2Finclude%2Fncursesw HTTP/1.1" 200 3666 "-" "Mozilla/5.0 AppleWebKit/537.36 (KHTML, like Gecko; compatible; ClaudeBot/1.0; +claudebot@anthropic.com)" 504 **0/504615**
74.7.227.169 - - [16/Mar/2026:09:48:28 -0700] "GET /detail/9999482.shtm?fileloc=//proc/sys/net/core/dev_weight_rx_bias&path=//proc/sys/net/core HTTP/1.1" 200 2286 "http://www.golz.in/detail/9999482.shtm?path=//proc/sys/net/core" "Mozilla/5.0 AppleWebKit/537.36 (KHTML, like Gecko; compatible; GPTBot/1.3; +https://openai.com/gptbot)" 513 **0/513186**
216.73.216.210 - - [16/Mar/2026:09:48:31 -0700] "GET /detail/4163750565.shtm?fileloc=%2F%2Fusr%2Finclude%2Fncursesw%2Fmenu.h&path=%2F%2Fusr%2Finclude%2Fncursesw HTTP/1.1" 200 5287 "-" "Mozilla/5.0 AppleWebKit/537.36 (KHTML, like Gecko; compatible; ClaudeBot/1.0; +claudebot@anthropic.com)" 511 **0/511178**
74.7.227.169 - - [16/Mar/2026:09:48:31 -0700] "GET /detail/9999482.shtm?fileloc=//proc/sys/net/core/rmem_max&path=//proc/sys/net/core HTTP/1.1" 200 2285 "http://www.golz.in/detail/9999482.shtm?path=//proc/sys/net/core" "Mozilla/5.0 AppleWebKit/537.36 (KHTML, like Gecko; compatible; GPTBot/1.3; +https://openai.com/gptbot)" 502 **0/502820**
74.7.227.169 - - [16/Mar/2026:09:48:34 -0700] "GET /detail/9999482.shtm?fileloc=//proc/sys/net/core/flow_limit_table_len&path=//proc/sys/net/core HTTP/1.1" 200 2288 "http://www.golz.in/detail/9999482.shtm?path=//proc/sys/net/core" "Mozilla/5.0 AppleWebKit/537.36 (KHTML, like Gecko; compatible; GPTBot/1.3; +https://openai.com/gptbot)" 519 **0/519215**
74.7.227.169 - - [16/Mar/2026:09:48:37 -0700] "GET /detail/9999482.shtm?fileloc=//proc/sys/net/core/bpf_jit_limit&path=//proc/sys/net/core HTTP/1.1" 200 2286 "http://www.golz.in/detail/9999482.shtm?path=//proc/sys/net/core" "Mozilla/5.0 AppleWebKit/537.36 (KHTML, like Gecko; compatible; GPTBot/1.3; +https://openai.com/gptbot)" 495 **0/495436**
74.7.227.169 - - [16/Mar/2026:09:48:40 -0700] "GET /detail/9999482.shtm?fileloc=//proc/sys/net/core/wmem_max&path=//proc/sys/net/core HTTP/1.1" 200 2287 "http://www.golz.in/detail/9999482.shtm?path=//proc/sys/net/core" "Mozilla/5.0 AppleWebKit/537.36 (KHTML, like Gecko; compatible; GPTBot/1.3; +https://openai.com/gptbot)" 491 **0/491307**
74.7.227.169 - - [16/Mar/2026:09:48:43 -0700] "GET /detail/9999482.shtm?fileloc=//proc/sys/net/core/netdev_tstamp_prequeue&path=//proc/sys/net/core HTTP/1.1" 200 2291 "http://www.golz.in/detail/9999482.shtm?path=//proc/sys/net/core" "Mozilla/5.0 AppleWebKit/537.36 (KHTML, like Gecko; compatible; GPTBot/1.3; +https://openai.com/gptbot)" 504 **0/504069**
74.7.227.169 - - [16/Mar/2026:09:48:47 -0700] "GET /detail/9999482.shtm?fileloc=//proc/sys/net/core/dev_weight&path=//proc/sys/net/core HTTP/1.1" 200 2282 "http://www.golz.in/detail/9999482.shtm?path=//proc/sys/net/core" "Mozilla/5.0 AppleWebKit/537.36 (KHTML, like Gecko; compatible; GPTBot/1.3; +https://openai.com/gptbot)" 508 **0/508857**
74.7.227.169 - - [16/Mar/2026:09:48:50 -0700] "GET /detail/9999482.shtm?fileloc=//proc/sys/net/core/dev_weight_tx_bias&path=//proc/sys/net/core HTTP/1.1" 200 2286 "http://www.golz.in/detail/9999482.shtm?path=//proc/sys/net/core" "Mozilla/5.0 AppleWebKit/537.36 (KHTML, like Gecko; compatible; GPTBot/1.3; +https://openai.com/gptbot)" 491 **0/491979**
74.7.227.169 - - [16/Mar/2026:09:48:53 -0700] "GET /detail/9999482.shtm?fileloc=//proc/sys/net/core/bpf_jit_enable&path=//proc/sys/net/core HTTP/1.1" 200 2287 "http://www.golz.in/detail/9999482.shtm?path=//proc/sys/net/core" "Mozilla/5.0 AppleWebKit/537.36 (KHTML, like Gecko; compatible; GPTBot/1.3; +https://openai.com/gptbot)" 499 **0/499919**
74.7.227.169 - - [16/Mar/2026:09:48:56 -0700] "GET /detail/9999482.shtm?fileloc=//proc/sys/net/core/bpf_jit_harden&path=//proc/sys/net/core HTTP/1.1" 200 2283 "http://www.golz.in/detail/9999482.shtm?path=//proc/sys/net/core" "Mozilla/5.0 AppleWebKit/537.36 (KHTML, like Gecko; compatible; GPTBot/1.3; +https://openai.com/gptbot)" 528 **0/528330**
74.7.227.169 - - [16/Mar/2026:09:48:59 -0700] "GET /detail/9999482.shtm?fileloc=//proc/sys/net/core/max_skb_frags&path=//proc/sys/net/core HTTP/1.1" 200 2286 "http://www.golz.in/detail/9999482.shtm?path=//proc/sys/net/core" "Mozilla/5.0 AppleWebKit/537.36 (KHTML, like Gecko; compatible; GPTBot/1.3; +https://openai.com/gptbot)" 514 **0/514529**
74.7.227.169 - - [16/Mar/2026:09:49:02 -0700] "GET /detail/9999482.shtm?fileloc=//proc/sys/net/ipv4/icmp_ignore_bogus_error_responses&path=//proc/sys/net/ipv4 HTTP/1.1" 200 2297 "http://www.golz.in/detail/9999482.shtm?path=//proc/sys/net/ipv4" "Mozilla/5.0 AppleWebKit/537.36 (KHTML, like Gecko; compatible; GPTBot/1.3; +https://openai.com/gptbot)" 497 **0/497810**
74.7.227.169 - - [16/Mar/2026:09:49:05 -0700] "GET /detail/9999482.shtm?fileloc=//proc/sys/net/ipv4/ip_forward&path=//proc/sys/net/ipv4 HTTP/1.1" 200 2280 "http://www.golz.in/detail/9999482.shtm?path=//proc/sys/net/ipv4" "Mozilla/5.0 AppleWebKit/537.36 (KHTML, like Gecko; compatible; GPTBot/1.3; +https://openai.com/gptbot)" 494 **0/494462**
74.7.227.169 - - [16/Mar/2026:09:49:08 -0700] "GET /detail/9999482.shtm?fileloc=//proc/sys/net/ipv4/ip_dynaddr&path=//proc/sys/net/ipv4 HTTP/1.1" 200 2281 "http://www.golz.in/detail/9999482.shtm?path=//proc/sys/net/ipv4" "Mozilla/5.0 AppleWebKit/537.36 (KHTML, like Gecko; compatible; GPTBot/1.3; +https://openai.com/gptbot)" 502 **0/502564**
74.7.227.169 - - [16/Mar/2026:09:49:12 -0700] "GET /detail/5247171.shtm?path=//usr/lib/.build-id/ef HTTP/1.1" 200 3275 "http://www.golz.in/detail/5247171.shtm?path=//usr/lib/.build-id" "Mozilla/5.0 AppleWebKit/537.36 (KHTML, like Gecko; compatible; GPTBot/1.3; +https://openai.com/gptbot)" 505 **0/505298**
74.7.227.169 - - [16/Mar/2026:09:49:15 -0700] "GET /detail/5247171.shtm?path=//usr/lib/.build-id/ce HTTP/1.1" 200 3407 "http://www.golz.in/detail/5247171.shtm?path=//usr/lib/.build-id" "Mozilla/5.0 AppleWebKit/537.36 (KHTML, like Gecko; compatible; GPTBot/1.3; +https://openai.com/gptbot)" 513 **0/513968**
74.7.227.169 - - [16/Mar/2026:09:49:18 -0700] "GET /detail/5247171.shtm?path=//usr/lib/.build-id/cd HTTP/1.1" 200 3234 "http://www.golz.in/detail/5247171.shtm?path=//usr/lib/.build-id" "Mozilla/5.0 AppleWebKit/537.36 (KHTML, like Gecko; compatible; GPTBot/1.3; +https://openai.com/gptbot)" 504 **0/504093**
74.7.227.169 - - [16/Mar/2026:09:49:21 -0700] "GET /detail/5247171.shtm?path=//usr/lib/.build-id/ca HTTP/1.1" 200 3191 "http://www.golz.in/detail/5247171.shtm?path=//usr/lib/.build-id" "Mozilla/5.0 AppleWebKit/537.36 (KHTML, like Gecko; compatible; GPTBot/1.3; +https://openai.com/gptbot)" 495 **0/495130**
74.7.227.169 - - [16/Mar/2026:09:49:24 -0700] "GET /detail/5247171.shtm?path=//usr/lib/.build-id/cb HTTP/1.1" 200 3160 "http://www.golz.in/detail/5247171.shtm?path=//usr/lib/.build-id" "Mozilla/5.0 AppleWebKit/537.36 (KHTML, like Gecko; compatible; GPTBot/1.3; +https://openai.com/gptbot)" 499 **0/499017**
74.7.227.169 - - [16/Mar/2026:09:49:27 -0700] "GET /detail/5247171.shtm?path=//usr/lib/.build-id/dc HTTP/1.1" 200 2921 "http://www.golz.in/detail/5247171.shtm?path=//usr/lib/.build-id" "Mozilla/5.0 AppleWebKit/537.36 (KHTML, like Gecko; compatible; GPTBot/1.3; +https://openai.com/gptbot)" 508 **0/508667**
74.7.227.169 - - [16/Mar/2026:09:49:31 -0700] "GET /detail/5247171.shtm?path=//usr/lib/.build-id/ff HTTP/1.1" 200 3313 "http://www.golz.in/detail/5247171.shtm?path=//usr/lib/.build-id" "Mozilla/5.0 AppleWebKit/537.36 (KHTML, like Gecko; compatible; GPTBot/1.3; +https://openai.com/gptbot)" 532 **0/532160**
74.7.227.169 - - [16/Mar/2026:09:49:34 -0700] "GET /detail/5247171.shtm?path=//usr/lib/.build-id/fd HTTP/1.1" 200 3069 "http://www.golz.in/detail/5247171.shtm?path=//usr/lib/.build-id" "Mozilla/5.0 AppleWebKit/537.36 (KHTML, like Gecko; compatible; GPTBot/1.3; +https://openai.com/gptbot)" 532 **0/532797**
74.7.227.169 - - [16/Mar/2026:09:49:37 -0700] "GET /detail/5247171.shtm?path=//usr/lib/.build-id/bc HTTP/1.1" 200 3028 "http://www.golz.in/detail/5247171.shtm?path=//usr/lib/.build-id" "Mozilla/5.0 AppleWebKit/537.36 (KHTML, like Gecko; compatible; GPTBot/1.3; +https://openai.com/gptbot)" 501 **0/501677**
74.7.227.169 - - [16/Mar/2026:09:49:40 -0700] "GET /detail/5247171.shtm?path=//usr/lib/.build-id/fa HTTP/1.1" 200 3333 "http://www.golz.in/detail/5247171.shtm?path=//usr/lib/.build-id" "Mozilla/5.0 AppleWebKit/537.36 (KHTML, like Gecko; compatible; GPTBot/1.3; +https://openai.com/gptbot)" 501 **0/501273**
74.7.227.169 - - [16/Mar/2026:09:49:43 -0700] "GET /detail/5247171.shtm?path=//usr/lib/.build-id/ac HTTP/1.1" 200 3257 "http://www.golz.in/detail/5247171.shtm?path=//usr/lib/.build-id" "Mozilla/5.0 AppleWebKit/537.36 (KHTML, like Gecko; compatible; GPTBot/1.3; +https://openai.com/gptbot)" 510 **0/510728**
114.119.148.242 - - [16/Mar/2026:09:49:43 -0700] "GET /detail/2657908873.shtm HTTP/1.1" 200 4098 "http://www.golz.in/sitemap.xml" "Mozilla/5.0 (Linux; Android 7.0;) AppleWebKit/537.36 (KHTML, like Gecko) Mobile Safari/537.36 (compatible; PetalBot;+https://webmaster.petalsearch.com/site/petalbot)" 498 **0/498705**
74.7.227.169 - - [16/Mar/2026:09:49:46 -0700] "GET /detail/5247171.shtm?path=//usr/lib/.build-id/cc HTTP/1.1" 200 3315 "http://www.golz.in/detail/5247171.shtm?path=//usr/lib/.build-id" "Mozilla/5.0 AppleWebKit/537.36 (KHTML, like Gecko; compatible; GPTBot/1.3; +https://openai.com/gptbot)" 495 **0/495828**
74.7.227.169 - - [16/Mar/2026:09:49:50 -0700] "GET /detail/5247171.shtm?path=//usr/lib/.build-id/fb HTTP/1.1" 200 2919 "http://www.golz.in/detail/5247171.shtm?path=//usr/lib/.build-id" "Mozilla/5.0 AppleWebKit/537.36 (KHTML, like Gecko; compatible; GPTBot/1.3; +https://openai.com/gptbot)" 496 **0/496995**
74.7.227.169 - - [16/Mar/2026:09:49:53 -0700] "GET /detail/5247171.shtm?path=//usr/lib/.build-id/af HTTP/1.1" 200 3119 "http://www.golz.in/detail/5247171.shtm?path=//usr/lib/.build-id" "Mozilla/5.0 AppleWebKit/537.36 (KHTML, like Gecko; compatible; GPTBot/1.3; +https://openai.com/gptbot)" 505 **0/505917**
74.7.227.169 - - [16/Mar/2026:09:49:56 -0700] "GET /detail/5247171.shtm?fileloc=//usr/lib/.build-id/ca/6b661cc1ccb0c3530e63c9dc659f9fad6f8362&path=//usr/lib/.build-id/ca HTTP/1.1" 200 12714 "http://www.golz.in/detail/5247171.shtm?path=//usr/lib/.build-id/ca" "Mozilla/5.0 AppleWebKit/537.36 (KHTML, like Gecko; compatible; GPTBot/1.3; +https://openai.com/gptbot)" 509 **0/509230**
74.7.227.169 - - [16/Mar/2026:09:49:59 -0700] "GET /detail/5247171.shtm?path=//usr/lib/.build-id/ec HTTP/1.1" 200 3096 "http://www.golz.in/detail/5247171.shtm?path=//usr/lib/.build-id" "Mozilla/5.0 AppleWebKit/537.36 (KHTML, like Gecko; compatible; GPTBot/1.3; +https://openai.com/gptbot)" 493 **0/493924**
74.7.227.169 - - [16/Mar/2026:09:50:02 -0700] "GET /detail/5247171.shtm?path=//usr/lib/.build-id/fe HTTP/1.1" 200 3275 "http://www.golz.in/detail/5247171.shtm?path=//usr/lib/.build-id" "Mozilla/5.0 AppleWebKit/537.36 (KHTML, like Gecko; compatible; GPTBot/1.3; +https://openai.com/gptbot)" 549 **0/549745**
66.249.66.164 - - [16/Mar/2026:09:50:01 -0700] "GET /?detail/284933856 HTTP/1.1" 200 21356 "-" "Mozilla/5.0 (Linux; Android 6.0.1; Nexus 5X Build/MMB29P) AppleWebKit/537.36 (KHTML, like Gecko) Chrome/145.0.7632.116 Mobile Safari/537.36 (compatible; Googlebot/2.1; +http://www.google.com/bot.html)" 1883 **1/1883276**
74.7.227.169 - - [16/Mar/2026:09:50:05 -0700] "GET /detail/5247171.shtm?path=//usr/lib/.build-id/df HTTP/1.1" 200 3281 "http://www.golz.in/detail/5247171.shtm?path=//usr/lib/.build-id" "Mozilla/5.0 AppleWebKit/537.36 (KHTML, like Gecko; compatible; GPTBot/1.3; +https://openai.com/gptbot)" 528 **0/528318**
74.7.227.169 - - [16/Mar/2026:09:50:08 -0700] "GET /detail/5247171.shtm?path=//usr/lib/.build-id/bf HTTP/1.1" 200 3193 "http://www.golz.in/detail/5247171.shtm?path=//usr/lib/.build-id" "Mozilla/5.0 AppleWebKit/537.36 (KHTML, like Gecko; compatible; GPTBot/1.3; +https://openai.com/gptbot)" 521 **0/521331**
216.73.216.210 - - [16/Mar/2026:09:50:09 -0700] "GET /detail/3577062155.shtm?path=%2Fhome%2Fdpknvn09897v%2Fpublic_html HTTP/1.1" 403 3512 "-" "Mozilla/5.0 AppleWebKit/537.36 (KHTML, like Gecko; compatible; ClaudeBot/1.0; +claudebot@anthropic.com)" 512 **0/512395**
216.73.216.210 - - [16/Mar/2026:09:50:11 -0700] "GET /detail/2309212399.shtm?path=%2Fhome%2Fdpknvn09897v%2Fpublic_html HTTP/1.1" 403 3512 "-" "Mozilla/5.0 AppleWebKit/537.36 (KHTML, like Gecko; compatible; ClaudeBot/1.0; +claudebot@anthropic.com)" 502 **0/502371**
74.7.227.169 - - [16/Mar/2026:09:50:11 -0700] "GET /detail/9999482.shtm?path=//proc/sys/net/unix HTTP/1.1" 200 2586 "http://www.golz.in/detail/9999482.shtm?path=//proc/sys/net" "Mozilla/5.0 AppleWebKit/537.36 (KHTML, like Gecko; compatible; GPTBot/1.3; +https://openai.com/gptbot)" 510 **0/510359**
43.131.32.36 - - [16/Mar/2026:09:50:13 -0700] "GET /?path=/home/dpknvn09897v/public_html/golz.in/wp-admin HTTP/1.1" 200 6889 "-" "Mozilla/5.0 (iPhone; CPU iPhone OS 13_2_3 like Mac OS X) AppleWebKit/605.1.15 (KHTML, like Gecko) Version/13.0.3 Mobile/15E148 Safari/604.1" 507 **0/507645**
216.73.216.210 - - [16/Mar/2026:09:50:14 -0700] "GET /detail/3571097745.shtm?path=%2Fhome%2Fdpknvn09897v%2Fpublic_html HTTP/1.1" 403 3512 "-" "Mozilla/5.0 AppleWebKit/537.36 (KHTML, like Gecko; compatible; ClaudeBot/1.0; +claudebot@anthropic.com)" 497 **0/497402**
74.7.227.169 - - [16/Mar/2026:09:50:15 -0700] "GET /detail/9999482.shtm?fileloc=//proc/sys/net/ipv4/udp_mem&path=//proc/sys/net/ipv4 HTTP/1.1" 200 2297 "http://www.golz.in/detail/9999482.shtm?path=//proc/sys/net/ipv4" "Mozilla/5.0 AppleWebKit/537.36 (KHTML, like Gecko; compatible; GPTBot/1.3; +https://openai.com/gptbot)" 503 **0/503207**
216.73.216.210 - - [16/Mar/2026:09:50:17 -0700] "GET /detail/3577062155.shtm?path=%2Fhome%2Fdpknvn09897v%2Fpublic_html%2Fgolz.in%2Fwp-includes HTTP/1.1" 403 3512 "-" "Mozilla/5.0 AppleWebKit/537.36 (KHTML, like Gecko; compatible; ClaudeBot/1.0; +claudebot@anthropic.com)" 506 **0/506626**
74.7.227.169 - - [16/Mar/2026:09:50:18 -0700] "GET /detail/5247171.shtm?fileloc=//usr/lib/.build-id/ac/fcefae8a12d9890d02b3c02e81e7be83e5f34f&path=//usr/lib/.build-id/ac HTTP/1.1" 200 464154 "http://www.golz.in/detail/5247171.shtm?path=//usr/lib/.build-id/ac" "Mozilla/5.0 AppleWebKit/537.36 (KHTML, like Gecko; compatible; GPTBot/1.3; +https://openai.com/gptbot)" 797 **0/797050**
216.73.216.210 - - [16/Mar/2026:09:50:20 -0700] "GET /detail/3571097745.shtm?path=%2Fhome%2Fdpknvn09897v%2Fpublic_html%2Fgolz.in%2Fwp-includes HTTP/1.1" 403 3512 "-" "Mozilla/5.0 AppleWebKit/537.36 (KHTML, like Gecko; compatible; ClaudeBot/1.0; +claudebot@anthropic.com)" 501 **0/501483**
74.7.227.169 - - [16/Mar/2026:09:50:21 -0700] "GET /detail/9999482.shtm?fileloc=//proc/sys/net/ipv6/mld_qrv&path=//proc/sys/net/ipv6 HTTP/1.1" 200 2280 "http://www.golz.in/detail/9999482.shtm?path=//proc/sys/net/ipv6" "Mozilla/5.0 AppleWebKit/537.36 (KHTML, like Gecko; compatible; GPTBot/1.3; +https://openai.com/gptbot)" 501 **0/501505**
216.73.216.210 - - [16/Mar/2026:09:50:23 -0700] "GET /detail/2309212399.shtm?path=%2Fhome%2Fdpknvn09897v%2Fpublic_html%2Fgolz.in%2Fwp-includes HTTP/1.1" 403 3512 "-" "Mozilla/5.0 AppleWebKit/537.36 (KHTML, like Gecko; compatible; ClaudeBot/1.0; +claudebot@anthropic.com)" 487 **0/487910**
74.7.227.169 - - [16/Mar/2026:09:50:24 -0700] "GET /detail/9999482.shtm?fileloc=//proc/sys/net/ipv4/ip_early_demux&path=//proc/sys/net/ipv4 HTTP/1.1" 200 2285 "http://www.golz.in/detail/9999482.shtm?path=//proc/sys/net/ipv4" "Mozilla/5.0 AppleWebKit/537.36 (KHTML, like Gecko; compatible; GPTBot/1.3; +https://openai.com/gptbot)" 515 **0/515957**
216.73.216.210 - - [16/Mar/2026:09:50:26 -0700] "GET /detail/4163750565.shtm?fileloc=%2F%2Fusr%2Finclude%2Fncursesw%2Fnc_tparm.h&path=%2F%2Fusr%2Finclude%2Fncursesw HTTP/1.1" 403 3512 "-" "Mozilla/5.0 AppleWebKit/537.36 (KHTML, like Gecko; compatible; ClaudeBot/1.0; +claudebot@anthropic.com)" 497 **0/497138**
74.7.227.169 - - [16/Mar/2026:09:50:27 -0700] "GET /detail/9999482.shtm?fileloc=//proc/sys/net/ipv4/ip_default_ttl&path=//proc/sys/net/ipv4 HTTP/1.1" 200 2284 "http://www.golz.in/detail/9999482.shtm?path=//proc/sys/net/ipv4" "Mozilla/5.0 AppleWebKit/537.36 (KHTML, like Gecko; compatible; GPTBot/1.3; +https://openai.com/gptbot)" 494 **0/494813**
216.73.216.210 - - [16/Mar/2026:09:50:29 -0700] "GET /detail/2309212399.shtm?path=%2Fhome HTTP/1.1" 403 3512 "-" "Mozilla/5.0 AppleWebKit/537.36 (KHTML, like Gecko; compatible; ClaudeBot/1.0; +claudebot@anthropic.com)" 528 **0/528058**
74.7.227.169 - - [16/Mar/2026:09:50:31 -0700] "GET /detail/9999482.shtm?fileloc=//proc/sys/net/ipv4/tcp_dsack&path=//proc/sys/net/ipv4 HTTP/1.1" 200 2283 "http://www.golz.in/detail/9999482.shtm?path=//proc/sys/net/ipv4" "Mozilla/5.0 AppleWebKit/537.36 (KHTML, like Gecko; compatible; GPTBot/1.3; +https://openai.com/gptbot)" 506 **0/506292**
216.73.216.210 - - [16/Mar/2026:09:50:33 -0700] "GET /detail/3571097745.shtm?path=%2Fhome HTTP/1.1" 403 3512 "-" "Mozilla/5.0 AppleWebKit/537.36 (KHTML, like Gecko; compatible; ClaudeBot/1.0; +claudebot@anthropic.com)" 519 **0/519623**
74.7.227.169 - - [16/Mar/2026:09:50:34 -0700] "GET /detail/9999482.shtm?fileloc=//proc/sys/net/ipv4/tcp_comp_sack_delay_ns&path=//proc/sys/net/ipv4 HTTP/1.1" 200 2296 "http://www.golz.in/detail/9999482.shtm?path=//proc/sys/net/ipv4" "Mozilla/5.0 AppleWebKit/537.36 (KHTML, like Gecko; compatible; GPTBot/1.3; +https://openai.com/gptbot)" 493 **0/493267**
216.73.216.210 - - [16/Mar/2026:09:50:35 -0700] "GET /detail/3577062155.shtm?path=%2Fhome HTTP/1.1" 403 3512 "-" "Mozilla/5.0 AppleWebKit/537.36 (KHTML, like Gecko; compatible; ClaudeBot/1.0; +claudebot@anthropic.com)" 518 **0/518317**
74.7.227.169 - - [16/Mar/2026:09:50:37 -0700] "GET /detail/5247171.shtm?fileloc=//usr/lib/.build-id/fe/592ea95ddcd851e9e12501bc7b4cbf3068893b&path=//usr/lib/.build-id/fe HTTP/1.1" 200 8998 "http://www.golz.in/detail/5247171.shtm?path=//usr/lib/.build-id/fe" "Mozilla/5.0 AppleWebKit/537.36 (KHTML, like Gecko; compatible; GPTBot/1.3; +https://openai.com/gptbot)" 532 **0/532324**
74.7.227.169 - - [16/Mar/2026:09:50:40 -0700] "GET /detail/5247171.shtm?path=//usr/lib/.build-id/fc HTTP/1.1" 200 3187 "http://www.golz.in/detail/5247171.shtm?path=//usr/lib/.build-id" "Mozilla/5.0 AppleWebKit/537.36 (KHTML, like Gecko; compatible; GPTBot/1.3; +https://openai.com/gptbot)" 512 **0/512039**
74.7.227.169 - - [16/Mar/2026:09:50:43 -0700] "GET /detail/5247171.shtm?path=//usr/lib/.build-id/cf HTTP/1.1" 200 3026 "http://www.golz.in/detail/5247171.shtm?path=//usr/lib/.build-id" "Mozilla/5.0 AppleWebKit/537.36 (KHTML, like Gecko; compatible; GPTBot/1.3; +https://openai.com/gptbot)" 492 **0/492046**
74.7.227.169 - - [16/Mar/2026:09:50:46 -0700] "GET /detail/9999482.shtm?fileloc=//proc/sys/net/unix/max_dgram_qlen&path=//proc/sys/net/unix HTTP/1.1" 200 2287 "http://www.golz.in/detail/9999482.shtm?path=//proc/sys/net/unix" "Mozilla/5.0 AppleWebKit/537.36 (KHTML, like Gecko; compatible; GPTBot/1.3; +https://openai.com/gptbot)" 498 **0/498427**
74.7.227.169 - - [16/Mar/2026:09:50:49 -0700] "GET /detail/9999482.shtm?fileloc=//proc/sys/net/ipv6/mld_max_msf&path=//proc/sys/net/ipv6 HTTP/1.1" 200 2283 "http://www.golz.in/detail/9999482.shtm?path=//proc/sys/net/ipv6" "Mozilla/5.0 AppleWebKit/537.36 (KHTML, like Gecko; compatible; GPTBot/1.3; +https://openai.com/gptbot)" 489 **0/489850**
74.7.227.169 - - [16/Mar/2026:09:50:52 -0700] "GET /detail/9999482.shtm?fileloc=//proc/sys/net/ipv4/route/redirect_silence&path=//proc/sys/net/ipv4/route HTTP/1.1" 200 2296 "http://www.golz.in/detail/9999482.shtm?path=//proc/sys/net/ipv4/route" "Mozilla/5.0 AppleWebKit/537.36 (KHTML, like Gecko; compatible; GPTBot/1.3; +https://openai.com/gptbot)" 507 **0/507750**
74.7.227.169 - - [16/Mar/2026:09:50:56 -0700] "GET /detail/9999482.shtm?fileloc=//proc/sys/net/ipv6/route/gc_min_interval&path=//proc/sys/net/ipv6/route HTTP/1.1" 200 2295 "http://www.golz.in/detail/9999482.shtm?path=//proc/sys/net/ipv6/route" "Mozilla/5.0 AppleWebKit/537.36 (KHTML, like Gecko; compatible; GPTBot/1.3; +https://openai.com/gptbot)" 491 **0/491875**
74.7.227.169 - - [16/Mar/2026:09:50:59 -0700] "GET /detail/9999482.shtm?fileloc=//proc/sys/net/ipv4/route/gc_min_interval&path=//proc/sys/net/ipv4/route HTTP/1.1" 200 2295 "http://www.golz.in/detail/9999482.shtm?path=//proc/sys/net/ipv4/route" "Mozilla/5.0 AppleWebKit/537.36 (KHTML, like Gecko; compatible; GPTBot/1.3; +https://openai.com/gptbot)" 493 **0/493445**
74.7.227.169 - - [16/Mar/2026:09:51:02 -0700] "GET /detail/9999482.shtm?path=//proc/sys/net/ipv6/conf/all HTTP/1.1" 200 3933 "http://www.golz.in/detail/9999482.shtm?path=//proc/sys/net/ipv6/conf" "Mozilla/5.0 AppleWebKit/537.36 (KHTML, like Gecko; compatible; GPTBot/1.3; +https://openai.com/gptbot)" 557 **0/557278**
74.7.227.169 - - [16/Mar/2026:09:51:05 -0700] "GET /detail/9999482.shtm?fileloc=//proc/sys/net/ipv4/route/gc_elasticity&path=//proc/sys/net/ipv4/route HTTP/1.1" 200 2293 "http://www.golz.in/detail/9999482.shtm?path=//proc/sys/net/ipv4/route" "Mozilla/5.0 AppleWebKit/537.36 (KHTML, like Gecko; compatible; GPTBot/1.3; +https://openai.com/gptbot)" 495 **0/495582**
74.7.227.169 - - [16/Mar/2026:09:51:08 -0700] "GET /detail/5247171.shtm?path=//usr/lib/.build-id/d1 HTTP/1.1" 200 2923 "http://www.golz.in/detail/5247171.shtm?path=//usr/lib/.build-id" "Mozilla/5.0 AppleWebKit/537.36 (KHTML, like Gecko; compatible; GPTBot/1.3; +https://openai.com/gptbot)" 507 **0/507573**
74.7.227.169 - - [16/Mar/2026:09:51:11 -0700] "GET /detail/5247171.shtm?path=//usr/lib/.build-id/d7 HTTP/1.1" 200 3167 "http://www.golz.in/detail/5247171.shtm?path=//usr/lib/.build-id" "Mozilla/5.0 AppleWebKit/537.36 (KHTML, like Gecko; compatible; GPTBot/1.3; +https://openai.com/gptbot)" 499 **0/499989**
74.7.227.169 - - [16/Mar/2026:09:51:14 -0700] "GET /detail/5247171.shtm?path=//usr/lib/.build-id/1d HTTP/1.1" 200 3117 "http://www.golz.in/detail/5247171.shtm?path=//usr/lib/.build-id" "Mozilla/5.0 AppleWebKit/537.36 (KHTML, like Gecko; compatible; GPTBot/1.3; +https://openai.com/gptbot)" 498 **0/498062**
74.7.227.169 - - [16/Mar/2026:09:51:17 -0700] "GET /detail/5247171.shtm?path=//usr/lib/.build-id/7d HTTP/1.1" 200 3234 "http://www.golz.in/detail/5247171.shtm?path=//usr/lib/.build-id" "Mozilla/5.0 AppleWebKit/537.36 (KHTML, like Gecko; compatible; GPTBot/1.3; +https://openai.com/gptbot)" 502 **0/502907**
74.7.227.169 - - [16/Mar/2026:09:51:20 -0700] "GET /detail/9999482.shtm?path=//proc/sys/net/ipv4/conf/all HTTP/1.1" 200 3436 "http://www.golz.in/detail/9999482.shtm?path=//proc/sys/net/ipv4/conf" "Mozilla/5.0 AppleWebKit/537.36 (KHTML, like Gecko; compatible; GPTBot/1.3; +https://openai.com/gptbot)" 495 **0/495398**
74.7.227.169 - - [16/Mar/2026:09:51:24 -0700] "GET /detail/9999482.shtm?path=//proc/sys/net/ipv4/neigh/lo HTTP/1.1" 200 2988 "http://www.golz.in/detail/9999482.shtm?path=//proc/sys/net/ipv4/neigh" "Mozilla/5.0 AppleWebKit/537.36 (KHTML, like Gecko; compatible; GPTBot/1.3; +https://openai.com/gptbot)" 501 **0/501241**
74.7.227.169 - - [16/Mar/2026:09:51:27 -0700] "GET /detail/9999482.shtm?path=//proc/sys/net/ipv6/neigh/lo HTTP/1.1" 200 2988 "http://www.golz.in/detail/9999482.shtm?path=//proc/sys/net/ipv6/neigh" "Mozilla/5.0 AppleWebKit/537.36 (KHTML, like Gecko; compatible; GPTBot/1.3; +https://openai.com/gptbot)" 516 **0/516670**
74.7.227.169 - - [16/Mar/2026:09:51:30 -0700] "GET /detail/5247171.shtm?path=//usr/lib/.build-id/7b HTTP/1.1" 200 3427 "http://www.golz.in/detail/5247171.shtm?path=//usr/lib/.build-id" "Mozilla/5.0 AppleWebKit/537.36 (KHTML, like Gecko; compatible; GPTBot/1.3; +https://openai.com/gptbot)" 502 **0/502648**
114.119.165.200 - - [16/Mar/2026:09:51:33 -0700] "GET /detail/2656696774.shtm HTTP/1.1" 200 4098 "http://www.golz.in/sitemap.xml" "Mozilla/5.0 (Linux; Android 7.0;) AppleWebKit/537.36 (KHTML, like Gecko) Mobile Safari/537.36 (compatible; PetalBot;+https://webmaster.petalsearch.com/site/petalbot)" 496 **0/496334**
74.7.227.169 - - [16/Mar/2026:09:51:33 -0700] "GET /detail/5247171.shtm?path=//usr/lib/.build-id/6e HTTP/1.1" 200 3190 "http://www.golz.in/detail/5247171.shtm?path=//usr/lib/.build-id" "Mozilla/5.0 AppleWebKit/537.36 (KHTML, like Gecko; compatible; GPTBot/1.3; +https://openai.com/gptbot)" 492 **0/492731**
74.7.227.169 - - [16/Mar/2026:09:51:36 -0700] "GET /detail/9999482.shtm?fileloc=//proc/sys/net/ipv6/conf/all/router_solicitation_interval&path=//proc/sys/net/ipv6/conf/all HTTP/1.1" 200 2311 "http://www.golz.in/detail/9999482.shtm?path=//proc/sys/net/ipv6/conf/all" "Mozilla/5.0 AppleWebKit/537.36 (KHTML, like Gecko; compatible; GPTBot/1.3; +https://openai.com/gptbot)" 508 **0/508618**
74.7.227.169 - - [16/Mar/2026:09:51:40 -0700] "GET /detail/9999482.shtm?fileloc=//proc/sys/net/ipv6/conf/all/autoconf&path=//proc/sys/net/ipv6/conf/all HTTP/1.1" 200 2299 "http://www.golz.in/detail/9999482.shtm?path=//proc/sys/net/ipv6/conf/all" "Mozilla/5.0 AppleWebKit/537.36 (KHTML, like Gecko; compatible; GPTBot/1.3; +https://openai.com/gptbot)" 514 **0/514078**
74.7.227.169 - - [16/Mar/2026:09:51:43 -0700] "GET /detail/9999482.shtm?fileloc=//proc/sys/net/ipv6/conf/all/router_solicitations&path=//proc/sys/net/ipv6/conf/all HTTP/1.1" 200 2306 "http://www.golz.in/detail/9999482.shtm?path=//proc/sys/net/ipv6/conf/all" "Mozilla/5.0 AppleWebKit/537.36 (KHTML, like Gecko; compatible; GPTBot/1.3; +https://openai.com/gptbot)" 519 **0/519212**
74.7.227.169 - - [16/Mar/2026:09:51:46 -0700] "GET /detail/9999482.shtm?fileloc=//proc/sys/net/ipv6/conf/all/ndisc_tclass&path=//proc/sys/net/ipv6/conf/all HTTP/1.1" 200 2298 "http://www.golz.in/detail/9999482.shtm?path=//proc/sys/net/ipv6/conf/all" "Mozilla/5.0 AppleWebKit/537.36 (KHTML, like Gecko; compatible; GPTBot/1.3; +https://openai.com/gptbot)" 498 **0/498477**
74.7.227.169 - - [16/Mar/2026:09:51:49 -0700] "GET /detail/9999482.shtm?fileloc=//proc/sys/net/ipv6/conf/all/stable_secret&path=//proc/sys/net/ipv6/conf/all HTTP/1.1" 200 2298 "http://www.golz.in/detail/9999482.shtm?path=//proc/sys/net/ipv6/conf/all" "Mozilla/5.0 AppleWebKit/537.36 (KHTML, like Gecko; compatible; GPTBot/1.3; +https://openai.com/gptbot)" 513 **0/513838**
74.7.227.169 - - [16/Mar/2026:09:51:52 -0700] "GET /detail/9999482.shtm?fileloc=//proc/sys/net/ipv6/conf/all/ndisc_notify&path=//proc/sys/net/ipv6/conf/all HTTP/1.1" 200 2300 "http://www.golz.in/detail/9999482.shtm?path=//proc/sys/net/ipv6/conf/all" "Mozilla/5.0 AppleWebKit/537.36 (KHTML, like Gecko; compatible; GPTBot/1.3; +https://openai.com/gptbot)" 498 **0/498833**
74.7.227.169 - - [16/Mar/2026:09:51:55 -0700] "GET /detail/9999482.shtm?fileloc=//proc/sys/net/ipv4/conf/all/route_localnet&path=//proc/sys/net/ipv4/conf/all HTTP/1.1" 200 2301 "http://www.golz.in/detail/9999482.shtm?path=//proc/sys/net/ipv4/conf/all" "Mozilla/5.0 AppleWebKit/537.36 (KHTML, like Gecko; compatible; GPTBot/1.3; +https://openai.com/gptbot)" 501 **0/501568**
74.7.227.169 - - [16/Mar/2026:09:51:58 -0700] "GET /detail/9999482.shtm?fileloc=//proc/sys/net/ipv4/neigh/lo/mcast_resolicit&path=//proc/sys/net/ipv4/neigh/lo HTTP/1.1" 200 2306 "http://www.golz.in/detail/9999482.shtm?path=//proc/sys/net/ipv4/neigh/lo" "Mozilla/5.0 AppleWebKit/537.36 (KHTML, like Gecko; compatible; GPTBot/1.3; +https://openai.com/gptbot)" 495 **0/495362**
74.7.227.169 - - [16/Mar/2026:09:52:02 -0700] "GET /detail/9999482.shtm?fileloc=//proc/sys/net/ipv6/neigh/lo/mcast_resolicit&path=//proc/sys/net/ipv6/neigh/lo HTTP/1.1" 200 2306 "http://www.golz.in/detail/9999482.shtm?path=//proc/sys/net/ipv6/neigh/lo" "Mozilla/5.0 AppleWebKit/537.36 (KHTML, like Gecko; compatible; GPTBot/1.3; +https://openai.com/gptbot)" 539 **0/539177**
74.7.227.169 - - [16/Mar/2026:09:52:05 -0700] "GET /detail/5247171.shtm?fileloc=//usr/lib/.build-id/7b/42ce5cbabd288ddc3e368312b5992ab48a4de6&path=//usr/lib/.build-id/7b HTTP/1.1" 200 7261 "http://www.golz.in/detail/5247171.shtm?path=//usr/lib/.build-id/7b" "Mozilla/5.0 AppleWebKit/537.36 (KHTML, like Gecko; compatible; GPTBot/1.3; +https://openai.com/gptbot)" 502 **0/502318**
74.7.227.169 - - [16/Mar/2026:09:52:08 -0700] "GET /detail/9999482.shtm?fileloc=//proc/sys/net/ipv4/neigh/lo/locktime&path=//proc/sys/net/ipv4/neigh/lo HTTP/1.1" 200 2305 "http://www.golz.in/detail/9999482.shtm?path=//proc/sys/net/ipv4/neigh/lo" "Mozilla/5.0 AppleWebKit/537.36 (KHTML, like Gecko; compatible; GPTBot/1.3; +https://openai.com/gptbot)" 499 **0/499743**
74.7.227.169 - - [16/Mar/2026:09:52:11 -0700] "GET /detail/9999482.shtm?fileloc=//proc/sys/net/ipv6/neigh/lo/locktime&path=//proc/sys/net/ipv6/neigh/lo HTTP/1.1" 200 2303 "http://www.golz.in/detail/9999482.shtm?path=//proc/sys/net/ipv6/neigh/lo" "Mozilla/5.0 AppleWebKit/537.36 (KHTML, like Gecko; compatible; GPTBot/1.3; +https://openai.com/gptbot)" 489 **0/489178**
66.249.71.71 - - [16/Mar/2026:09:52:12 -0700] "GET /?detail/865134239 HTTP/1.1" 200 22888 "-" "Mozilla/5.0 (Linux; Android 6.0.1; Nexus 5X Build/MMB29P) AppleWebKit/537.36 (KHTML, like Gecko) Chrome/145.0.7632.116 Mobile Safari/537.36 (compatible; Googlebot/2.1; +http://www.google.com/bot.html)" 1804 **1/1804010**
74.7.227.169 - - [16/Mar/2026:09:52:14 -0700] "GET /detail/9999482.shtm?fileloc=//proc/sys/net/ipv4/conf/all/accept_redirects&path=//proc/sys/net/ipv4/conf/all HTTP/1.1" 200 2302 "http://www.golz.in/detail/9999482.shtm?path=//proc/sys/net/ipv4/conf/all" "Mozilla/5.0 AppleWebKit/537.36 (KHTML, like Gecko; compatible; GPTBot/1.3; +https://openai.com/gptbot)" 497 **0/497273**
74.7.227.169 - - [16/Mar/2026:09:52:17 -0700] "GET /detail/9999482.shtm?fileloc=//proc/sys/net/ipv4/conf/all/send_redirects&path=//proc/sys/net/ipv4/conf/all HTTP/1.1" 200 2301 "http://www.golz.in/detail/9999482.shtm?path=//proc/sys/net/ipv4/conf/all" "Mozilla/5.0 AppleWebKit/537.36 (KHTML, like Gecko; compatible; GPTBot/1.3; +https://openai.com/gptbot)" 504 **0/504217**
74.7.227.169 - - [16/Mar/2026:09:52:20 -0700] "GET /detail/9999482.shtm?fileloc=//proc/sys/net/ipv6/neigh/lo/mcast_solicit&path=//proc/sys/net/ipv6/neigh/lo HTTP/1.1" 200 2305 "http://www.golz.in/detail/9999482.shtm?path=//proc/sys/net/ipv6/neigh/lo" "Mozilla/5.0 AppleWebKit/537.36 (KHTML, like Gecko; compatible; GPTBot/1.3; +https://openai.com/gptbot)" 501 **0/501171**
74.7.227.169 - - [16/Mar/2026:09:52:24 -0700] "GET /detail/9999482.shtm?fileloc=//proc/sys/net/ipv4/neigh/lo/anycast_delay&path=//proc/sys/net/ipv4/neigh/lo HTTP/1.1" 200 2305 "http://www.golz.in/detail/9999482.shtm?path=//proc/sys/net/ipv4/neigh/lo" "Mozilla/5.0 AppleWebKit/537.36 (KHTML, like Gecko; compatible; GPTBot/1.3; +https://openai.com/gptbot)" 498 **0/498416**
74.7.227.169 - - [16/Mar/2026:09:52:27 -0700] "GET /detail/9999482.shtm?fileloc=//proc/sys/net/ipv4/conf/all/accept_source_route&path=//proc/sys/net/ipv4/conf/all HTTP/1.1" 200 2308 "http://www.golz.in/detail/9999482.shtm?path=//proc/sys/net/ipv4/conf/all" "Mozilla/5.0 AppleWebKit/537.36 (KHTML, like Gecko; compatible; GPTBot/1.3; +https://openai.com/gptbot)" 501 **0/501607**
74.7.227.169 - - [16/Mar/2026:09:52:30 -0700] "GET /detail/9999482.shtm?fileloc=//proc/sys/net/ipv6/conf/all/accept_ra_defrtr&path=//proc/sys/net/ipv6/conf/all HTTP/1.1" 200 2304 "http://www.golz.in/detail/9999482.shtm?path=//proc/sys/net/ipv6/conf/all" "Mozilla/5.0 AppleWebKit/537.36 (KHTML, like Gecko; compatible; GPTBot/1.3; +https://openai.com/gptbot)" 490 **0/490233**
74.7.227.169 - - [16/Mar/2026:09:52:33 -0700] "GET /detail/9999482.shtm?fileloc=//proc/sys/net/ipv4/neigh/lo/ucast_solicit&path=//proc/sys/net/ipv4/neigh/lo HTTP/1.1" 200 2305 "http://www.golz.in/detail/9999482.shtm?path=//proc/sys/net/ipv4/neigh/lo" "Mozilla/5.0 AppleWebKit/537.36 (KHTML, like Gecko; compatible; GPTBot/1.3; +https://openai.com/gptbot)" 546 **0/546870**
74.7.227.169 - - [16/Mar/2026:09:52:36 -0700] "GET /detail/9999482.shtm?fileloc=//proc/sys/net/ipv6/conf/all/enhanced_dad&path=//proc/sys/net/ipv6/conf/all HTTP/1.1" 200 2300 "http://www.golz.in/detail/9999482.shtm?path=//proc/sys/net/ipv6/conf/all" "Mozilla/5.0 AppleWebKit/537.36 (KHTML, like Gecko; compatible; GPTBot/1.3; +https://openai.com/gptbot)" 500 **0/500812**
66.249.66.163 - - [16/Mar/2026:09:52:36 -0700] "GET /?detail/385100215 HTTP/1.1" 200 21897 "-" "Mozilla/5.0 (Linux; Android 6.0.1; Nexus 5X Build/MMB29P) AppleWebKit/537.36 (KHTML, like Gecko) Chrome/145.0.7632.116 Mobile Safari/537.36 (compatible; Googlebot/2.1; +http://www.google.com/bot.html)" 1805 **1/1805629**
74.7.227.169 - - [16/Mar/2026:09:52:40 -0700] "GET /detail/9999482.shtm?fileloc=//proc/sys/net/ipv4/neigh/lo/retrans_time&path=//proc/sys/net/ipv4/neigh/lo HTTP/1.1" 200 2305 "http://www.golz.in/detail/9999482.shtm?path=//proc/sys/net/ipv4/neigh/lo" "Mozilla/5.0 AppleWebKit/537.36 (KHTML, like Gecko; compatible; GPTBot/1.3; +https://openai.com/gptbot)" 534 **0/534108**
74.7.227.169 - - [16/Mar/2026:09:52:43 -0700] "GET /detail/9999482.shtm?fileloc=//proc/sys/net/ipv4/conf/all/arp_announce&path=//proc/sys/net/ipv4/conf/all HTTP/1.1" 200 2300 "http://www.golz.in/detail/9999482.shtm?path=//proc/sys/net/ipv4/conf/all" "Mozilla/5.0 AppleWebKit/537.36 (KHTML, like Gecko; compatible; GPTBot/1.3; +https://openai.com/gptbot)" 518 **0/518745**
74.7.227.169 - - [16/Mar/2026:09:52:46 -0700] "GET /detail/9999482.shtm?fileloc=//proc/sys/net/ipv6/conf/all/use_optimistic&path=//proc/sys/net/ipv6/conf/all HTTP/1.1" 200 2304 "http://www.golz.in/detail/9999482.shtm?path=//proc/sys/net/ipv6/conf/all" "Mozilla/5.0 AppleWebKit/537.36 (KHTML, like Gecko; compatible; GPTBot/1.3; +https://openai.com/gptbot)" 512 **0/512425**
74.7.227.169 - - [16/Mar/2026:09:52:49 -0700] "GET /detail/9999482.shtm?fileloc=//proc/sys/net/ipv4/conf/all/disable_policy&path=//proc/sys/net/ipv4/conf/all HTTP/1.1" 200 2301 "http://www.golz.in/detail/9999482.shtm?path=//proc/sys/net/ipv4/conf/all" "Mozilla/5.0 AppleWebKit/537.36 (KHTML, like Gecko; compatible; GPTBot/1.3; +https://openai.com/gptbot)" 491 **0/491760**
74.7.227.169 - - [16/Mar/2026:09:52:52 -0700] "GET /detail/9999482.shtm?fileloc=//proc/sys/net/ipv6/conf/all/dad_transmits&path=//proc/sys/net/ipv6/conf/all HTTP/1.1" 200 2301 "http://www.golz.in/detail/9999482.shtm?path=//proc/sys/net/ipv6/conf/all" "Mozilla/5.0 AppleWebKit/537.36 (KHTML, like Gecko; compatible; GPTBot/1.3; +https://openai.com/gptbot)" 498 **0/498098**
74.7.227.169 - - [16/Mar/2026:09:52:55 -0700] "GET /detail/9999482.shtm?fileloc=//proc/sys/net/ipv6/conf/all/optimistic_dad&path=//proc/sys/net/ipv6/conf/all HTTP/1.1" 200 2304 "http://www.golz.in/detail/9999482.shtm?path=//proc/sys/net/ipv6/conf/all" "Mozilla/5.0 AppleWebKit/537.36 (KHTML, like Gecko; compatible; GPTBot/1.3; +https://openai.com/gptbot)" 507 **0/507422**
74.7.227.169 - - [16/Mar/2026:09:52:59 -0700] "GET /detail/9999482.shtm?fileloc=//proc/sys/net/ipv4/neigh/lo/mcast_solicit&path=//proc/sys/net/ipv4/neigh/lo HTTP/1.1" 200 2305 "http://www.golz.in/detail/9999482.shtm?path=//proc/sys/net/ipv4/neigh/lo" "Mozilla/5.0 AppleWebKit/537.36 (KHTML, like Gecko; compatible; GPTBot/1.3; +https://openai.com/gptbot)" 499 **0/499705**
74.7.227.169 - - [16/Mar/2026:09:53:02 -0700] "GET /detail/9999482.shtm?fileloc=//proc/sys/net/ipv4/conf/all/shared_media&path=//proc/sys/net/ipv4/conf/all HTTP/1.1" 200 2299 "http://www.golz.in/detail/9999482.shtm?path=//proc/sys/net/ipv4/conf/all" "Mozilla/5.0 AppleWebKit/537.36 (KHTML, like Gecko; compatible; GPTBot/1.3; +https://openai.com/gptbot)" 511 **0/511641**
74.7.227.169 - - [16/Mar/2026:09:53:05 -0700] "GET /detail/9999482.shtm?fileloc=//proc/sys/net/ipv4/conf/all/log_martians&path=//proc/sys/net/ipv4/conf/all HTTP/1.1" 200 2300 "http://www.golz.in/detail/9999482.shtm?path=//proc/sys/net/ipv4/conf/all" "Mozilla/5.0 AppleWebKit/537.36 (KHTML, like Gecko; compatible; GPTBot/1.3; +https://openai.com/gptbot)" 499 **0/499753**
74.7.227.169 - - [16/Mar/2026:09:53:08 -0700] "GET /detail/9999482.shtm?fileloc=//proc/sys/net/ipv6/neigh/lo/delay_first_probe_time&path=//proc/sys/net/ipv6/neigh/lo HTTP/1.1" 200 2311 "http://www.golz.in/detail/9999482.shtm?path=//proc/sys/net/ipv6/neigh/lo" "Mozilla/5.0 AppleWebKit/537.36 (KHTML, like Gecko; compatible; GPTBot/1.3; +https://openai.com/gptbot)" 518 **0/518446**
74.7.227.169 - - [16/Mar/2026:09:53:11 -0700] "GET /detail/9999482.shtm?fileloc=//proc/sys/net/ipv4/neigh/lo/delay_first_probe_time&path=//proc/sys/net/ipv4/neigh/lo HTTP/1.1" 200 2311 "http://www.golz.in/detail/9999482.shtm?path=//proc/sys/net/ipv4/neigh/lo" "Mozilla/5.0 AppleWebKit/537.36 (KHTML, like Gecko; compatible; GPTBot/1.3; +https://openai.com/gptbot)" 500 **0/500393**
74.7.227.169 - - [16/Mar/2026:09:53:14 -0700] "GET /detail/9999482.shtm?fileloc=//proc/sys/net/ipv6/neigh/lo/base_reachable_time_ms&path=//proc/sys/net/ipv6/neigh/lo HTTP/1.1" 200 2315 "http://www.golz.in/detail/9999482.shtm?path=//proc/sys/net/ipv6/neigh/lo" "Mozilla/5.0 AppleWebKit/537.36 (KHTML, like Gecko; compatible; GPTBot/1.3; +https://openai.com/gptbot)" 496 **0/496988**
74.7.227.169 - - [16/Mar/2026:09:53:18 -0700] "GET /detail/9999482.shtm?fileloc=//proc/sys/net/ipv4/neigh/lo/base_reachable_time_ms&path=//proc/sys/net/ipv4/neigh/lo HTTP/1.1" 200 2315 "http://www.golz.in/detail/9999482.shtm?path=//proc/sys/net/ipv4/neigh/lo" "Mozilla/5.0 AppleWebKit/537.36 (KHTML, like Gecko; compatible; GPTBot/1.3; +https://openai.com/gptbot)" 505 **0/505386**
74.7.227.169 - - [16/Mar/2026:09:53:21 -0700] "GET /detail/9999482.shtm?fileloc=//proc/sys/net/ipv6/conf/all/accept_redirects&path=//proc/sys/net/ipv6/conf/all HTTP/1.1" 200 2302 "http://www.golz.in/detail/9999482.shtm?path=//proc/sys/net/ipv6/conf/all" "Mozilla/5.0 AppleWebKit/537.36 (KHTML, like Gecko; compatible; GPTBot/1.3; +https://openai.com/gptbot)" 499 **0/499460**
74.7.227.169 - - [16/Mar/2026:09:53:24 -0700] "GET /detail/9999482.shtm?fileloc=//proc/sys/net/ipv4/conf/all/secure_redirects&path=//proc/sys/net/ipv4/conf/all HTTP/1.1" 200 2300 "http://www.golz.in/detail/9999482.shtm?path=//proc/sys/net/ipv4/conf/all" "Mozilla/5.0 AppleWebKit/537.36 (KHTML, like Gecko; compatible; GPTBot/1.3; +https://openai.com/gptbot)" 504 **0/504534**
74.7.227.169 - - [16/Mar/2026:09:53:27 -0700] "GET /detail/9999482.shtm?fileloc=//proc/sys/net/ipv6/conf/all/accept_ra_from_local&path=//proc/sys/net/ipv6/conf/all HTTP/1.1" 200 2308 "http://www.golz.in/detail/9999482.shtm?path=//proc/sys/net/ipv6/conf/all" "Mozilla/5.0 AppleWebKit/537.36 (KHTML, like Gecko; compatible; GPTBot/1.3; +https://openai.com/gptbot)" 500 **0/500508**
