74.7.227.169 - - [16/Mar/2026:09:33:58 -0700] "GET /detail/5247171.shtm?path=//var/run HTTP/1.1" 200 2841 "http://www.golz.in/detail/5247171.shtm?path=//var" "Mozilla/5.0 AppleWebKit/537.36 (KHTML, like Gecko; compatible; GPTBot/1.3; +https://openai.com/gptbot)" 492 **0/492671**
216.73.216.210 - - [16/Mar/2026:09:34:00 -0700] "GET /detail/4185250797.shtm?fileloc=%2F%2Flib64%2Flibisc.so.1107.0.7&path=%2F%2Flib64 HTTP/1.1" 403 3512 "-" "Mozilla/5.0 AppleWebKit/537.36 (KHTML, like Gecko; compatible; ClaudeBot/1.0; +claudebot@anthropic.com)" 509 **0/509326**
74.7.227.169 - - [16/Mar/2026:09:34:01 -0700] "GET /detail/5247171.shtm?path=//proc/fs HTTP/1.1" 200 2611 "http://www.golz.in/detail/5247171.shtm?path=//proc" "Mozilla/5.0 AppleWebKit/537.36 (KHTML, like Gecko; compatible; GPTBot/1.3; +https://openai.com/gptbot)" 530 **0/530816**
66.249.71.71 - - [16/Mar/2026:09:34:01 -0700] "GET /?detail/650132068 HTTP/1.1" 200 22131 "-" "Mozilla/5.0 (Linux; Android 6.0.1; Nexus 5X Build/MMB29P) AppleWebKit/537.36 (KHTML, like Gecko) Chrome/145.0.7632.116 Mobile Safari/537.36 (compatible; Googlebot/2.1; +http://www.google.com/bot.html)" 1845 **1/1845055**
216.73.216.210 - - [16/Mar/2026:09:34:03 -0700] "GET /detail/4185250797.shtm?fileloc=%2F%2Flib64%2Flibcrack.so.2.9.0&path=%2F%2Flib64 HTTP/1.1" 403 3512 "-" "Mozilla/5.0 AppleWebKit/537.36 (KHTML, like Gecko; compatible; ClaudeBot/1.0; +claudebot@anthropic.com)" 501 **0/501348**
74.7.227.169 - - [16/Mar/2026:09:34:04 -0700] "GET /detail/5247171.shtm?path=//usr/bin HTTP/1.1" 200 14547 "http://www.golz.in/detail/5247171.shtm?path=//usr" "Mozilla/5.0 AppleWebKit/537.36 (KHTML, like Gecko; compatible; GPTBot/1.3; +https://openai.com/gptbot)" 517 **0/517817**
216.73.216.210 - - [16/Mar/2026:09:34:06 -0700] "GET /detail/590597580.shtm?path=%2Fhome%2Fdpknvn09897v%2F.sucuriquarantine%2Fhome HTTP/1.1" 403 3512 "-" "Mozilla/5.0 AppleWebKit/537.36 (KHTML, like Gecko; compatible; ClaudeBot/1.0; +claudebot@anthropic.com)" 502 **0/502954**
74.7.227.169 - - [16/Mar/2026:09:34:08 -0700] "GET /detail/9999482.shtm?path=//lib/exim HTTP/1.1" 200 2545 "http://www.golz.in/detail/9999482.shtm?path=//lib" "Mozilla/5.0 AppleWebKit/537.36 (KHTML, like Gecko; compatible; GPTBot/1.3; +https://openai.com/gptbot)" 507 **0/507749**
216.73.216.210 - - [16/Mar/2026:09:34:09 -0700] "GET /detail/4185250797.shtm?fileloc=%2F%2Flib64%2Flibxcb-shape.so.0.0.0&path=%2F%2Flib64 HTTP/1.1" 403 3512 "-" "Mozilla/5.0 AppleWebKit/537.36 (KHTML, like Gecko; compatible; ClaudeBot/1.0; +claudebot@anthropic.com)" 499 **0/499068**
74.7.227.169 - - [16/Mar/2026:09:34:11 -0700] "GET /detail/9999482.shtm?path=//proc/tty HTTP/1.1" 200 2680 "http://www.golz.in/detail/9999482.shtm?path=//proc" "Mozilla/5.0 AppleWebKit/537.36 (KHTML, like Gecko; compatible; GPTBot/1.3; +https://openai.com/gptbot)" 503 **0/503972**
216.73.216.210 - - [16/Mar/2026:09:34:12 -0700] "GET /detail/2065136442.shtm?fileloc=%2Fhome%2Fdpknvn09897v%2F.bash_profile&path=%2Fhome%2Fdpknvn09897v HTTP/1.1" 403 3512 "-" "Mozilla/5.0 AppleWebKit/537.36 (KHTML, like Gecko; compatible; ClaudeBot/1.0; +claudebot@anthropic.com)" 510 **0/510862**
74.7.227.169 - - [16/Mar/2026:09:34:14 -0700] "GET /detail/9999482.shtm?path=//run/dbus HTTP/1.1" 200 2305 "http://www.golz.in/detail/9999482.shtm?path=//run" "Mozilla/5.0 AppleWebKit/537.36 (KHTML, like Gecko; compatible; GPTBot/1.3; +https://openai.com/gptbot)" 505 **0/505133**
74.7.227.169 - - [16/Mar/2026:09:34:17 -0700] "GET /detail/9999482.shtm?path=//lib/gems HTTP/1.1" 200 2544 "http://www.golz.in/detail/9999482.shtm?path=//lib" "Mozilla/5.0 AppleWebKit/537.36 (KHTML, like Gecko; compatible; GPTBot/1.3; +https://openai.com/gptbot)" 499 **0/499094**
74.7.227.169 - - [16/Mar/2026:09:34:20 -0700] "GET /detail/9999482.shtm?path=//proc/lve HTTP/1.1" 200 2852 "http://www.golz.in/detail/9999482.shtm?path=//proc" "Mozilla/5.0 AppleWebKit/537.36 (KHTML, like Gecko; compatible; GPTBot/1.3; +https://openai.com/gptbot)" 493 **0/493209**
74.7.227.169 - - [16/Mar/2026:09:34:23 -0700] "GET /detail/9999482.shtm?path=//lib/udev HTTP/1.1" 200 3019 "http://www.golz.in/detail/9999482.shtm?path=//lib" "Mozilla/5.0 AppleWebKit/537.36 (KHTML, like Gecko; compatible; GPTBot/1.3; +https://openai.com/gptbot)" 500 **0/500597**
74.7.227.169 - - [16/Mar/2026:09:34:27 -0700] "GET /detail/8787383.shtm?path=//proc/sys/net/mptcp HTTP/1.1" 200 2658 "http://www.golz.in/detail/8787383.shtm?path=//proc/sys/net" "Mozilla/5.0 AppleWebKit/537.36 (KHTML, like Gecko; compatible; GPTBot/1.3; +https://openai.com/gptbot)" 503 **0/503040**
74.7.227.169 - - [16/Mar/2026:09:34:30 -0700] "GET /detail/8787383.shtm?path=//proc/sys/net/core HTTP/1.1" 200 3518 "http://www.golz.in/detail/8787383.shtm?path=//proc/sys/net" "Mozilla/5.0 AppleWebKit/537.36 (KHTML, like Gecko; compatible; GPTBot/1.3; +https://openai.com/gptbot)" 498 **0/498870**
74.7.227.169 - - [16/Mar/2026:09:34:33 -0700] "GET /detail/8787383.shtm?fileloc=//proc/sys/net/nf_conntrack_max&path=//proc/sys/net HTTP/1.1" 200 2280 "http://www.golz.in/detail/8787383.shtm?path=//proc/sys/net" "Mozilla/5.0 AppleWebKit/537.36 (KHTML, like Gecko; compatible; GPTBot/1.3; +https://openai.com/gptbot)" 499 **0/499556**
74.7.227.169 - - [16/Mar/2026:09:34:36 -0700] "GET /detail/8787383.shtm?path=//proc/sys/net/unix HTTP/1.1" 200 2586 "http://www.golz.in/detail/8787383.shtm?path=//proc/sys/net" "Mozilla/5.0 AppleWebKit/537.36 (KHTML, like Gecko; compatible; GPTBot/1.3; +https://openai.com/gptbot)" 494 **0/494061**
74.7.227.169 - - [16/Mar/2026:09:34:39 -0700] "GET /detail/5247171.shtm?fileloc=//usr/bin/xxd&path=//usr/bin HTTP/1.1" 200 10031 "http://www.golz.in/detail/5247171.shtm?path=//usr/bin" "Mozilla/5.0 AppleWebKit/537.36 (KHTML, like Gecko; compatible; GPTBot/1.3; +https://openai.com/gptbot)" 526 **0/526781**
74.7.227.169 - - [16/Mar/2026:09:34:43 -0700] "GET /detail/5247171.shtm?fileloc=//usr/bin/uptime&path=//usr/bin HTTP/1.1" 200 6663 "http://www.golz.in/detail/5247171.shtm?path=//usr/bin" "Mozilla/5.0 AppleWebKit/537.36 (KHTML, like Gecko; compatible; GPTBot/1.3; +https://openai.com/gptbot)" 510 **0/510438**
74.7.227.169 - - [16/Mar/2026:09:34:46 -0700] "GET /detail/5247171.shtm?fileloc=//usr/bin/scl_source&path=//usr/bin HTTP/1.1" 200 3000 "http://www.golz.in/detail/5247171.shtm?path=//usr/bin" "Mozilla/5.0 AppleWebKit/537.36 (KHTML, like Gecko; compatible; GPTBot/1.3; +https://openai.com/gptbot)" 510 **0/510506**
74.7.227.169 - - [16/Mar/2026:09:34:49 -0700] "GET /detail/5247171.shtm?fileloc=//usr/bin/[&path=//usr/bin HTTP/1.1" 200 23483 "http://www.golz.in/detail/5247171.shtm?path=//usr/bin" "Mozilla/5.0 AppleWebKit/537.36 (KHTML, like Gecko; compatible; GPTBot/1.3; +https://openai.com/gptbot)" 533 **0/533913**
74.7.227.169 - - [16/Mar/2026:09:34:52 -0700] "GET /detail/5247171.shtm?fileloc=//usr/bin/logname&path=//usr/bin HTTP/1.1" 200 14500 "http://www.golz.in/detail/5247171.shtm?path=//usr/bin" "Mozilla/5.0 AppleWebKit/537.36 (KHTML, like Gecko; compatible; GPTBot/1.3; +https://openai.com/gptbot)" 510 **0/510891**
74.7.227.169 - - [16/Mar/2026:09:34:55 -0700] "GET /detail/5247171.shtm?fileloc=//usr/bin/fc-scan&path=//usr/bin HTTP/1.1" 200 6383 "http://www.golz.in/detail/5247171.shtm?path=//usr/bin" "Mozilla/5.0 AppleWebKit/537.36 (KHTML, like Gecko; compatible; GPTBot/1.3; +https://openai.com/gptbot)" 520 **0/520371**
74.7.227.169 - - [16/Mar/2026:09:34:59 -0700] "GET /detail/9999482.shtm?path=//run/nscd HTTP/1.1" 200 2560 "http://www.golz.in/detail/9999482.shtm?path=//run" "Mozilla/5.0 AppleWebKit/537.36 (KHTML, like Gecko; compatible; GPTBot/1.3; +https://openai.com/gptbot)" 524 **0/524725**
74.7.227.169 - - [16/Mar/2026:09:35:02 -0700] "GET /detail/8787383.shtm?fileloc=//proc/sys/net/mptcp/stale_loss_cnt&path=//proc/sys/net/mptcp HTTP/1.1" 200 2288 "http://www.golz.in/detail/8787383.shtm?path=//proc/sys/net/mptcp" "Mozilla/5.0 AppleWebKit/537.36 (KHTML, like Gecko; compatible; GPTBot/1.3; +https://openai.com/gptbot)" 785 **0/785758**
74.7.227.169 - - [16/Mar/2026:09:35:05 -0700] "GET /detail/8787383.shtm?fileloc=//proc/sys/net/core/bpf_jit_enable&path=//proc/sys/net/core HTTP/1.1" 200 2287 "http://www.golz.in/detail/8787383.shtm?path=//proc/sys/net/core" "Mozilla/5.0 AppleWebKit/537.36 (KHTML, like Gecko; compatible; GPTBot/1.3; +https://openai.com/gptbot)" 538 **0/538428**
66.249.71.69 - - [16/Mar/2026:09:35:06 -0700] "GET /?detail/113234305 HTTP/1.1" 200 22395 "-" "Mozilla/5.0 (Linux; Android 6.0.1; Nexus 5X Build/MMB29P) AppleWebKit/537.36 (KHTML, like Gecko) Chrome/145.0.7632.116 Mobile Safari/537.36 (compatible; Googlebot/2.1; +http://www.google.com/bot.html)" 1813 **1/1813032**
66.249.66.197 - - [16/Mar/2026:09:35:06 -0700] "GET /?detail/867612449 HTTP/1.1" 200 21752 "-" "Mozilla/5.0 (Linux; Android 6.0.1; Nexus 5X Build/MMB29P) AppleWebKit/537.36 (KHTML, like Gecko) Chrome/145.0.7632.116 Mobile Safari/537.36 (compatible; Googlebot/2.1; +http://www.google.com/bot.html)" 1846 **1/1846875**
74.7.227.169 - - [16/Mar/2026:09:35:08 -0700] "GET /detail/8787383.shtm?fileloc=//proc/sys/net/core/txrehash&path=//proc/sys/net/core HTTP/1.1" 200 2282 "http://www.golz.in/detail/8787383.shtm?path=//proc/sys/net/core" "Mozilla/5.0 AppleWebKit/537.36 (KHTML, like Gecko; compatible; GPTBot/1.3; +https://openai.com/gptbot)" 523 **0/523685**
74.7.227.169 - - [16/Mar/2026:09:35:11 -0700] "GET /detail/8787383.shtm?fileloc=//proc/sys/net/mptcp/enabled&path=//proc/sys/net/mptcp HTTP/1.1" 200 2278 "http://www.golz.in/detail/8787383.shtm?path=//proc/sys/net/mptcp" "Mozilla/5.0 AppleWebKit/537.36 (KHTML, like Gecko; compatible; GPTBot/1.3; +https://openai.com/gptbot)" 514 **0/514456**
74.7.227.169 - - [16/Mar/2026:09:35:14 -0700] "GET /detail/8787383.shtm?fileloc=//proc/sys/net/core/somaxconn&path=//proc/sys/net/core HTTP/1.1" 200 2284 "http://www.golz.in/detail/8787383.shtm?path=//proc/sys/net/core" "Mozilla/5.0 AppleWebKit/537.36 (KHTML, like Gecko; compatible; GPTBot/1.3; +https://openai.com/gptbot)" 512 **0/512562**
74.7.227.169 - - [16/Mar/2026:09:35:17 -0700] "GET /detail/8787383.shtm?fileloc=//proc/sys/net/core/message_cost&path=//proc/sys/net/core HTTP/1.1" 200 2280 "http://www.golz.in/detail/8787383.shtm?path=//proc/sys/net/core" "Mozilla/5.0 AppleWebKit/537.36 (KHTML, like Gecko; compatible; GPTBot/1.3; +https://openai.com/gptbot)" 525 **0/525249**
74.7.227.169 - - [16/Mar/2026:09:35:21 -0700] "GET /detail/8787383.shtm?fileloc=//proc/sys/net/core/rps_sock_flow_entries&path=//proc/sys/net/core HTTP/1.1" 200 2291 "http://www.golz.in/detail/8787383.shtm?path=//proc/sys/net/core" "Mozilla/5.0 AppleWebKit/537.36 (KHTML, like Gecko; compatible; GPTBot/1.3; +https://openai.com/gptbot)" 5694 **5/5694586**
74.7.227.169 - - [16/Mar/2026:09:35:27 -0700] "GET /detail/8787383.shtm?fileloc=//proc/sys/net/core/rmem_default&path=//proc/sys/net/core HTTP/1.1" 200 2284 "http://www.golz.in/detail/8787383.shtm?path=//proc/sys/net/core" "Mozilla/5.0 AppleWebKit/537.36 (KHTML, like Gecko; compatible; GPTBot/1.3; +https://openai.com/gptbot)" 519 **0/519849**
74.7.227.169 - - [16/Mar/2026:09:35:30 -0700] "GET /detail/8787383.shtm?fileloc=//proc/sys/net/core/tstamp_allow_data&path=//proc/sys/net/core HTTP/1.1" 200 2288 "http://www.golz.in/detail/8787383.shtm?path=//proc/sys/net/core" "Mozilla/5.0 AppleWebKit/537.36 (KHTML, like Gecko; compatible; GPTBot/1.3; +https://openai.com/gptbot)" 511 **0/511569**
74.7.227.169 - - [16/Mar/2026:09:35:33 -0700] "GET /detail/8787383.shtm?fileloc=//proc/sys/net/core/xfrm_aevent_etime&path=//proc/sys/net/core HTTP/1.1" 200 2286 "http://www.golz.in/detail/8787383.shtm?path=//proc/sys/net/core" "Mozilla/5.0 AppleWebKit/537.36 (KHTML, like Gecko; compatible; GPTBot/1.3; +https://openai.com/gptbot)" 506 **0/506759**
74.7.227.169 - - [16/Mar/2026:09:35:36 -0700] "GET /detail/8787383.shtm?fileloc=//proc/sys/net/core/wmem_default&path=//proc/sys/net/core HTTP/1.1" 200 2286 "http://www.golz.in/detail/8787383.shtm?path=//proc/sys/net/core" "Mozilla/5.0 AppleWebKit/537.36 (KHTML, like Gecko; compatible; GPTBot/1.3; +https://openai.com/gptbot)" 496 **0/496153**
74.7.227.169 - - [16/Mar/2026:09:35:40 -0700] "GET /detail/8787383.shtm?fileloc=//proc/sys/net/mptcp/add_addr_timeout&path=//proc/sys/net/mptcp HTTP/1.1" 200 2289 "http://www.golz.in/detail/8787383.shtm?path=//proc/sys/net/mptcp" "Mozilla/5.0 AppleWebKit/537.36 (KHTML, like Gecko; compatible; GPTBot/1.3; +https://openai.com/gptbot)" 500 **0/500718**
74.7.227.169 - - [16/Mar/2026:09:35:43 -0700] "GET /detail/8787383.shtm?fileloc=//proc/sys/net/core/default_qdisc&path=//proc/sys/net/core HTTP/1.1" 200 2289 "http://www.golz.in/detail/8787383.shtm?path=//proc/sys/net/core" "Mozilla/5.0 AppleWebKit/537.36 (KHTML, like Gecko; compatible; GPTBot/1.3; +https://openai.com/gptbot)" 500 **0/500914**
74.7.227.169 - - [16/Mar/2026:09:35:46 -0700] "GET /detail/8787383.shtm?fileloc=//proc/sys/net/core/message_burst&path=//proc/sys/net/core HTTP/1.1" 200 2284 "http://www.golz.in/detail/8787383.shtm?path=//proc/sys/net/core" "Mozilla/5.0 AppleWebKit/537.36 (KHTML, like Gecko; compatible; GPTBot/1.3; +https://openai.com/gptbot)" 506 **0/506270**
74.7.227.169 - - [16/Mar/2026:09:35:49 -0700] "GET /detail/8787383.shtm?fileloc=//proc/sys/net/core/warnings&path=//proc/sys/net/core HTTP/1.1" 200 2277 "http://www.golz.in/detail/8787383.shtm?path=//proc/sys/net/core" "Mozilla/5.0 AppleWebKit/537.36 (KHTML, like Gecko; compatible; GPTBot/1.3; +https://openai.com/gptbot)" 495 **0/495137**
74.7.227.169 - - [16/Mar/2026:09:35:52 -0700] "GET /detail/8787383.shtm?fileloc=//proc/sys/net/core/xfrm_acq_expires&path=//proc/sys/net/core HTTP/1.1" 200 2284 "http://www.golz.in/detail/8787383.shtm?path=//proc/sys/net/core" "Mozilla/5.0 AppleWebKit/537.36 (KHTML, like Gecko; compatible; GPTBot/1.3; +https://openai.com/gptbot)" 510 **0/510827**
74.7.227.169 - - [16/Mar/2026:09:35:56 -0700] "GET /detail/8787383.shtm?fileloc=//proc/sys/net/core/rps_default_mask&path=//proc/sys/net/core HTTP/1.1" 200 2287 "http://www.golz.in/detail/8787383.shtm?path=//proc/sys/net/core" "Mozilla/5.0 AppleWebKit/537.36 (KHTML, like Gecko; compatible; GPTBot/1.3; +https://openai.com/gptbot)" 493 **0/493725**
74.7.227.169 - - [16/Mar/2026:09:35:59 -0700] "GET /detail/8787383.shtm?fileloc=//proc/sys/net/core/netdev_rss_key&path=//proc/sys/net/core HTTP/1.1" 200 2290 "http://www.golz.in/detail/8787383.shtm?path=//proc/sys/net/core" "Mozilla/5.0 AppleWebKit/537.36 (KHTML, like Gecko; compatible; GPTBot/1.3; +https://openai.com/gptbot)" 520 **0/520637**
74.7.227.169 - - [16/Mar/2026:09:36:02 -0700] "GET /detail/8787383.shtm?fileloc=//proc/sys/net/core/flow_limit_table_len&path=//proc/sys/net/core HTTP/1.1" 200 2288 "http://www.golz.in/detail/8787383.shtm?path=//proc/sys/net/core" "Mozilla/5.0 AppleWebKit/537.36 (KHTML, like Gecko; compatible; GPTBot/1.3; +https://openai.com/gptbot)" 537 **0/537331**
74.7.227.169 - - [16/Mar/2026:09:36:05 -0700] "GET /detail/8787383.shtm?fileloc=//proc/sys/net/core/busy_poll&path=//proc/sys/net/core HTTP/1.1" 200 2284 "http://www.golz.in/detail/8787383.shtm?path=//proc/sys/net/core" "Mozilla/5.0 AppleWebKit/537.36 (KHTML, like Gecko; compatible; GPTBot/1.3; +https://openai.com/gptbot)" 495 **0/495071**
74.7.227.169 - - [16/Mar/2026:09:36:08 -0700] "GET /detail/8787383.shtm?fileloc=//proc/sys/net/core/netdev_tstamp_prequeue&path=//proc/sys/net/core HTTP/1.1" 200 2291 "http://www.golz.in/detail/8787383.shtm?path=//proc/sys/net/core" "Mozilla/5.0 AppleWebKit/537.36 (KHTML, like Gecko; compatible; GPTBot/1.3; +https://openai.com/gptbot)" 504 **0/504744**
74.7.227.169 - - [16/Mar/2026:09:36:11 -0700] "GET /detail/8787383.shtm?fileloc=//proc/sys/net/core/busy_read&path=//proc/sys/net/core HTTP/1.1" 200 2281 "http://www.golz.in/detail/8787383.shtm?path=//proc/sys/net/core" "Mozilla/5.0 AppleWebKit/537.36 (KHTML, like Gecko; compatible; GPTBot/1.3; +https://openai.com/gptbot)" 502 **0/502409**
66.249.71.70 - - [16/Mar/2026:09:36:11 -0700] "GET /?detail/129431447 HTTP/1.1" 200 22412 "-" "Mozilla/5.0 (Linux; Android 6.0.1; Nexus 5X Build/MMB29P) AppleWebKit/537.36 (KHTML, like Gecko) Chrome/145.0.7632.116 Mobile Safari/537.36 (compatible; Googlebot/2.1; +http://www.google.com/bot.html)" 1854 **1/1854229**
74.7.227.169 - - [16/Mar/2026:09:36:15 -0700] "GET /detail/8787383.shtm?fileloc=//proc/sys/net/core/fb_tunnels_only_for_init_net&path=//proc/sys/net/core HTTP/1.1" 200 2294 "http://www.golz.in/detail/8787383.shtm?path=//proc/sys/net/core" "Mozilla/5.0 AppleWebKit/537.36 (KHTML, like Gecko; compatible; GPTBot/1.3; +https://openai.com/gptbot)" 501 **0/501394**
74.7.227.169 - - [16/Mar/2026:09:36:18 -0700] "GET /detail/8787383.shtm?fileloc=//proc/sys/net/core/flow_limit_cpu_bitmap&path=//proc/sys/net/core HTTP/1.1" 200 2292 "http://www.golz.in/detail/8787383.shtm?path=//proc/sys/net/core" "Mozilla/5.0 AppleWebKit/537.36 (KHTML, like Gecko; compatible; GPTBot/1.3; +https://openai.com/gptbot)" 496 **0/496557**
74.7.227.169 - - [16/Mar/2026:09:36:21 -0700] "GET /detail/8787383.shtm?fileloc=//proc/sys/net/core/netdev_budget&path=//proc/sys/net/core HTTP/1.1" 200 2283 "http://www.golz.in/detail/8787383.shtm?path=//proc/sys/net/core" "Mozilla/5.0 AppleWebKit/537.36 (KHTML, like Gecko; compatible; GPTBot/1.3; +https://openai.com/gptbot)" 504 **0/504116**
74.7.227.169 - - [16/Mar/2026:09:36:24 -0700] "GET /detail/8787383.shtm?fileloc=//proc/sys/net/core/xfrm_aevent_rseqth&path=//proc/sys/net/core HTTP/1.1" 200 2287 "http://www.golz.in/detail/8787383.shtm?path=//proc/sys/net/core" "Mozilla/5.0 AppleWebKit/537.36 (KHTML, like Gecko; compatible; GPTBot/1.3; +https://openai.com/gptbot)" 494 **0/494640**
216.73.216.210 - - [16/Mar/2026:09:36:26 -0700] "GET /detail/590597580.shtm?fileloc=%2F%2Fusr%2Finclude%2Ftar.h&path=%2F%2Fusr%2Finclude HTTP/1.1" 403 3512 "-" "Mozilla/5.0 AppleWebKit/537.36 (KHTML, like Gecko; compatible; ClaudeBot/1.0; +claudebot@anthropic.com)" 491 **0/491229**
74.7.227.169 - - [16/Mar/2026:09:36:27 -0700] "GET /detail/8787383.shtm?fileloc=//proc/sys/net/core/xfrm_larval_drop&path=//proc/sys/net/core HTTP/1.1" 200 2284 "http://www.golz.in/detail/8787383.shtm?path=//proc/sys/net/core" "Mozilla/5.0 AppleWebKit/537.36 (KHTML, like Gecko; compatible; GPTBot/1.3; +https://openai.com/gptbot)" 504 **0/504075**
216.73.216.210 - - [16/Mar/2026:09:36:29 -0700] "GET /detail/590597580.shtm?fileloc=%2F%2Fusr%2Finclude%2Fasm%2Fmsr.h&path=%2F%2Fusr%2Finclude%2Fasm HTTP/1.1" 403 3512 "-" "Mozilla/5.0 AppleWebKit/537.36 (KHTML, like Gecko; compatible; ClaudeBot/1.0; +claudebot@anthropic.com)" 519 **0/519677**
74.7.227.169 - - [16/Mar/2026:09:36:31 -0700] "GET /detail/8787383.shtm?fileloc=//proc/sys/net/core/netdev_max_backlog&path=//proc/sys/net/core HTTP/1.1" 200 2290 "http://www.golz.in/detail/8787383.shtm?path=//proc/sys/net/core" "Mozilla/5.0 AppleWebKit/537.36 (KHTML, like Gecko; compatible; GPTBot/1.3; +https://openai.com/gptbot)" 526 **0/526441**
74.7.227.169 - - [16/Mar/2026:09:36:34 -0700] "GET /detail/8787383.shtm?fileloc=//proc/sys/net/core/bpf_jit_kallsyms&path=//proc/sys/net/core HTTP/1.1" 200 2288 "http://www.golz.in/detail/8787383.shtm?path=//proc/sys/net/core" "Mozilla/5.0 AppleWebKit/537.36 (KHTML, like Gecko; compatible; GPTBot/1.3; +https://openai.com/gptbot)" 492 **0/492621**
74.7.227.169 - - [16/Mar/2026:09:36:37 -0700] "GET /detail/8787383.shtm?fileloc=//proc/sys/net/core/netdev_budget_usecs&path=//proc/sys/net/core HTTP/1.1" 200 2289 "http://www.golz.in/detail/8787383.shtm?path=//proc/sys/net/core" "Mozilla/5.0 AppleWebKit/537.36 (KHTML, like Gecko; compatible; GPTBot/1.3; +https://openai.com/gptbot)" 492 **0/492761**
74.7.227.169 - - [16/Mar/2026:09:36:40 -0700] "GET /detail/8787383.shtm?fileloc=//proc/sys/net/core/optmem_max&path=//proc/sys/net/core HTTP/1.1" 200 2285 "http://www.golz.in/detail/8787383.shtm?path=//proc/sys/net/core" "Mozilla/5.0 AppleWebKit/537.36 (KHTML, like Gecko; compatible; GPTBot/1.3; +https://openai.com/gptbot)" 487 **0/487635**
74.7.227.169 - - [16/Mar/2026:09:36:43 -0700] "GET /detail/8787383.shtm?fileloc=//proc/sys/net/core/wmem_max&path=//proc/sys/net/core HTTP/1.1" 200 2287 "http://www.golz.in/detail/8787383.shtm?path=//proc/sys/net/core" "Mozilla/5.0 AppleWebKit/537.36 (KHTML, like Gecko; compatible; GPTBot/1.3; +https://openai.com/gptbot)" 494 **0/494553**
74.7.227.169 - - [16/Mar/2026:09:36:46 -0700] "GET /detail/8787383.shtm?fileloc=//proc/sys/net/core/bpf_jit_limit&path=//proc/sys/net/core HTTP/1.1" 200 2286 "http://www.golz.in/detail/8787383.shtm?path=//proc/sys/net/core" "Mozilla/5.0 AppleWebKit/537.36 (KHTML, like Gecko; compatible; GPTBot/1.3; +https://openai.com/gptbot)" 497 **0/497368**
74.7.227.169 - - [16/Mar/2026:09:36:50 -0700] "GET /detail/8787383.shtm?fileloc=//proc/sys/net/core/dev_weight&path=//proc/sys/net/core HTTP/1.1" 200 2282 "http://www.golz.in/detail/8787383.shtm?path=//proc/sys/net/core" "Mozilla/5.0 AppleWebKit/537.36 (KHTML, like Gecko; compatible; GPTBot/1.3; +https://openai.com/gptbot)" 503 **0/503575**
74.7.227.169 - - [16/Mar/2026:09:36:53 -0700] "GET /detail/8787383.shtm?fileloc=//proc/sys/net/core/rmem_max&path=//proc/sys/net/core HTTP/1.1" 200 2285 "http://www.golz.in/detail/8787383.shtm?path=//proc/sys/net/core" "Mozilla/5.0 AppleWebKit/537.36 (KHTML, like Gecko; compatible; GPTBot/1.3; +https://openai.com/gptbot)" 506 **0/506489**
74.7.227.169 - - [16/Mar/2026:09:36:56 -0700] "GET /detail/8787383.shtm?fileloc=//proc/sys/net/core/max_skb_frags&path=//proc/sys/net/core HTTP/1.1" 200 2286 "http://www.golz.in/detail/8787383.shtm?path=//proc/sys/net/core" "Mozilla/5.0 AppleWebKit/537.36 (KHTML, like Gecko; compatible; GPTBot/1.3; +https://openai.com/gptbot)" 508 **0/508279**
74.7.227.169 - - [16/Mar/2026:09:36:59 -0700] "GET /detail/8787383.shtm?fileloc=//proc/sys/net/core/bpf_jit_harden&path=//proc/sys/net/core HTTP/1.1" 200 2283 "http://www.golz.in/detail/8787383.shtm?path=//proc/sys/net/core" "Mozilla/5.0 AppleWebKit/537.36 (KHTML, like Gecko; compatible; GPTBot/1.3; +https://openai.com/gptbot)" 494 **0/494581**
74.7.227.169 - - [16/Mar/2026:09:37:02 -0700] "GET /detail/8787383.shtm?fileloc=//proc/sys/net/core/dev_weight_tx_bias&path=//proc/sys/net/core HTTP/1.1" 200 2286 "http://www.golz.in/detail/8787383.shtm?path=//proc/sys/net/core" "Mozilla/5.0 AppleWebKit/537.36 (KHTML, like Gecko; compatible; GPTBot/1.3; +https://openai.com/gptbot)" 588 **0/588605**
74.7.227.169 - - [16/Mar/2026:09:37:05 -0700] "GET /detail/8787383.shtm?fileloc=//proc/sys/net/core/dev_weight_rx_bias&path=//proc/sys/net/core HTTP/1.1" 200 2286 "http://www.golz.in/detail/8787383.shtm?path=//proc/sys/net/core" "Mozilla/5.0 AppleWebKit/537.36 (KHTML, like Gecko; compatible; GPTBot/1.3; +https://openai.com/gptbot)" 492 **0/492560**
66.249.66.164 - - [16/Mar/2026:09:37:07 -0700] "GET /?detail/818401584 HTTP/1.1" 200 21816 "-" "Mozilla/5.0 (Linux; Android 6.0.1; Nexus 5X Build/MMB29P) AppleWebKit/537.36 (KHTML, like Gecko) Chrome/145.0.7632.116 Mobile Safari/537.36 (compatible; Googlebot/2.1; +http://www.google.com/bot.html)" 1806 **1/1806701**
74.7.227.169 - - [16/Mar/2026:09:37:08 -0700] "GET /detail/8787383.shtm?fileloc=//proc/sys/net/unix/max_dgram_qlen&path=//proc/sys/net/unix HTTP/1.1" 200 2287 "http://www.golz.in/detail/8787383.shtm?path=//proc/sys/net/unix" "Mozilla/5.0 AppleWebKit/537.36 (KHTML, like Gecko; compatible; GPTBot/1.3; +https://openai.com/gptbot)" 495 **0/495837**
74.7.227.169 - - [16/Mar/2026:09:37:12 -0700] "GET /detail/9999482.shtm?path=//etc/skel HTTP/1.1" 200 2628 "http://www.golz.in/detail/9999482.shtm?path=//etc" "Mozilla/5.0 AppleWebKit/537.36 (KHTML, like Gecko; compatible; GPTBot/1.3; +https://openai.com/gptbot)" 509 **0/509633**
74.7.227.169 - - [16/Mar/2026:09:37:15 -0700] "GET /detail/9999482.shtm?path=//usr/sbin HTTP/1.1" 200 3997 "http://www.golz.in/detail/9999482.shtm?path=//usr" "Mozilla/5.0 AppleWebKit/537.36 (KHTML, like Gecko; compatible; GPTBot/1.3; +https://openai.com/gptbot)" 507 **0/507128**
74.7.227.169 - - [16/Mar/2026:09:37:18 -0700] "GET /detail/9999482.shtm?path=//lib/grub HTTP/1.1" 200 2548 "http://www.golz.in/detail/9999482.shtm?path=//lib" "Mozilla/5.0 AppleWebKit/537.36 (KHTML, like Gecko; compatible; GPTBot/1.3; +https://openai.com/gptbot)" 500 **0/500934**
74.7.227.169 - - [16/Mar/2026:09:37:21 -0700] "GET /detail/9999482.shtm?path=//proc/irq HTTP/1.1" 200 3464 "http://www.golz.in/detail/9999482.shtm?path=//proc" "Mozilla/5.0 AppleWebKit/537.36 (KHTML, like Gecko; compatible; GPTBot/1.3; +https://openai.com/gptbot)" 484 **0/484376**
74.7.227.169 - - [16/Mar/2026:09:37:24 -0700] "GET /detail/9999482.shtm?path=//proc/sys HTTP/1.1" 200 2763 "http://www.golz.in/detail/9999482.shtm?path=//proc" "Mozilla/5.0 AppleWebKit/537.36 (KHTML, like Gecko; compatible; GPTBot/1.3; +https://openai.com/gptbot)" 484 **0/484753**
74.7.227.169 - - [16/Mar/2026:09:37:27 -0700] "GET /detail/8787383.shtm?path=//proc/irq/67 HTTP/1.1" 200 2810 "http://www.golz.in/detail/8787383.shtm?path=//proc/irq" "Mozilla/5.0 AppleWebKit/537.36 (KHTML, like Gecko; compatible; GPTBot/1.3; +https://openai.com/gptbot)" 527 **0/527450**
74.7.227.169 - - [16/Mar/2026:09:37:30 -0700] "GET /detail/5247171.shtm?path=//lib/gcc HTTP/1.1" 200 2553 "http://www.golz.in/detail/5247171.shtm?path=//lib" "Mozilla/5.0 AppleWebKit/537.36 (KHTML, like Gecko; compatible; GPTBot/1.3; +https://openai.com/gptbot)" 485 **0/485040**
74.7.227.169 - - [16/Mar/2026:09:37:33 -0700] "GET /detail/5247171.shtm?path=//usr/lib HTTP/1.1" 200 3575 "http://www.golz.in/detail/5247171.shtm?path=//usr" "Mozilla/5.0 AppleWebKit/537.36 (KHTML, like Gecko; compatible; GPTBot/1.3; +https://openai.com/gptbot)" 496 **0/496005**
74.7.227.169 - - [16/Mar/2026:09:37:37 -0700] "GET /detail/5247171.shtm?fileloc=//bin/du&path=//bin HTTP/1.1" 200 45974 "http://www.golz.in/detail/5247171.shtm?path=//bin" "Mozilla/5.0 AppleWebKit/537.36 (KHTML, like Gecko; compatible; GPTBot/1.3; +https://openai.com/gptbot)" 537 **0/537813**
74.7.227.169 - - [16/Mar/2026:09:37:40 -0700] "GET /detail/5247171.shtm?fileloc=//bin/gs&path=//bin HTTP/1.1" 200 5692 "http://www.golz.in/detail/5247171.shtm?path=//bin" "Mozilla/5.0 AppleWebKit/537.36 (KHTML, like Gecko; compatible; GPTBot/1.3; +https://openai.com/gptbot)" 498 **0/498373**
74.7.227.169 - - [16/Mar/2026:09:37:43 -0700] "GET /detail/5247171.shtm?fileloc=//bin/gm&path=//bin HTTP/1.1" 200 5085 "http://www.golz.in/detail/5247171.shtm?path=//bin" "Mozilla/5.0 AppleWebKit/537.36 (KHTML, like Gecko; compatible; GPTBot/1.3; +https://openai.com/gptbot)" 512 **0/512903**
74.7.227.169 - - [16/Mar/2026:09:37:46 -0700] "GET /detail/5247171.shtm?fileloc=//bin/vi&path=//bin HTTP/1.1" 200 485658 "http://www.golz.in/detail/5247171.shtm?path=//bin" "Mozilla/5.0 AppleWebKit/537.36 (KHTML, like Gecko; compatible; GPTBot/1.3; +https://openai.com/gptbot)" 1023 **1/1023417**
74.7.227.169 - - [16/Mar/2026:09:37:49 -0700] "GET /detail/5247171.shtm?fileloc=//bin/rm&path=//bin HTTP/1.1" 200 30507 "http://www.golz.in/detail/5247171.shtm?path=//bin" "Mozilla/5.0 AppleWebKit/537.36 (KHTML, like Gecko; compatible; GPTBot/1.3; +https://openai.com/gptbot)" 527 **0/527323**
74.7.227.169 - - [16/Mar/2026:09:37:52 -0700] "GET /detail/5247171.shtm?fileloc=//bin/pr&path=//bin HTTP/1.1" 200 33944 "http://www.golz.in/detail/5247171.shtm?path=//bin" "Mozilla/5.0 AppleWebKit/537.36 (KHTML, like Gecko; compatible; GPTBot/1.3; +https://openai.com/gptbot)" 503 **0/503941**
74.7.227.169 - - [16/Mar/2026:09:37:55 -0700] "GET /detail/9999482.shtm?path=//proc/irq/55 HTTP/1.1" 200 2809 "http://www.golz.in/detail/9999482.shtm?path=//proc/irq" "Mozilla/5.0 AppleWebKit/537.36 (KHTML, like Gecko; compatible; GPTBot/1.3; +https://openai.com/gptbot)" 498 **0/498589**
114.119.132.68 - - [16/Mar/2026:09:37:58 -0700] "GET /detail/2730797087.shtm HTTP/1.1" 200 4098 "http://www.golz.in/sitemap.xml" "Mozilla/5.0 (Linux; Android 7.0;) AppleWebKit/537.36 (KHTML, like Gecko) Mobile Safari/537.36 (compatible; PetalBot;+https://webmaster.petalsearch.com/site/petalbot)" 506 **0/506643**
74.7.227.169 - - [16/Mar/2026:09:37:59 -0700] "GET /detail/9999482.shtm?path=//proc/sys/net HTTP/1.1" 200 2757 "http://www.golz.in/detail/9999482.shtm?path=//proc/sys" "Mozilla/5.0 AppleWebKit/537.36 (KHTML, like Gecko; compatible; GPTBot/1.3; +https://openai.com/gptbot)" 500 **0/500107**
74.7.227.169 - - [16/Mar/2026:09:38:02 -0700] "GET /detail/5247171.shtm?fileloc=//bin/ul&path=//bin HTTP/1.1" 200 9566 "http://www.golz.in/detail/5247171.shtm?path=//bin" "Mozilla/5.0 AppleWebKit/537.36 (KHTML, like Gecko; compatible; GPTBot/1.3; +https://openai.com/gptbot)" 532 **0/532867**
74.7.227.169 - - [16/Mar/2026:09:38:05 -0700] "GET /detail/5247171.shtm?fileloc=//bin/wc&path=//bin HTTP/1.1" 200 20617 "http://www.golz.in/detail/5247171.shtm?path=//bin" "Mozilla/5.0 AppleWebKit/537.36 (KHTML, like Gecko; compatible; GPTBot/1.3; +https://openai.com/gptbot)" 498 **0/498698**
74.7.227.169 - - [16/Mar/2026:09:38:08 -0700] "GET /detail/5247171.shtm?path=//usr/lib/.build-id HTTP/1.1" 200 4599 "http://www.golz.in/detail/5247171.shtm?path=//usr/lib" "Mozilla/5.0 AppleWebKit/537.36 (KHTML, like Gecko; compatible; GPTBot/1.3; +https://openai.com/gptbot)" 519 **0/519209**
74.7.227.169 - - [16/Mar/2026:09:38:11 -0700] "GET /detail/5247171.shtm?fileloc=//bin/ar&path=//bin HTTP/1.1" 200 26548 "http://www.golz.in/detail/5247171.shtm?path=//bin" "Mozilla/5.0 AppleWebKit/537.36 (KHTML, like Gecko; compatible; GPTBot/1.3; +https://openai.com/gptbot)" 522 **0/522702**
74.7.227.169 - - [16/Mar/2026:09:38:14 -0700] "GET /detail/5247171.shtm?fileloc=//bin/mv&path=//bin HTTP/1.1" 200 61338 "http://www.golz.in/detail/5247171.shtm?path=//bin" "Mozilla/5.0 AppleWebKit/537.36 (KHTML, like Gecko; compatible; GPTBot/1.3; +https://openai.com/gptbot)" 555 **0/555423**
74.7.227.169 - - [16/Mar/2026:09:38:17 -0700] "GET /detail/5247171.shtm?fileloc=//bin/tr&path=//bin HTTP/1.1" 200 22214 "http://www.golz.in/detail/5247171.shtm?path=//bin" "Mozilla/5.0 AppleWebKit/537.36 (KHTML, like Gecko; compatible; GPTBot/1.3; +https://openai.com/gptbot)" 537 **0/537678**
74.7.227.169 - - [16/Mar/2026:09:38:21 -0700] "GET /detail/8787383.shtm?path=//etc/ssl HTTP/1.1" 200 2545 "http://www.golz.in/detail/8787383.shtm?path=//etc" "Mozilla/5.0 AppleWebKit/537.36 (KHTML, like Gecko; compatible; GPTBot/1.3; +https://openai.com/gptbot)" 511 **0/511260**
74.7.227.169 - - [16/Mar/2026:09:38:24 -0700] "GET /detail/8787383.shtm?path=//etc/pki HTTP/1.1" 200 2749 "http://www.golz.in/detail/8787383.shtm?path=//etc" "Mozilla/5.0 AppleWebKit/537.36 (KHTML, like Gecko; compatible; GPTBot/1.3; +https://openai.com/gptbot)" 498 **0/498398**
66.249.71.69 - - [16/Mar/2026:09:38:23 -0700] "GET /?detail/686267516 HTTP/1.1" 200 22447 "-" "Mozilla/5.0 (Linux; Android 6.0.1; Nexus 5X Build/MMB29P) AppleWebKit/537.36 (KHTML, like Gecko) Chrome/145.0.7632.116 Mobile Safari/537.36 (compatible; Googlebot/2.1; +http://www.google.com/bot.html)" 1805 **1/1805062**
74.7.227.169 - - [16/Mar/2026:09:38:27 -0700] "GET /detail/5247171.shtm?path=//lib/rpm HTTP/1.1" 200 3134 "http://www.golz.in/detail/5247171.shtm?path=//lib" "Mozilla/5.0 AppleWebKit/537.36 (KHTML, like Gecko; compatible; GPTBot/1.3; +https://openai.com/gptbot)" 509 **0/509415**
74.7.227.169 - - [16/Mar/2026:09:38:30 -0700] "GET /detail/8787383.shtm?path=//etc/ssh HTTP/1.1" 200 2608 "http://www.golz.in/detail/8787383.shtm?path=//etc" "Mozilla/5.0 AppleWebKit/537.36 (KHTML, like Gecko; compatible; GPTBot/1.3; +https://openai.com/gptbot)" 494 **0/494971**
74.7.227.169 - - [16/Mar/2026:09:38:33 -0700] "GET /detail/9999482.shtm?path=//proc/sys/net/ipv4 HTTP/1.1" 200 5591 "http://www.golz.in/detail/9999482.shtm?path=//proc/sys/net" "Mozilla/5.0 AppleWebKit/537.36 (KHTML, like Gecko; compatible; GPTBot/1.3; +https://openai.com/gptbot)" 510 **0/510050**
74.7.227.169 - - [16/Mar/2026:09:38:36 -0700] "GET /detail/9999482.shtm?path=//proc/sys/net/ipv6 HTTP/1.1" 200 3424 "http://www.golz.in/detail/9999482.shtm?path=//proc/sys/net" "Mozilla/5.0 AppleWebKit/537.36 (KHTML, like Gecko; compatible; GPTBot/1.3; +https://openai.com/gptbot)" 501 **0/501459**
74.7.227.169 - - [16/Mar/2026:09:38:39 -0700] "GET /detail/9999482.shtm?path=//proc/sys/net/mptcp HTTP/1.1" 200 2658 "http://www.golz.in/detail/9999482.shtm?path=//proc/sys/net" "Mozilla/5.0 AppleWebKit/537.36 (KHTML, like Gecko; compatible; GPTBot/1.3; +https://openai.com/gptbot)" 496 **0/496571**
49.51.166.228 - - [16/Mar/2026:09:38:42 -0700] "GET /?fileloc=/home/dpknvn09897v/public_html/golz.in/xmlrpc.php&path=/home/dpknvn09897v/public_html/golz.in HTTP/1.1" 200 3942 "-" "Mozilla/5.0 (iPhone; CPU iPhone OS 13_2_3 like Mac OS X) AppleWebKit/605.1.15 (KHTML, like Gecko) Version/13.0.3 Mobile/15E148 Safari/604.1" 500 **0/500344**
74.7.227.169 - - [16/Mar/2026:09:38:42 -0700] "GET /detail/5247171.shtm?path=//usr/lib/.build-id/22 HTTP/1.1" 200 3074 "http://www.golz.in/detail/5247171.shtm?path=//usr/lib/.build-id" "Mozilla/5.0 AppleWebKit/537.36 (KHTML, like Gecko; compatible; GPTBot/1.3; +https://openai.com/gptbot)" 501 **0/501064**
74.7.227.169 - - [16/Mar/2026:09:38:46 -0700] "GET /detail/5247171.shtm?path=//usr/lib/.build-id/da HTTP/1.1" 200 3075 "http://www.golz.in/detail/5247171.shtm?path=//usr/lib/.build-id" "Mozilla/5.0 AppleWebKit/537.36 (KHTML, like Gecko; compatible; GPTBot/1.3; +https://openai.com/gptbot)" 498 **0/498831**
74.7.227.169 - - [16/Mar/2026:09:38:49 -0700] "GET /detail/5247171.shtm?path=//usr/lib/.build-id/ad HTTP/1.1" 200 3166 "http://www.golz.in/detail/5247171.shtm?path=//usr/lib/.build-id" "Mozilla/5.0 AppleWebKit/537.36 (KHTML, like Gecko; compatible; GPTBot/1.3; +https://openai.com/gptbot)" 522 **0/522578**
74.7.227.169 - - [16/Mar/2026:09:38:52 -0700] "GET /detail/5247171.shtm?path=//usr/lib/.build-id/bb HTTP/1.1" 200 3188 "http://www.golz.in/detail/5247171.shtm?path=//usr/lib/.build-id" "Mozilla/5.0 AppleWebKit/537.36 (KHTML, like Gecko; compatible; GPTBot/1.3; +https://openai.com/gptbot)" 507 **0/507994**
66.249.71.69 - - [16/Mar/2026:09:38:53 -0700] "GET /?detail/578825592 HTTP/1.1" 200 22080 "-" "Mozilla/5.0 (Linux; Android 6.0.1; Nexus 5X Build/MMB29P) AppleWebKit/537.36 (KHTML, like Gecko) Chrome/145.0.7632.116 Mobile Safari/537.36 (compatible; Googlebot/2.1; +http://www.google.com/bot.html)" 1924 **1/1924295**
74.7.227.169 - - [16/Mar/2026:09:38:55 -0700] "GET /detail/5247171.shtm?path=//usr/lib/.build-id/aa HTTP/1.1" 200 3271 "http://www.golz.in/detail/5247171.shtm?path=//usr/lib/.build-id" "Mozilla/5.0 AppleWebKit/537.36 (KHTML, like Gecko; compatible; GPTBot/1.3; +https://openai.com/gptbot)" 493 **0/493835**
74.7.227.169 - - [16/Mar/2026:09:38:58 -0700] "GET /detail/5247171.shtm?path=//usr/lib/.build-id/db HTTP/1.1" 200 3398 "http://www.golz.in/detail/5247171.shtm?path=//usr/lib/.build-id" "Mozilla/5.0 AppleWebKit/537.36 (KHTML, like Gecko; compatible; GPTBot/1.3; +https://openai.com/gptbot)" 507 **0/507176**
74.7.227.169 - - [16/Mar/2026:09:39:01 -0700] "GET /detail/5247171.shtm?path=//usr/lib/.build-id/bd HTTP/1.1" 200 3131 "http://www.golz.in/detail/5247171.shtm?path=//usr/lib/.build-id" "Mozilla/5.0 AppleWebKit/537.36 (KHTML, like Gecko; compatible; GPTBot/1.3; +https://openai.com/gptbot)" 562 **0/562985**
216.73.216.210 - - [16/Mar/2026:09:39:03 -0700] "GET /detail/529445352.shtm?path=%2F%2Fusr%2Finclude%2Fgssrpc HTTP/1.1" 200 3024 "-" "Mozilla/5.0 AppleWebKit/537.36 (KHTML, like Gecko; compatible; ClaudeBot/1.0; +claudebot@anthropic.com)" 548 **0/548560**
74.7.227.169 - - [16/Mar/2026:09:39:05 -0700] "GET /detail/5247171.shtm?path=//usr/lib/.build-id/dd HTTP/1.1" 200 3123 "http://www.golz.in/detail/5247171.shtm?path=//usr/lib/.build-id" "Mozilla/5.0 AppleWebKit/537.36 (KHTML, like Gecko; compatible; GPTBot/1.3; +https://openai.com/gptbot)" 516 **0/516188**
216.73.216.210 - - [16/Mar/2026:09:39:06 -0700] "GET /detail/4163750565.shtm?path=%2F%2Fusr%2Finclude%2Fgdbm HTTP/1.1" 200 2621 "-" "Mozilla/5.0 AppleWebKit/537.36 (KHTML, like Gecko; compatible; ClaudeBot/1.0; +claudebot@anthropic.com)" 523 **0/523361**
74.7.227.169 - - [16/Mar/2026:09:39:08 -0700] "GET /detail/9999482.shtm?fileloc=//proc/sys/net/ipv4/ip_local_port_range&path=//proc/sys/net/ipv4 HTTP/1.1" 200 2294 "http://www.golz.in/detail/9999482.shtm?path=//proc/sys/net/ipv4" "Mozilla/5.0 AppleWebKit/537.36 (KHTML, like Gecko; compatible; GPTBot/1.3; +https://openai.com/gptbot)" 516 **0/516913**
74.7.227.169 - - [16/Mar/2026:09:39:11 -0700] "GET /detail/9999482.shtm?fileloc=//proc/sys/net/ipv6/ip6frag_low_thresh&path=//proc/sys/net/ipv6 HTTP/1.1" 200 2292 "http://www.golz.in/detail/9999482.shtm?path=//proc/sys/net/ipv6" "Mozilla/5.0 AppleWebKit/537.36 (KHTML, like Gecko; compatible; GPTBot/1.3; +https://openai.com/gptbot)" 506 **0/506255**
74.7.227.169 - - [16/Mar/2026:09:39:14 -0700] "GET /detail/9999482.shtm?fileloc=//proc/sys/net/mptcp/stale_loss_cnt&path=//proc/sys/net/mptcp HTTP/1.1" 200 2288 "http://www.golz.in/detail/9999482.shtm?path=//proc/sys/net/mptcp" "Mozilla/5.0 AppleWebKit/537.36 (KHTML, like Gecko; compatible; GPTBot/1.3; +https://openai.com/gptbot)" 522 **0/522374**
114.119.143.213 - - [16/Mar/2026:09:39:17 -0700] "GET /detail/2689613688.shtm HTTP/1.1" 200 4098 "http://www.golz.in/sitemap.xml" "Mozilla/5.0 (Linux; Android 7.0;) AppleWebKit/537.36 (KHTML, like Gecko) Mobile Safari/537.36 (compatible; PetalBot;+https://webmaster.petalsearch.com/site/petalbot)" 500 **0/500232**
74.7.227.169 - - [16/Mar/2026:09:39:17 -0700] "GET /detail/9999482.shtm?fileloc=//proc/sys/net/mptcp/add_addr_timeout&path=//proc/sys/net/mptcp HTTP/1.1" 200 2289 "http://www.golz.in/detail/9999482.shtm?path=//proc/sys/net/mptcp" "Mozilla/5.0 AppleWebKit/537.36 (KHTML, like Gecko; compatible; GPTBot/1.3; +https://openai.com/gptbot)" 514 **0/514499**
74.7.227.169 - - [16/Mar/2026:09:39:21 -0700] "GET /detail/9999482.shtm?fileloc=//proc/sys/net/mptcp/enabled&path=//proc/sys/net/mptcp HTTP/1.1" 200 2278 "http://www.golz.in/detail/9999482.shtm?path=//proc/sys/net/mptcp" "Mozilla/5.0 AppleWebKit/537.36 (KHTML, like Gecko; compatible; GPTBot/1.3; +https://openai.com/gptbot)" 501 **0/501707**
74.7.227.169 - - [16/Mar/2026:09:39:24 -0700] "GET /detail/9999482.shtm?fileloc=//proc/sys/net/ipv4/inet_peer_threshold&path=//proc/sys/net/ipv4 HTTP/1.1" 200 2290 "http://www.golz.in/detail/9999482.shtm?path=//proc/sys/net/ipv4" "Mozilla/5.0 AppleWebKit/537.36 (KHTML, like Gecko; compatible; GPTBot/1.3; +https://openai.com/gptbot)" 496 **0/496606**
74.7.227.169 - - [16/Mar/2026:09:39:27 -0700] "GET /detail/9999482.shtm?fileloc=//proc/sys/net/ipv6/bindv6only&path=//proc/sys/net/ipv6 HTTP/1.1" 200 2287 "http://www.golz.in/detail/9999482.shtm?path=//proc/sys/net/ipv6" "Mozilla/5.0 AppleWebKit/537.36 (KHTML, like Gecko; compatible; GPTBot/1.3; +https://openai.com/gptbot)" 494 **0/494663**
74.7.227.169 - - [16/Mar/2026:09:39:30 -0700] "GET /detail/9999482.shtm?fileloc=//proc/sys/net/ipv4/tcp_timestamps&path=//proc/sys/net/ipv4 HTTP/1.1" 200 2282 "http://www.golz.in/detail/9999482.shtm?path=//proc/sys/net/ipv4" "Mozilla/5.0 AppleWebKit/537.36 (KHTML, like Gecko; compatible; GPTBot/1.3; +https://openai.com/gptbot)" 497 **0/497265**
74.7.227.169 - - [16/Mar/2026:09:39:33 -0700] "GET /detail/9999482.shtm?fileloc=//proc/sys/net/ipv4/tcp_orphan_retries&path=//proc/sys/net/ipv4 HTTP/1.1" 200 2287 "http://www.golz.in/detail/9999482.shtm?path=//proc/sys/net/ipv4" "Mozilla/5.0 AppleWebKit/537.36 (KHTML, like Gecko; compatible; GPTBot/1.3; +https://openai.com/gptbot)" 504 **0/504786**
74.7.227.169 - - [16/Mar/2026:09:39:37 -0700] "GET /detail/9999482.shtm?fileloc=//proc/sys/net/ipv4/tcp_fastopen&path=//proc/sys/net/ipv4 HTTP/1.1" 200 2284 "http://www.golz.in/detail/9999482.shtm?path=//proc/sys/net/ipv4" "Mozilla/5.0 AppleWebKit/537.36 (KHTML, like Gecko; compatible; GPTBot/1.3; +https://openai.com/gptbot)" 512 **0/512481**
74.7.227.169 - - [16/Mar/2026:09:39:40 -0700] "GET /detail/9999482.shtm?fileloc=//proc/sys/net/ipv4/tcp_recovery&path=//proc/sys/net/ipv4 HTTP/1.1" 200 2282 "http://www.golz.in/detail/9999482.shtm?path=//proc/sys/net/ipv4" "Mozilla/5.0 AppleWebKit/537.36 (KHTML, like Gecko; compatible; GPTBot/1.3; +https://openai.com/gptbot)" 504 **0/504211**
74.7.227.169 - - [16/Mar/2026:09:39:43 -0700] "GET /detail/9999482.shtm?fileloc=//proc/sys/net/ipv4/tcp_early_retrans&path=//proc/sys/net/ipv4 HTTP/1.1" 200 2285 "http://www.golz.in/detail/9999482.shtm?path=//proc/sys/net/ipv4" "Mozilla/5.0 AppleWebKit/537.36 (KHTML, like Gecko; compatible; GPTBot/1.3; +https://openai.com/gptbot)" 495 **0/495224**
74.7.227.169 - - [16/Mar/2026:09:39:46 -0700] "GET /detail/9999482.shtm?fileloc=//proc/sys/net/ipv4/inet_peer_minttl&path=//proc/sys/net/ipv4 HTTP/1.1" 200 2288 "http://www.golz.in/detail/9999482.shtm?path=//proc/sys/net/ipv4" "Mozilla/5.0 AppleWebKit/537.36 (KHTML, like Gecko; compatible; GPTBot/1.3; +https://openai.com/gptbot)" 500 **0/500482**
74.7.227.169 - - [16/Mar/2026:09:39:49 -0700] "GET /detail/9999482.shtm?fileloc=//proc/sys/net/ipv4/icmp_ratelimit&path=//proc/sys/net/ipv4 HTTP/1.1" 200 2286 "http://www.golz.in/detail/9999482.shtm?path=//proc/sys/net/ipv4" "Mozilla/5.0 AppleWebKit/537.36 (KHTML, like Gecko; compatible; GPTBot/1.3; +https://openai.com/gptbot)" 497 **0/497180**
74.7.227.169 - - [16/Mar/2026:09:39:52 -0700] "GET /detail/9999482.shtm?fileloc=//proc/sys/net/ipv4/tcp_retrans_collapse&path=//proc/sys/net/ipv4 HTTP/1.1" 200 2285 "http://www.golz.in/detail/9999482.shtm?path=//proc/sys/net/ipv4" "Mozilla/5.0 AppleWebKit/537.36 (KHTML, like Gecko; compatible; GPTBot/1.3; +https://openai.com/gptbot)" 483 **0/483850**
74.7.227.169 - - [16/Mar/2026:09:39:55 -0700] "GET /detail/9999482.shtm?fileloc=//proc/sys/net/ipv4/tcp_retries1&path=//proc/sys/net/ipv4 HTTP/1.1" 200 2284 "http://www.golz.in/detail/9999482.shtm?path=//proc/sys/net/ipv4" "Mozilla/5.0 AppleWebKit/537.36 (KHTML, like Gecko; compatible; GPTBot/1.3; +https://openai.com/gptbot)" 499 **0/499681**
66.249.71.69 - - [16/Mar/2026:09:39:57 -0700] "GET /?detail/183280959 HTTP/1.1" 200 22424 "-" "Mozilla/5.0 (Linux; Android 6.0.1; Nexus 5X Build/MMB29P) AppleWebKit/537.36 (KHTML, like Gecko) Chrome/145.0.7632.116 Mobile Safari/537.36 (compatible; Googlebot/2.1; +http://www.google.com/bot.html)" 1789 **1/1789970**
74.7.227.169 - - [16/Mar/2026:09:39:59 -0700] "GET /detail/9999482.shtm?fileloc=//proc/sys/net/ipv4/tcp_retries2&path=//proc/sys/net/ipv4 HTTP/1.1" 200 2284 "http://www.golz.in/detail/9999482.shtm?path=//proc/sys/net/ipv4" "Mozilla/5.0 AppleWebKit/537.36 (KHTML, like Gecko; compatible; GPTBot/1.3; +https://openai.com/gptbot)" 522 **0/522775**
74.7.227.169 - - [16/Mar/2026:09:40:02 -0700] "GET /detail/9999482.shtm?fileloc=//proc/sys/net/ipv6/fwmark_reflect&path=//proc/sys/net/ipv6 HTTP/1.1" 200 2287 "http://www.golz.in/detail/9999482.shtm?path=//proc/sys/net/ipv6" "Mozilla/5.0 AppleWebKit/537.36 (KHTML, like Gecko; compatible; GPTBot/1.3; +https://openai.com/gptbot)" 548 **0/548633**
74.7.227.169 - - [16/Mar/2026:09:40:05 -0700] "GET /detail/9999482.shtm?fileloc=//proc/sys/net/ipv4/tcp_moderate_rcvbuf&path=//proc/sys/net/ipv4 HTTP/1.1" 200 2289 "http://www.golz.in/detail/9999482.shtm?path=//proc/sys/net/ipv4" "Mozilla/5.0 AppleWebKit/537.36 (KHTML, like Gecko; compatible; GPTBot/1.3; +https://openai.com/gptbot)" 536 **0/536752**
74.7.227.169 - - [16/Mar/2026:09:40:08 -0700] "GET /detail/9999482.shtm?fileloc=//proc/sys/net/ipv6/ip6frag_high_thresh&path=//proc/sys/net/ipv6 HTTP/1.1" 200 2294 "http://www.golz.in/detail/9999482.shtm?path=//proc/sys/net/ipv6" "Mozilla/5.0 AppleWebKit/537.36 (KHTML, like Gecko; compatible; GPTBot/1.3; +https://openai.com/gptbot)" 514 **0/514813**
74.7.227.169 - - [16/Mar/2026:09:40:11 -0700] "GET /detail/9999482.shtm?fileloc=//proc/sys/net/ipv4/udp_l3mdev_accept&path=//proc/sys/net/ipv4 HTTP/1.1" 200 2289 "http://www.golz.in/detail/9999482.shtm?path=//proc/sys/net/ipv4" "Mozilla/5.0 AppleWebKit/537.36 (KHTML, like Gecko; compatible; GPTBot/1.3; +https://openai.com/gptbot)" 506 **0/506440**
74.7.227.169 - - [16/Mar/2026:09:40:14 -0700] "GET /detail/9999482.shtm?fileloc=//proc/sys/net/ipv4/tcp_l3mdev_accept&path=//proc/sys/net/ipv4 HTTP/1.1" 200 2289 "http://www.golz.in/detail/9999482.shtm?path=//proc/sys/net/ipv4" "Mozilla/5.0 AppleWebKit/537.36 (KHTML, like Gecko; compatible; GPTBot/1.3; +https://openai.com/gptbot)" 500 **0/500848**
74.7.227.169 - - [16/Mar/2026:09:40:18 -0700] "GET /detail/9999482.shtm?fileloc=//proc/sys/net/ipv4/fib_multipath_use_neigh&path=//proc/sys/net/ipv4 HTTP/1.1" 200 2290 "http://www.golz.in/detail/9999482.shtm?path=//proc/sys/net/ipv4" "Mozilla/5.0 AppleWebKit/537.36 (KHTML, like Gecko; compatible; GPTBot/1.3; +https://openai.com/gptbot)" 501 **0/501484**
74.7.227.169 - - [16/Mar/2026:09:40:21 -0700] "GET /detail/9999482.shtm?fileloc=//proc/sys/net/ipv6/auto_flowlabels&path=//proc/sys/net/ipv6 HTTP/1.1" 200 2287 "http://www.golz.in/detail/9999482.shtm?path=//proc/sys/net/ipv6" "Mozilla/5.0 AppleWebKit/537.36 (KHTML, like Gecko; compatible; GPTBot/1.3; +https://openai.com/gptbot)" 520 **0/520914**
74.7.227.169 - - [16/Mar/2026:09:40:24 -0700] "GET /detail/9999482.shtm?fileloc=//proc/sys/net/ipv6/seg6_flowlabel&path=//proc/sys/net/ipv6 HTTP/1.1" 200 2284 "http://www.golz.in/detail/9999482.shtm?path=//proc/sys/net/ipv6" "Mozilla/5.0 AppleWebKit/537.36 (KHTML, like Gecko; compatible; GPTBot/1.3; +https://openai.com/gptbot)" 492 **0/492118**
74.7.227.169 - - [16/Mar/2026:09:40:27 -0700] "GET /detail/9999482.shtm?fileloc=//proc/sys/net/ipv6/fib_multipath_hash_policy&path=//proc/sys/net/ipv6 HTTP/1.1" 200 2291 "http://www.golz.in/detail/9999482.shtm?path=//proc/sys/net/ipv6" "Mozilla/5.0 AppleWebKit/537.36 (KHTML, like Gecko; compatible; GPTBot/1.3; +https://openai.com/gptbot)" 493 **0/493471**
74.7.227.169 - - [16/Mar/2026:09:40:30 -0700] "GET /detail/9999482.shtm?fileloc=//proc/sys/net/ipv6/fib_multipath_hash_fields&path=//proc/sys/net/ipv6 HTTP/1.1" 200 2292 "http://www.golz.in/detail/9999482.shtm?path=//proc/sys/net/ipv6" "Mozilla/5.0 AppleWebKit/537.36 (KHTML, like Gecko; compatible; GPTBot/1.3; +https://openai.com/gptbot)" 500 **0/500696**
74.7.227.169 - - [16/Mar/2026:09:40:34 -0700] "GET /detail/9999482.shtm?fileloc=//proc/sys/net/ipv6/calipso_cache_bucket_size&path=//proc/sys/net/ipv6 HTTP/1.1" 200 2294 "http://www.golz.in/detail/9999482.shtm?path=//proc/sys/net/ipv6" "Mozilla/5.0 AppleWebKit/537.36 (KHTML, like Gecko; compatible; GPTBot/1.3; +https://openai.com/gptbot)" 497 **0/497207**
66.249.66.77 - - [16/Mar/2026:09:40:33 -0700] "GET /?detail/928142775 HTTP/1.1" 200 22090 "-" "Mozilla/5.0 (Linux; Android 6.0.1; Nexus 5X Build/MMB29P) AppleWebKit/537.36 (KHTML, like Gecko) Chrome/145.0.7632.116 Mobile Safari/537.36 (compatible; Googlebot/2.1; +http://www.google.com/bot.html)" 1888 **1/1888757**
74.7.227.169 - - [16/Mar/2026:09:40:37 -0700] "GET /detail/9999482.shtm?fileloc=//proc/sys/net/ipv4/icmp_errors_use_inbound_ifaddr&path=//proc/sys/net/ipv4 HTTP/1.1" 200 2298 "http://www.golz.in/detail/9999482.shtm?path=//proc/sys/net/ipv4" "Mozilla/5.0 AppleWebKit/537.36 (KHTML, like Gecko; compatible; GPTBot/1.3; +https://openai.com/gptbot)" 488 **0/488950**
74.7.227.169 - - [16/Mar/2026:09:40:40 -0700] "GET /detail/9999482.shtm?fileloc=//proc/sys/net/ipv4/tcp_notsent_lowat&path=//proc/sys/net/ipv4 HTTP/1.1" 200 2294 "http://www.golz.in/detail/9999482.shtm?path=//proc/sys/net/ipv4" "Mozilla/5.0 AppleWebKit/537.36 (KHTML, like Gecko; compatible; GPTBot/1.3; +https://openai.com/gptbot)" 498 **0/498207**
74.7.227.169 - - [16/Mar/2026:09:40:43 -0700] "GET /detail/9999482.shtm?fileloc=//proc/sys/net/ipv4/tcp_keepalive_time&path=//proc/sys/net/ipv4 HTTP/1.1" 200 2290 "http://www.golz.in/detail/9999482.shtm?path=//proc/sys/net/ipv4" "Mozilla/5.0 AppleWebKit/537.36 (KHTML, like Gecko; compatible; GPTBot/1.3; +https://openai.com/gptbot)" 512 **0/512609**
74.7.227.169 - - [16/Mar/2026:09:40:46 -0700] "GET /detail/9999482.shtm?fileloc=//proc/sys/net/ipv4/tcp_syncookies&path=//proc/sys/net/ipv4 HTTP/1.1" 200 2283 "http://www.golz.in/detail/9999482.shtm?path=//proc/sys/net/ipv4" "Mozilla/5.0 AppleWebKit/537.36 (KHTML, like Gecko; compatible; GPTBot/1.3; +https://openai.com/gptbot)" 496 **0/496706**
74.7.227.169 - - [16/Mar/2026:09:40:49 -0700] "GET /detail/9999482.shtm?fileloc=//proc/sys/net/ipv4/tcp_abort_on_overflow&path=//proc/sys/net/ipv4 HTTP/1.1" 200 2289 "http://www.golz.in/detail/9999482.shtm?path=//proc/sys/net/ipv4" "Mozilla/5.0 AppleWebKit/537.36 (KHTML, like Gecko; compatible; GPTBot/1.3; +https://openai.com/gptbot)" 485 **0/485611**
74.7.227.169 - - [16/Mar/2026:09:40:52 -0700] "GET /detail/9999482.shtm?fileloc=//proc/sys/net/ipv6/xfrm6_gc_thresh&path=//proc/sys/net/ipv6 HTTP/1.1" 200 2291 "http://www.golz.in/detail/9999482.shtm?path=//proc/sys/net/ipv6" "Mozilla/5.0 AppleWebKit/537.36 (KHTML, like Gecko; compatible; GPTBot/1.3; +https://openai.com/gptbot)" 495 **0/495590**
74.7.227.169 - - [16/Mar/2026:09:40:55 -0700] "GET /detail/9999482.shtm?fileloc=//proc/sys/net/ipv4/tcp_max_reordering&path=//proc/sys/net/ipv4 HTTP/1.1" 200 2290 "http://www.golz.in/detail/9999482.shtm?path=//proc/sys/net/ipv4" "Mozilla/5.0 AppleWebKit/537.36 (KHTML, like Gecko; compatible; GPTBot/1.3; +https://openai.com/gptbot)" 496 **0/496328**
74.7.227.169 - - [16/Mar/2026:09:40:59 -0700] "GET /detail/9999482.shtm?fileloc=//proc/sys/net/ipv4/tcp_probe_threshold&path=//proc/sys/net/ipv4 HTTP/1.1" 200 2287 "http://www.golz.in/detail/9999482.shtm?path=//proc/sys/net/ipv4" "Mozilla/5.0 AppleWebKit/537.36 (KHTML, like Gecko; compatible; GPTBot/1.3; +https://openai.com/gptbot)" 500 **0/500537**
74.7.227.169 - - [16/Mar/2026:09:41:02 -0700] "GET /detail/9999482.shtm?fileloc=//proc/sys/net/ipv6/idgen_retries&path=//proc/sys/net/ipv6 HTTP/1.1" 200 2284 "http://www.golz.in/detail/9999482.shtm?path=//proc/sys/net/ipv6" "Mozilla/5.0 AppleWebKit/537.36 (KHTML, like Gecko; compatible; GPTBot/1.3; +https://openai.com/gptbot)" 533 **0/533275**
