114.119.132.68 - - [16/Mar/2026:06:39:18 -0700] "GET /detail/3153772952.shtm HTTP/1.1" 200 4098 "http://www.golz.in/sitemap.xml" "Mozilla/5.0 (Linux; Android 7.0;) AppleWebKit/537.36 (KHTML, like Gecko) Mobile Safari/537.36 (compatible; PetalBot;+https://webmaster.petalsearch.com/site/petalbot)" 503 **0/503162**
216.73.216.210 - - [16/Mar/2026:06:39:33 -0700] "GET /detail/153879087.shtm?path=%2F%2Fvar HTTP/1.1" 200 2879 "-" "Mozilla/5.0 AppleWebKit/537.36 (KHTML, like Gecko; compatible; ClaudeBot/1.0; +claudebot@anthropic.com)" 491 **0/491971**
216.73.216.210 - - [16/Mar/2026:06:39:35 -0700] "GET /detail/2436678932.shtm?path=%2F%2Fvar HTTP/1.1" 200 2879 "-" "Mozilla/5.0 AppleWebKit/537.36 (KHTML, like Gecko; compatible; ClaudeBot/1.0; +claudebot@anthropic.com)" 501 **0/501706**
216.73.216.210 - - [16/Mar/2026:06:39:38 -0700] "GET /detail/3449432067.shtm?path=%2F%2Fvar HTTP/1.1" 200 2879 "-" "Mozilla/5.0 AppleWebKit/537.36 (KHTML, like Gecko; compatible; ClaudeBot/1.0; +claudebot@anthropic.com)" 500 **0/500238**
66.249.66.163 - - [16/Mar/2026:06:39:37 -0700] "GET /?detail/330539729 HTTP/1.1" 200 22157 "-" "Mozilla/5.0 (Linux; Android 6.0.1; Nexus 5X Build/MMB29P) AppleWebKit/537.36 (KHTML, like Gecko) Chrome/145.0.7632.116 Mobile Safari/537.36 (compatible; Googlebot/2.1; +http://www.google.com/bot.html)" 1790 **1/1790129**
216.73.216.210 - - [16/Mar/2026:06:39:41 -0700] "GET /detail/2851290076.shtm?path=%2F HTTP/1.1" 200 2831 "-" "Mozilla/5.0 AppleWebKit/537.36 (KHTML, like Gecko; compatible; ClaudeBot/1.0; +claudebot@anthropic.com)" 496 **0/496886**
216.73.216.210 - - [16/Mar/2026:06:39:44 -0700] "GET /detail/153879087.shtm?fileloc=%2Fhome%2Fdpknvn09897v%2Fpublic_html%2Fgolz.in%2Fwp-includes%2Fclass-wp-scripts.php&path=%2Fhome%2Fdpknvn09897v%2Fpublic_html%2Fgolz.in%2Fwp-includes HTTP/1.1" 200 10130 "-" "Mozilla/5.0 AppleWebKit/537.36 (KHTML, like Gecko; compatible; ClaudeBot/1.0; +claudebot@anthropic.com)" 507 **0/507012**
216.73.216.210 - - [16/Mar/2026:06:39:47 -0700] "GET /detail/1535633.shtm?fileloc=%2F%2Fsbin%2Fsasldblistusers2&path=%2F%2Fsbin HTTP/1.1" 200 9557 "-" "Mozilla/5.0 AppleWebKit/537.36 (KHTML, like Gecko; compatible; ClaudeBot/1.0; +claudebot@anthropic.com)" 499 **0/499300**
216.73.216.210 - - [16/Mar/2026:06:39:50 -0700] "GET /detail/567114593.shtm?path=%2F%2Fvar HTTP/1.1" 200 2879 "-" "Mozilla/5.0 AppleWebKit/537.36 (KHTML, like Gecko; compatible; ClaudeBot/1.0; +claudebot@anthropic.com)" 526 **0/526375**
216.73.216.210 - - [16/Mar/2026:06:39:53 -0700] "GET /detail/295832866.shtm?path=%2F HTTP/1.1" 200 2831 "-" "Mozilla/5.0 AppleWebKit/537.36 (KHTML, like Gecko; compatible; ClaudeBot/1.0; +claudebot@anthropic.com)" 494 **0/494848**
216.73.216.210 - - [16/Mar/2026:06:39:56 -0700] "GET /detail/269743846.shtm?path=%2F HTTP/1.1" 200 2831 "-" "Mozilla/5.0 AppleWebKit/537.36 (KHTML, like Gecko; compatible; ClaudeBot/1.0; +claudebot@anthropic.com)" 514 **0/514225**
216.73.216.210 - - [16/Mar/2026:06:39:59 -0700] "GET /detail/2065136442.shtm?fileloc=%2Fhome%2Fdpknvn09897v%2Fpublic_html%2Fgolz.in%2Fwp-includes%2Fclass-wp-scripts.php&path=%2Fhome%2Fdpknvn09897v%2Fpublic_html%2Fgolz.in%2Fwp-includes HTTP/1.1" 200 10130 "-" "Mozilla/5.0 AppleWebKit/537.36 (KHTML, like Gecko; compatible; ClaudeBot/1.0; +claudebot@anthropic.com)" 504 **0/504026**
216.73.216.210 - - [16/Mar/2026:06:40:02 -0700] "GET /detail/923931902.shtm?path=%2F%2Fvar HTTP/1.1" 200 2879 "-" "Mozilla/5.0 AppleWebKit/537.36 (KHTML, like Gecko; compatible; ClaudeBot/1.0; +claudebot@anthropic.com)" 984 **0/984533**
66.249.71.192 - - [16/Mar/2026:06:40:03 -0700] "GET /detail/3156163284.shtm HTTP/1.1" 200 22173 "-" "Mozilla/5.0 (Linux; Android 6.0.1; Nexus 5X Build/MMB29P) AppleWebKit/537.36 (KHTML, like Gecko) Chrome/145.0.7632.116 Mobile Safari/537.36 (compatible; GoogleOther)" 2207 **2/2207051**
216.73.216.210 - - [16/Mar/2026:06:40:05 -0700] "GET /detail/3394648042.shtm?fileloc=%2Fhome%2Fdpknvn09897v%2Fpublic_html%2Fgolz.in%2Fwp-includes%2Fclass-wp-scripts.php&path=%2Fhome%2Fdpknvn09897v%2Fpublic_html%2Fgolz.in%2Fwp-includes HTTP/1.1" 200 10130 "-" "Mozilla/5.0 AppleWebKit/537.36 (KHTML, like Gecko; compatible; ClaudeBot/1.0; +claudebot@anthropic.com)" 671 **0/671822**
216.73.216.210 - - [16/Mar/2026:06:40:08 -0700] "GET /detail/1364962047.shtm?fileloc=%2Fhome%2Fdpknvn09897v%2Fpublic_html%2Fgolz.in%2Fwp-includes%2Fclass-wp-scripts.php&path=%2Fhome%2Fdpknvn09897v%2Fpublic_html%2Fgolz.in%2Fwp-includes HTTP/1.1" 200 10130 "-" "Mozilla/5.0 AppleWebKit/537.36 (KHTML, like Gecko; compatible; ClaudeBot/1.0; +claudebot@anthropic.com)" 658 **0/658619**
216.73.216.210 - - [16/Mar/2026:06:40:11 -0700] "GET /detail/417335005.shtm?path=%2Fhome%2Fdpknvn09897v%2Fpublic_html%2Fgolz.in%2Fwp-includes%2Frest-api HTTP/1.1" 200 2849 "-" "Mozilla/5.0 AppleWebKit/537.36 (KHTML, like Gecko; compatible; ClaudeBot/1.0; +claudebot@anthropic.com)" 579 **0/579312**
216.73.216.210 - - [16/Mar/2026:06:40:14 -0700] "GET /detail/1218419464.shtm?path=%2Fhome%2Fdpknvn09897v%2Fpublic_html%2Fgolz.in%2Fwp-includes%2Fabilities-api HTTP/1.1" 200 2746 "-" "Mozilla/5.0 AppleWebKit/537.36 (KHTML, like Gecko; compatible; ClaudeBot/1.0; +claudebot@anthropic.com)" 576 **0/576502**
216.73.216.210 - - [16/Mar/2026:06:40:17 -0700] "GET /detail/1218419464.shtm?fileloc=%2Fhome%2Fdpknvn09897v%2Fpublic_html%2Fgolz.in%2Fwp-includes%2Fclass-wp-oembed-controller.php&path=%2Fhome%2Fdpknvn09897v%2Fpublic_html%2Fgolz.in%2Fwp-includes HTTP/1.1" 200 4348 "-" "Mozilla/5.0 AppleWebKit/537.36 (KHTML, like Gecko; compatible; ClaudeBot/1.0; +claudebot@anthropic.com)" 569 **0/569936**
216.73.216.210 - - [16/Mar/2026:06:40:20 -0700] "GET /detail/2065136442.shtm?fileloc=%2Fhome%2Fdpknvn09897v%2Fpublic_html%2Fgolz.in%2Fwp-includes%2Fblocks%2Fshortcode.php&path=%2Fhome%2Fdpknvn09897v%2Fpublic_html%2Fgolz.in%2Fwp-includes%2Fblocks HTTP/1.1" 200 2584 "-" "Mozilla/5.0 AppleWebKit/537.36 (KHTML, like Gecko; compatible; ClaudeBot/1.0; +claudebot@anthropic.com)" 578 **0/578313**
216.73.216.210 - - [16/Mar/2026:06:40:23 -0700] "GET /detail/619292585.shtm?path=%2F%2Fvar HTTP/1.1" 200 2879 "-" "Mozilla/5.0 AppleWebKit/537.36 (KHTML, like Gecko; compatible; ClaudeBot/1.0; +claudebot@anthropic.com)" 552 **0/552023**
216.73.216.210 - - [16/Mar/2026:06:40:26 -0700] "GET /detail/1999025477.shtm?path=%2F%2Frun HTTP/1.1" 200 2837 "-" "Mozilla/5.0 AppleWebKit/537.36 (KHTML, like Gecko; compatible; ClaudeBot/1.0; +claudebot@anthropic.com)" 534 **0/534247**
216.73.216.210 - - [16/Mar/2026:06:40:29 -0700] "GET /detail/1880950720.shtm?path=%2F HTTP/1.1" 200 2831 "-" "Mozilla/5.0 AppleWebKit/537.36 (KHTML, like Gecko; compatible; ClaudeBot/1.0; +claudebot@anthropic.com)" 540 **0/540178**
216.73.216.210 - - [16/Mar/2026:06:40:32 -0700] "GET /detail/417335005.shtm?path=%2Fhome%2Fdpknvn09897v%2Fpublic_html%2Fgolz.in%2Fwp-includes%2Fcss HTTP/1.1" 200 3724 "-" "Mozilla/5.0 AppleWebKit/537.36 (KHTML, like Gecko; compatible; ClaudeBot/1.0; +claudebot@anthropic.com)" 514 **0/514472**
216.73.216.210 - - [16/Mar/2026:06:40:35 -0700] "GET /detail/549414181.shtm?path=%2F%2Fopt HTTP/1.1" 200 2784 "-" "Mozilla/5.0 AppleWebKit/537.36 (KHTML, like Gecko; compatible; ClaudeBot/1.0; +claudebot@anthropic.com)" 501 **0/501178**
66.249.71.205 - - [16/Mar/2026:06:40:34 -0700] "GET /?detail/103205558 HTTP/1.1" 200 22060 "-" "Mozilla/5.0 (Linux; Android 6.0.1; Nexus 5X Build/MMB29P) AppleWebKit/537.36 (KHTML, like Gecko) Chrome/145.0.7632.116 Mobile Safari/537.36 (compatible; Googlebot/2.1; +http://www.google.com/bot.html)" 1813 **1/1813062**
216.73.216.210 - - [16/Mar/2026:06:40:38 -0700] "GET /detail/1212618593.shtm?path=%2F HTTP/1.1" 403 3512 "-" "Mozilla/5.0 AppleWebKit/537.36 (KHTML, like Gecko; compatible; ClaudeBot/1.0; +claudebot@anthropic.com)" 503 **0/503451**
216.73.216.210 - - [16/Mar/2026:06:40:41 -0700] "GET /detail/2430878061.shtm?fileloc=%2Fhome%2Fdpknvn09897v%2Fpublic_html%2Fgolz.in%2Fwp-includes%2Fclass-wp-scripts.php&path=%2Fhome%2Fdpknvn09897v%2Fpublic_html%2Fgolz.in%2Fwp-includes HTTP/1.1" 403 3512 "-" "Mozilla/5.0 AppleWebKit/537.36 (KHTML, like Gecko; compatible; ClaudeBot/1.0; +claudebot@anthropic.com)" 548 **0/548963**
216.73.216.210 - - [16/Mar/2026:06:40:44 -0700] "GET /detail/3920419241.shtm?path=%2Fhome%2Fdpknvn09897v%2Fpublic_html%2Fgolz.in%2Fwp-includes%2FText HTTP/1.1" 403 3512 "-" "Mozilla/5.0 AppleWebKit/537.36 (KHTML, like Gecko; compatible; ClaudeBot/1.0; +claudebot@anthropic.com)" 535 **0/535095**
216.73.216.210 - - [16/Mar/2026:06:40:47 -0700] "GET /detail/3920419241.shtm?path=%2F HTTP/1.1" 403 3512 "-" "Mozilla/5.0 AppleWebKit/537.36 (KHTML, like Gecko; compatible; ClaudeBot/1.0; +claudebot@anthropic.com)" 510 **0/510159**
66.249.66.39 - - [16/Mar/2026:06:40:48 -0700] "GET /detail/934648245.shtm HTTP/1.1" 200 21216 "-" "Mozilla/5.0 (Linux; Android 6.0.1; Nexus 5X Build/MMB29P) AppleWebKit/537.36 (KHTML, like Gecko) Chrome/145.0.7632.116 Mobile Safari/537.36 (compatible; GoogleOther)" 1863 **1/1863406**
216.73.216.210 - - [16/Mar/2026:06:40:50 -0700] "GET /detail/2140815733.shtm?path=%2F%2Frun HTTP/1.1" 403 3512 "-" "Mozilla/5.0 AppleWebKit/537.36 (KHTML, like Gecko; compatible; ClaudeBot/1.0; +claudebot@anthropic.com)" 498 **0/498900**
216.73.216.210 - - [16/Mar/2026:06:40:53 -0700] "GET /detail/881536404.shtm?path=%2F%2Frun HTTP/1.1" 403 3512 "-" "Mozilla/5.0 AppleWebKit/537.36 (KHTML, like Gecko; compatible; ClaudeBot/1.0; +claudebot@anthropic.com)" 507 **0/507646**
216.73.216.210 - - [16/Mar/2026:06:40:56 -0700] "GET /detail/3019776469.shtm?fileloc=%2Fhome%2Fdpknvn09897v%2Fpublic_html%2Fgolz.in%2Fwp-includes%2Fclass-wp-scripts.php&path=%2Fhome%2Fdpknvn09897v%2Fpublic_html%2Fgolz.in%2Fwp-includes HTTP/1.1" 403 3512 "-" "Mozilla/5.0 AppleWebKit/537.36 (KHTML, like Gecko; compatible; ClaudeBot/1.0; +claudebot@anthropic.com)" 514 **0/514191**
216.73.216.210 - - [16/Mar/2026:06:40:59 -0700] "GET /detail/1136725102.shtm?path=%2F%2Frun HTTP/1.1" 403 3512 "-" "Mozilla/5.0 AppleWebKit/537.36 (KHTML, like Gecko; compatible; ClaudeBot/1.0; +claudebot@anthropic.com)" 492 **0/492989**
216.73.216.210 - - [16/Mar/2026:06:41:02 -0700] "GET /detail/1310405249.shtm?path=%2F%2Frun HTTP/1.1" 403 3512 "-" "Mozilla/5.0 AppleWebKit/537.36 (KHTML, like Gecko; compatible; ClaudeBot/1.0; +claudebot@anthropic.com)" 567 **0/567883**
216.73.216.210 - - [16/Mar/2026:06:41:05 -0700] "GET /detail/691367960.shtm?path=%2F%2Frun HTTP/1.1" 403 3512 "-" "Mozilla/5.0 AppleWebKit/537.36 (KHTML, like Gecko; compatible; ClaudeBot/1.0; +claudebot@anthropic.com)" 509 **0/509794**
216.73.216.210 - - [16/Mar/2026:06:41:08 -0700] "GET /detail/3449432067.shtm?fileloc=%2Fhome%2Fdpknvn09897v%2Fpublic_html%2Fgolz.in%2Fwp-includes%2Fclass-wp-scripts.php&path=%2Fhome%2Fdpknvn09897v%2Fpublic_html%2Fgolz.in%2Fwp-includes HTTP/1.1" 403 3512 "-" "Mozilla/5.0 AppleWebKit/537.36 (KHTML, like Gecko; compatible; ClaudeBot/1.0; +claudebot@anthropic.com)" 520 **0/520533**
66.249.66.14 - - [16/Mar/2026:06:41:07 -0700] "GET /?detail/663932206 HTTP/1.1" 200 23201 "-" "Mozilla/5.0 (Linux; Android 6.0.1; Nexus 5X Build/MMB29P) AppleWebKit/537.36 (KHTML, like Gecko) Chrome/145.0.7632.116 Mobile Safari/537.36 (compatible; Googlebot/2.1; +http://www.google.com/bot.html)" 1967 **1/1967326**
114.119.158.216 - - [16/Mar/2026:06:41:27 -0700] "GET /detail/3147808558.shtm HTTP/1.1" 200 4098 "http://www.golz.in/sitemap.xml" "Mozilla/5.0 (Linux; Android 7.0;) AppleWebKit/537.36 (KHTML, like Gecko) Mobile Safari/537.36 (compatible; PetalBot;+https://webmaster.petalsearch.com/site/petalbot)" 496 **0/496918**
66.249.71.205 - - [16/Mar/2026:06:41:32 -0700] "GET /detail/2238950855.shtm HTTP/1.1" 200 22537 "-" "Mozilla/5.0 (Linux; Android 6.0.1; Nexus 5X Build/MMB29P) AppleWebKit/537.36 (KHTML, like Gecko) Chrome/145.0.7632.116 Mobile Safari/537.36 (compatible; GoogleOther)" 1821 **1/1821440**
66.249.71.173 - - [16/Mar/2026:06:41:36 -0700] "GET /?detail/362562115 HTTP/1.1" 200 22477 "-" "Mozilla/5.0 (Linux; Android 6.0.1; Nexus 5X Build/MMB29P) AppleWebKit/537.36 (KHTML, like Gecko) Chrome/145.0.7632.116 Mobile Safari/537.36 (compatible; Googlebot/2.1; +http://www.google.com/bot.html)" 1830 **1/1830983**
66.249.66.41 - - [16/Mar/2026:06:42:22 -0700] "GET /detail/3706202951.shtm HTTP/1.1" 200 21714 "-" "Mozilla/5.0 (Linux; Android 6.0.1; Nexus 5X Build/MMB29P) AppleWebKit/537.36 (KHTML, like Gecko) Chrome/145.0.7632.116 Mobile Safari/537.36 (compatible; GoogleOther)" 1808 **1/1808099**
114.119.143.213 - - [16/Mar/2026:06:42:24 -0700] "GET /detail/3128896063.shtm HTTP/1.1" 200 4098 "http://www.golz.in/sitemap.xml" "Mozilla/5.0 (Linux; Android 7.0;) AppleWebKit/537.36 (KHTML, like Gecko) Mobile Safari/537.36 (compatible; PetalBot;+https://webmaster.petalsearch.com/site/petalbot)" 491 **0/491743**
66.249.66.1 - - [16/Mar/2026:06:42:23 -0700] "GET /?detail/516776591 HTTP/1.1" 200 21866 "-" "Mozilla/5.0 (Linux; Android 6.0.1; Nexus 5X Build/MMB29P) AppleWebKit/537.36 (KHTML, like Gecko) Chrome/145.0.7632.116 Mobile Safari/537.36 (compatible; Googlebot/2.1; +http://www.google.com/bot.html)" 2118 **2/2118676**
43.130.16.212 - - [16/Mar/2026:06:42:45 -0700] "GET /license.txt HTTP/1.1" 200 7292 "-" "Mozilla/5.0 (iPhone; CPU iPhone OS 13_2_3 like Mac OS X) AppleWebKit/605.1.15 (KHTML, like Gecko) Version/13.0.3 Mobile/15E148 Safari/604.1" 9 **0/9824**
66.249.66.41 - - [16/Mar/2026:06:43:05 -0700] "GET /detail/3282925287.shtm HTTP/1.1" 200 22172 "-" "Mozilla/5.0 (Linux; Android 6.0.1; Nexus 5X Build/MMB29P) AppleWebKit/537.36 (KHTML, like Gecko) Chrome/145.0.7632.116 Mobile Safari/537.36 (compatible; GoogleOther)" 1799 **1/1799838**
114.119.158.216 - - [16/Mar/2026:06:43:42 -0700] "GET /detail/3120670978.shtm HTTP/1.1" 200 4098 "http://www.golz.in/sitemap.xml" "Mozilla/5.0 (Linux; Android 7.0;) AppleWebKit/537.36 (KHTML, like Gecko) Mobile Safari/537.36 (compatible; PetalBot;+https://webmaster.petalsearch.com/site/petalbot)" 506 **0/506794**
66.249.71.205 - - [16/Mar/2026:06:43:48 -0700] "GET /?detail/583346588 HTTP/1.1" 200 22177 "-" "Mozilla/5.0 (Linux; Android 6.0.1; Nexus 5X Build/MMB29P) AppleWebKit/537.36 (KHTML, like Gecko) Chrome/145.0.7632.116 Mobile Safari/537.36 (compatible; Googlebot/2.1; +http://www.google.com/bot.html)" 1802 **1/1802338**
66.249.66.15 - - [16/Mar/2026:06:44:24 -0700] "GET /?detail/249313010 HTTP/1.1" 200 22137 "-" "Mozilla/5.0 (Linux; Android 6.0.1; Nexus 5X Build/MMB29P) AppleWebKit/537.36 (KHTML, like Gecko) Chrome/145.0.7632.116 Mobile Safari/537.36 (compatible; Googlebot/2.1; +http://www.google.com/bot.html)" 1861 **1/1861664**
66.249.66.78 - - [16/Mar/2026:06:44:27 -0700] "GET /?detail/52908607 HTTP/1.1" 200 21428 "-" "Mozilla/5.0 (Linux; Android 6.0.1; Nexus 5X Build/MMB29P) AppleWebKit/537.36 (KHTML, like Gecko) Chrome/145.0.7632.116 Mobile Safari/537.36 (compatible; Googlebot/2.1; +http://www.google.com/bot.html)" 1942 **1/1942265**
66.249.66.14 - - [16/Mar/2026:06:44:40 -0700] "GET /detail/946677808.shtm HTTP/1.1" 200 22434 "-" "Mozilla/5.0 (Linux; Android 6.0.1; Nexus 5X Build/MMB29P) AppleWebKit/537.36 (KHTML, like Gecko) Chrome/145.0.7632.116 Mobile Safari/537.36 (compatible; GoogleOther)" 1989 **1/1989108**
66.249.66.77 - - [16/Mar/2026:06:45:01 -0700] "GET /?detail/235747280 HTTP/1.1" 200 22244 "-" "Mozilla/5.0 (Linux; Android 6.0.1; Nexus 5X Build/MMB29P) AppleWebKit/537.36 (KHTML, like Gecko) Chrome/145.0.7632.116 Mobile Safari/537.36 (compatible; Googlebot/2.1; +http://www.google.com/bot.html)" 1858 **1/1858617**
114.119.148.242 - - [16/Mar/2026:06:45:03 -0700] "GET /detail/3077108789.shtm HTTP/1.1" 200 4098 "http://www.golz.in/sitemap.xml" "Mozilla/5.0 (Linux; Android 7.0;) AppleWebKit/537.36 (KHTML, like Gecko) Mobile Safari/537.36 (compatible; PetalBot;+https://webmaster.petalsearch.com/site/petalbot)" 755 **0/755180**
66.249.71.173 - - [16/Mar/2026:06:45:25 -0700] "GET /detail/3421613874.shtm HTTP/1.1" 200 22248 "-" "Mozilla/5.0 (Linux; Android 6.0.1; Nexus 5X Build/MMB29P) AppleWebKit/537.36 (KHTML, like Gecko) Chrome/145.0.7632.116 Mobile Safari/537.36 (compatible; GoogleOther)" 1815 **1/1815672**
66.249.71.174 - - [16/Mar/2026:06:46:04 -0700] "GET /?detail/222446796 HTTP/1.1" 200 23139 "-" "Mozilla/5.0 (Linux; Android 6.0.1; Nexus 5X Build/MMB29P) AppleWebKit/537.36 (KHTML, like Gecko) Chrome/145.0.7632.116 Mobile Safari/537.36 (compatible; Googlebot/2.1; +http://www.google.com/bot.html)" 1818 **1/1818256**
66.249.66.77 - - [16/Mar/2026:06:46:12 -0700] "GET /detail/369892425.shtm HTTP/1.1" 200 22261 "-" "Mozilla/5.0 (Linux; Android 6.0.1; Nexus 5X Build/MMB29P) AppleWebKit/537.36 (KHTML, like Gecko) Chrome/145.0.7632.116 Mobile Safari/537.36 (compatible; GoogleOther)" 1811 **1/1811403**
66.249.71.205 - - [16/Mar/2026:06:46:34 -0700] "GET /?detail/923214563 HTTP/1.1" 200 23247 "-" "Mozilla/5.0 (Linux; Android 6.0.1; Nexus 5X Build/MMB29P) AppleWebKit/537.36 (KHTML, like Gecko) Chrome/145.0.7632.116 Mobile Safari/537.36 (compatible; Googlebot/2.1; +http://www.google.com/bot.html)" 1839 **1/1839676**
216.73.216.210 - - [16/Mar/2026:06:46:56 -0700] "GET /detail/2114726729.shtm?fileloc=%2Fhome%2Fdpknvn09897v%2Fpublic_html%2Fgolz.in%2Fwp-comments-post.php&path=%2Fhome%2Fdpknvn09897v%2Fpublic_html%2Fgolz.in HTTP/1.1" 200 3295 "-" "Mozilla/5.0 AppleWebKit/537.36 (KHTML, like Gecko; compatible; ClaudeBot/1.0; +claudebot@anthropic.com)" 510 **0/510802**
216.73.216.210 - - [16/Mar/2026:06:46:58 -0700] "GET /detail/3019776469.shtm?fileloc=%2Fhome%2Fdpknvn09897v%2Fpublic_html%2Fgolz.in%2Fwp-load.php&path=%2Fhome%2Fdpknvn09897v%2Fpublic_html%2Fgolz.in HTTP/1.1" 200 4010 "-" "Mozilla/5.0 AppleWebKit/537.36 (KHTML, like Gecko; compatible; ClaudeBot/1.0; +claudebot@anthropic.com)" 535 **0/535955**
66.249.66.77 - - [16/Mar/2026:06:46:58 -0700] "GET /detail/2098462906.shtm HTTP/1.1" 200 22341 "-" "Mozilla/5.0 (Linux; Android 6.0.1; Nexus 5X Build/MMB29P) AppleWebKit/537.36 (KHTML, like Gecko) Chrome/145.0.7632.116 Mobile Safari/537.36 (compatible; GoogleOther)" 1813 **1/1813929**
216.73.216.210 - - [16/Mar/2026:06:47:01 -0700] "GET /detail/549414181.shtm?fileloc=%2Fhome%2Fdpknvn09897v%2Fpublic_html%2Fgolz.in%2Fwp-comments-post.php&path=%2Fhome%2Fdpknvn09897v%2Fpublic_html%2Fgolz.in HTTP/1.1" 200 3295 "-" "Mozilla/5.0 AppleWebKit/537.36 (KHTML, like Gecko; compatible; ClaudeBot/1.0; +claudebot@anthropic.com)" 534 **0/534754**
216.73.216.210 - - [16/Mar/2026:06:47:04 -0700] "GET /detail/3348661671.shtm?fileloc=%2Fhome%2Fdpknvn09897v%2Fpublic_html%2Fgolz.in%2Fwp-settings.php&path=%2Fhome%2Fdpknvn09897v%2Fpublic_html%2Fgolz.in HTTP/1.1" 200 8353 "-" "Mozilla/5.0 AppleWebKit/537.36 (KHTML, like Gecko; compatible; ClaudeBot/1.0; +claudebot@anthropic.com)" 509 **0/509516**
66.249.66.163 - - [16/Mar/2026:06:47:04 -0700] "GET /?detail/222678379 HTTP/1.1" 200 21508 "-" "Mozilla/5.0 (Linux; Android 6.0.1; Nexus 5X Build/MMB29P) AppleWebKit/537.36 (KHTML, like Gecko) Chrome/145.0.7632.116 Mobile Safari/537.36 (compatible; Googlebot/2.1; +http://www.google.com/bot.html)" 1788 **1/1788779**
216.73.216.210 - - [16/Mar/2026:06:47:07 -0700] "GET /detail/2160245634.shtm?path=%2Fhome%2Fdpknvn09897v%2Fpublic_html%2Fgolz.in%2F.private HTTP/1.1" 200 2644 "-" "Mozilla/5.0 AppleWebKit/537.36 (KHTML, like Gecko; compatible; ClaudeBot/1.0; +claudebot@anthropic.com)" 520 **0/520641**
216.73.216.210 - - [16/Mar/2026:06:47:10 -0700] "GET /detail/2702159788.shtm?path=%2Fhome%2Fdpknvn09897v%2Fpublic_html%2Fgolz.in%2F.private HTTP/1.1" 200 2644 "-" "Mozilla/5.0 AppleWebKit/537.36 (KHTML, like Gecko; compatible; ClaudeBot/1.0; +claudebot@anthropic.com)" 500 **0/500658**
216.73.216.210 - - [16/Mar/2026:06:47:13 -0700] "GET /detail/1364962047.shtm?fileloc=%2Fhome%2Fdpknvn09897v%2Fpublic_html%2Fgolz.in%2Fwp-settings.php&path=%2Fhome%2Fdpknvn09897v%2Fpublic_html%2Fgolz.in HTTP/1.1" 200 8353 "-" "Mozilla/5.0 AppleWebKit/537.36 (KHTML, like Gecko; compatible; ClaudeBot/1.0; +claudebot@anthropic.com)" 507 **0/507276**
216.73.216.210 - - [16/Mar/2026:06:47:16 -0700] "GET /detail/2065136442.shtm?fileloc=%2Fhome%2Fdpknvn09897v%2Fpublic_html%2Fgolz.in%2Fwp-load.php&path=%2Fhome%2Fdpknvn09897v%2Fpublic_html%2Fgolz.in HTTP/1.1" 200 4010 "-" "Mozilla/5.0 AppleWebKit/537.36 (KHTML, like Gecko; compatible; ClaudeBot/1.0; +claudebot@anthropic.com)" 501 **0/501760**
216.73.216.210 - - [16/Mar/2026:06:47:19 -0700] "GET /detail/3394648042.shtm?fileloc=%2Fhome%2Fdpknvn09897v%2Fpublic_html%2Fgolz.in%2Fwp-settings.php&path=%2Fhome%2Fdpknvn09897v%2Fpublic_html%2Fgolz.in HTTP/1.1" 200 8353 "-" "Mozilla/5.0 AppleWebKit/537.36 (KHTML, like Gecko; compatible; ClaudeBot/1.0; +claudebot@anthropic.com)" 516 **0/516497**
216.73.216.210 - - [16/Mar/2026:06:47:22 -0700] "GET /detail/2284335478.shtm?fileloc=%2Fhome%2Fdpknvn09897v%2Fpublic_html%2Fgolz.in%2Fwp-comments-post.php&path=%2Fhome%2Fdpknvn09897v%2Fpublic_html%2Fgolz.in HTTP/1.1" 200 3295 "-" "Mozilla/5.0 AppleWebKit/537.36 (KHTML, like Gecko; compatible; ClaudeBot/1.0; +claudebot@anthropic.com)" 512 **0/512096**
216.73.216.210 - - [16/Mar/2026:06:47:26 -0700] "GET /detail/153879087.shtm?fileloc=%2Fhome%2Fdpknvn09897v%2Fpublic_html%2Fgolz.in%2Fwp-load.php&path=%2Fhome%2Fdpknvn09897v%2Fpublic_html%2Fgolz.in HTTP/1.1" 200 4010 "-" "Mozilla/5.0 AppleWebKit/537.36 (KHTML, like Gecko; compatible; ClaudeBot/1.0; +claudebot@anthropic.com)" 501 **0/501425**
216.73.216.210 - - [16/Mar/2026:06:47:29 -0700] "GET /detail/3019776469.shtm?fileloc=%2Fhome%2Fdpknvn09897v%2Fpublic_html%2Fgolz.in%2Fwp-settings.php&path=%2Fhome%2Fdpknvn09897v%2Fpublic_html%2Fgolz.in HTTP/1.1" 200 8353 "-" "Mozilla/5.0 AppleWebKit/537.36 (KHTML, like Gecko; compatible; ClaudeBot/1.0; +claudebot@anthropic.com)" 509 **0/509048**
216.73.216.210 - - [16/Mar/2026:06:47:32 -0700] "GET /detail/1999025477.shtm?fileloc=%2Fhome%2Fdpknvn09897v%2Fpublic_html%2Fgolz.in%2Fwp-comments-post.php&path=%2Fhome%2Fdpknvn09897v%2Fpublic_html%2Fgolz.in HTTP/1.1" 200 3295 "-" "Mozilla/5.0 AppleWebKit/537.36 (KHTML, like Gecko; compatible; ClaudeBot/1.0; +claudebot@anthropic.com)" 511 **0/511784**
216.73.216.210 - - [16/Mar/2026:06:47:35 -0700] "GET /detail/2430878061.shtm?fileloc=%2Fhome%2Fdpknvn09897v%2Fpublic_html%2Fgolz.in%2Fwp-load.php&path=%2Fhome%2Fdpknvn09897v%2Fpublic_html%2Fgolz.in HTTP/1.1" 200 4010 "-" "Mozilla/5.0 AppleWebKit/537.36 (KHTML, like Gecko; compatible; ClaudeBot/1.0; +claudebot@anthropic.com)" 505 **0/505560**
66.249.71.205 - - [16/Mar/2026:06:47:33 -0700] "GET /?detail/115072001 HTTP/1.1" 200 23244 "-" "Mozilla/5.0 (Linux; Android 6.0.1; Nexus 5X Build/MMB29P) AppleWebKit/537.36 (KHTML, like Gecko) Chrome/145.0.7632.116 Mobile Safari/537.36 (compatible; Googlebot/2.1; +http://www.google.com/bot.html)" 1853 **1/1853347**
216.73.216.210 - - [16/Mar/2026:06:47:38 -0700] "GET /detail/1638995002.shtm?fileloc=%2Fhome%2Fdpknvn09897v%2Fpublic_html%2Fgolz.in%2Fwp-load.php&path=%2Fhome%2Fdpknvn09897v%2Fpublic_html%2Fgolz.in HTTP/1.1" 200 4010 "-" "Mozilla/5.0 AppleWebKit/537.36 (KHTML, like Gecko; compatible; ClaudeBot/1.0; +claudebot@anthropic.com)" 503 **0/503484**
216.73.216.210 - - [16/Mar/2026:06:47:41 -0700] "GET /detail/2065136442.shtm?fileloc=%2Fhome%2Fdpknvn09897v%2Fpublic_html%2Fgolz.in%2Fwp-settings.php&path=%2Fhome%2Fdpknvn09897v%2Fpublic_html%2Fgolz.in HTTP/1.1" 200 8353 "-" "Mozilla/5.0 AppleWebKit/537.36 (KHTML, like Gecko; compatible; ClaudeBot/1.0; +claudebot@anthropic.com)" 498 **0/498685**
216.73.216.210 - - [16/Mar/2026:06:47:44 -0700] "GET /detail/275544749.shtm?fileloc=%2Fhome%2Fdpknvn09897v%2Fpublic_html%2Fgolz.in%2Fwp-comments-post.php&path=%2Fhome%2Fdpknvn09897v%2Fpublic_html%2Fgolz.in HTTP/1.1" 200 3295 "-" "Mozilla/5.0 AppleWebKit/537.36 (KHTML, like Gecko; compatible; ClaudeBot/1.0; +claudebot@anthropic.com)" 519 **0/519390**
216.73.216.210 - - [16/Mar/2026:06:47:47 -0700] "GET /detail/4185250797.shtm?fileloc=%2F%2Flib64%2Flibboost_coroutine.so.1.66.0&path=%2F%2Flib64 HTTP/1.1" 200 21715 "-" "Mozilla/5.0 AppleWebKit/537.36 (KHTML, like Gecko; compatible; ClaudeBot/1.0; +claudebot@anthropic.com)" 509 **0/509735**
216.73.216.210 - - [16/Mar/2026:06:47:50 -0700] "GET /detail/3449432067.shtm?fileloc=%2Fhome%2Fdpknvn09897v%2Fpublic_html%2Fgolz.in%2Fwp-load.php&path=%2Fhome%2Fdpknvn09897v%2Fpublic_html%2Fgolz.in HTTP/1.1" 200 4010 "-" "Mozilla/5.0 AppleWebKit/537.36 (KHTML, like Gecko; compatible; ClaudeBot/1.0; +claudebot@anthropic.com)" 490 **0/490011**
216.73.216.210 - - [16/Mar/2026:06:47:53 -0700] "GET /detail/153879087.shtm?fileloc=%2Fhome%2Fdpknvn09897v%2Fpublic_html%2Fgolz.in%2Fwp-settings.php&path=%2Fhome%2Fdpknvn09897v%2Fpublic_html%2Fgolz.in HTTP/1.1" 200 8353 "-" "Mozilla/5.0 AppleWebKit/537.36 (KHTML, like Gecko; compatible; ClaudeBot/1.0; +claudebot@anthropic.com)" 497 **0/497601**
216.73.216.210 - - [16/Mar/2026:06:47:56 -0700] "GET /detail/2470685822.shtm?path=%2Fhome%2Fdpknvn09897v%2Fpublic_html%2Fgolz.in%2Fwp-content%2Fbackup-migration-xYS5V4IWAf HTTP/1.1" 200 2892 "-" "Mozilla/5.0 AppleWebKit/537.36 (KHTML, like Gecko; compatible; ClaudeBot/1.0; +claudebot@anthropic.com)" 519 **0/519267**
216.73.216.210 - - [16/Mar/2026:06:47:59 -0700] "GET /detail/2708124182.shtm?fileloc=%2Fhome%2Fdpknvn09897v%2Fpublic_html%2Fgolz.in%2Fwp-comments-post.php&path=%2Fhome%2Fdpknvn09897v%2Fpublic_html%2Fgolz.in HTTP/1.1" 200 3295 "-" "Mozilla/5.0 AppleWebKit/537.36 (KHTML, like Gecko; compatible; ClaudeBot/1.0; +claudebot@anthropic.com)" 552 **0/552426**
216.73.216.210 - - [16/Mar/2026:06:48:02 -0700] "GET /detail/2865008833.shtm?fileloc=%2Fhome%2Fdpknvn09897v%2Fpublic_html%2Fgolz.in%2Fwp-load.php&path=%2Fhome%2Fdpknvn09897v%2Fpublic_html%2Fgolz.in HTTP/1.1" 200 4010 "-" "Mozilla/5.0 AppleWebKit/537.36 (KHTML, like Gecko; compatible; ClaudeBot/1.0; +claudebot@anthropic.com)" 581 **0/581606**
216.73.216.210 - - [16/Mar/2026:06:48:05 -0700] "GET /detail/2436678932.shtm?fileloc=%2Fhome%2Fdpknvn09897v%2Fpublic_html%2Fgolz.in%2Fwp-load.php&path=%2Fhome%2Fdpknvn09897v%2Fpublic_html%2Fgolz.in HTTP/1.1" 200 4010 "-" "Mozilla/5.0 AppleWebKit/537.36 (KHTML, like Gecko; compatible; ClaudeBot/1.0; +claudebot@anthropic.com)" 499 **0/499865**
66.249.66.14 - - [16/Mar/2026:06:48:04 -0700] "GET /?detail/225627588 HTTP/1.1" 200 24213 "-" "Mozilla/5.0 (Linux; Android 6.0.1; Nexus 5X Build/MMB29P) AppleWebKit/537.36 (KHTML, like Gecko) Chrome/145.0.7632.116 Mobile Safari/537.36 (compatible; Googlebot/2.1; +http://www.google.com/bot.html)" 1841 **1/1841187**
216.73.216.210 - - [16/Mar/2026:06:48:08 -0700] "GET /detail/2430878061.shtm?fileloc=%2Fhome%2Fdpknvn09897v%2Fpublic_html%2Fgolz.in%2Fwp-settings.php&path=%2Fhome%2Fdpknvn09897v%2Fpublic_html%2Fgolz.in HTTP/1.1" 200 8353 "-" "Mozilla/5.0 AppleWebKit/537.36 (KHTML, like Gecko; compatible; ClaudeBot/1.0; +claudebot@anthropic.com)" 569 **0/569350**
216.73.216.210 - - [16/Mar/2026:06:48:11 -0700] "GET /detail/2289087805.shtm?fileloc=%2Fhome%2Fdpknvn09897v%2Fpublic_html%2Fgolz.in%2Fwp-load.php&path=%2Fhome%2Fdpknvn09897v%2Fpublic_html%2Fgolz.in HTTP/1.1" 200 4010 "-" "Mozilla/5.0 AppleWebKit/537.36 (KHTML, like Gecko; compatible; ClaudeBot/1.0; +claudebot@anthropic.com)" 494 **0/494810**
216.73.216.210 - - [16/Mar/2026:06:48:14 -0700] "GET /detail/2470685822.shtm?path=%2Fhome%2Fdpknvn09897v%2Fpublic_html%2Fgolz.in%2F.private HTTP/1.1" 200 2644 "-" "Mozilla/5.0 AppleWebKit/537.36 (KHTML, like Gecko; compatible; ClaudeBot/1.0; +claudebot@anthropic.com)" 490 **0/490965**
216.73.216.210 - - [16/Mar/2026:06:48:17 -0700] "GET /detail/567114593.shtm?fileloc=%2Fhome%2Fdpknvn09897v%2Fpublic_html%2Fgolz.in%2Fwp-load.php&path=%2Fhome%2Fdpknvn09897v%2Fpublic_html%2Fgolz.in HTTP/1.1" 403 3512 "-" "Mozilla/5.0 AppleWebKit/537.36 (KHTML, like Gecko; compatible; ClaudeBot/1.0; +claudebot@anthropic.com)" 526 **0/526254**
66.249.66.14 - - [16/Mar/2026:06:48:40 -0700] "GET /detail/1518719006.shtm HTTP/1.1" 200 21016 "-" "Mozilla/5.0 (Linux; Android 6.0.1; Nexus 5X Build/MMB29P) AppleWebKit/537.36 (KHTML, like Gecko) Chrome/145.0.7632.116 Mobile Safari/537.36 (compatible; GoogleOther)" 1890 **1/1890289**
66.249.71.205 - - [16/Mar/2026:06:48:39 -0700] "GET /?detail/37260586 HTTP/1.1" 200 23419 "-" "Mozilla/5.0 (Linux; Android 6.0.1; Nexus 5X Build/MMB29P) AppleWebKit/537.36 (KHTML, like Gecko) Chrome/145.0.7632.116 Mobile Safari/537.36 (compatible; Googlebot/2.1; +http://www.google.com/bot.html)" 7827 **7/7827915**
216.73.216.210 - - [16/Mar/2026:06:49:05 -0700] "GET /detail/4185250797.shtm?fileloc=%2F%2Flib64%2Flibhdf5_cpp.so.103&path=%2F%2Flib64 HTTP/1.1" 200 126454 "-" "Mozilla/5.0 AppleWebKit/537.36 (KHTML, like Gecko; compatible; ClaudeBot/1.0; +claudebot@anthropic.com)" 779 **0/779832**
216.73.216.210 - - [16/Mar/2026:06:49:07 -0700] "GET /detail/4185250797.shtm?path=%2F%2Flib64%2Ffipscheck HTTP/1.1" 200 2645 "-" "Mozilla/5.0 AppleWebKit/537.36 (KHTML, like Gecko; compatible; ClaudeBot/1.0; +claudebot@anthropic.com)" 515 **0/515961**
216.73.216.210 - - [16/Mar/2026:06:49:10 -0700] "GET /detail/2831001943.shtm?fileloc=%2Fhome%2Fdpknvn09897v%2Fpublic_html%2Fgolz.in%2Fwp-includes%2Fclass-http.php&path=%2Fhome%2Fdpknvn09897v%2Fpublic_html%2Fgolz.in%2Fwp-includes HTTP/1.1" 200 2489 "-" "Mozilla/5.0 AppleWebKit/537.36 (KHTML, like Gecko; compatible; ClaudeBot/1.0; +claudebot@anthropic.com)" 502 **0/502805**
216.73.216.210 - - [16/Mar/2026:06:49:13 -0700] "GET /detail/2065136442.shtm?fileloc=%2Fhome%2Fdpknvn09897v%2Fpublic_html%2Fgolz.in%2Fwp-includes%2Fblocks%2Fpage-list.php&path=%2Fhome%2Fdpknvn09897v%2Fpublic_html%2Fgolz.in%2Fwp-includes%2Fblocks HTTP/1.1" 200 5567 "-" "Mozilla/5.0 AppleWebKit/537.36 (KHTML, like Gecko; compatible; ClaudeBot/1.0; +claudebot@anthropic.com)" 496 **0/496198**
216.73.216.210 - - [16/Mar/2026:06:49:16 -0700] "GET /detail/2831001943.shtm?fileloc=%2Fhome%2Fdpknvn09897v%2Fpublic_html%2Fgolz.in%2Fwp-includes%2Fms-files.php&path=%2Fhome%2Fdpknvn09897v%2Fpublic_html%2Fgolz.in%2Fwp-includes HTTP/1.1" 200 3447 "-" "Mozilla/5.0 AppleWebKit/537.36 (KHTML, like Gecko; compatible; ClaudeBot/1.0; +claudebot@anthropic.com)" 494 **0/494353**
66.249.71.205 - - [16/Mar/2026:06:49:17 -0700] "GET /?detail/824016167 HTTP/1.1" 200 21952 "-" "Mozilla/5.0 (Linux; Android 6.0.1; Nexus 5X Build/MMB29P) AppleWebKit/537.36 (KHTML, like Gecko) Chrome/145.0.7632.116 Mobile Safari/537.36 (compatible; Googlebot/2.1; +http://www.google.com/bot.html)" 1892 **1/1892996**
216.73.216.210 - - [16/Mar/2026:06:49:19 -0700] "GET /detail/417335005.shtm?fileloc=%2Fhome%2Fdpknvn09897v%2Fpublic_html%2Fgolz.in%2Fwp-includes%2Flink-template.php&path=%2Fhome%2Fdpknvn09897v%2Fpublic_html%2Fgolz.in%2Fwp-includes HTTP/1.1" 200 29637 "-" "Mozilla/5.0 AppleWebKit/537.36 (KHTML, like Gecko; compatible; ClaudeBot/1.0; +claudebot@anthropic.com)" 514 **0/514550**
216.73.216.210 - - [16/Mar/2026:06:49:22 -0700] "GET /detail/2523912390.shtm?path=%2Fhome HTTP/1.1" 200 2530 "-" "Mozilla/5.0 AppleWebKit/537.36 (KHTML, like Gecko; compatible; ClaudeBot/1.0; +claudebot@anthropic.com)" 519 **0/519471**
216.73.216.210 - - [16/Mar/2026:06:49:25 -0700] "GET /detail/2065136442.shtm?fileloc=%2Fhome%2Fdpknvn09897v%2Fpublic_html%2Fgolz.in%2Fwp-includes%2Fblocks%2Fhome-link.php&path=%2Fhome%2Fdpknvn09897v%2Fpublic_html%2Fgolz.in%2Fwp-includes%2Fblocks HTTP/1.1" 200 3708 "-" "Mozilla/5.0 AppleWebKit/537.36 (KHTML, like Gecko; compatible; ClaudeBot/1.0; +claudebot@anthropic.com)" 488 **0/488143**
216.73.216.210 - - [16/Mar/2026:06:49:28 -0700] "GET /detail/2831001943.shtm?fileloc=%2Fhome%2Fdpknvn09897v%2Fpublic_html%2Fgolz.in%2Fwp-includes%2Fclass-wp-http-ixr-client.php&path=%2Fhome%2Fdpknvn09897v%2Fpublic_html%2Fgolz.in%2Fwp-includes HTTP/1.1" 200 3618 "-" "Mozilla/5.0 AppleWebKit/537.36 (KHTML, like Gecko; compatible; ClaudeBot/1.0; +claudebot@anthropic.com)" 542 **0/542448**
216.73.216.210 - - [16/Mar/2026:06:49:31 -0700] "GET /detail/2831001943.shtm?fileloc=%2Fhome%2Fdpknvn09897v%2Fpublic_html%2Fgolz.in%2Fwp-includes%2Flink-template.php&path=%2Fhome%2Fdpknvn09897v%2Fpublic_html%2Fgolz.in%2Fwp-includes HTTP/1.1" 200 29637 "-" "Mozilla/5.0 AppleWebKit/537.36 (KHTML, like Gecko; compatible; ClaudeBot/1.0; +claudebot@anthropic.com)" 513 **0/513422**
216.73.216.210 - - [16/Mar/2026:06:49:34 -0700] "GET /detail/4185250797.shtm?path=%2F%2Flib64%2Fmysql HTTP/1.1" 200 2794 "-" "Mozilla/5.0 AppleWebKit/537.36 (KHTML, like Gecko; compatible; ClaudeBot/1.0; +claudebot@anthropic.com)" 493 **0/493654**
216.73.216.210 - - [16/Mar/2026:06:49:37 -0700] "GET /detail/417335005.shtm?fileloc=%2Fhome%2Fdpknvn09897v%2Fpublic_html%2Fgolz.in%2Fwp-includes%2Fclass-wp-block-supports.php&path=%2Fhome%2Fdpknvn09897v%2Fpublic_html%2Fgolz.in%2Fwp-includes HTTP/1.1" 200 3801 "-" "Mozilla/5.0 AppleWebKit/537.36 (KHTML, like Gecko; compatible; ClaudeBot/1.0; +claudebot@anthropic.com)" 516 **0/516425**
216.73.216.210 - - [16/Mar/2026:06:49:40 -0700] "GET /detail/118234784.shtm?path=%2Fhome%2Fdpknvn09897v%2Fpublic_html HTTP/1.1" 200 3557 "-" "Mozilla/5.0 AppleWebKit/537.36 (KHTML, like Gecko; compatible; ClaudeBot/1.0; +claudebot@anthropic.com)" 501 **0/501695**
216.73.216.210 - - [16/Mar/2026:06:49:43 -0700] "GET /detail/417335005.shtm?fileloc=%2Fhome%2Fdpknvn09897v%2Fpublic_html%2Fgolz.in%2Fwp-includes%2Fpost-formats.php&path=%2Fhome%2Fdpknvn09897v%2Fpublic_html%2Fgolz.in%2Fwp-includes HTTP/1.1" 200 4143 "-" "Mozilla/5.0 AppleWebKit/537.36 (KHTML, like Gecko; compatible; ClaudeBot/1.0; +claudebot@anthropic.com)" 528 **0/528939**
216.73.216.210 - - [16/Mar/2026:06:49:46 -0700] "GET /detail/417335005.shtm?fileloc=%2Fhome%2Fdpknvn09897v%2Fpublic_html%2Fgolz.in%2Fwp-includes%2Fblock-template.php&path=%2Fhome%2Fdpknvn09897v%2Fpublic_html%2Fgolz.in%2Fwp-includes HTTP/1.1" 200 7048 "-" "Mozilla/5.0 AppleWebKit/537.36 (KHTML, like Gecko; compatible; ClaudeBot/1.0; +claudebot@anthropic.com)" 507 **0/507367**
216.73.216.210 - - [16/Mar/2026:06:49:49 -0700] "GET /detail/1975706029.shtm?path=%2Fhome%2Fdpknvn09897v%2Fpublic_html HTTP/1.1" 200 3557 "-" "Mozilla/5.0 AppleWebKit/537.36 (KHTML, like Gecko; compatible; ClaudeBot/1.0; +claudebot@anthropic.com)" 506 **0/506884**
216.73.216.210 - - [16/Mar/2026:06:49:52 -0700] "GET /detail/3120546881.shtm?path=%2Fhome%2Fdpknvn09897v%2Fssl%2Fcsrs HTTP/1.1" 200 2315 "-" "Mozilla/5.0 AppleWebKit/537.36 (KHTML, like Gecko; compatible; ClaudeBot/1.0; +claudebot@anthropic.com)" 507 **0/507311**
66.249.66.39 - - [16/Mar/2026:06:49:52 -0700] "GET /?detail/579814607 HTTP/1.1" 200 22342 "-" "Mozilla/5.0 (Linux; Android 6.0.1; Nexus 5X Build/MMB29P) AppleWebKit/537.36 (KHTML, like Gecko) Chrome/145.0.7632.116 Mobile Safari/537.36 (compatible; Googlebot/2.1; +http://www.google.com/bot.html)" 1892 **1/1892861**
216.73.216.210 - - [16/Mar/2026:06:49:55 -0700] "GET /detail/1871395421.shtm?path=%2Fhome%2Fdpknvn09897v%2Fpublic_html HTTP/1.1" 200 3557 "-" "Mozilla/5.0 AppleWebKit/537.36 (KHTML, like Gecko; compatible; ClaudeBot/1.0; +claudebot@anthropic.com)" 504 **0/504959**
216.73.216.210 - - [16/Mar/2026:06:49:58 -0700] "GET /detail/3062353770.shtm?path=%2Fhome%2Fdpknvn09897v%2Fpublic_html HTTP/1.1" 200 3557 "-" "Mozilla/5.0 AppleWebKit/537.36 (KHTML, like Gecko; compatible; ClaudeBot/1.0; +claudebot@anthropic.com)" 492 **0/492310**
216.73.216.210 - - [16/Mar/2026:06:50:01 -0700] "GET /detail/3430519572.shtm?path=%2Fhome%2Fdpknvn09897v%2Fpublic_html HTTP/1.1" 200 3557 "-" "Mozilla/5.0 AppleWebKit/537.36 (KHTML, like Gecko; compatible; ClaudeBot/1.0; +claudebot@anthropic.com)" 803 **0/803477**
66.249.66.64 - - [16/Mar/2026:06:50:05 -0700] "GET /detail/2235804041.shtm HTTP/1.1" 200 22186 "-" "Mozilla/5.0 (Linux; Android 6.0.1; Nexus 5X Build/MMB29P) AppleWebKit/537.36 (KHTML, like Gecko) Chrome/145.0.7632.116 Mobile Safari/537.36 (compatible; GoogleOther)" 1853 **1/1853308**
216.73.216.210 - - [16/Mar/2026:06:50:09 -0700] "GET /detail/2436678932.shtm?fileloc=%2Fhome%2Fdpknvn09897v%2Fpublic_html%2Fgolz.in%2Fcgi-bin%2F.htaccess&path=%2Fhome%2Fdpknvn09897v%2Fpublic_html%2Fgolz.in%2Fcgi-bin HTTP/1.1" 200 2380 "-" "Mozilla/5.0 AppleWebKit/537.36 (KHTML, like Gecko; compatible; ClaudeBot/1.0; +claudebot@anthropic.com)" 502 **0/502764**
216.73.216.210 - - [16/Mar/2026:06:50:12 -0700] "GET /detail/2702159788.shtm?path=%2Fhome%2Fdpknvn09897v%2Fpublic_html%2Fgolz.in%2Fcgi-bin HTTP/1.1" 200 2658 "-" "Mozilla/5.0 AppleWebKit/537.36 (KHTML, like Gecko; compatible; ClaudeBot/1.0; +claudebot@anthropic.com)" 501 **0/501372**
216.73.216.210 - - [16/Mar/2026:06:50:15 -0700] "GET /detail/2065136442.shtm?path=%2Fhome%2Fdpknvn09897v%2Fpublic_html%2Fgolz.in%2Fwp-includes%2Fblocks%2Fdetails HTTP/1.1" 200 2857 "-" "Mozilla/5.0 AppleWebKit/537.36 (KHTML, like Gecko; compatible; ClaudeBot/1.0; +claudebot@anthropic.com)" 498 **0/498004**
216.73.216.210 - - [16/Mar/2026:06:50:18 -0700] "GET /detail/417335005.shtm?fileloc=%2Fhome%2Fdpknvn09897v%2Fpublic_html%2Fgolz.in%2Fwp-includes%2Fvars.php&path=%2Fhome%2Fdpknvn09897v%2Fpublic_html%2Fgolz.in%2Fwp-includes HTTP/1.1" 200 4196 "-" "Mozilla/5.0 AppleWebKit/537.36 (KHTML, like Gecko; compatible; ClaudeBot/1.0; +claudebot@anthropic.com)" 497 **0/497409**
216.73.216.210 - - [16/Mar/2026:06:50:21 -0700] "GET /detail/2065136442.shtm?path=%2Fhome%2Fdpknvn09897v%2Fpublic_html%2Fgolz.in%2Fwp-includes%2Fblocks%2Fquote HTTP/1.1" 200 2860 "-" "Mozilla/5.0 AppleWebKit/537.36 (KHTML, like Gecko; compatible; ClaudeBot/1.0; +claudebot@anthropic.com)" 515 **0/515345**
45.140.249.23 - - [16/Mar/2026:06:50:23 -0700] "POST /xmlrpc.php HTTP/1.1" 200 4098 "-" "-" 713 **0/713578**
216.73.216.210 - - [16/Mar/2026:06:50:24 -0700] "GET /detail/2065136442.shtm?path=%2Fhome%2Fdpknvn09897v%2Fpublic_html%2Fgolz.in%2Fwp-includes%2Fblocks%2Flist-item HTTP/1.1" 200 2669 "-" "Mozilla/5.0 AppleWebKit/537.36 (KHTML, like Gecko; compatible; ClaudeBot/1.0; +claudebot@anthropic.com)" 509 **0/509179**
216.73.216.210 - - [16/Mar/2026:06:50:27 -0700] "GET /detail/417335005.shtm?fileloc=%2Fhome%2Fdpknvn09897v%2Fpublic_html%2Fgolz.in%2Fwp-includes%2Fbookmark.php&path=%2Fhome%2Fdpknvn09897v%2Fpublic_html%2Fgolz.in%2Fwp-includes HTTP/1.1" 200 6518 "-" "Mozilla/5.0 AppleWebKit/537.36 (KHTML, like Gecko; compatible; ClaudeBot/1.0; +claudebot@anthropic.com)" 500 **0/500545**
66.249.66.14 - - [16/Mar/2026:06:50:28 -0700] "GET /?detail/418452581 HTTP/1.1" 200 21611 "-" "Mozilla/5.0 (Linux; Android 6.0.1; Nexus 5X Build/MMB29P) AppleWebKit/537.36 (KHTML, like Gecko) Chrome/145.0.7632.116 Mobile Safari/537.36 (compatible; Googlebot/2.1; +http://www.google.com/bot.html)" 1908 **1/1908391**
216.73.216.210 - - [16/Mar/2026:06:50:30 -0700] "GET /detail/417335005.shtm?fileloc=%2Fhome%2Fdpknvn09897v%2Fpublic_html%2Fgolz.in%2Fwp-includes%2Fkses.php&path=%2Fhome%2Fdpknvn09897v%2Fpublic_html%2Fgolz.in%2Fwp-includes HTTP/1.1" 200 23205 "-" "Mozilla/5.0 AppleWebKit/537.36 (KHTML, like Gecko; compatible; ClaudeBot/1.0; +claudebot@anthropic.com)" 554 **0/554550**
216.73.216.210 - - [16/Mar/2026:06:50:33 -0700] "GET /detail/417335005.shtm?fileloc=%2Fhome%2Fdpknvn09897v%2Fpublic_html%2Fgolz.in%2Fwp-includes%2Flocale.php&path=%2Fhome%2Fdpknvn09897v%2Fpublic_html%2Fgolz.in%2Fwp-includes HTTP/1.1" 403 3512 "-" "Mozilla/5.0 AppleWebKit/537.36 (KHTML, like Gecko; compatible; ClaudeBot/1.0; +claudebot@anthropic.com)" 507 **0/507294**
216.73.216.210 - - [16/Mar/2026:06:50:36 -0700] "GET /detail/417335005.shtm?fileloc=%2Fhome%2Fdpknvn09897v%2Fpublic_html%2Fgolz.in%2Fwp-includes%2Fclass-http.php&path=%2Fhome%2Fdpknvn09897v%2Fpublic_html%2Fgolz.in%2Fwp-includes HTTP/1.1" 403 3512 "-" "Mozilla/5.0 AppleWebKit/537.36 (KHTML, like Gecko; compatible; ClaudeBot/1.0; +claudebot@anthropic.com)" 517 **0/517075**
216.73.216.210 - - [16/Mar/2026:06:50:39 -0700] "GET /detail/2470685822.shtm?path=%2Fhome%2Fdpknvn09897v%2Fpublic_html%2Fgolz.in%2Fcgi-bin HTTP/1.1" 403 3512 "-" "Mozilla/5.0 AppleWebKit/537.36 (KHTML, like Gecko; compatible; ClaudeBot/1.0; +claudebot@anthropic.com)" 502 **0/502198**
216.73.216.210 - - [16/Mar/2026:06:50:42 -0700] "GET /detail/2831001943.shtm?fileloc=%2Fhome%2Fdpknvn09897v%2Fpublic_html%2Fgolz.in%2Fwp-includes%2Fvars.php&path=%2Fhome%2Fdpknvn09897v%2Fpublic_html%2Fgolz.in%2Fwp-includes HTTP/1.1" 403 3512 "-" "Mozilla/5.0 AppleWebKit/537.36 (KHTML, like Gecko; compatible; ClaudeBot/1.0; +claudebot@anthropic.com)" 503 **0/503842**
216.73.216.210 - - [16/Mar/2026:06:50:45 -0700] "GET /detail/417335005.shtm?fileloc=%2Fhome%2Fdpknvn09897v%2Fpublic_html%2Fgolz.in%2Fwp-includes%2Fclass-wp-session-tokens.php&path=%2Fhome%2Fdpknvn09897v%2Fpublic_html%2Fgolz.in%2Fwp-includes HTTP/1.1" 403 3512 "-" "Mozilla/5.0 AppleWebKit/537.36 (KHTML, like Gecko; compatible; ClaudeBot/1.0; +claudebot@anthropic.com)" 497 **0/497051**
216.73.216.210 - - [16/Mar/2026:06:50:58 -0700] "GET /detail/4163750565.shtm?fileloc=%2Fhome%2Fdpknvn09897v%2Fpublic_html%2Fgolz.in%2Fwp-includes%2Fhttps-detection.php&path=%2Fhome%2Fdpknvn09897v%2Fpublic_html%2Fgolz.in%2Fwp-includes HTTP/1.1" 403 3512 "-" "Mozilla/5.0 AppleWebKit/537.36 (KHTML, like Gecko; compatible; ClaudeBot/1.0; +claudebot@anthropic.com)" 512 **0/512493**
66.249.66.163 - - [16/Mar/2026:06:50:59 -0700] "GET /detail/4207449661.shtm HTTP/1.1" 200 21207 "-" "Mozilla/5.0 (Linux; Android 6.0.1; Nexus 5X Build/MMB29P) AppleWebKit/537.36 (KHTML, like Gecko) Chrome/145.0.7632.116 Mobile Safari/537.36 (compatible; GoogleOther)" 1794 **1/1794285**
216.73.216.210 - - [16/Mar/2026:06:51:01 -0700] "GET /detail/529445352.shtm?path=%2Fhome%2Fdpknvn09897v%2Fpublic_html%2Fgolz.in%2Fwp-includes%2Finteractivity-api HTTP/1.1" 403 3512 "-" "Mozilla/5.0 AppleWebKit/537.36 (KHTML, like Gecko; compatible; ClaudeBot/1.0; +claudebot@anthropic.com)" 528 **0/528221**
66.249.66.14 - - [16/Mar/2026:06:51:04 -0700] "GET /?detail/686152455 HTTP/1.1" 200 23142 "-" "Mozilla/5.0 (Linux; Android 6.0.1; Nexus 5X Build/MMB29P) AppleWebKit/537.36 (KHTML, like Gecko) Chrome/145.0.7632.116 Mobile Safari/537.36 (compatible; Googlebot/2.1; +http://www.google.com/bot.html)" 1828 **1/1828100**
114.119.143.213 - - [16/Mar/2026:06:51:34 -0700] "GET /detail/3055772112.shtm HTTP/1.1" 200 4098 "http://www.golz.in/sitemap.xml" "Mozilla/5.0 (Linux; Android 7.0;) AppleWebKit/537.36 (KHTML, like Gecko) Mobile Safari/537.36 (compatible; PetalBot;+https://webmaster.petalsearch.com/site/petalbot)" 510 **0/510641**
66.249.71.173 - - [16/Mar/2026:06:51:39 -0700] "GET /detail/2889495526.shtm HTTP/1.1" 200 22709 "-" "Mozilla/5.0 (Linux; Android 6.0.1; Nexus 5X Build/MMB29P) AppleWebKit/537.36 (KHTML, like Gecko) Chrome/145.0.7632.116 Mobile Safari/537.36 (compatible; GoogleOther)" 1804 **1/1804501**
66.249.71.173 - - [16/Mar/2026:06:51:41 -0700] "GET /?detail/150605503 HTTP/1.1" 200 21426 "-" "Mozilla/5.0 (Linux; Android 6.0.1; Nexus 5X Build/MMB29P) AppleWebKit/537.36 (KHTML, like Gecko) Chrome/145.0.7632.116 Mobile Safari/537.36 (compatible; Googlebot/2.1; +http://www.google.com/bot.html)" 1808 **1/1808526**
66.249.66.64 - - [16/Mar/2026:06:52:17 -0700] "GET /?detail/578444790 HTTP/1.1" 200 20899 "-" "Mozilla/5.0 (Linux; Android 6.0.1; Nexus 5X Build/MMB29P) AppleWebKit/537.36 (KHTML, like Gecko) Chrome/145.0.7632.116 Mobile Safari/537.36 (compatible; Googlebot/2.1; +http://www.google.com/bot.html)" 1829 **1/1829554**
114.119.135.65 - - [16/Mar/2026:06:52:22 -0700] "GET /detail/304018525.shtm HTTP/1.1" 200 4098 "http://www.golz.in/sitemap.xml" "Mozilla/5.0 (Linux; Android 7.0;) AppleWebKit/537.36 (KHTML, like Gecko) Mobile Safari/537.36 (compatible; PetalBot;+https://webmaster.petalsearch.com/site/petalbot)" 498 **0/498253**
66.249.71.96 - - [16/Mar/2026:06:53:11 -0700] "GET /detail/2553084464.shtm HTTP/1.1" 200 22838 "-" "Mozilla/5.0 (Linux; Android 6.0.1; Nexus 5X Build/MMB29P) AppleWebKit/537.36 (KHTML, like Gecko) Chrome/145.0.7632.116 Mobile Safari/537.36 (compatible; GoogleOther)" 1803 **1/1803189**
114.119.135.65 - - [16/Mar/2026:06:53:27 -0700] "GET /detail/3006018302.shtm HTTP/1.1" 200 4098 "http://www.golz.in/sitemap.xml" "Mozilla/5.0 (Linux; Android 7.0;) AppleWebKit/537.36 (KHTML, like Gecko) Mobile Safari/537.36 (compatible; PetalBot;+https://webmaster.petalsearch.com/site/petalbot)" 513 **0/513183**
66.249.66.163 - - [16/Mar/2026:06:53:33 -0700] "GET /?detail/539378524 HTTP/1.1" 200 22925 "-" "Mozilla/5.0 (Linux; Android 6.0.1; Nexus 5X Build/MMB29P) AppleWebKit/537.36 (KHTML, like Gecko) Chrome/145.0.7632.116 Mobile Safari/537.36 (compatible; Googlebot/2.1; +http://www.google.com/bot.html)" 1777 **1/1777400**
66.249.66.39 - - [16/Mar/2026:06:53:36 -0700] "GET /?detail/863690280 HTTP/1.1" 200 22397 "-" "Mozilla/5.0 (Linux; Android 6.0.1; Nexus 5X Build/MMB29P) AppleWebKit/537.36 (KHTML, like Gecko) Chrome/145.0.7632.116 Mobile Safari/537.36 (compatible; Googlebot/2.1; +http://www.google.com/bot.html)" 1808 **1/1808672**
114.119.130.26 - - [16/Mar/2026:06:53:53 -0700] "GET /detail/3004806203.shtm HTTP/1.1" 200 4098 "http://www.golz.in/sitemap.xml" "Mozilla/5.0 (Linux; Android 7.0;) AppleWebKit/537.36 (KHTML, like Gecko) Mobile Safari/537.36 (compatible; PetalBot;+https://webmaster.petalsearch.com/site/petalbot)" 509 **0/509347**
66.249.66.195 - - [16/Mar/2026:06:53:58 -0700] "GET /detail/2275615136.shtm HTTP/1.1" 200 23858 "-" "Mozilla/5.0 (Linux; Android 6.0.1; Nexus 5X Build/MMB29P) AppleWebKit/537.36 (KHTML, like Gecko) Chrome/145.0.7632.116 Mobile Safari/537.36 (compatible; GoogleOther)" 1782 **1/1782530**
66.249.71.173 - - [16/Mar/2026:06:54:33 -0700] "GET /?detail/975799334 HTTP/1.1" 200 22200 "-" "Mozilla/5.0 (Linux; Android 6.0.1; Nexus 5X Build/MMB29P) AppleWebKit/537.36 (KHTML, like Gecko) Chrome/145.0.7632.116 Mobile Safari/537.36 (compatible; Googlebot/2.1; +http://www.google.com/bot.html)" 1809 **1/1809681**
66.249.71.173 - - [16/Mar/2026:06:54:33 -0700] "GET /?detail/68992012 HTTP/1.1" 200 22632 "-" "Mozilla/5.0 (Linux; Android 6.0.1; Nexus 5X Build/MMB29P) AppleWebKit/537.36 (KHTML, like Gecko) Chrome/145.0.7632.116 Mobile Safari/537.36 (compatible; Googlebot/2.1; +http://www.google.com/bot.html)" 1801 **1/1801619**
66.249.71.173 - - [16/Mar/2026:06:54:51 -0700] "GET /?detail/627609735 HTTP/1.1" 200 22358 "-" "Mozilla/5.0 (Linux; Android 6.0.1; Nexus 5X Build/MMB29P) AppleWebKit/537.36 (KHTML, like Gecko) Chrome/145.0.7632.116 Mobile Safari/537.36 (compatible; Googlebot/2.1; +http://www.google.com/bot.html)" 1827 **1/1827802**
66.249.71.174 - - [16/Mar/2026:06:55:19 -0700] "GET /?detail/122405462 HTTP/1.1" 200 21735 "-" "Mozilla/5.0 (Linux; Android 6.0.1; Nexus 5X Build/MMB29P) AppleWebKit/537.36 (KHTML, like Gecko) Chrome/145.0.7632.116 Mobile Safari/537.36 (compatible; Googlebot/2.1; +http://www.google.com/bot.html)" 2422 **2/2422603**
66.249.71.173 - - [16/Mar/2026:06:55:31 -0700] "GET /detail/846475816.shtm HTTP/1.1" 200 21898 "-" "Mozilla/5.0 (Linux; Android 6.0.1; Nexus 5X Build/MMB29P) AppleWebKit/537.36 (KHTML, like Gecko) Chrome/145.0.7632.116 Mobile Safari/537.36 (compatible; GoogleOther)" 1794 **1/1794480**
114.119.143.213 - - [16/Mar/2026:06:55:50 -0700] "GET /detail/3000217399.shtm HTTP/1.1" 200 4098 "http://www.golz.in/sitemap.xml" "Mozilla/5.0 (Linux; Android 7.0;) AppleWebKit/537.36 (KHTML, like Gecko) Mobile Safari/537.36 (compatible; PetalBot;+https://webmaster.petalsearch.com/site/petalbot)" 491 **0/491363**
66.249.66.39 - - [16/Mar/2026:06:55:55 -0700] "GET /?detail/657391702 HTTP/1.1" 200 22018 "-" "Mozilla/5.0 (Linux; Android 6.0.1; Nexus 5X Build/MMB29P) AppleWebKit/537.36 (KHTML, like Gecko) Chrome/145.0.7632.116 Mobile Safari/537.36 (compatible; Googlebot/2.1; +http://www.google.com/bot.html)" 1945 **1/1945443**
66.249.66.164 - - [16/Mar/2026:06:56:18 -0700] "GET /detail/3757956678.shtm HTTP/1.1" 200 22148 "-" "Mozilla/5.0 (Linux; Android 6.0.1; Nexus 5X Build/MMB29P) AppleWebKit/537.36 (KHTML, like Gecko) Chrome/145.0.7632.116 Mobile Safari/537.36 (compatible; GoogleOther)" 1782 **1/1782706**
66.249.66.15 - - [16/Mar/2026:06:56:32 -0700] "GET /?detail/454688740 HTTP/1.1" 200 22409 "-" "Mozilla/5.0 (Linux; Android 6.0.1; Nexus 5X Build/MMB29P) AppleWebKit/537.36 (KHTML, like Gecko) Chrome/145.0.7632.116 Mobile Safari/537.36 (compatible; Googlebot/2.1; +http://www.google.com/bot.html)" 1788 **1/1788961**
216.73.216.210 - - [16/Mar/2026:06:56:37 -0700] "GET /detail/529445352.shtm?fileloc=%2F%2Fusr%2Finclude%2Fsecurity%2Fpam_ext.h&path=%2F%2Fusr%2Finclude%2Fsecurity HTTP/1.1" 200 3696 "-" "Mozilla/5.0 AppleWebKit/537.36 (KHTML, like Gecko; compatible; ClaudeBot/1.0; +claudebot@anthropic.com)" 528 **0/528953**
216.73.216.210 - - [16/Mar/2026:06:56:40 -0700] "GET /detail/1535633.shtm?fileloc=%2F%2Fusr%2Finclude%2Fbits%2Flink_lavcurrent.h&path=%2F%2Fusr%2Finclude%2Fbits HTTP/1.1" 200 2829 "-" "Mozilla/5.0 AppleWebKit/537.36 (KHTML, like Gecko; compatible; ClaudeBot/1.0; +claudebot@anthropic.com)" 494 **0/494645**
216.73.216.210 - - [16/Mar/2026:06:56:43 -0700] "GET /detail/1535633.shtm?fileloc=%2F%2Fusr%2Finclude%2Fbits%2Fshm.h&path=%2F%2Fusr%2Finclude%2Fbits HTTP/1.1" 200 3634 "-" "Mozilla/5.0 AppleWebKit/537.36 (KHTML, like Gecko; compatible; ClaudeBot/1.0; +claudebot@anthropic.com)" 510 **0/510187**
216.73.216.210 - - [16/Mar/2026:06:56:46 -0700] "GET /detail/1535633.shtm?fileloc=%2F%2Fusr%2Finclude%2Fbits%2Fendian.h&path=%2F%2Fusr%2Finclude%2Fbits HTTP/1.1" 403 3512 "-" "Mozilla/5.0 AppleWebKit/537.36 (KHTML, like Gecko; compatible; ClaudeBot/1.0; +claudebot@anthropic.com)" 496 **0/496505**
216.73.216.210 - - [16/Mar/2026:06:56:49 -0700] "GET /detail/590597580.shtm?fileloc=%2F%2Fusr%2Finclude%2Fopenssl%2Ftserr.h&path=%2F%2Fusr%2Finclude%2Fopenssl HTTP/1.1" 403 3512 "-" "Mozilla/5.0 AppleWebKit/537.36 (KHTML, like Gecko; compatible; ClaudeBot/1.0; +claudebot@anthropic.com)" 513 **0/513099**
216.73.216.210 - - [16/Mar/2026:06:56:52 -0700] "GET /detail/529445352.shtm?fileloc=%2F%2Fusr%2Finclude%2Fsecurity%2Fpam_filter.h&path=%2F%2Fusr%2Finclude%2Fsecurity HTTP/1.1" 403 3512 "-" "Mozilla/5.0 AppleWebKit/537.36 (KHTML, like Gecko; compatible; ClaudeBot/1.0; +claudebot@anthropic.com)" 505 **0/505578**
