66.249.66.14 - - [16/Mar/2026:07:17:45 -0700] "GET /?detail/801486118 HTTP/1.1" 200 21937 "-" "Mozilla/5.0 (Linux; Android 6.0.1; Nexus 5X Build/MMB29P) AppleWebKit/537.36 (KHTML, like Gecko) Chrome/145.0.7632.116 Mobile Safari/537.36 (compatible; Googlebot/2.1; +http://www.google.com/bot.html)" 1805 **1/1805548**
66.249.66.164 - - [16/Mar/2026:07:18:22 -0700] "GET /?detail/857101848 HTTP/1.1" 200 21155 "-" "Mozilla/5.0 (Linux; Android 6.0.1; Nexus 5X Build/MMB29P) AppleWebKit/537.36 (KHTML, like Gecko) Chrome/145.0.7632.116 Mobile Safari/537.36 (compatible; Googlebot/2.1; +http://www.google.com/bot.html)" 1778 **1/1778101**
66.249.71.206 - - [16/Mar/2026:07:18:58 -0700] "GET /?detail/879146136 HTTP/1.1" 200 22531 "-" "Mozilla/5.0 (Linux; Android 6.0.1; Nexus 5X Build/MMB29P) AppleWebKit/537.36 (KHTML, like Gecko) Chrome/145.0.7632.116 Mobile Safari/537.36 (compatible; Googlebot/2.1; +http://www.google.com/bot.html)" 1867 **1/1867524**
66.249.66.14 - - [16/Mar/2026:07:19:34 -0700] "GET /?detail/324852614 HTTP/1.1" 200 21461 "-" "Mozilla/5.0 (Linux; Android 6.0.1; Nexus 5X Build/MMB29P) AppleWebKit/537.36 (KHTML, like Gecko) Chrome/145.0.7632.116 Mobile Safari/537.36 (compatible; Googlebot/2.1; +http://www.google.com/bot.html)" 1918 **1/1918815**
66.249.71.205 - - [16/Mar/2026:07:19:37 -0700] "GET /detail/480847842.shtm HTTP/1.1" 200 22570 "-" "Mozilla/5.0 (Linux; Android 6.0.1; Nexus 5X Build/MMB29P) AppleWebKit/537.36 (KHTML, like Gecko) Chrome/145.0.7632.116 Mobile Safari/537.36 (compatible; GoogleOther)" 1849 **1/1849072**
66.249.71.173 - - [16/Mar/2026:07:19:40 -0700] "GET /?detail/336301394 HTTP/1.1" 200 24196 "-" "Mozilla/5.0 (Linux; Android 6.0.1; Nexus 5X Build/MMB29P) AppleWebKit/537.36 (KHTML, like Gecko) Chrome/145.0.7632.116 Mobile Safari/537.36 (compatible; Googlebot/2.1; +http://www.google.com/bot.html)" 1796 **1/1796709**
66.249.66.165 - - [16/Mar/2026:07:20:11 -0700] "GET /?detail/555163507 HTTP/1.1" 200 21877 "-" "Mozilla/5.0 (Linux; Android 6.0.1; Nexus 5X Build/MMB29P) AppleWebKit/537.36 (KHTML, like Gecko) Chrome/145.0.7632.116 Mobile Safari/537.36 (compatible; Googlebot/2.1; +http://www.google.com/bot.html)" 1840 **1/1840400**
114.119.158.216 - - [16/Mar/2026:07:20:22 -0700] "GET /detail/3007230401.shtm HTTP/1.1" 200 4098 "http://www.golz.in/sitemap.xml" "Mozilla/5.0 (Linux; Android 7.0;) AppleWebKit/537.36 (KHTML, like Gecko) Mobile Safari/537.36 (compatible; PetalBot;+https://webmaster.petalsearch.com/site/petalbot)" 535 **0/535462**
66.249.66.163 - - [16/Mar/2026:07:20:26 -0700] "GET /detail/2037883324.shtm HTTP/1.1" 200 23653 "-" "Mozilla/5.0 (Linux; Android 6.0.1; Nexus 5X Build/MMB29P) AppleWebKit/537.36 (KHTML, like Gecko) Chrome/145.0.7632.116 Mobile Safari/537.36 (compatible; GoogleOther)" 1825 **1/1825189**
66.249.66.195 - - [16/Mar/2026:07:20:47 -0700] "GET /?detail/700579378 HTTP/1.1" 200 22087 "-" "Mozilla/5.0 (Linux; Android 6.0.1; Nexus 5X Build/MMB29P) AppleWebKit/537.36 (KHTML, like Gecko) Chrome/145.0.7632.116 Mobile Safari/537.36 (compatible; Googlebot/2.1; +http://www.google.com/bot.html)" 6153 **6/6153785**
66.249.71.173 - - [16/Mar/2026:07:21:10 -0700] "GET /detail/234267114.shtm HTTP/1.1" 200 24660 "-" "Mozilla/5.0 (Linux; Android 6.0.1; Nexus 5X Build/MMB29P) AppleWebKit/537.36 (KHTML, like Gecko) Chrome/145.0.7632.116 Mobile Safari/537.36 (compatible; GoogleOther)" 8178 **8/8178305**
66.249.66.164 - - [16/Mar/2026:07:21:23 -0700] "GET /?detail/406952051 HTTP/1.1" 200 22638 "-" "Mozilla/5.0 (Linux; Android 6.0.1; Nexus 5X Build/MMB29P) AppleWebKit/537.36 (KHTML, like Gecko) Chrome/145.0.7632.116 Mobile Safari/537.36 (compatible; Googlebot/2.1; +http://www.google.com/bot.html)" 1889 **1/1889204**
66.249.66.39 - - [16/Mar/2026:07:21:57 -0700] "GET /detail/763574115.shtm HTTP/1.1" 200 22040 "-" "Mozilla/5.0 (Linux; Android 6.0.1; Nexus 5X Build/MMB29P) AppleWebKit/537.36 (KHTML, like Gecko) Chrome/145.0.7632.116 Mobile Safari/537.36 (compatible; GoogleOther)" 2077 **2/2077737**
66.249.71.205 - - [16/Mar/2026:07:22:00 -0700] "GET /?detail/764098054 HTTP/1.1" 200 22031 "-" "Mozilla/5.0 (Linux; Android 6.0.1; Nexus 5X Build/MMB29P) AppleWebKit/537.36 (KHTML, like Gecko) Chrome/145.0.7632.116 Mobile Safari/537.36 (compatible; Googlebot/2.1; +http://www.google.com/bot.html)" 1955 **1/1955888**
66.249.66.39 - - [16/Mar/2026:07:22:36 -0700] "GET /?detail/726969298 HTTP/1.1" 200 22008 "-" "Mozilla/5.0 (Linux; Android 6.0.1; Nexus 5X Build/MMB29P) AppleWebKit/537.36 (KHTML, like Gecko) Chrome/145.0.7632.116 Mobile Safari/537.36 (compatible; Googlebot/2.1; +http://www.google.com/bot.html)" 2013 **2/2013447**
66.249.71.205 - - [16/Mar/2026:07:22:45 -0700] "GET /detail/1564832446.shtm HTTP/1.1" 200 22733 "-" "Mozilla/5.0 (Linux; Android 6.0.1; Nexus 5X Build/MMB29P) AppleWebKit/537.36 (KHTML, like Gecko) Chrome/145.0.7632.116 Mobile Safari/537.36 (compatible; GoogleOther)" 2012 **2/2012639**
43.156.168.214 - - [16/Mar/2026:07:23:03 -0700] "GET /wp-admin/install.php?path=/home/dpknvn09897v/public_html/golz.in/wp-admin HTTP/1.1" 403 59502 "-" "Mozilla/5.0 (iPhone; CPU iPhone OS 13_2_3 like Mac OS X) AppleWebKit/605.1.15 (KHTML, like Gecko) Version/13.0.3 Mobile/15E148 Safari/604.1" 760 **0/760263**
66.249.71.173 - - [16/Mar/2026:07:23:33 -0700] "GET /?detail/529698914 HTTP/1.1" 200 21634 "-" "Mozilla/5.0 (Linux; Android 6.0.1; Nexus 5X Build/MMB29P) AppleWebKit/537.36 (KHTML, like Gecko) Chrome/145.0.7632.116 Mobile Safari/537.36 (compatible; Googlebot/2.1; +http://www.google.com/bot.html)" 1962 **1/1962358**
66.249.66.195 - - [16/Mar/2026:07:23:38 -0700] "GET /?detail/656707524 HTTP/1.1" 200 21316 "-" "Mozilla/5.0 (Linux; Android 6.0.1; Nexus 5X Build/MMB29P) AppleWebKit/537.36 (KHTML, like Gecko) Chrome/145.0.7632.116 Mobile Safari/537.36 (compatible; Googlebot/2.1; +http://www.google.com/bot.html)" 1995 **1/1995184**
114.119.158.216 - - [16/Mar/2026:07:23:45 -0700] "GET /detail/2963786327.shtm HTTP/1.1" 200 4098 "http://www.golz.in/sitemap.xml" "Mozilla/5.0 (Linux; Android 7.0;) AppleWebKit/537.36 (KHTML, like Gecko) Mobile Safari/537.36 (compatible; PetalBot;+https://webmaster.petalsearch.com/site/petalbot)" 672 **0/672206**
66.249.66.165 - - [16/Mar/2026:07:24:09 -0700] "GET /?detail/515054630 HTTP/1.1" 200 22387 "-" "Mozilla/5.0 (Linux; Android 6.0.1; Nexus 5X Build/MMB29P) AppleWebKit/537.36 (KHTML, like Gecko) Chrome/145.0.7632.116 Mobile Safari/537.36 (compatible; Googlebot/2.1; +http://www.google.com/bot.html)" 1870 **1/1870303**
66.249.66.77 - - [16/Mar/2026:07:24:17 -0700] "GET /detail/3656088241.shtm HTTP/1.1" 200 23164 "-" "Mozilla/5.0 (Linux; Android 6.0.1; Nexus 5X Build/MMB29P) AppleWebKit/537.36 (KHTML, like Gecko) Chrome/145.0.7632.116 Mobile Safari/537.36 (compatible; GoogleOther)" 1830 **1/1830568**
66.249.71.173 - - [16/Mar/2026:07:24:28 -0700] "GET /detail/705310539.shtm HTTP/1.1" 200 22185 "-" "Mozilla/5.0 (Linux; Android 6.0.1; Nexus 5X Build/MMB29P) AppleWebKit/537.36 (KHTML, like Gecko) Chrome/145.0.7632.116 Mobile Safari/537.36 (compatible; GoogleOther)" 1859 **1/1859427**
66.249.66.39 - - [16/Mar/2026:07:24:40 -0700] "GET /?detail/200732577 HTTP/1.1" 200 21488 "-" "Mozilla/5.0 (Linux; Android 6.0.1; Nexus 5X Build/MMB29P) AppleWebKit/537.36 (KHTML, like Gecko) Chrome/145.0.7632.116 Mobile Safari/537.36 (compatible; Googlebot/2.1; +http://www.google.com/bot.html)" 2102 **2/2102211**
114.119.132.68 - - [16/Mar/2026:07:24:43 -0700] "GET /detail/2957821933.shtm HTTP/1.1" 200 4098 "http://www.golz.in/sitemap.xml" "Mozilla/5.0 (Linux; Android 7.0;) AppleWebKit/537.36 (KHTML, like Gecko) Mobile Safari/537.36 (compatible; PetalBot;+https://webmaster.petalsearch.com/site/petalbot)" 721 **0/721562**
66.249.71.192 - - [16/Mar/2026:07:25:03 -0700] "GET /detail/3579992076.shtm HTTP/1.1" 200 21548 "-" "Mozilla/5.0 (Linux; Android 6.0.1; Nexus 5X Build/MMB29P) AppleWebKit/537.36 (KHTML, like Gecko) Chrome/145.0.7632.116 Mobile Safari/537.36 (compatible; GoogleOther)" 1905 **1/1905116**
66.249.71.205 - - [16/Mar/2026:07:25:12 -0700] "GET /?detail/342397609 HTTP/1.1" 200 21740 "-" "Mozilla/5.0 (Linux; Android 6.0.1; Nexus 5X Build/MMB29P) AppleWebKit/537.36 (KHTML, like Gecko) Chrome/145.0.7632.116 Mobile Safari/537.36 (compatible; Googlebot/2.1; +http://www.google.com/bot.html)" 1837 **1/1837929**
66.249.66.39 - - [16/Mar/2026:07:25:43 -0700] "GET /?detail/16285319 HTTP/1.1" 200 24846 "-" "Mozilla/5.0 (Linux; Android 6.0.1; Nexus 5X Build/MMB29P) AppleWebKit/537.36 (KHTML, like Gecko) Chrome/145.0.7632.116 Mobile Safari/537.36 (compatible; Googlebot/2.1; +http://www.google.com/bot.html)" 1890 **1/1890627**
66.249.66.195 - - [16/Mar/2026:07:25:50 -0700] "GET /detail/754450347.shtm HTTP/1.1" 200 23076 "-" "Mozilla/5.0 (Linux; Android 6.0.1; Nexus 5X Build/MMB29P) AppleWebKit/537.36 (KHTML, like Gecko) Chrome/145.0.7632.116 Mobile Safari/537.36 (compatible; GoogleOther)" 1909 **1/1909437**
114.119.132.68 - - [16/Mar/2026:07:26:33 -0700] "GET /detail/2935318533.shtm HTTP/1.1" 200 4098 "http://www.golz.in/sitemap.xml" "Mozilla/5.0 (Linux; Android 7.0;) AppleWebKit/537.36 (KHTML, like Gecko) Mobile Safari/537.36 (compatible; PetalBot;+https://webmaster.petalsearch.com/site/petalbot)" 500 **0/500117**
66.249.66.197 - - [16/Mar/2026:07:26:40 -0700] "GET /detail/449719296.shtm HTTP/1.1" 200 21512 "-" "Mozilla/5.0 (Linux; Android 6.0.1; Nexus 5X Build/MMB29P) AppleWebKit/537.36 (KHTML, like Gecko) Chrome/145.0.7632.116 Mobile Safari/537.36 (compatible; GoogleOther)" 1810 **1/1810278**
66.249.71.206 - - [16/Mar/2026:07:26:41 -0700] "GET /?detail/707406506 HTTP/1.1" 200 21891 "-" "Mozilla/5.0 (Linux; Android 6.0.1; Nexus 5X Build/MMB29P) AppleWebKit/537.36 (KHTML, like Gecko) Chrome/145.0.7632.116 Mobile Safari/537.36 (compatible; Googlebot/2.1; +http://www.google.com/bot.html)" 1811 **1/1811503**
66.249.66.14 - - [16/Mar/2026:07:26:59 -0700] "GET /?detail/222984558 HTTP/1.1" 200 21996 "-" "Mozilla/5.0 (Linux; Android 6.0.1; Nexus 5X Build/MMB29P) AppleWebKit/537.36 (KHTML, like Gecko) Chrome/145.0.7632.116 Mobile Safari/537.36 (compatible; Googlebot/2.1; +http://www.google.com/bot.html)" 1831 **1/1831308**
66.249.71.173 - - [16/Mar/2026:07:27:06 -0700] "GET /?detail/356245028 HTTP/1.1" 200 23123 "-" "Mozilla/5.0 (Linux; Android 6.0.1; Nexus 5X Build/MMB29P) AppleWebKit/537.36 (KHTML, like Gecko) Chrome/145.0.7632.116 Mobile Safari/537.36 (compatible; Googlebot/2.1; +http://www.google.com/bot.html)" 1805 **1/1805553**
66.249.71.173 - - [16/Mar/2026:07:27:23 -0700] "GET /detail/26893900.shtm HTTP/1.1" 200 22300 "-" "Mozilla/5.0 (Linux; Android 6.0.1; Nexus 5X Build/MMB29P) AppleWebKit/537.36 (KHTML, like Gecko) Chrome/145.0.7632.116 Mobile Safari/537.36 (compatible; GoogleOther)" 2540 **2/2540141**
66.249.66.14 - - [16/Mar/2026:07:27:27 -0700] "GET /?detail/171183623 HTTP/1.1" 200 21900 "-" "Mozilla/5.0 (Linux; Android 6.0.1; Nexus 5X Build/MMB29P) AppleWebKit/537.36 (KHTML, like Gecko) Chrome/145.0.7632.116 Mobile Safari/537.36 (compatible; Googlebot/2.1; +http://www.google.com/bot.html)" 1902 **1/1902062**
114.119.143.213 - - [16/Mar/2026:07:27:49 -0700] "GET /detail/2929354139.shtm HTTP/1.1" 200 4098 "http://www.golz.in/sitemap.xml" "Mozilla/5.0 (Linux; Android 7.0;) AppleWebKit/537.36 (KHTML, like Gecko) Mobile Safari/537.36 (compatible; PetalBot;+https://webmaster.petalsearch.com/site/petalbot)" 505 **0/505697**
66.249.66.78 - - [16/Mar/2026:07:28:04 -0700] "GET /?detail/140646320 HTTP/1.1" 200 22255 "-" "Mozilla/5.0 (Linux; Android 6.0.1; Nexus 5X Build/MMB29P) AppleWebKit/537.36 (KHTML, like Gecko) Chrome/145.0.7632.116 Mobile Safari/537.36 (compatible; Googlebot/2.1; +http://www.google.com/bot.html)" 1779 **1/1779924**
66.249.66.14 - - [16/Mar/2026:07:28:10 -0700] "GET /detail/139958587.shtm HTTP/1.1" 200 23366 "-" "Mozilla/5.0 (Linux; Android 6.0.1; Nexus 5X Build/MMB29P) AppleWebKit/537.36 (KHTML, like Gecko) Chrome/145.0.7632.116 Mobile Safari/537.36 (compatible; GoogleOther)" 2043 **2/2043698**
114.119.135.65 - - [16/Mar/2026:07:28:28 -0700] "GET /detail/2928142024.shtm HTTP/1.1" 200 4098 "http://www.golz.in/sitemap.xml" "Mozilla/5.0 (Linux; Android 7.0;) AppleWebKit/537.36 (KHTML, like Gecko) Mobile Safari/537.36 (compatible; PetalBot;+https://webmaster.petalsearch.com/site/petalbot)" 486 **0/486150**
66.249.66.14 - - [16/Mar/2026:07:28:36 -0700] "GET /detail/1623481929.shtm HTTP/1.1" 200 23485 "-" "Mozilla/5.0 (Linux; Android 6.0.1; Nexus 5X Build/MMB29P) AppleWebKit/537.36 (KHTML, like Gecko) Chrome/145.0.7632.116 Mobile Safari/537.36 (compatible; GoogleOther)" 1805 **1/1805603**
66.249.71.205 - - [16/Mar/2026:07:28:40 -0700] "GET /?detail/567144943 HTTP/1.1" 200 21994 "-" "Mozilla/5.0 (Linux; Android 6.0.1; Nexus 5X Build/MMB29P) AppleWebKit/537.36 (KHTML, like Gecko) Chrome/145.0.7632.116 Mobile Safari/537.36 (compatible; Googlebot/2.1; +http://www.google.com/bot.html)" 1812 **1/1812421**
66.249.71.205 - - [16/Mar/2026:07:28:58 -0700] "GET /detail/640214324.shtm HTTP/1.1" 200 21711 "-" "Mozilla/5.0 (Linux; Android 6.0.1; Nexus 5X Build/MMB29P) AppleWebKit/537.36 (KHTML, like Gecko) Chrome/145.0.7632.116 Mobile Safari/537.36 (compatible; GoogleOther)" 1781 **1/1781468**
66.249.71.173 - - [16/Mar/2026:07:29:16 -0700] "GET /?detail/423666326 HTTP/1.1" 200 22559 "-" "Mozilla/5.0 (Linux; Android 6.0.1; Nexus 5X Build/MMB29P) AppleWebKit/537.36 (KHTML, like Gecko) Chrome/145.0.7632.116 Mobile Safari/537.36 (compatible; Googlebot/2.1; +http://www.google.com/bot.html)" 1803 **1/1803718**
66.249.66.14 - - [16/Mar/2026:07:29:43 -0700] "GET /detail/3473686108.shtm HTTP/1.1" 200 22652 "-" "Mozilla/5.0 (Linux; Android 6.0.1; Nexus 5X Build/MMB29P) AppleWebKit/537.36 (KHTML, like Gecko) Chrome/145.0.7632.116 Mobile Safari/537.36 (compatible; GoogleOther)" 1788 **1/1788608**
66.249.66.195 - - [16/Mar/2026:07:29:53 -0700] "GET /?detail/44912236 HTTP/1.1" 200 22479 "-" "Mozilla/5.0 (Linux; Android 6.0.1; Nexus 5X Build/MMB29P) AppleWebKit/537.36 (KHTML, like Gecko) Chrome/145.0.7632.116 Mobile Safari/537.36 (compatible; Googlebot/2.1; +http://www.google.com/bot.html)" 1797 **1/1797565**
114.119.130.26 - - [16/Mar/2026:07:29:56 -0700] "GET /detail/2919012055.shtm HTTP/1.1" 200 4098 "http://www.golz.in/sitemap.xml" "Mozilla/5.0 (Linux; Android 7.0;) AppleWebKit/537.36 (KHTML, like Gecko) Mobile Safari/537.36 (compatible; PetalBot;+https://webmaster.petalsearch.com/site/petalbot)" 504 **0/504574**
216.73.216.210 - - [16/Mar/2026:07:30:11 -0700] "GET /detail/4084480401.shtm?path=%2F HTTP/1.1" 200 2831 "-" "Mozilla/5.0 AppleWebKit/537.36 (KHTML, like Gecko; compatible; ClaudeBot/1.0; +claudebot@anthropic.com)" 538 **0/538671**
216.73.216.210 - - [16/Mar/2026:07:30:15 -0700] "GET /detail/3465738561.shtm?path=%2F HTTP/1.1" 200 2831 "-" "Mozilla/5.0 AppleWebKit/537.36 (KHTML, like Gecko; compatible; ClaudeBot/1.0; +claudebot@anthropic.com)" 537 **0/537013**
216.73.216.210 - - [16/Mar/2026:07:30:19 -0700] "GET /detail/802102717.shtm?path=%2F HTTP/1.1" 200 2831 "-" "Mozilla/5.0 AppleWebKit/537.36 (KHTML, like Gecko; compatible; ClaudeBot/1.0; +claudebot@anthropic.com)" 596 **0/596104**
216.73.216.210 - - [16/Mar/2026:07:30:23 -0700] "GET /detail/190310159.shtm?path=%2F HTTP/1.1" 200 2831 "-" "Mozilla/5.0 AppleWebKit/537.36 (KHTML, like Gecko; compatible; ClaudeBot/1.0; +claudebot@anthropic.com)" 532 **0/532488**
216.73.216.210 - - [16/Mar/2026:07:30:27 -0700] "GET /detail/3448219984.shtm?path=%2F HTTP/1.1" 200 2831 "-" "Mozilla/5.0 AppleWebKit/537.36 (KHTML, like Gecko; compatible; ClaudeBot/1.0; +claudebot@anthropic.com)" 511 **0/511436**
66.249.66.77 - - [16/Mar/2026:07:30:29 -0700] "GET /?detail/152081605 HTTP/1.1" 200 21545 "-" "Mozilla/5.0 (Linux; Android 6.0.1; Nexus 5X Build/MMB29P) AppleWebKit/537.36 (KHTML, like Gecko) Chrome/145.0.7632.116 Mobile Safari/537.36 (compatible; Googlebot/2.1; +http://www.google.com/bot.html)" 1789 **1/1789075**
216.73.216.210 - - [16/Mar/2026:07:30:31 -0700] "GET /detail/3771452492.shtm?path=%2F HTTP/1.1" 200 2831 "-" "Mozilla/5.0 AppleWebKit/537.36 (KHTML, like Gecko; compatible; ClaudeBot/1.0; +claudebot@anthropic.com)" 549 **0/549648**
66.249.66.39 - - [16/Mar/2026:07:30:30 -0700] "GET /detail/507277052.shtm HTTP/1.1" 200 22321 "-" "Mozilla/5.0 (Linux; Android 6.0.1; Nexus 5X Build/MMB29P) AppleWebKit/537.36 (KHTML, like Gecko) Chrome/145.0.7632.116 Mobile Safari/537.36 (compatible; GoogleOther)" 1814 **1/1814991**
216.73.216.210 - - [16/Mar/2026:07:30:35 -0700] "GET /detail/3864650344.shtm?path=%2F HTTP/1.1" 200 2831 "-" "Mozilla/5.0 AppleWebKit/537.36 (KHTML, like Gecko; compatible; ClaudeBot/1.0; +claudebot@anthropic.com)" 526 **0/526529**
66.249.66.165 - - [16/Mar/2026:07:31:05 -0700] "GET /?detail/844034230 HTTP/1.1" 200 21463 "-" "Mozilla/5.0 (Linux; Android 6.0.1; Nexus 5X Build/MMB29P) AppleWebKit/537.36 (KHTML, like Gecko) Chrome/145.0.7632.116 Mobile Safari/537.36 (compatible; Googlebot/2.1; +http://www.google.com/bot.html)" 1857 **1/1857984**
66.249.71.174 - - [16/Mar/2026:07:31:16 -0700] "GET /detail/2320860539.shtm HTTP/1.1" 200 21306 "-" "Mozilla/5.0 (Linux; Android 6.0.1; Nexus 5X Build/MMB29P) AppleWebKit/537.36 (KHTML, like Gecko) Chrome/145.0.7632.116 Mobile Safari/537.36 (compatible; GoogleOther)" 1828 **1/1828806**
66.249.71.173 - - [16/Mar/2026:07:31:42 -0700] "GET /?detail/397390366 HTTP/1.1" 200 22314 "-" "Mozilla/5.0 (Linux; Android 6.0.1; Nexus 5X Build/MMB29P) AppleWebKit/537.36 (KHTML, like Gecko) Chrome/145.0.7632.116 Mobile Safari/537.36 (compatible; Googlebot/2.1; +http://www.google.com/bot.html)" 1875 **1/1875711**
66.249.71.205 - - [16/Mar/2026:07:32:03 -0700] "GET /detail/3713584144.shtm HTTP/1.1" 200 22069 "-" "Mozilla/5.0 (Linux; Android 6.0.1; Nexus 5X Build/MMB29P) AppleWebKit/537.36 (KHTML, like Gecko) Chrome/145.0.7632.116 Mobile Safari/537.36 (compatible; GoogleOther)" 1807 **1/1807640**
162.62.213.165 - - [16/Mar/2026:07:32:08 -0700] "GET /wp-login.php?path=/home/dpknvn09897v/public_html/golz.in/wp-includes HTTP/1.1" 200 13326 "-" "Mozilla/5.0 (iPhone; CPU iPhone OS 13_2_3 like Mac OS X) AppleWebKit/605.1.15 (KHTML, like Gecko) Version/13.0.3 Mobile/15E148 Safari/604.1" 56 **0/56985**
66.249.66.39 - - [16/Mar/2026:07:32:18 -0700] "GET /?detail/235292931 HTTP/1.1" 200 22332 "-" "Mozilla/5.0 (Linux; Android 6.0.1; Nexus 5X Build/MMB29P) AppleWebKit/537.36 (KHTML, like Gecko) Chrome/145.0.7632.116 Mobile Safari/537.36 (compatible; Googlebot/2.1; +http://www.google.com/bot.html)" 1803 **1/1803128**
66.249.71.173 - - [16/Mar/2026:07:32:54 -0700] "GET /?detail/225591108 HTTP/1.1" 200 22162 "-" "Mozilla/5.0 (Linux; Android 6.0.1; Nexus 5X Build/MMB29P) AppleWebKit/537.36 (KHTML, like Gecko) Chrome/145.0.7632.116 Mobile Safari/537.36 (compatible; Googlebot/2.1; +http://www.google.com/bot.html)" 1834 **1/1834266**
66.249.71.205 - - [16/Mar/2026:07:32:59 -0700] "GET /detail/3189672994.shtm HTTP/1.1" 200 22628 "-" "Mozilla/5.0 (Linux; Android 6.0.1; Nexus 5X Build/MMB29P) AppleWebKit/537.36 (KHTML, like Gecko) Chrome/145.0.7632.116 Mobile Safari/537.36 (compatible; GoogleOther)" 2057 **2/2057364**
216.73.216.210 - - [16/Mar/2026:07:33:03 -0700] "GET /detail/930944872.shtm?path=%2F HTTP/1.1" 200 2831 "-" "Mozilla/5.0 AppleWebKit/537.36 (KHTML, like Gecko; compatible; ClaudeBot/1.0; +claudebot@anthropic.com)" 517 **0/517960**
216.73.216.210 - - [16/Mar/2026:07:33:07 -0700] "GET /detail/223757475.shtm?path=%2F HTTP/1.1" 200 2831 "-" "Mozilla/5.0 AppleWebKit/537.36 (KHTML, like Gecko; compatible; ClaudeBot/1.0; +claudebot@anthropic.com)" 522 **0/522455**
216.73.216.210 - - [16/Mar/2026:07:33:11 -0700] "GET /detail/196274553.shtm?path=%2F HTTP/1.1" 200 2831 "-" "Mozilla/5.0 AppleWebKit/537.36 (KHTML, like Gecko; compatible; ClaudeBot/1.0; +claudebot@anthropic.com)" 541 **0/541270**
216.73.216.210 - - [16/Mar/2026:07:33:15 -0700] "GET /detail/268531747.shtm?path=%2F HTTP/1.1" 200 2831 "-" "Mozilla/5.0 AppleWebKit/537.36 (KHTML, like Gecko; compatible; ClaudeBot/1.0; +claudebot@anthropic.com)" 508 **0/508523**
216.73.216.210 - - [16/Mar/2026:07:33:19 -0700] "GET /detail/4042084903.shtm?path=%2F HTTP/1.1" 200 2831 "-" "Mozilla/5.0 AppleWebKit/537.36 (KHTML, like Gecko; compatible; ClaudeBot/1.0; +claudebot@anthropic.com)" 500 **0/500581**
216.73.216.210 - - [16/Mar/2026:07:33:23 -0700] "GET /detail/959576205.shtm?path=%2F HTTP/1.1" 200 2831 "-" "Mozilla/5.0 AppleWebKit/537.36 (KHTML, like Gecko; compatible; ClaudeBot/1.0; +claudebot@anthropic.com)" 519 **0/519216**
216.73.216.210 - - [16/Mar/2026:07:33:27 -0700] "GET /detail/882748503.shtm?path=%2F HTTP/1.1" 200 2831 "-" "Mozilla/5.0 AppleWebKit/537.36 (KHTML, like Gecko; compatible; ClaudeBot/1.0; +claudebot@anthropic.com)" 504 **0/504937**
66.249.71.205 - - [16/Mar/2026:07:33:27 -0700] "GET /?detail/688781212 HTTP/1.1" 200 22103 "-" "Mozilla/5.0 (Linux; Android 6.0.1; Nexus 5X Build/MMB29P) AppleWebKit/537.36 (KHTML, like Gecko) Chrome/145.0.7632.116 Mobile Safari/537.36 (compatible; Googlebot/2.1; +http://www.google.com/bot.html)" 1835 **1/1835599**
66.249.66.163 - - [16/Mar/2026:07:33:31 -0700] "GET /?detail/92309272 HTTP/1.1" 200 22227 "-" "Mozilla/5.0 (Linux; Android 6.0.1; Nexus 5X Build/MMB29P) AppleWebKit/537.36 (KHTML, like Gecko) Chrome/145.0.7632.116 Mobile Safari/537.36 (compatible; Googlebot/2.1; +http://www.google.com/bot.html)" 1787 **1/1787370**
66.249.66.195 - - [16/Mar/2026:07:33:41 -0700] "GET /detail/2410883519.shtm HTTP/1.1" 200 21599 "-" "Mozilla/5.0 (Linux; Android 6.0.1; Nexus 5X Build/MMB29P) AppleWebKit/537.36 (KHTML, like Gecko) Chrome/145.0.7632.116 Mobile Safari/537.36 (compatible; GoogleOther)" 1811 **1/1811320**
66.249.66.77 - - [16/Mar/2026:07:33:58 -0700] "GET /?detail/269607206 HTTP/1.1" 200 21868 "-" "Mozilla/5.0 (Linux; Android 6.0.1; Nexus 5X Build/MMB29P) AppleWebKit/537.36 (KHTML, like Gecko) Chrome/145.0.7632.159 Mobile Safari/537.36 (compatible; Googlebot/2.1; +http://www.google.com/bot.html)" 1819 **1/1819651**
66.249.66.39 - - [16/Mar/2026:07:34:08 -0700] "GET /?detail/137597663 HTTP/1.1" 200 22592 "-" "Mozilla/5.0 (Linux; Android 6.0.1; Nexus 5X Build/MMB29P) AppleWebKit/537.36 (KHTML, like Gecko) Chrome/145.0.7632.116 Mobile Safari/537.36 (compatible; Googlebot/2.1; +http://www.google.com/bot.html)" 1831 **1/1831065**
66.249.66.77 - - [16/Mar/2026:07:34:08 -0700] "GET /?detail/126409549 HTTP/1.1" 200 21834 "-" "Mozilla/5.0 (Linux; Android 6.0.1; Nexus 5X Build/MMB29P) AppleWebKit/537.36 (KHTML, like Gecko) Chrome/145.0.7632.116 Mobile Safari/537.36 (compatible; Googlebot/2.1; +http://www.google.com/bot.html)" 1810 **1/1810026**
66.249.66.195 - - [16/Mar/2026:07:34:24 -0700] "GET /detail/2755188119.shtm HTTP/1.1" 200 22321 "-" "Mozilla/5.0 (Linux; Android 6.0.1; Nexus 5X Build/MMB29P) AppleWebKit/537.36 (KHTML, like Gecko) Chrome/145.0.7632.116 Mobile Safari/537.36 (compatible; GoogleOther)" 1817 **1/1817634**
114.119.158.216 - - [16/Mar/2026:07:34:39 -0700] "GET /detail/2911999085.shtm HTTP/1.1" 200 4098 "http://www.golz.in/sitemap.xml" "Mozilla/5.0 (Linux; Android 7.0;) AppleWebKit/537.36 (KHTML, like Gecko) Mobile Safari/537.36 (compatible; PetalBot;+https://webmaster.petalsearch.com/site/petalbot)" 489 **0/489211**
66.249.71.173 - - [16/Mar/2026:07:34:44 -0700] "GET /?detail/651646501 HTTP/1.1" 200 22181 "-" "Mozilla/5.0 (Linux; Android 6.0.1; Nexus 5X Build/MMB29P) AppleWebKit/537.36 (KHTML, like Gecko) Chrome/145.0.7632.116 Mobile Safari/537.36 (compatible; Googlebot/2.1; +http://www.google.com/bot.html)" 1799 **1/1799456**
66.249.66.14 - - [16/Mar/2026:07:34:56 -0700] "GET /?detail/330389551 HTTP/1.1" 200 21978 "-" "Mozilla/5.0 (Linux; Android 6.0.1; Nexus 5X Build/MMB29P) AppleWebKit/537.36 (KHTML, like Gecko) Chrome/145.0.7632.116 Mobile Safari/537.36 (compatible; Googlebot/2.1; +http://www.google.com/bot.html)" 1773 **1/1773344**
66.249.66.165 - - [16/Mar/2026:07:35:13 -0700] "GET /detail/450646506.shtm HTTP/1.1" 200 21924 "-" "Mozilla/5.0 (Linux; Android 6.0.1; Nexus 5X Build/MMB29P) AppleWebKit/537.36 (KHTML, like Gecko) Chrome/145.0.7632.116 Mobile Safari/537.36 (compatible; GoogleOther)" 1796 **1/1796928**
66.249.66.14 - - [16/Mar/2026:07:35:20 -0700] "GET /?detail/612472080 HTTP/1.1" 200 23498 "-" "Mozilla/5.0 (Linux; Android 6.0.1; Nexus 5X Build/MMB29P) AppleWebKit/537.36 (KHTML, like Gecko) Chrome/145.0.7632.116 Mobile Safari/537.36 (compatible; Googlebot/2.1; +http://www.google.com/bot.html)" 1920 **1/1920657**
66.249.71.173 - - [16/Mar/2026:07:35:56 -0700] "GET /?detail/282407174 HTTP/1.1" 200 21349 "-" "Mozilla/5.0 (Linux; Android 6.0.1; Nexus 5X Build/MMB29P) AppleWebKit/537.36 (KHTML, like Gecko) Chrome/145.0.7632.116 Mobile Safari/537.36 (compatible; Googlebot/2.1; +http://www.google.com/bot.html)" 1789 **1/1789135**
66.249.66.39 - - [16/Mar/2026:07:36:34 -0700] "GET /?detail/320758403 HTTP/1.1" 200 22182 "-" "Mozilla/5.0 (Linux; Android 6.0.1; Nexus 5X Build/MMB29P) AppleWebKit/537.36 (KHTML, like Gecko) Chrome/145.0.7632.116 Mobile Safari/537.36 (compatible; Googlebot/2.1; +http://www.google.com/bot.html)" 3939 **3/3939794**
66.249.71.205 - - [16/Mar/2026:07:36:43 -0700] "GET /detail/3799376926.shtm HTTP/1.1" 200 22022 "-" "Mozilla/5.0 (Linux; Android 6.0.1; Nexus 5X Build/MMB29P) AppleWebKit/537.36 (KHTML, like Gecko) Chrome/145.0.7632.116 Mobile Safari/537.36 (compatible; GoogleOther)" 1828 **1/1828495**
66.249.66.197 - - [16/Mar/2026:07:37:11 -0700] "GET /?detail/10368654 HTTP/1.1" 200 21491 "-" "Mozilla/5.0 (Linux; Android 6.0.1; Nexus 5X Build/MMB29P) AppleWebKit/537.36 (KHTML, like Gecko) Chrome/145.0.7632.116 Mobile Safari/537.36 (compatible; Googlebot/2.1; +http://www.google.com/bot.html)" 4011 **4/4011971**
114.119.143.213 - - [16/Mar/2026:07:37:24 -0700] "GET /detail/2893086590.shtm HTTP/1.1" 200 4098 "http://www.golz.in/sitemap.xml" "Mozilla/5.0 (Linux; Android 7.0;) AppleWebKit/537.36 (KHTML, like Gecko) Mobile Safari/537.36 (compatible; PetalBot;+https://webmaster.petalsearch.com/site/petalbot)" 517 **0/517987**
66.249.66.39 - - [16/Mar/2026:07:37:30 -0700] "GET /detail/978382122.shtm HTTP/1.1" 200 22301 "-" "Mozilla/5.0 (Linux; Android 6.0.1; Nexus 5X Build/MMB29P) AppleWebKit/537.36 (KHTML, like Gecko) Chrome/145.0.7632.116 Mobile Safari/537.36 (compatible; GoogleOther)" 1886 **1/1886998**
66.249.66.14 - - [16/Mar/2026:07:37:46 -0700] "GET /?detail/747775535 HTTP/1.1" 200 22458 "-" "Mozilla/5.0 (Linux; Android 6.0.1; Nexus 5X Build/MMB29P) AppleWebKit/537.36 (KHTML, like Gecko) Chrome/145.0.7632.116 Mobile Safari/537.36 (compatible; Googlebot/2.1; +http://www.google.com/bot.html)" 3245 **3/3245760**
66.249.66.39 - - [16/Mar/2026:07:38:18 -0700] "GET /detail/3531454424.shtm HTTP/1.1" 200 22100 "-" "Mozilla/5.0 (Linux; Android 6.0.1; Nexus 5X Build/MMB29P) AppleWebKit/537.36 (KHTML, like Gecko) Chrome/145.0.7632.116 Mobile Safari/537.36 (compatible; GoogleOther)" 1809 **1/1809176**
66.249.71.206 - - [16/Mar/2026:07:38:22 -0700] "GET /?detail/939409934 HTTP/1.1" 200 22204 "-" "Mozilla/5.0 (Linux; Android 6.0.1; Nexus 5X Build/MMB29P) AppleWebKit/537.36 (KHTML, like Gecko) Chrome/145.0.7632.116 Mobile Safari/537.36 (compatible; Googlebot/2.1; +http://www.google.com/bot.html)" 1829 **1/1829701**
216.73.216.210 - - [16/Mar/2026:07:38:59 -0700] "GET /detail/4185250797.shtm?path=%2F%2Flib64%2Fpython3.12%2Fvenv HTTP/1.1" 200 2713 "-" "Mozilla/5.0 AppleWebKit/537.36 (KHTML, like Gecko; compatible; ClaudeBot/1.0; +claudebot@anthropic.com)" 497 **0/497687**
66.249.66.163 - - [16/Mar/2026:07:38:59 -0700] "GET /?detail/865488937 HTTP/1.1" 200 22635 "-" "Mozilla/5.0 (Linux; Android 6.0.1; Nexus 5X Build/MMB29P) AppleWebKit/537.36 (KHTML, like Gecko) Chrome/145.0.7632.116 Mobile Safari/537.36 (compatible; Googlebot/2.1; +http://www.google.com/bot.html)" 1818 **1/1818401**
66.249.66.163 - - [16/Mar/2026:07:39:05 -0700] "GET /detail/795332253.shtm HTTP/1.1" 200 21312 "-" "Mozilla/5.0 (Linux; Android 6.0.1; Nexus 5X Build/MMB29P) AppleWebKit/537.36 (KHTML, like Gecko) Chrome/145.0.7632.116 Mobile Safari/537.36 (compatible; GoogleOther)" 1857 **1/1857392**
66.249.66.163 - - [16/Mar/2026:07:39:38 -0700] "GET /?detail/643147652 HTTP/1.1" 200 22189 "-" "Mozilla/5.0 (Linux; Android 6.0.1; Nexus 5X Build/MMB29P) AppleWebKit/537.36 (KHTML, like Gecko) Chrome/145.0.7632.116 Mobile Safari/537.36 (compatible; Googlebot/2.1; +http://www.google.com/bot.html)" 1787 **1/1787779**
66.249.66.163 - - [16/Mar/2026:07:39:49 -0700] "GET /detail/359473048.shtm HTTP/1.1" 200 22503 "-" "Mozilla/5.0 (Linux; Android 6.0.1; Nexus 5X Build/MMB29P) AppleWebKit/537.36 (KHTML, like Gecko) Chrome/145.0.7632.116 Mobile Safari/537.36 (compatible; GoogleOther)" 1802 **1/1802304**
66.249.66.196 - - [16/Mar/2026:07:40:14 -0700] "GET /?detail/354159708 HTTP/1.1" 200 21538 "-" "Mozilla/5.0 (Linux; Android 6.0.1; Nexus 5X Build/MMB29P) AppleWebKit/537.36 (KHTML, like Gecko) Chrome/145.0.7632.116 Mobile Safari/537.36 (compatible; Googlebot/2.1; +http://www.google.com/bot.html)" 1818 **1/1818561**
114.119.143.213 - - [16/Mar/2026:07:40:22 -0700] "GET /detail/2889546362.shtm HTTP/1.1" 200 4098 "http://www.golz.in/sitemap.xml" "Mozilla/5.0 (Linux; Android 7.0;) AppleWebKit/537.36 (KHTML, like Gecko) Mobile Safari/537.36 (compatible; PetalBot;+https://webmaster.petalsearch.com/site/petalbot)" 519 **0/519126**
66.249.71.173 - - [16/Mar/2026:07:40:36 -0700] "GET /detail/2026934600.shtm HTTP/1.1" 200 23407 "-" "Mozilla/5.0 (Linux; Android 6.0.1; Nexus 5X Build/MMB29P) AppleWebKit/537.36 (KHTML, like Gecko) Chrome/145.0.7632.116 Mobile Safari/537.36 (compatible; GoogleOther)" 1775 **1/1775655**
66.249.66.14 - - [16/Mar/2026:07:40:48 -0700] "GET /?detail/93762795 HTTP/1.1" 200 23039 "-" "Mozilla/5.0 (Linux; Android 6.0.1; Nexus 5X Build/MMB29P) AppleWebKit/537.36 (KHTML, like Gecko) Chrome/145.0.7632.116 Mobile Safari/537.36 (compatible; Googlebot/2.1; +http://www.google.com/bot.html)" 1799 **1/1799328**
216.73.216.210 - - [16/Mar/2026:07:41:11 -0700] "GET /detail/3885987053.shtm?path=%2Fhome%2Fdpknvn09897v%2Fpublic_html%2Fgolz.in%2Fwp-includes%2Frest-api HTTP/1.1" 200 2849 "-" "Mozilla/5.0 AppleWebKit/537.36 (KHTML, like Gecko; compatible; ClaudeBot/1.0; +claudebot@anthropic.com)" 543 **0/543291**
114.119.165.200 - - [16/Mar/2026:07:41:18 -0700] "GET /detail/3075896706.shtm HTTP/1.1" 200 4098 "http://www.golz.in/sitemap.xml" "Mozilla/5.0 (Linux; Android 7.0;) AppleWebKit/537.36 (KHTML, like Gecko) Mobile Safari/537.36 (compatible; PetalBot;+https://webmaster.petalsearch.com/site/petalbot)" 512 **0/512374**
66.249.66.15 - - [16/Mar/2026:07:41:25 -0700] "GET /?detail/911673946 HTTP/1.1" 200 22027 "-" "Mozilla/5.0 (Linux; Android 6.0.1; Nexus 5X Build/MMB29P) AppleWebKit/537.36 (KHTML, like Gecko) Chrome/145.0.7632.116 Mobile Safari/537.36 (compatible; Googlebot/2.1; +http://www.google.com/bot.html)" 1800 **1/1800735**
66.249.66.163 - - [16/Mar/2026:07:41:57 -0700] "GET /detail/60138323.shtm HTTP/1.1" 200 21737 "-" "Mozilla/5.0 (Linux; Android 6.0.1; Nexus 5X Build/MMB29P) AppleWebKit/537.36 (KHTML, like Gecko) Chrome/145.0.7632.116 Mobile Safari/537.36 (compatible; GoogleOther)" 1804 **1/1804235**
66.249.66.163 - - [16/Mar/2026:07:42:10 -0700] "GET /?detail/785934221 HTTP/1.1" 200 21811 "-" "Mozilla/5.0 (Linux; Android 6.0.1; Nexus 5X Build/MMB29P) AppleWebKit/537.36 (KHTML, like Gecko) Chrome/145.0.7632.116 Mobile Safari/537.36 (compatible; Googlebot/2.1; +http://www.google.com/bot.html)" 1820 **1/1820270**
66.249.66.14 - - [16/Mar/2026:07:42:40 -0700] "GET /detail/60138323.shtm HTTP/1.1" 200 21737 "-" "Mozilla/5.0 (Linux; Android 6.0.1; Nexus 5X Build/MMB29P) AppleWebKit/537.36 (KHTML, like Gecko) Chrome/145.0.7632.116 Mobile Safari/537.36 (compatible; Googlebot/2.1; +http://www.google.com/bot.html)" 1837 **1/1837137**
66.249.66.164 - - [16/Mar/2026:07:45:10 -0700] "GET /?detail/938850984 HTTP/1.1" 200 22217 "-" "Mozilla/5.0 (Linux; Android 6.0.1; Nexus 5X Build/MMB29P) AppleWebKit/537.36 (KHTML, like Gecko) Chrome/145.0.7632.116 Mobile Safari/537.36 (compatible; Googlebot/2.1; +http://www.google.com/bot.html)" 1828 **1/1828128**
114.119.143.213 - - [16/Mar/2026:07:45:49 -0700] "GET /detail/2913211184.shtm HTTP/1.1" 200 4098 "http://www.golz.in/sitemap.xml" "Mozilla/5.0 (Linux; Android 7.0;) AppleWebKit/537.36 (KHTML, like Gecko) Mobile Safari/537.36 (compatible; PetalBot;+https://webmaster.petalsearch.com/site/petalbot)" 525 **0/525312**
216.73.216.210 - - [16/Mar/2026:07:46:05 -0700] "GET /detail/196274553.shtm?fileloc=%2Fhome%2Fdpknvn09897v%2Fpublic_html%2Fgolz.in%2Fwp-links-opml.php&path=%2Fhome%2Fdpknvn09897v%2Fpublic_html%2Fgolz.in HTTP/1.1" 200 3361 "-" "Mozilla/5.0 AppleWebKit/537.36 (KHTML, like Gecko; compatible; ClaudeBot/1.0; +claudebot@anthropic.com)" 508 **0/508949**
216.73.216.210 - - [16/Mar/2026:07:46:09 -0700] "GET /detail/190310159.shtm?fileloc=%2Fhome%2Fdpknvn09897v%2Fpublic_html%2Fgolz.in%2Fwp-links-opml.php&path=%2Fhome%2Fdpknvn09897v%2Fpublic_html%2Fgolz.in HTTP/1.1" 200 3361 "-" "Mozilla/5.0 AppleWebKit/537.36 (KHTML, like Gecko; compatible; ClaudeBot/1.0; +claudebot@anthropic.com)" 513 **0/513464**
66.249.66.39 - - [16/Mar/2026:07:48:00 -0700] "GET /detail/142399871.shtm HTTP/1.1" 200 22650 "-" "Mozilla/5.0 (Linux; Android 6.0.1; Nexus 5X Build/MMB29P) AppleWebKit/537.36 (KHTML, like Gecko) Chrome/145.0.7632.116 Mobile Safari/537.36 (compatible; GoogleOther)" 1818 **1/1818779**
114.119.130.213 - - [16/Mar/2026:07:48:38 -0700] "GET /detail/289087653.shtm HTTP/1.1" 200 4098 "http://www.golz.in/sitemap.xml" "Mozilla/5.0 (Linux; Android 7.0;) AppleWebKit/537.36 (KHTML, like Gecko) Mobile Safari/537.36 (compatible; PetalBot;+https://webmaster.petalsearch.com/site/petalbot)" 487 **0/487139**
94.130.200.121 - - [16/Mar/2026:07:49:38 -0700] "POST /xmlrpc.php HTTP/1.1" 200 59502 "-" "Mozilla/5.0 (Macintosh; Intel Mac OS X 10_15_7) AppleWebKit/537.36 (KHTML, like Gecko) Chrome/122.0.0.0 Safari/537.36" 56 **0/56473**
94.130.200.121 - - [16/Mar/2026:07:49:39 -0700] "POST /xmlrpc.php HTTP/1.1" 200 59502 "-" "Mozilla/5.0 (Macintosh; Intel Mac OS X 10_15_7) AppleWebKit/537.36 (KHTML, like Gecko) Chrome/122.0.0.0 Safari/537.36" 45 **0/45164**
94.130.200.121 - - [16/Mar/2026:07:49:39 -0700] "POST /xmlrpc.php HTTP/1.1" 200 59502 "-" "Mozilla/5.0 (Macintosh; Intel Mac OS X 10_15_7) AppleWebKit/537.36 (KHTML, like Gecko) Chrome/122.0.0.0 Safari/537.36" 765 **0/765475**
94.130.200.121 - - [16/Mar/2026:07:49:40 -0700] "POST /xmlrpc.php HTTP/1.1" 200 59502 "-" "Mozilla/5.0 (Macintosh; Intel Mac OS X 10_15_7) AppleWebKit/537.36 (KHTML, like Gecko) Chrome/122.0.0.0 Safari/537.36" 76 **0/76136**
66.249.66.165 - - [16/Mar/2026:07:49:40 -0700] "GET /?detail/287778547 HTTP/1.1" 200 21434 "-" "Mozilla/5.0 (Linux; Android 6.0.1; Nexus 5X Build/MMB29P) AppleWebKit/537.36 (KHTML, like Gecko) Chrome/145.0.7632.116 Mobile Safari/537.36 (compatible; Googlebot/2.1; +http://www.google.com/bot.html)" 1820 **1/1820869**
20.189.93.70 - - [16/Mar/2026:07:49:46 -0700] "GET /wp-login.php HTTP/1.1" 200 59502 "-" "-" 43 **0/43495**
66.249.71.173 - - [16/Mar/2026:07:50:09 -0700] "GET /?detail/413301300 HTTP/1.1" 200 24016 "-" "Mozilla/5.0 (Linux; Android 6.0.1; Nexus 5X Build/MMB29P) AppleWebKit/537.36 (KHTML, like Gecko) Chrome/145.0.7632.116 Mobile Safari/537.36 (compatible; Googlebot/2.1; +http://www.google.com/bot.html)" 1836 **1/1836164**
66.249.66.163 - - [16/Mar/2026:07:51:06 -0700] "GET /?detail/452605128 HTTP/1.1" 200 23134 "-" "Mozilla/5.0 (Linux; Android 6.0.1; Nexus 5X Build/MMB29P) AppleWebKit/537.36 (KHTML, like Gecko) Chrome/145.0.7632.116 Mobile Safari/537.36 (compatible; Googlebot/2.1; +http://www.google.com/bot.html)" 1820 **1/1820312**
114.119.130.26 - - [16/Mar/2026:07:51:10 -0700] "GET /detail/2887122164.shtm HTTP/1.1" 200 4098 "http://www.golz.in/sitemap.xml" "Mozilla/5.0 (Linux; Android 7.0;) AppleWebKit/537.36 (KHTML, like Gecko) Mobile Safari/537.36 (compatible; PetalBot;+https://webmaster.petalsearch.com/site/petalbot)" 524 **0/524918**
216.73.216.210 - - [16/Mar/2026:07:51:34 -0700] "GET /detail/731175721.shtm?path=%2F%2Fusr HTTP/1.1" 200 2762 "-" "Mozilla/5.0 AppleWebKit/537.36 (KHTML, like Gecko; compatible; ClaudeBot/1.0; +claudebot@anthropic.com)" 495 **0/495705**
216.73.216.210 - - [16/Mar/2026:07:51:37 -0700] "GET /detail/3848507405.shtm?path=%2F%2Fusr HTTP/1.1" 200 2762 "-" "Mozilla/5.0 AppleWebKit/537.36 (KHTML, like Gecko; compatible; ClaudeBot/1.0; +claudebot@anthropic.com)" 509 **0/509071**
216.73.216.210 - - [16/Mar/2026:07:51:41 -0700] "GET /detail/1560142394.shtm?path=%2F%2Fsbin HTTP/1.1" 200 3986 "-" "Mozilla/5.0 AppleWebKit/537.36 (KHTML, like Gecko; compatible; ClaudeBot/1.0; +claudebot@anthropic.com)" 508 **0/508558**
216.73.216.210 - - [16/Mar/2026:07:51:45 -0700] "GET /detail/3019776469.shtm?path=%2F%2Fusr HTTP/1.1" 200 2762 "-" "Mozilla/5.0 AppleWebKit/537.36 (KHTML, like Gecko; compatible; ClaudeBot/1.0; +claudebot@anthropic.com)" 498 **0/498248**
216.73.216.210 - - [16/Mar/2026:07:51:49 -0700] "GET /detail/418710611.shtm?path=%2F%2Fusr HTTP/1.1" 200 2762 "-" "Mozilla/5.0 AppleWebKit/537.36 (KHTML, like Gecko; compatible; ClaudeBot/1.0; +claudebot@anthropic.com)" 503 **0/503746**
216.73.216.210 - - [16/Mar/2026:07:51:53 -0700] "GET /detail/2872185342.shtm?path=%2F%2Fsbin HTTP/1.1" 200 3986 "-" "Mozilla/5.0 AppleWebKit/537.36 (KHTML, like Gecko; compatible; ClaudeBot/1.0; +claudebot@anthropic.com)" 512 **0/512717**
216.73.216.210 - - [16/Mar/2026:07:51:57 -0700] "GET /detail/1682620895.shtm?path=%2F%2Ftmp HTTP/1.1" 200 2526 "-" "Mozilla/5.0 AppleWebKit/537.36 (KHTML, like Gecko; compatible; ClaudeBot/1.0; +claudebot@anthropic.com)" 507 **0/507044**
216.73.216.210 - - [16/Mar/2026:07:52:01 -0700] "GET /detail/2436678932.shtm?fileloc=%2Fhome%2Fdpknvn09897v%2Fpublic_html%2Fgolz.in%2Fwp-includes%2Fhttps-migration.php&path=%2Fhome%2Fdpknvn09897v%2Fpublic_html%2Fgolz.in%2Fwp-includes HTTP/1.1" 200 3799 "-" "Mozilla/5.0 AppleWebKit/537.36 (KHTML, like Gecko; compatible; ClaudeBot/1.0; +claudebot@anthropic.com)" 545 **0/545353**
216.73.216.210 - - [16/Mar/2026:07:52:05 -0700] "GET /detail/2865008833.shtm?fileloc=%2Fhome%2Fdpknvn09897v%2Fpublic_html%2Fgolz.in%2Fwp-includes%2Fhttps-migration.php&path=%2Fhome%2Fdpknvn09897v%2Fpublic_html%2Fgolz.in%2Fwp-includes HTTP/1.1" 200 3799 "-" "Mozilla/5.0 AppleWebKit/537.36 (KHTML, like Gecko; compatible; ClaudeBot/1.0; +claudebot@anthropic.com)" 517 **0/517890**
216.73.216.210 - - [16/Mar/2026:07:52:09 -0700] "GET /detail/2324143239.shtm?path=%2F%2Fsbin HTTP/1.1" 200 3986 "-" "Mozilla/5.0 AppleWebKit/537.36 (KHTML, like Gecko; compatible; ClaudeBot/1.0; +claudebot@anthropic.com)" 508 **0/508627**
216.73.216.210 - - [16/Mar/2026:07:52:13 -0700] "GET /detail/3231962520.shtm?path=%2F%2Fusr HTTP/1.1" 200 2762 "-" "Mozilla/5.0 AppleWebKit/537.36 (KHTML, like Gecko; compatible; ClaudeBot/1.0; +claudebot@anthropic.com)" 531 **0/531107**
216.73.216.210 - - [16/Mar/2026:07:52:17 -0700] "GET /detail/2325355338.shtm?path=%2F%2Fsbin HTTP/1.1" 200 3986 "-" "Mozilla/5.0 AppleWebKit/537.36 (KHTML, like Gecko; compatible; ClaudeBot/1.0; +claudebot@anthropic.com)" 522 **0/522704**
66.249.71.174 - - [16/Mar/2026:07:52:19 -0700] "GET /?detail/350584023 HTTP/1.1" 200 21602 "-" "Mozilla/5.0 (Linux; Android 6.0.1; Nexus 5X Build/MMB29P) AppleWebKit/537.36 (KHTML, like Gecko) Chrome/145.0.7632.116 Mobile Safari/537.36 (compatible; Googlebot/2.1; +http://www.google.com/bot.html)" 1796 **1/1796177**
216.73.216.210 - - [16/Mar/2026:07:52:21 -0700] "GET /detail/2831001943.shtm?fileloc=%2Fhome%2Fdpknvn09897v%2Fpublic_html%2Fgolz.in%2Fwp-includes%2Fhttps-detection.php&path=%2Fhome%2Fdpknvn09897v%2Fpublic_html%2Fgolz.in%2Fwp-includes HTTP/1.1" 200 4157 "-" "Mozilla/5.0 AppleWebKit/537.36 (KHTML, like Gecko; compatible; ClaudeBot/1.0; +claudebot@anthropic.com)" 501 **0/501767**
216.73.216.210 - - [16/Mar/2026:07:52:25 -0700] "GET /detail/619292585.shtm?fileloc=%2Fhome%2Fdpknvn09897v%2Fpublic_html%2Fgolz.in%2Fwp-includes%2Fhttps-migration.php&path=%2Fhome%2Fdpknvn09897v%2Fpublic_html%2Fgolz.in%2Fwp-includes HTTP/1.1" 200 3799 "-" "Mozilla/5.0 AppleWebKit/537.36 (KHTML, like Gecko; compatible; ClaudeBot/1.0; +claudebot@anthropic.com)" 507 **0/507783**
216.73.216.210 - - [16/Mar/2026:07:52:29 -0700] "GET /detail/923931902.shtm?fileloc=%2Fhome%2Fdpknvn09897v%2Fpublic_html%2Fgolz.in%2Fwp-includes%2Fhttps-detection.php&path=%2Fhome%2Fdpknvn09897v%2Fpublic_html%2Fgolz.in%2Fwp-includes HTTP/1.1" 200 4157 "-" "Mozilla/5.0 AppleWebKit/537.36 (KHTML, like Gecko; compatible; ClaudeBot/1.0; +claudebot@anthropic.com)" 508 **0/508424**
114.119.132.68 - - [16/Mar/2026:07:52:33 -0700] "GET /detail/2885910081.shtm HTTP/1.1" 200 4098 "http://www.golz.in/sitemap.xml" "Mozilla/5.0 (Linux; Android 7.0;) AppleWebKit/537.36 (KHTML, like Gecko) Mobile Safari/537.36 (compatible; PetalBot;+https://webmaster.petalsearch.com/site/petalbot)" 515 **0/515780**
216.73.216.210 - - [16/Mar/2026:07:52:33 -0700] "GET /detail/567114593.shtm?fileloc=%2Fhome%2Fdpknvn09897v%2Fpublic_html%2Fgolz.in%2Fwp-includes%2Fhttps-migration.php&path=%2Fhome%2Fdpknvn09897v%2Fpublic_html%2Fgolz.in%2Fwp-includes HTTP/1.1" 200 3799 "-" "Mozilla/5.0 AppleWebKit/537.36 (KHTML, like Gecko; compatible; ClaudeBot/1.0; +claudebot@anthropic.com)" 506 **0/506460**
66.249.66.78 - - [16/Mar/2026:07:52:55 -0700] "GET /?detail/123124211 HTTP/1.1" 200 22214 "-" "Mozilla/5.0 (Linux; Android 6.0.1; Nexus 5X Build/MMB29P) AppleWebKit/537.36 (KHTML, like Gecko) Chrome/145.0.7632.116 Mobile Safari/537.36 (compatible; Googlebot/2.1; +http://www.google.com/bot.html)" 1845 **1/1845050**
216.73.216.210 - - [16/Mar/2026:07:53:04 -0700] "GET /detail/2289087805.shtm?fileloc=%2F%2Fsbin%2Fnamed-compilezone&path=%2F%2Fsbin HTTP/1.1" 403 3512 "-" "Mozilla/5.0 AppleWebKit/537.36 (KHTML, like Gecko; compatible; ClaudeBot/1.0; +claudebot@anthropic.com)" 503 **0/503044**
66.249.71.174 - - [16/Mar/2026:07:53:33 -0700] "GET /?detail/200977721 HTTP/1.1" 200 21524 "-" "Mozilla/5.0 (Linux; Android 6.0.1; Nexus 5X Build/MMB29P) AppleWebKit/537.36 (KHTML, like Gecko) Chrome/145.0.7632.116 Mobile Safari/537.36 (compatible; Googlebot/2.1; +http://www.google.com/bot.html)" 1994 **1/1994734**
66.249.66.15 - - [16/Mar/2026:07:53:35 -0700] "GET /?detail/24553792 HTTP/1.1" 200 22030 "-" "Mozilla/5.0 (Linux; Android 6.0.1; Nexus 5X Build/MMB29P) AppleWebKit/537.36 (KHTML, like Gecko) Chrome/145.0.7632.116 Mobile Safari/537.36 (compatible; Googlebot/2.1; +http://www.google.com/bot.html)" 1772 **1/1772043**
66.249.66.14 - - [16/Mar/2026:07:54:08 -0700] "GET /?detail/118739303 HTTP/1.1" 200 23519 "-" "Mozilla/5.0 (Linux; Android 6.0.1; Nexus 5X Build/MMB29P) AppleWebKit/537.36 (KHTML, like Gecko) Chrome/145.0.7632.116 Mobile Safari/537.36 (compatible; Googlebot/2.1; +http://www.google.com/bot.html)" 1804 **1/1804914**
114.119.132.68 - - [16/Mar/2026:07:54:29 -0700] "GET /detail/2885564723.shtm HTTP/1.1" 200 4098 "http://www.golz.in/sitemap.xml" "Mozilla/5.0 (Linux; Android 7.0;) AppleWebKit/537.36 (KHTML, like Gecko) Mobile Safari/537.36 (compatible; PetalBot;+https://webmaster.petalsearch.com/site/petalbot)" 506 **0/506075**
216.73.216.210 - - [16/Mar/2026:07:54:42 -0700] "GET /detail/1975706029.shtm?path=%2F%2Fusr HTTP/1.1" 200 2762 "-" "Mozilla/5.0 AppleWebKit/537.36 (KHTML, like Gecko; compatible; ClaudeBot/1.0; +claudebot@anthropic.com)" 510 **0/510601**
216.73.216.210 - - [16/Mar/2026:07:54:45 -0700] "GET /detail/118234784.shtm?path=%2F%2Fusr HTTP/1.1" 200 2762 "-" "Mozilla/5.0 AppleWebKit/537.36 (KHTML, like Gecko; compatible; ClaudeBot/1.0; +claudebot@anthropic.com)" 511 **0/511945**
66.249.66.15 - - [16/Mar/2026:07:54:44 -0700] "GET /?detail/721060908 HTTP/1.1" 200 22143 "-" "Mozilla/5.0 (Linux; Android 6.0.1; Nexus 5X Build/MMB29P) AppleWebKit/537.36 (KHTML, like Gecko) Chrome/145.0.7632.116 Mobile Safari/537.36 (compatible; Googlebot/2.1; +http://www.google.com/bot.html)" 1879 **1/1879825**
216.73.216.210 - - [16/Mar/2026:07:54:48 -0700] "GET /detail/1871395421.shtm?path=%2F%2Fusr HTTP/1.1" 200 2762 "-" "Mozilla/5.0 AppleWebKit/537.36 (KHTML, like Gecko; compatible; ClaudeBot/1.0; +claudebot@anthropic.com)" 510 **0/510947**
216.73.216.210 - - [16/Mar/2026:07:54:51 -0700] "GET /detail/417335005.shtm?fileloc=%2Fhome%2Fdpknvn09897v%2Fpublic_html%2Fgolz.in%2Fwp-includes%2Fclass-wp-script-modules.php&path=%2Fhome%2Fdpknvn09897v%2Fpublic_html%2Fgolz.in%2Fwp-includes HTTP/1.1" 200 9836 "-" "Mozilla/5.0 AppleWebKit/537.36 (KHTML, like Gecko; compatible; ClaudeBot/1.0; +claudebot@anthropic.com)" 524 **0/524354**
216.73.216.210 - - [16/Mar/2026:07:54:54 -0700] "GET /detail/3062353770.shtm?path=%2F%2Fusr HTTP/1.1" 200 2762 "-" "Mozilla/5.0 AppleWebKit/537.36 (KHTML, like Gecko; compatible; ClaudeBot/1.0; +claudebot@anthropic.com)" 491 **0/491882**
216.73.216.210 - - [16/Mar/2026:07:54:57 -0700] "GET /detail/1506752303.shtm?path=%2F%2Fusr HTTP/1.1" 200 2762 "-" "Mozilla/5.0 AppleWebKit/537.36 (KHTML, like Gecko; compatible; ClaudeBot/1.0; +claudebot@anthropic.com)" 495 **0/495228**
216.73.216.210 - - [16/Mar/2026:07:55:00 -0700] "GET /detail/620504700.shtm?path=%2F%2Fusr HTTP/1.1" 200 2762 "-" "Mozilla/5.0 AppleWebKit/537.36 (KHTML, like Gecko; compatible; ClaudeBot/1.0; +claudebot@anthropic.com)" 539 **0/539582**
114.119.132.68 - - [16/Mar/2026:07:55:00 -0700] "GET /detail/2884352640.shtm HTTP/1.1" 200 4098 "http://www.golz.in/sitemap.xml" "Mozilla/5.0 (Linux; Android 7.0;) AppleWebKit/537.36 (KHTML, like Gecko) Mobile Safari/537.36 (compatible; PetalBot;+https://webmaster.petalsearch.com/site/petalbot)" 552 **0/552363**
216.73.216.210 - - [16/Mar/2026:07:55:03 -0700] "GET /detail/2551331608.shtm?path=%2F%2Fusr HTTP/1.1" 200 2762 "-" "Mozilla/5.0 AppleWebKit/537.36 (KHTML, like Gecko; compatible; ClaudeBot/1.0; +claudebot@anthropic.com)" 624 **0/624850**
216.73.216.210 - - [16/Mar/2026:07:55:06 -0700] "GET /detail/118234784.shtm?path=%2F%2Fsbin HTTP/1.1" 200 3986 "-" "Mozilla/5.0 AppleWebKit/537.36 (KHTML, like Gecko; compatible; ClaudeBot/1.0; +claudebot@anthropic.com)" 546 **0/546101**
216.73.216.210 - - [16/Mar/2026:07:55:09 -0700] "GET /detail/1975706029.shtm?path=%2F%2Fsbin HTTP/1.1" 200 3986 "-" "Mozilla/5.0 AppleWebKit/537.36 (KHTML, like Gecko; compatible; ClaudeBot/1.0; +claudebot@anthropic.com)" 514 **0/514617**
216.73.216.210 - - [16/Mar/2026:07:55:12 -0700] "GET /detail/1871395421.shtm?path=%2F%2Fsbin HTTP/1.1" 200 3986 "-" "Mozilla/5.0 AppleWebKit/537.36 (KHTML, like Gecko; compatible; ClaudeBot/1.0; +claudebot@anthropic.com)" 545 **0/545631**
216.73.216.210 - - [16/Mar/2026:07:55:15 -0700] "GET /detail/3062353770.shtm?path=%2F%2Fsbin HTTP/1.1" 200 3986 "-" "Mozilla/5.0 AppleWebKit/537.36 (KHTML, like Gecko; compatible; ClaudeBot/1.0; +claudebot@anthropic.com)" 513 **0/513504**
216.73.216.210 - - [16/Mar/2026:07:55:18 -0700] "GET /detail/620504700.shtm?path=%2F%2Fsbin HTTP/1.1" 200 3986 "-" "Mozilla/5.0 AppleWebKit/537.36 (KHTML, like Gecko; compatible; ClaudeBot/1.0; +claudebot@anthropic.com)" 535 **0/535207**
216.73.216.210 - - [16/Mar/2026:07:55:21 -0700] "GET /detail/1506752303.shtm?path=%2F%2Fsbin HTTP/1.1" 200 3986 "-" "Mozilla/5.0 AppleWebKit/537.36 (KHTML, like Gecko; compatible; ClaudeBot/1.0; +claudebot@anthropic.com)" 510 **0/510218**
216.73.216.210 - - [16/Mar/2026:07:55:24 -0700] "GET /detail/1999025477.shtm?path=%2F%2Flib%2Fsystemd HTTP/1.1" 200 4299 "-" "Mozilla/5.0 AppleWebKit/537.36 (KHTML, like Gecko; compatible; ClaudeBot/1.0; +claudebot@anthropic.com)" 508 **0/508104**
216.73.216.210 - - [16/Mar/2026:07:55:27 -0700] "GET /detail/2831001943.shtm?fileloc=%2Fhome%2Fdpknvn09897v%2Fpublic_html%2Fgolz.in%2Fwp-includes%2Fclass-wp-script-modules.php&path=%2Fhome%2Fdpknvn09897v%2Fpublic_html%2Fgolz.in%2Fwp-includes HTTP/1.1" 200 9836 "-" "Mozilla/5.0 AppleWebKit/537.36 (KHTML, like Gecko; compatible; ClaudeBot/1.0; +claudebot@anthropic.com)" 510 **0/510469**
216.73.216.210 - - [16/Mar/2026:07:55:30 -0700] "GET /detail/2551331608.shtm?path=%2F%2Fsbin HTTP/1.1" 403 3512 "-" "Mozilla/5.0 AppleWebKit/537.36 (KHTML, like Gecko; compatible; ClaudeBot/1.0; +claudebot@anthropic.com)" 519 **0/519366**
216.73.216.210 - - [16/Mar/2026:07:55:33 -0700] "GET /detail/3394648042.shtm?fileloc=%2Fhome%2Fdpknvn09897v%2Fpublic_html%2Fgolz.in%2Fwp-includes%2Fcss%2Fwp-pointer.css&path=%2Fhome%2Fdpknvn09897v%2Fpublic_html%2Fgolz.in%2Fwp-includes%2Fcss HTTP/1.1" 403 3512 "-" "Mozilla/5.0 AppleWebKit/537.36 (KHTML, like Gecko; compatible; ClaudeBot/1.0; +claudebot@anthropic.com)" 511 **0/511749**
216.73.216.210 - - [16/Mar/2026:07:55:36 -0700] "GET /detail/1364962047.shtm?fileloc=%2Fhome%2Fdpknvn09897v%2Fpublic_html%2Fgolz.in%2Fwp-includes%2Fcss%2Fwp-pointer.css&path=%2Fhome%2Fdpknvn09897v%2Fpublic_html%2Fgolz.in%2Fwp-includes%2Fcss HTTP/1.1" 403 3512 "-" "Mozilla/5.0 AppleWebKit/537.36 (KHTML, like Gecko; compatible; ClaudeBot/1.0; +claudebot@anthropic.com)" 519 **0/519472**
66.249.71.205 - - [16/Mar/2026:07:55:57 -0700] "GET /?detail/267013990 HTTP/1.1" 200 21722 "-" "Mozilla/5.0 (Linux; Android 6.0.1; Nexus 5X Build/MMB29P) AppleWebKit/537.36 (KHTML, like Gecko) Chrome/145.0.7632.116 Mobile Safari/537.36 (compatible; Googlebot/2.1; +http://www.google.com/bot.html)" 1938 **1/1938676**
66.249.71.70 - - [16/Mar/2026:07:56:33 -0700] "GET /?detail/871102283 HTTP/1.1" 200 23423 "-" "Mozilla/5.0 (Linux; Android 6.0.1; Nexus 5X Build/MMB29P) AppleWebKit/537.36 (KHTML, like Gecko) Chrome/145.0.7632.116 Mobile Safari/537.36 (compatible; Googlebot/2.1; +http://www.google.com/bot.html)" 1941 **1/1941085**
66.249.66.14 - - [16/Mar/2026:07:56:51 -0700] "GET /?detail/986330837 HTTP/1.1" 200 22029 "-" "Mozilla/5.0 (Linux; Android 6.0.1; Nexus 5X Build/MMB29P) AppleWebKit/537.36 (KHTML, like Gecko) Chrome/145.0.7632.116 Mobile Safari/537.36 (compatible; Googlebot/2.1; +http://www.google.com/bot.html)" 1781 **1/1781482**
