74.7.227.169 - - [16/Mar/2026:10:00:53 -0700] "GET /detail/9999482.shtm?fileloc=//proc/sys/net/ipv4/conf/all/arp_ignore&path=//proc/sys/net/ipv4/conf/all HTTP/1.1" 200 2299 "http://www.golz.in/detail/9999482.shtm?path=//proc/sys/net/ipv4/conf/all" "Mozilla/5.0 AppleWebKit/537.36 (KHTML, like Gecko; compatible; GPTBot/1.3; +https://openai.com/gptbot)" 494 **0/494156**
74.7.227.169 - - [16/Mar/2026:10:00:56 -0700] "GET /detail/9999482.shtm?fileloc=//proc/sys/net/ipv4/conf/all/bootp_relay&path=//proc/sys/net/ipv4/conf/all HTTP/1.1" 200 2301 "http://www.golz.in/detail/9999482.shtm?path=//proc/sys/net/ipv4/conf/all" "Mozilla/5.0 AppleWebKit/537.36 (KHTML, like Gecko; compatible; GPTBot/1.3; +https://openai.com/gptbot)" 487 **0/487690**
74.7.227.169 - - [16/Mar/2026:10:00:59 -0700] "GET /detail/9999482.shtm?fileloc=//proc/sys/net/ipv6/neigh/lo/app_solicit&path=//proc/sys/net/ipv6/neigh/lo HTTP/1.1" 200 2300 "http://www.golz.in/detail/9999482.shtm?path=//proc/sys/net/ipv6/neigh/lo" "Mozilla/5.0 AppleWebKit/537.36 (KHTML, like Gecko; compatible; GPTBot/1.3; +https://openai.com/gptbot)" 494 **0/494164**
74.7.227.169 - - [16/Mar/2026:10:01:03 -0700] "GET /detail/9999482.shtm?fileloc=//proc/sys/net/ipv6/conf/all/accept_dad&path=//proc/sys/net/ipv6/conf/all HTTP/1.1" 200 2300 "http://www.golz.in/detail/9999482.shtm?path=//proc/sys/net/ipv6/conf/all" "Mozilla/5.0 AppleWebKit/537.36 (KHTML, like Gecko; compatible; GPTBot/1.3; +https://openai.com/gptbot)" 522 **0/522998**
74.7.227.169 - - [16/Mar/2026:10:01:06 -0700] "GET /detail/8787383.shtm?path=//var/tmp HTTP/1.1" 200 2538 "http://www.golz.in/detail/8787383.shtm?path=//var" "Mozilla/5.0 AppleWebKit/537.36 (KHTML, like Gecko; compatible; GPTBot/1.3; +https://openai.com/gptbot)" 505 **0/505377**
74.7.227.169 - - [16/Mar/2026:10:01:09 -0700] "GET /detail/8787383.shtm?path=//lib/rpm HTTP/1.1" 200 3134 "http://www.golz.in/detail/8787383.shtm?path=//lib" "Mozilla/5.0 AppleWebKit/537.36 (KHTML, like Gecko; compatible; GPTBot/1.3; +https://openai.com/gptbot)" 501 **0/501884**
74.7.227.169 - - [16/Mar/2026:10:01:12 -0700] "GET /detail/5247171.shtm?path=//var/opt HTTP/1.1" 200 2547 "http://www.golz.in/detail/5247171.shtm?path=//var" "Mozilla/5.0 AppleWebKit/537.36 (KHTML, like Gecko; compatible; GPTBot/1.3; +https://openai.com/gptbot)" 498 **0/498589**
74.7.227.169 - - [16/Mar/2026:10:01:15 -0700] "GET /detail/5247171.shtm?path=//var/lve HTTP/1.1" 200 2692 "http://www.golz.in/detail/5247171.shtm?path=//var" "Mozilla/5.0 AppleWebKit/537.36 (KHTML, like Gecko; compatible; GPTBot/1.3; +https://openai.com/gptbot)" 495 **0/495977**
74.7.227.169 - - [16/Mar/2026:10:01:18 -0700] "GET /detail/8787383.shtm?path=//opt/alt HTTP/1.1" 200 3978 "http://www.golz.in/detail/8787383.shtm?path=//opt" "Mozilla/5.0 AppleWebKit/537.36 (KHTML, like Gecko; compatible; GPTBot/1.3; +https://openai.com/gptbot)" 498 **0/498916**
74.7.227.169 - - [16/Mar/2026:10:01:21 -0700] "GET /detail/8787383.shtm?path=//proc/fs HTTP/1.1" 200 2611 "http://www.golz.in/detail/8787383.shtm?path=//proc" "Mozilla/5.0 AppleWebKit/537.36 (KHTML, like Gecko; compatible; GPTBot/1.3; +https://openai.com/gptbot)" 512 **0/512009**
74.7.227.169 - - [16/Mar/2026:10:01:25 -0700] "GET /detail/8787383.shtm?path=//var/run HTTP/1.1" 200 2841 "http://www.golz.in/detail/8787383.shtm?path=//var" "Mozilla/5.0 AppleWebKit/537.36 (KHTML, like Gecko; compatible; GPTBot/1.3; +https://openai.com/gptbot)" 506 **0/506453**
74.7.227.169 - - [16/Mar/2026:10:01:28 -0700] "GET /detail/8787383.shtm?path=//usr/lib HTTP/1.1" 200 3575 "http://www.golz.in/detail/8787383.shtm?path=//usr" "Mozilla/5.0 AppleWebKit/537.36 (KHTML, like Gecko; compatible; GPTBot/1.3; +https://openai.com/gptbot)" 518 **0/518127**
74.7.227.169 - - [16/Mar/2026:10:01:31 -0700] "GET /detail/5247171.shtm?path=//etc/ssh HTTP/1.1" 200 2608 "http://www.golz.in/detail/5247171.shtm?path=//etc" "Mozilla/5.0 AppleWebKit/537.36 (KHTML, like Gecko; compatible; GPTBot/1.3; +https://openai.com/gptbot)" 561 **0/561776**
74.7.227.169 - - [16/Mar/2026:10:01:34 -0700] "GET /detail/8787383.shtm?path=//var/opt HTTP/1.1" 200 2547 "http://www.golz.in/detail/8787383.shtm?path=//var" "Mozilla/5.0 AppleWebKit/537.36 (KHTML, like Gecko; compatible; GPTBot/1.3; +https://openai.com/gptbot)" 529 **0/529571**
66.249.66.195 - - [16/Mar/2026:10:01:36 -0700] "GET /?detail/712971680 HTTP/1.1" 200 23001 "-" "Mozilla/5.0 (Linux; Android 6.0.1; Nexus 5X Build/MMB29P) AppleWebKit/537.36 (KHTML, like Gecko) Chrome/145.0.7632.116 Mobile Safari/537.36 (compatible; Googlebot/2.1; +http://www.google.com/bot.html)" 1801 **1/1801442**
74.7.227.169 - - [16/Mar/2026:10:01:37 -0700] "GET /detail/5247171.shtm?path=//etc/ssl HTTP/1.1" 200 2545 "http://www.golz.in/detail/5247171.shtm?path=//etc" "Mozilla/5.0 AppleWebKit/537.36 (KHTML, like Gecko; compatible; GPTBot/1.3; +https://openai.com/gptbot)" 505 **0/505566**
74.7.227.169 - - [16/Mar/2026:10:01:40 -0700] "GET /detail/8787383.shtm?path=//etc/scl HTTP/1.1" 200 2685 "http://www.golz.in/detail/8787383.shtm?path=//etc" "Mozilla/5.0 AppleWebKit/537.36 (KHTML, like Gecko; compatible; GPTBot/1.3; +https://openai.com/gptbot)" 556 **0/556084**
74.7.227.169 - - [16/Mar/2026:10:01:43 -0700] "GET /detail/5247171.shtm?path=//etc/pki HTTP/1.1" 200 2749 "http://www.golz.in/detail/5247171.shtm?path=//etc" "Mozilla/5.0 AppleWebKit/537.36 (KHTML, like Gecko; compatible; GPTBot/1.3; +https://openai.com/gptbot)" 544 **0/544874**
74.7.227.169 - - [16/Mar/2026:10:01:46 -0700] "GET /detail/5247171.shtm?path=//lib/kbd HTTP/1.1" 200 2619 "http://www.golz.in/detail/5247171.shtm?path=//lib" "Mozilla/5.0 AppleWebKit/537.36 (KHTML, like Gecko; compatible; GPTBot/1.3; +https://openai.com/gptbot)" 493 **0/493590**
74.7.227.169 - - [16/Mar/2026:10:01:49 -0700] "GET /detail/5247171.shtm?path=//var/tmp HTTP/1.1" 200 2538 "http://www.golz.in/detail/5247171.shtm?path=//var" "Mozilla/5.0 AppleWebKit/537.36 (KHTML, like Gecko; compatible; GPTBot/1.3; +https://openai.com/gptbot)" 520 **0/520206**
74.7.227.169 - - [16/Mar/2026:10:01:52 -0700] "GET /detail/8787383.shtm?path=//opt/alt/modsec-sdbm-util HTTP/1.1" 200 2593 "http://www.golz.in/detail/8787383.shtm?path=//opt/alt" "Mozilla/5.0 AppleWebKit/537.36 (KHTML, like Gecko; compatible; GPTBot/1.3; +https://openai.com/gptbot)" 566 **0/566729**
74.7.227.169 - - [16/Mar/2026:10:01:56 -0700] "GET /detail/8787383.shtm?path=//opt/alt/pcre2 HTTP/1.1" 200 2555 "http://www.golz.in/detail/8787383.shtm?path=//opt/alt" "Mozilla/5.0 AppleWebKit/537.36 (KHTML, like Gecko; compatible; GPTBot/1.3; +https://openai.com/gptbot)" 581 **0/581119**
74.7.227.169 - - [16/Mar/2026:10:01:59 -0700] "GET /detail/8787383.shtm?path=//opt/alt/alt-php-config HTTP/1.1" 200 2799 "http://www.golz.in/detail/8787383.shtm?path=//opt/alt" "Mozilla/5.0 AppleWebKit/537.36 (KHTML, like Gecko; compatible; GPTBot/1.3; +https://openai.com/gptbot)" 532 **0/532062**
74.7.227.169 - - [16/Mar/2026:10:02:02 -0700] "GET /detail/8787383.shtm?path=//usr/lib/.build-id HTTP/1.1" 200 4599 "http://www.golz.in/detail/8787383.shtm?path=//usr/lib" "Mozilla/5.0 AppleWebKit/537.36 (KHTML, like Gecko; compatible; GPTBot/1.3; +https://openai.com/gptbot)" 568 **0/568008**
74.7.227.169 - - [16/Mar/2026:10:02:05 -0700] "GET /detail/8787383.shtm?path=//var/log HTTP/1.1" 200 2726 "http://www.golz.in/detail/8787383.shtm?path=//var" "Mozilla/5.0 AppleWebKit/537.36 (KHTML, like Gecko; compatible; GPTBot/1.3; +https://openai.com/gptbot)" 542 **0/542584**
74.7.227.169 - - [16/Mar/2026:10:02:08 -0700] "GET /detail/8787383.shtm?path=//lib/kbd HTTP/1.1" 200 2619 "http://www.golz.in/detail/8787383.shtm?path=//lib" "Mozilla/5.0 AppleWebKit/537.36 (KHTML, like Gecko; compatible; GPTBot/1.3; +https://openai.com/gptbot)" 662 **0/662716**
74.7.227.169 - - [16/Mar/2026:10:02:11 -0700] "GET /detail/8787383.shtm?path=//var/lve HTTP/1.1" 200 2692 "http://www.golz.in/detail/8787383.shtm?path=//var" "Mozilla/5.0 AppleWebKit/537.36 (KHTML, like Gecko; compatible; GPTBot/1.3; +https://openai.com/gptbot)" 504 **0/504375**
74.7.227.169 - - [16/Mar/2026:10:02:15 -0700] "GET /detail/8787383.shtm?path=//var/lib HTTP/1.1" 200 2622 "http://www.golz.in/detail/8787383.shtm?path=//var" "Mozilla/5.0 AppleWebKit/537.36 (KHTML, like Gecko; compatible; GPTBot/1.3; +https://openai.com/gptbot)" 511 **0/511382**
74.7.227.169 - - [16/Mar/2026:10:02:18 -0700] "GET /detail/5247171.shtm?path=//etc/scl HTTP/1.1" 200 2685 "http://www.golz.in/detail/5247171.shtm?path=//etc" "Mozilla/5.0 AppleWebKit/537.36 (KHTML, like Gecko; compatible; GPTBot/1.3; +https://openai.com/gptbot)" 491 **0/491097**
74.7.227.169 - - [16/Mar/2026:10:02:21 -0700] "GET /detail/8787383.shtm?path=//usr/bin HTTP/1.1" 200 14547 "http://www.golz.in/detail/8787383.shtm?path=//usr" "Mozilla/5.0 AppleWebKit/537.36 (KHTML, like Gecko; compatible; GPTBot/1.3; +https://openai.com/gptbot)" 505 **0/505460**
74.7.227.169 - - [16/Mar/2026:10:02:24 -0700] "GET /detail/8787383.shtm?path=//lib/gcc HTTP/1.1" 200 2553 "http://www.golz.in/detail/8787383.shtm?path=//lib" "Mozilla/5.0 AppleWebKit/537.36 (KHTML, like Gecko; compatible; GPTBot/1.3; +https://openai.com/gptbot)" 493 **0/493561**
74.7.227.169 - - [16/Mar/2026:10:02:27 -0700] "GET /detail/5247171.shtm?path=//opt/alt HTTP/1.1" 200 3978 "http://www.golz.in/detail/5247171.shtm?path=//opt" "Mozilla/5.0 AppleWebKit/537.36 (KHTML, like Gecko; compatible; GPTBot/1.3; +https://openai.com/gptbot)" 501 **0/501428**
74.7.227.169 - - [16/Mar/2026:10:02:30 -0700] "GET /detail/5247171.shtm?path=//var/lib HTTP/1.1" 200 2622 "http://www.golz.in/detail/5247171.shtm?path=//var" "Mozilla/5.0 AppleWebKit/537.36 (KHTML, like Gecko; compatible; GPTBot/1.3; +https://openai.com/gptbot)" 492 **0/492462**
74.7.227.169 - - [16/Mar/2026:10:02:33 -0700] "GET /detail/8787383.shtm?fileloc=//bin/pr&path=//bin HTTP/1.1" 200 33944 "http://www.golz.in/detail/8787383.shtm?path=//bin" "Mozilla/5.0 AppleWebKit/537.36 (KHTML, like Gecko; compatible; GPTBot/1.3; +https://openai.com/gptbot)" 531 **0/531052**
114.119.143.213 - - [16/Mar/2026:10:02:34 -0700] "GET /detail/2612907390.shtm HTTP/1.1" 200 4098 "http://www.golz.in/sitemap.xml" "Mozilla/5.0 (Linux; Android 7.0;) AppleWebKit/537.36 (KHTML, like Gecko) Mobile Safari/537.36 (compatible; PetalBot;+https://webmaster.petalsearch.com/site/petalbot)" 489 **0/489911**
74.7.227.169 - - [16/Mar/2026:10:02:36 -0700] "GET /detail/8787383.shtm?path=//usr/lib/.build-id/64 HTTP/1.1" 200 3184 "http://www.golz.in/detail/8787383.shtm?path=//usr/lib/.build-id" "Mozilla/5.0 AppleWebKit/537.36 (KHTML, like Gecko; compatible; GPTBot/1.3; +https://openai.com/gptbot)" 509 **0/509320**
74.7.227.169 - - [16/Mar/2026:10:02:39 -0700] "GET /detail/8787383.shtm?path=//usr/lib/.build-id/14 HTTP/1.1" 200 3124 "http://www.golz.in/detail/8787383.shtm?path=//usr/lib/.build-id" "Mozilla/5.0 AppleWebKit/537.36 (KHTML, like Gecko; compatible; GPTBot/1.3; +https://openai.com/gptbot)" 505 **0/505451**
74.7.227.169 - - [16/Mar/2026:10:02:42 -0700] "GET /detail/8787383.shtm?path=//usr/lib/.build-id/da HTTP/1.1" 200 3075 "http://www.golz.in/detail/8787383.shtm?path=//usr/lib/.build-id" "Mozilla/5.0 AppleWebKit/537.36 (KHTML, like Gecko; compatible; GPTBot/1.3; +https://openai.com/gptbot)" 499 **0/499990**
74.7.227.169 - - [16/Mar/2026:10:02:46 -0700] "GET /detail/8787383.shtm?path=//usr/lib/.build-id/e6 HTTP/1.1" 200 2918 "http://www.golz.in/detail/8787383.shtm?path=//usr/lib/.build-id" "Mozilla/5.0 AppleWebKit/537.36 (KHTML, like Gecko; compatible; GPTBot/1.3; +https://openai.com/gptbot)" 511 **0/511344**
74.7.227.169 - - [16/Mar/2026:10:02:49 -0700] "GET /detail/8787383.shtm?path=//usr/lib/.build-id/ad HTTP/1.1" 200 3166 "http://www.golz.in/detail/8787383.shtm?path=//usr/lib/.build-id" "Mozilla/5.0 AppleWebKit/537.36 (KHTML, like Gecko; compatible; GPTBot/1.3; +https://openai.com/gptbot)" 496 **0/496998**
74.7.227.169 - - [16/Mar/2026:10:02:52 -0700] "GET /detail/8787383.shtm?path=//usr/lib/.build-id/ca HTTP/1.1" 200 3191 "http://www.golz.in/detail/8787383.shtm?path=//usr/lib/.build-id" "Mozilla/5.0 AppleWebKit/537.36 (KHTML, like Gecko; compatible; GPTBot/1.3; +https://openai.com/gptbot)" 503 **0/503096**
74.7.227.169 - - [16/Mar/2026:10:02:55 -0700] "GET /detail/8787383.shtm?fileloc=//usr/bin/lessecho&path=//usr/bin HTTP/1.1" 200 6548 "http://www.golz.in/detail/8787383.shtm?path=//usr/bin" "Mozilla/5.0 AppleWebKit/537.36 (KHTML, like Gecko; compatible; GPTBot/1.3; +https://openai.com/gptbot)" 505 **0/505694**
74.7.227.169 - - [16/Mar/2026:10:02:59 -0700] "GET /detail/8787383.shtm?fileloc=//usr/bin/gtroff&path=//usr/bin HTTP/1.1" 200 225344 "http://www.golz.in/detail/8787383.shtm?path=//usr/bin" "Mozilla/5.0 AppleWebKit/537.36 (KHTML, like Gecko; compatible; GPTBot/1.3; +https://openai.com/gptbot)" 601 **0/601386**
74.7.227.169 - - [16/Mar/2026:10:03:02 -0700] "GET /detail/8787383.shtm?path=//usr/lib/.build-id/cb HTTP/1.1" 200 3160 "http://www.golz.in/detail/8787383.shtm?path=//usr/lib/.build-id" "Mozilla/5.0 AppleWebKit/537.36 (KHTML, like Gecko; compatible; GPTBot/1.3; +https://openai.com/gptbot)" 507 **0/507880**
74.7.227.169 - - [16/Mar/2026:10:03:05 -0700] "GET /detail/8787383.shtm?path=//usr/lib/.build-id/fe HTTP/1.1" 200 3275 "http://www.golz.in/detail/8787383.shtm?path=//usr/lib/.build-id" "Mozilla/5.0 AppleWebKit/537.36 (KHTML, like Gecko; compatible; GPTBot/1.3; +https://openai.com/gptbot)" 520 **0/520551**
74.7.227.169 - - [16/Mar/2026:10:03:08 -0700] "GET /detail/8787383.shtm?path=//usr/lib/.build-id/ff HTTP/1.1" 200 3313 "http://www.golz.in/detail/8787383.shtm?path=//usr/lib/.build-id" "Mozilla/5.0 AppleWebKit/537.36 (KHTML, like Gecko; compatible; GPTBot/1.3; +https://openai.com/gptbot)" 508 **0/508071**
74.7.227.169 - - [16/Mar/2026:10:03:11 -0700] "GET /detail/8787383.shtm?path=//usr/lib/.build-id/aa HTTP/1.1" 200 3271 "http://www.golz.in/detail/8787383.shtm?path=//usr/lib/.build-id" "Mozilla/5.0 AppleWebKit/537.36 (KHTML, like Gecko; compatible; GPTBot/1.3; +https://openai.com/gptbot)" 494 **0/494024**
74.7.227.169 - - [16/Mar/2026:10:03:14 -0700] "GET /detail/8787383.shtm?path=//usr/lib/.build-id/ee HTTP/1.1" 200 3073 "http://www.golz.in/detail/8787383.shtm?path=//usr/lib/.build-id" "Mozilla/5.0 AppleWebKit/537.36 (KHTML, like Gecko; compatible; GPTBot/1.3; +https://openai.com/gptbot)" 496 **0/496776**
74.7.227.169 - - [16/Mar/2026:10:03:18 -0700] "GET /detail/8787383.shtm?path=//usr/lib/.build-id/fb HTTP/1.1" 200 2919 "http://www.golz.in/detail/8787383.shtm?path=//usr/lib/.build-id" "Mozilla/5.0 AppleWebKit/537.36 (KHTML, like Gecko; compatible; GPTBot/1.3; +https://openai.com/gptbot)" 506 **0/506496**
74.7.227.169 - - [16/Mar/2026:10:03:21 -0700] "GET /detail/8787383.shtm?path=//usr/lib/.build-id/de HTTP/1.1" 200 3068 "http://www.golz.in/detail/8787383.shtm?path=//usr/lib/.build-id" "Mozilla/5.0 AppleWebKit/537.36 (KHTML, like Gecko; compatible; GPTBot/1.3; +https://openai.com/gptbot)" 501 **0/501506**
74.7.227.169 - - [16/Mar/2026:10:03:24 -0700] "GET /detail/8787383.shtm?path=//usr/lib/.build-id/ef HTTP/1.1" 200 3275 "http://www.golz.in/detail/8787383.shtm?path=//usr/lib/.build-id" "Mozilla/5.0 AppleWebKit/537.36 (KHTML, like Gecko; compatible; GPTBot/1.3; +https://openai.com/gptbot)" 489 **0/489234**
66.249.66.15 - - [16/Mar/2026:10:03:24 -0700] "GET /?detail/880165595 HTTP/1.1" 200 22140 "-" "Mozilla/5.0 (Linux; Android 6.0.1; Nexus 5X Build/MMB29P) AppleWebKit/537.36 (KHTML, like Gecko) Chrome/145.0.7632.116 Mobile Safari/537.36 (compatible; Googlebot/2.1; +http://www.google.com/bot.html)" 1799 **1/1799429**
74.7.227.169 - - [16/Mar/2026:10:03:27 -0700] "GET /detail/8787383.shtm?path=//usr/lib/.build-id/ce HTTP/1.1" 200 3407 "http://www.golz.in/detail/8787383.shtm?path=//usr/lib/.build-id" "Mozilla/5.0 AppleWebKit/537.36 (KHTML, like Gecko; compatible; GPTBot/1.3; +https://openai.com/gptbot)" 493 **0/493372**
74.7.227.169 - - [16/Mar/2026:10:03:30 -0700] "GET /detail/8787383.shtm?path=//usr/lib/.build-id/ab HTTP/1.1" 200 3271 "http://www.golz.in/detail/8787383.shtm?path=//usr/lib/.build-id" "Mozilla/5.0 AppleWebKit/537.36 (KHTML, like Gecko; compatible; GPTBot/1.3; +https://openai.com/gptbot)" 499 **0/499920**
74.7.227.169 - - [16/Mar/2026:10:03:33 -0700] "GET /detail/8787383.shtm?path=//usr/lib/.build-id/eb HTTP/1.1" 200 3123 "http://www.golz.in/detail/8787383.shtm?path=//usr/lib/.build-id" "Mozilla/5.0 AppleWebKit/537.36 (KHTML, like Gecko; compatible; GPTBot/1.3; +https://openai.com/gptbot)" 504 **0/504962**
74.7.227.169 - - [16/Mar/2026:10:03:36 -0700] "GET /detail/8787383.shtm?path=//usr/lib/.build-id/ae HTTP/1.1" 200 3235 "http://www.golz.in/detail/8787383.shtm?path=//usr/lib/.build-id" "Mozilla/5.0 AppleWebKit/537.36 (KHTML, like Gecko; compatible; GPTBot/1.3; +https://openai.com/gptbot)" 510 **0/510183**
74.7.227.169 - - [16/Mar/2026:10:03:39 -0700] "GET /detail/8787383.shtm?path=//usr/lib/.build-id/bd HTTP/1.1" 200 3131 "http://www.golz.in/detail/8787383.shtm?path=//usr/lib/.build-id" "Mozilla/5.0 AppleWebKit/537.36 (KHTML, like Gecko; compatible; GPTBot/1.3; +https://openai.com/gptbot)" 512 **0/512392**
74.7.227.169 - - [16/Mar/2026:10:03:43 -0700] "GET /detail/8787383.shtm?path=//usr/lib/.build-id/dd HTTP/1.1" 200 3123 "http://www.golz.in/detail/8787383.shtm?path=//usr/lib/.build-id" "Mozilla/5.0 AppleWebKit/537.36 (KHTML, like Gecko; compatible; GPTBot/1.3; +https://openai.com/gptbot)" 501 **0/501471**
74.7.227.169 - - [16/Mar/2026:10:03:46 -0700] "GET /detail/8787383.shtm?path=//usr/lib/.build-id/ed HTTP/1.1" 200 3129 "http://www.golz.in/detail/8787383.shtm?path=//usr/lib/.build-id" "Mozilla/5.0 AppleWebKit/537.36 (KHTML, like Gecko; compatible; GPTBot/1.3; +https://openai.com/gptbot)" 510 **0/510033**
74.7.227.169 - - [16/Mar/2026:10:03:49 -0700] "GET /detail/8787383.shtm?path=//usr/lib/.build-id/fa HTTP/1.1" 200 3333 "http://www.golz.in/detail/8787383.shtm?path=//usr/lib/.build-id" "Mozilla/5.0 AppleWebKit/537.36 (KHTML, like Gecko; compatible; GPTBot/1.3; +https://openai.com/gptbot)" 495 **0/495178**
74.7.227.169 - - [16/Mar/2026:10:03:52 -0700] "GET /detail/8787383.shtm?path=//usr/lib/.build-id/bf HTTP/1.1" 200 3193 "http://www.golz.in/detail/8787383.shtm?path=//usr/lib/.build-id" "Mozilla/5.0 AppleWebKit/537.36 (KHTML, like Gecko; compatible; GPTBot/1.3; +https://openai.com/gptbot)" 488 **0/488153**
114.119.165.200 - - [16/Mar/2026:10:03:54 -0700] "GET /detail/2611695291.shtm HTTP/1.1" 200 4098 "http://www.golz.in/sitemap.xml" "Mozilla/5.0 (Linux; Android 7.0;) AppleWebKit/537.36 (KHTML, like Gecko) Mobile Safari/537.36 (compatible; PetalBot;+https://webmaster.petalsearch.com/site/petalbot)" 498 **0/498431**
74.7.227.169 - - [16/Mar/2026:10:03:55 -0700] "GET /detail/8787383.shtm?path=//usr/lib/.build-id/cd HTTP/1.1" 200 3234 "http://www.golz.in/detail/8787383.shtm?path=//usr/lib/.build-id" "Mozilla/5.0 AppleWebKit/537.36 (KHTML, like Gecko; compatible; GPTBot/1.3; +https://openai.com/gptbot)" 489 **0/489789**
74.7.227.169 - - [16/Mar/2026:10:03:58 -0700] "GET /detail/8787383.shtm?path=//usr/lib/.build-id/dc HTTP/1.1" 200 2921 "http://www.golz.in/detail/8787383.shtm?path=//usr/lib/.build-id" "Mozilla/5.0 AppleWebKit/537.36 (KHTML, like Gecko; compatible; GPTBot/1.3; +https://openai.com/gptbot)" 506 **0/506762**
74.7.227.169 - - [16/Mar/2026:10:04:01 -0700] "GET /detail/8787383.shtm?path=//usr/lib/.build-id/be HTTP/1.1" 200 3163 "http://www.golz.in/detail/8787383.shtm?path=//usr/lib/.build-id" "Mozilla/5.0 AppleWebKit/537.36 (KHTML, like Gecko; compatible; GPTBot/1.3; +https://openai.com/gptbot)" 553 **0/553114**
74.7.227.169 - - [16/Mar/2026:10:04:04 -0700] "GET /detail/8787383.shtm?path=//usr/lib/.build-id/ec HTTP/1.1" 200 3096 "http://www.golz.in/detail/8787383.shtm?path=//usr/lib/.build-id" "Mozilla/5.0 AppleWebKit/537.36 (KHTML, like Gecko; compatible; GPTBot/1.3; +https://openai.com/gptbot)" 499 **0/499886**
74.7.227.169 - - [16/Mar/2026:10:04:07 -0700] "GET /detail/8787383.shtm?path=//usr/lib/.build-id/ba HTTP/1.1" 200 2925 "http://www.golz.in/detail/8787383.shtm?path=//usr/lib/.build-id" "Mozilla/5.0 AppleWebKit/537.36 (KHTML, like Gecko; compatible; GPTBot/1.3; +https://openai.com/gptbot)" 500 **0/500541**
66.249.71.71 - - [16/Mar/2026:10:04:09 -0700] "GET /?detail/993467828 HTTP/1.1" 200 22015 "-" "Mozilla/5.0 (Linux; Android 6.0.1; Nexus 5X Build/MMB29P) AppleWebKit/537.36 (KHTML, like Gecko) Chrome/145.0.7632.116 Mobile Safari/537.36 (compatible; Googlebot/2.1; +http://www.google.com/bot.html)" 1805 **1/1805177**
74.7.227.169 - - [16/Mar/2026:10:04:10 -0700] "GET /detail/8787383.shtm?path=//usr/lib/.build-id/ac HTTP/1.1" 200 3257 "http://www.golz.in/detail/8787383.shtm?path=//usr/lib/.build-id" "Mozilla/5.0 AppleWebKit/537.36 (KHTML, like Gecko; compatible; GPTBot/1.3; +https://openai.com/gptbot)" 505 **0/505699**
216.73.216.210 - - [16/Mar/2026:10:04:11 -0700] "GET /detail/4185250797.shtm?fileloc=%2F%2Flib64%2Fpython3.12%2Frlcompleter.py&path=%2F%2Flib64%2Fpython3.12 HTTP/1.1" 200 4903 "-" "Mozilla/5.0 AppleWebKit/537.36 (KHTML, like Gecko; compatible; ClaudeBot/1.0; +claudebot@anthropic.com)" 508 **0/508152**
74.7.227.169 - - [16/Mar/2026:10:04:14 -0700] "GET /detail/8787383.shtm?path=//usr/lib/.build-id/ea HTTP/1.1" 200 3271 "http://www.golz.in/detail/8787383.shtm?path=//usr/lib/.build-id" "Mozilla/5.0 AppleWebKit/537.36 (KHTML, like Gecko; compatible; GPTBot/1.3; +https://openai.com/gptbot)" 502 **0/502940**
216.73.216.210 - - [16/Mar/2026:10:04:14 -0700] "GET /detail/4185250797.shtm?fileloc=%2F%2Flib64%2Fpython3.12%2Fglob.py&path=%2F%2Flib64%2Fpython3.12 HTTP/1.1" 200 4544 "-" "Mozilla/5.0 AppleWebKit/537.36 (KHTML, like Gecko; compatible; ClaudeBot/1.0; +claudebot@anthropic.com)" 494 **0/494909**
74.7.227.169 - - [16/Mar/2026:10:04:17 -0700] "GET /detail/8787383.shtm?path=//usr/lib/.build-id/db HTTP/1.1" 200 3398 "http://www.golz.in/detail/8787383.shtm?path=//usr/lib/.build-id" "Mozilla/5.0 AppleWebKit/537.36 (KHTML, like Gecko; compatible; GPTBot/1.3; +https://openai.com/gptbot)" 503 **0/503632**
216.73.216.210 - - [16/Mar/2026:10:04:17 -0700] "GET /detail/4185250797.shtm?fileloc=%2F%2Flib64%2Fpython3.12%2Fprofile.py&path=%2F%2Flib64%2Fpython3.12 HTTP/1.1" 200 9302 "-" "Mozilla/5.0 AppleWebKit/537.36 (KHTML, like Gecko; compatible; ClaudeBot/1.0; +claudebot@anthropic.com)" 494 **0/494334**
74.7.227.169 - - [16/Mar/2026:10:04:20 -0700] "GET /detail/8787383.shtm?path=//usr/lib/.build-id/fd HTTP/1.1" 200 3069 "http://www.golz.in/detail/8787383.shtm?path=//usr/lib/.build-id" "Mozilla/5.0 AppleWebKit/537.36 (KHTML, like Gecko; compatible; GPTBot/1.3; +https://openai.com/gptbot)" 488 **0/488269**
216.73.216.210 - - [16/Mar/2026:10:04:20 -0700] "GET /detail/4185250797.shtm?fileloc=%2F%2Flib64%2Fpython3.12%2Fos.py&path=%2F%2Flib64%2Fpython3.12 HTTP/1.1" 200 13332 "-" "Mozilla/5.0 AppleWebKit/537.36 (KHTML, like Gecko; compatible; ClaudeBot/1.0; +claudebot@anthropic.com)" 495 **0/495077**
74.7.227.169 - - [16/Mar/2026:10:04:23 -0700] "GET /detail/8787383.shtm?fileloc=//usr/lib/.build-id/fa/d315bd96c30342d05b0edad3ce67585464ecba&path=//usr/lib/.build-id/fa HTTP/1.1" 200 9305 "http://www.golz.in/detail/8787383.shtm?path=//usr/lib/.build-id/fa" "Mozilla/5.0 AppleWebKit/537.36 (KHTML, like Gecko; compatible; GPTBot/1.3; +https://openai.com/gptbot)" 496 **0/496215**
216.73.216.210 - - [16/Mar/2026:10:04:23 -0700] "GET /detail/4185250797.shtm?fileloc=%2F%2Flib64%2Fpython3.12%2Ffractions.py&path=%2F%2Flib64%2Fpython3.12 HTTP/1.1" 200 12788 "-" "Mozilla/5.0 AppleWebKit/537.36 (KHTML, like Gecko; compatible; ClaudeBot/1.0; +claudebot@anthropic.com)" 505 **0/505477**
74.7.227.169 - - [16/Mar/2026:10:04:26 -0700] "GET /detail/8787383.shtm?path=//usr/lib/.build-id/cc HTTP/1.1" 200 3315 "http://www.golz.in/detail/8787383.shtm?path=//usr/lib/.build-id" "Mozilla/5.0 AppleWebKit/537.36 (KHTML, like Gecko; compatible; GPTBot/1.3; +https://openai.com/gptbot)" 513 **0/513145**
216.73.216.210 - - [16/Mar/2026:10:04:26 -0700] "GET /detail/4185250797.shtm?fileloc=%2F%2Flib64%2Fpython3.12%2Fpyclbr.py&path=%2F%2Flib64%2Fpython3.12 HTTP/1.1" 200 5632 "-" "Mozilla/5.0 AppleWebKit/537.36 (KHTML, like Gecko; compatible; ClaudeBot/1.0; +claudebot@anthropic.com)" 503 **0/503914**
74.7.227.169 - - [16/Mar/2026:10:04:29 -0700] "GET /detail/8787383.shtm?path=//usr/lib/.build-id/bc HTTP/1.1" 200 3028 "http://www.golz.in/detail/8787383.shtm?path=//usr/lib/.build-id" "Mozilla/5.0 AppleWebKit/537.36 (KHTML, like Gecko; compatible; GPTBot/1.3; +https://openai.com/gptbot)" 492 **0/492165**
216.73.216.210 - - [16/Mar/2026:10:04:29 -0700] "GET /detail/4185250797.shtm?fileloc=%2F%2Flib64%2Fpython3.12%2Fpdb.py&path=%2F%2Flib64%2Fpython3.12 HTTP/1.1" 200 21574 "-" "Mozilla/5.0 AppleWebKit/537.36 (KHTML, like Gecko; compatible; ClaudeBot/1.0; +claudebot@anthropic.com)" 515 **0/515474**
74.7.227.169 - - [16/Mar/2026:10:04:32 -0700] "GET /detail/8787383.shtm?path=//usr/lib/.build-id/bb HTTP/1.1" 200 3188 "http://www.golz.in/detail/8787383.shtm?path=//usr/lib/.build-id" "Mozilla/5.0 AppleWebKit/537.36 (KHTML, like Gecko; compatible; GPTBot/1.3; +https://openai.com/gptbot)" 510 **0/510443**
216.73.216.210 - - [16/Mar/2026:10:04:32 -0700] "GET /detail/4185250797.shtm?fileloc=%2F%2Flib64%2Fpython3.12%2Fcopy.py&path=%2F%2Flib64%2Fpython3.12 HTTP/1.1" 200 4774 "-" "Mozilla/5.0 AppleWebKit/537.36 (KHTML, like Gecko; compatible; ClaudeBot/1.0; +claudebot@anthropic.com)" 500 **0/500054**
216.73.216.210 - - [16/Mar/2026:10:04:35 -0700] "GET /detail/4185250797.shtm?path=%2F%2Flib64%2Fpython3.12%2Ftkinter HTTP/1.1" 200 3046 "-" "Mozilla/5.0 AppleWebKit/537.36 (KHTML, like Gecko; compatible; ClaudeBot/1.0; +claudebot@anthropic.com)" 493 **0/493686**
74.7.227.169 - - [16/Mar/2026:10:04:35 -0700] "GET /detail/8787383.shtm?path=//usr/lib/.build-id/df HTTP/1.1" 200 3281 "http://www.golz.in/detail/8787383.shtm?path=//usr/lib/.build-id" "Mozilla/5.0 AppleWebKit/537.36 (KHTML, like Gecko; compatible; GPTBot/1.3; +https://openai.com/gptbot)" 504 **0/504831**
216.73.216.210 - - [16/Mar/2026:10:04:38 -0700] "GET /detail/4185250797.shtm?fileloc=%2F%2Flib64%2Fpython3.12%2Fcompileall.py&path=%2F%2Flib64%2Fpython3.12 HTTP/1.1" 200 7251 "-" "Mozilla/5.0 AppleWebKit/537.36 (KHTML, like Gecko; compatible; ClaudeBot/1.0; +claudebot@anthropic.com)" 488 **0/488891**
74.7.227.169 - - [16/Mar/2026:10:04:38 -0700] "GET /detail/8787383.shtm?path=//usr/lib/.build-id/af HTTP/1.1" 200 3119 "http://www.golz.in/detail/8787383.shtm?path=//usr/lib/.build-id" "Mozilla/5.0 AppleWebKit/537.36 (KHTML, like Gecko; compatible; GPTBot/1.3; +https://openai.com/gptbot)" 492 **0/492922**
74.7.227.169 - - [16/Mar/2026:10:04:41 -0700] "GET /detail/8787383.shtm?path=//usr/lib/.build-id/cf HTTP/1.1" 200 3026 "http://www.golz.in/detail/8787383.shtm?path=//usr/lib/.build-id" "Mozilla/5.0 AppleWebKit/537.36 (KHTML, like Gecko; compatible; GPTBot/1.3; +https://openai.com/gptbot)" 499 **0/499293**
74.7.227.169 - - [16/Mar/2026:10:04:44 -0700] "GET /detail/8787383.shtm?path=//usr/lib/.build-id/fc HTTP/1.1" 200 3187 "http://www.golz.in/detail/8787383.shtm?path=//usr/lib/.build-id" "Mozilla/5.0 AppleWebKit/537.36 (KHTML, like Gecko; compatible; GPTBot/1.3; +https://openai.com/gptbot)" 494 **0/494972**
74.7.227.169 - - [16/Mar/2026:10:04:48 -0700] "GET /detail/8787383.shtm?path=//usr/lib/.build-id/1a HTTP/1.1" 200 3235 "http://www.golz.in/detail/8787383.shtm?path=//usr/lib/.build-id" "Mozilla/5.0 AppleWebKit/537.36 (KHTML, like Gecko; compatible; GPTBot/1.3; +https://openai.com/gptbot)" 493 **0/493039**
74.7.227.169 - - [16/Mar/2026:10:04:51 -0700] "GET /detail/8787383.shtm?path=//usr/lib/.build-id/8a HTTP/1.1" 200 3118 "http://www.golz.in/detail/8787383.shtm?path=//usr/lib/.build-id" "Mozilla/5.0 AppleWebKit/537.36 (KHTML, like Gecko; compatible; GPTBot/1.3; +https://openai.com/gptbot)" 492 **0/492989**
74.7.227.169 - - [16/Mar/2026:10:04:54 -0700] "GET /detail/8787383.shtm?path=//usr/lib/.build-id/e8 HTTP/1.1" 200 3240 "http://www.golz.in/detail/8787383.shtm?path=//usr/lib/.build-id" "Mozilla/5.0 AppleWebKit/537.36 (KHTML, like Gecko; compatible; GPTBot/1.3; +https://openai.com/gptbot)" 496 **0/496603**
74.7.227.169 - - [16/Mar/2026:10:04:57 -0700] "GET /detail/8787383.shtm?path=//usr/lib/.build-id/3a HTTP/1.1" 200 3409 "http://www.golz.in/detail/8787383.shtm?path=//usr/lib/.build-id" "Mozilla/5.0 AppleWebKit/537.36 (KHTML, like Gecko; compatible; GPTBot/1.3; +https://openai.com/gptbot)" 498 **0/498344**
74.7.227.169 - - [16/Mar/2026:10:05:00 -0700] "GET /detail/8787383.shtm?path=//usr/lib/.build-id/e7 HTTP/1.1" 200 3030 "http://www.golz.in/detail/8787383.shtm?path=//usr/lib/.build-id" "Mozilla/5.0 AppleWebKit/537.36 (KHTML, like Gecko; compatible; GPTBot/1.3; +https://openai.com/gptbot)" 507 **0/507522**
74.7.227.169 - - [16/Mar/2026:10:05:03 -0700] "GET /detail/8787383.shtm?path=//usr/lib/.build-id/a2 HTTP/1.1" 200 3402 "http://www.golz.in/detail/8787383.shtm?path=//usr/lib/.build-id" "Mozilla/5.0 AppleWebKit/537.36 (KHTML, like Gecko; compatible; GPTBot/1.3; +https://openai.com/gptbot)" 618 **0/618147**
74.7.227.169 - - [16/Mar/2026:10:05:06 -0700] "GET /detail/8787383.shtm?path=//usr/lib/.build-id/5a HTTP/1.1" 200 3251 "http://www.golz.in/detail/8787383.shtm?path=//usr/lib/.build-id" "Mozilla/5.0 AppleWebKit/537.36 (KHTML, like Gecko; compatible; GPTBot/1.3; +https://openai.com/gptbot)" 532 **0/532272**
74.7.227.169 - - [16/Mar/2026:10:05:09 -0700] "GET /detail/8787383.shtm?fileloc=//usr/lib/.build-id/df/674bac0fe4b428675daa9c22cb08b5c6343c42&path=//usr/lib/.build-id/df HTTP/1.1" 200 5880 "http://www.golz.in/detail/8787383.shtm?path=//usr/lib/.build-id/df" "Mozilla/5.0 AppleWebKit/537.36 (KHTML, like Gecko; compatible; GPTBot/1.3; +https://openai.com/gptbot)" 524 **0/524290**
74.7.227.169 - - [16/Mar/2026:10:05:12 -0700] "GET /detail/8787383.shtm?path=//usr/lib/.build-id/4a HTTP/1.1" 200 3563 "http://www.golz.in/detail/8787383.shtm?path=//usr/lib/.build-id" "Mozilla/5.0 AppleWebKit/537.36 (KHTML, like Gecko; compatible; GPTBot/1.3; +https://openai.com/gptbot)" 527 **0/527689**
74.7.227.169 - - [16/Mar/2026:10:05:15 -0700] "GET /detail/8787383.shtm?path=//usr/lib/.build-id/d9 HTTP/1.1" 200 3316 "http://www.golz.in/detail/8787383.shtm?path=//usr/lib/.build-id" "Mozilla/5.0 AppleWebKit/537.36 (KHTML, like Gecko; compatible; GPTBot/1.3; +https://openai.com/gptbot)" 498 **0/498775**
74.7.227.169 - - [16/Mar/2026:10:05:19 -0700] "GET /detail/8787383.shtm?path=//usr/lib/.build-id/f8 HTTP/1.1" 200 3071 "http://www.golz.in/detail/8787383.shtm?path=//usr/lib/.build-id" "Mozilla/5.0 AppleWebKit/537.36 (KHTML, like Gecko; compatible; GPTBot/1.3; +https://openai.com/gptbot)" 497 **0/497752**
74.7.227.169 - - [16/Mar/2026:10:05:22 -0700] "GET /detail/8787383.shtm?path=//usr/lib/.build-id/1e HTTP/1.1" 200 2829 "http://www.golz.in/detail/8787383.shtm?path=//usr/lib/.build-id" "Mozilla/5.0 AppleWebKit/537.36 (KHTML, like Gecko; compatible; GPTBot/1.3; +https://openai.com/gptbot)" 514 **0/514156**
74.7.227.169 - - [16/Mar/2026:10:05:25 -0700] "GET /detail/8787383.shtm?path=//usr/lib/.build-id/e4 HTTP/1.1" 200 3197 "http://www.golz.in/detail/8787383.shtm?path=//usr/lib/.build-id" "Mozilla/5.0 AppleWebKit/537.36 (KHTML, like Gecko; compatible; GPTBot/1.3; +https://openai.com/gptbot)" 510 **0/510115**
74.7.227.169 - - [16/Mar/2026:10:05:28 -0700] "GET /detail/8787383.shtm?fileloc=//usr/lib/.build-id/e8/d3dcdc362c45dc5db679c475a0b850fd1669f6&path=//usr/lib/.build-id/e8 HTTP/1.1" 200 66743 "http://www.golz.in/detail/8787383.shtm?path=//usr/lib/.build-id/e8" "Mozilla/5.0 AppleWebKit/537.36 (KHTML, like Gecko; compatible; GPTBot/1.3; +https://openai.com/gptbot)" 522 **0/522400**
74.7.227.169 - - [16/Mar/2026:10:05:31 -0700] "GET /detail/8787383.shtm?path=//usr/lib/.build-id/e0 HTTP/1.1" 200 3246 "http://www.golz.in/detail/8787383.shtm?path=//usr/lib/.build-id" "Mozilla/5.0 AppleWebKit/537.36 (KHTML, like Gecko; compatible; GPTBot/1.3; +https://openai.com/gptbot)" 495 **0/495415**
74.7.227.169 - - [16/Mar/2026:10:05:34 -0700] "GET /detail/8787383.shtm?path=//usr/lib/.build-id/0b HTTP/1.1" 200 3161 "http://www.golz.in/detail/8787383.shtm?path=//usr/lib/.build-id" "Mozilla/5.0 AppleWebKit/537.36 (KHTML, like Gecko; compatible; GPTBot/1.3; +https://openai.com/gptbot)" 498 **0/498128**
74.7.227.169 - - [16/Mar/2026:10:05:37 -0700] "GET /detail/8787383.shtm?path=//usr/lib/.build-id/d4 HTTP/1.1" 200 3193 "http://www.golz.in/detail/8787383.shtm?path=//usr/lib/.build-id" "Mozilla/5.0 AppleWebKit/537.36 (KHTML, like Gecko; compatible; GPTBot/1.3; +https://openai.com/gptbot)" 505 **0/505705**
74.7.227.169 - - [16/Mar/2026:10:05:40 -0700] "GET /detail/8787383.shtm?path=//usr/lib/.build-id/8e HTTP/1.1" 200 3020 "http://www.golz.in/detail/8787383.shtm?path=//usr/lib/.build-id" "Mozilla/5.0 AppleWebKit/537.36 (KHTML, like Gecko; compatible; GPTBot/1.3; +https://openai.com/gptbot)" 489 **0/489411**
74.7.227.169 - - [16/Mar/2026:10:05:44 -0700] "GET /detail/8787383.shtm?path=//usr/lib/.build-id/7b HTTP/1.1" 200 3427 "http://www.golz.in/detail/8787383.shtm?path=//usr/lib/.build-id" "Mozilla/5.0 AppleWebKit/537.36 (KHTML, like Gecko; compatible; GPTBot/1.3; +https://openai.com/gptbot)" 513 **0/513321**
74.7.227.169 - - [16/Mar/2026:10:05:47 -0700] "GET /detail/8787383.shtm?path=//usr/lib/.build-id/1b HTTP/1.1" 200 3215 "http://www.golz.in/detail/8787383.shtm?path=//usr/lib/.build-id" "Mozilla/5.0 AppleWebKit/537.36 (KHTML, like Gecko; compatible; GPTBot/1.3; +https://openai.com/gptbot)" 492 **0/492726**
74.7.227.169 - - [16/Mar/2026:10:05:50 -0700] "GET /detail/8787383.shtm?path=//usr/lib/.build-id/a1 HTTP/1.1" 200 3231 "http://www.golz.in/detail/8787383.shtm?path=//usr/lib/.build-id" "Mozilla/5.0 AppleWebKit/537.36 (KHTML, like Gecko; compatible; GPTBot/1.3; +https://openai.com/gptbot)" 501 **0/501555**
74.7.227.169 - - [16/Mar/2026:10:05:53 -0700] "GET /detail/8787383.shtm?path=//usr/lib/.build-id/4e HTTP/1.1" 200 3031 "http://www.golz.in/detail/8787383.shtm?path=//usr/lib/.build-id" "Mozilla/5.0 AppleWebKit/537.36 (KHTML, like Gecko; compatible; GPTBot/1.3; +https://openai.com/gptbot)" 492 **0/492655**
114.119.148.242 - - [16/Mar/2026:10:05:53 -0700] "GET /detail/2610483176.shtm HTTP/1.1" 200 4098 "http://www.golz.in/sitemap.xml" "Mozilla/5.0 (Linux; Android 7.0;) AppleWebKit/537.36 (KHTML, like Gecko) Mobile Safari/537.36 (compatible; PetalBot;+https://webmaster.petalsearch.com/site/petalbot)" 501 **0/501905**
74.7.227.169 - - [16/Mar/2026:10:05:56 -0700] "GET /detail/8787383.shtm?path=//usr/lib/.build-id/e3 HTTP/1.1" 200 2976 "http://www.golz.in/detail/8787383.shtm?path=//usr/lib/.build-id" "Mozilla/5.0 AppleWebKit/537.36 (KHTML, like Gecko; compatible; GPTBot/1.3; +https://openai.com/gptbot)" 503 **0/503620**
74.7.227.169 - - [16/Mar/2026:10:06:00 -0700] "GET /detail/8787383.shtm?path=//usr/lib/.build-id/1d HTTP/1.1" 200 3117 "http://www.golz.in/detail/8787383.shtm?path=//usr/lib/.build-id" "Mozilla/5.0 AppleWebKit/537.36 (KHTML, like Gecko; compatible; GPTBot/1.3; +https://openai.com/gptbot)" 520 **0/520794**
74.7.227.169 - - [16/Mar/2026:10:06:03 -0700] "GET /detail/8787383.shtm?path=//usr/lib/.build-id/b5 HTTP/1.1" 200 3068 "http://www.golz.in/detail/8787383.shtm?path=//usr/lib/.build-id" "Mozilla/5.0 AppleWebKit/537.36 (KHTML, like Gecko; compatible; GPTBot/1.3; +https://openai.com/gptbot)" 524 **0/524732**
74.7.227.169 - - [16/Mar/2026:10:06:06 -0700] "GET /detail/8787383.shtm?path=//usr/lib/.build-id/a5 HTTP/1.1" 200 3111 "http://www.golz.in/detail/8787383.shtm?path=//usr/lib/.build-id" "Mozilla/5.0 AppleWebKit/537.36 (KHTML, like Gecko; compatible; GPTBot/1.3; +https://openai.com/gptbot)" 506 **0/506746**
74.7.227.169 - - [16/Mar/2026:10:06:09 -0700] "GET /detail/8787383.shtm?path=//usr/lib/.build-id/7a HTTP/1.1" 200 3344 "http://www.golz.in/detail/8787383.shtm?path=//usr/lib/.build-id" "Mozilla/5.0 AppleWebKit/537.36 (KHTML, like Gecko; compatible; GPTBot/1.3; +https://openai.com/gptbot)" 543 **0/543354**
74.7.227.169 - - [16/Mar/2026:10:06:12 -0700] "GET /detail/8787383.shtm?fileloc=//usr/lib/.build-id/d4/fc99a6d96b60bade96445fb59641a1c5562e4c&path=//usr/lib/.build-id/d4 HTTP/1.1" 200 615145 "http://www.golz.in/detail/8787383.shtm?path=//usr/lib/.build-id/d4" "Mozilla/5.0 AppleWebKit/537.36 (KHTML, like Gecko; compatible; GPTBot/1.3; +https://openai.com/gptbot)" 818 **0/818523**
74.7.227.169 - - [16/Mar/2026:10:06:15 -0700] "GET /detail/8787383.shtm?fileloc=//usr/lib/.build-id/8e/f9ed419d34f8a1cfec55a46de2a917125e6f0f&path=//usr/lib/.build-id/8e HTTP/1.1" 200 10723 "http://www.golz.in/detail/8787383.shtm?path=//usr/lib/.build-id/8e" "Mozilla/5.0 AppleWebKit/537.36 (KHTML, like Gecko; compatible; GPTBot/1.3; +https://openai.com/gptbot)" 496 **0/496280**
74.7.227.169 - - [16/Mar/2026:10:06:19 -0700] "GET /detail/8787383.shtm?path=//usr/lib/.build-id/d3 HTTP/1.1" 200 3321 "http://www.golz.in/detail/8787383.shtm?path=//usr/lib/.build-id" "Mozilla/5.0 AppleWebKit/537.36 (KHTML, like Gecko; compatible; GPTBot/1.3; +https://openai.com/gptbot)" 498 **0/498320**
74.7.227.169 - - [16/Mar/2026:10:06:22 -0700] "GET /detail/8787383.shtm?path=//usr/lib/.build-id/f7 HTTP/1.1" 200 2917 "http://www.golz.in/detail/8787383.shtm?path=//usr/lib/.build-id" "Mozilla/5.0 AppleWebKit/537.36 (KHTML, like Gecko; compatible; GPTBot/1.3; +https://openai.com/gptbot)" 507 **0/507827**
74.7.227.169 - - [16/Mar/2026:10:06:25 -0700] "GET /detail/8787383.shtm?path=//usr/lib/.build-id/c7 HTTP/1.1" 200 2971 "http://www.golz.in/detail/8787383.shtm?path=//usr/lib/.build-id" "Mozilla/5.0 AppleWebKit/537.36 (KHTML, like Gecko; compatible; GPTBot/1.3; +https://openai.com/gptbot)" 523 **0/523788**
74.7.227.169 - - [16/Mar/2026:10:06:28 -0700] "GET /detail/8787383.shtm?path=//usr/lib/.build-id/d1 HTTP/1.1" 200 2923 "http://www.golz.in/detail/8787383.shtm?path=//usr/lib/.build-id" "Mozilla/5.0 AppleWebKit/537.36 (KHTML, like Gecko; compatible; GPTBot/1.3; +https://openai.com/gptbot)" 497 **0/497124**
74.7.227.169 - - [16/Mar/2026:10:06:31 -0700] "GET /detail/8787383.shtm?path=//usr/lib/.build-id/e9 HTTP/1.1" 200 3226 "http://www.golz.in/detail/8787383.shtm?path=//usr/lib/.build-id" "Mozilla/5.0 AppleWebKit/537.36 (KHTML, like Gecko; compatible; GPTBot/1.3; +https://openai.com/gptbot)" 528 **0/528986**
74.7.227.169 - - [16/Mar/2026:10:06:34 -0700] "GET /detail/8787383.shtm?path=//usr/lib/.build-id/3b HTTP/1.1" 200 3122 "http://www.golz.in/detail/8787383.shtm?path=//usr/lib/.build-id" "Mozilla/5.0 AppleWebKit/537.36 (KHTML, like Gecko; compatible; GPTBot/1.3; +https://openai.com/gptbot)" 490 **0/490291**
74.7.227.169 - - [16/Mar/2026:10:06:37 -0700] "GET /detail/8787383.shtm?path=//usr/lib/.build-id/0a HTTP/1.1" 200 3164 "http://www.golz.in/detail/8787383.shtm?path=//usr/lib/.build-id" "Mozilla/5.0 AppleWebKit/537.36 (KHTML, like Gecko; compatible; GPTBot/1.3; +https://openai.com/gptbot)" 500 **0/500910**
74.7.227.169 - - [16/Mar/2026:10:06:41 -0700] "GET /detail/8787383.shtm?path=//usr/lib/.build-id/6d HTTP/1.1" 200 3187 "http://www.golz.in/detail/8787383.shtm?path=//usr/lib/.build-id" "Mozilla/5.0 AppleWebKit/537.36 (KHTML, like Gecko; compatible; GPTBot/1.3; +https://openai.com/gptbot)" 490 **0/490590**
74.7.227.169 - - [16/Mar/2026:10:06:44 -0700] "GET /detail/8787383.shtm?path=//usr/lib/.build-id/a7 HTTP/1.1" 200 3198 "http://www.golz.in/detail/8787383.shtm?path=//usr/lib/.build-id" "Mozilla/5.0 AppleWebKit/537.36 (KHTML, like Gecko; compatible; GPTBot/1.3; +https://openai.com/gptbot)" 509 **0/509586**
114.119.143.213 - - [16/Mar/2026:10:06:44 -0700] "GET /detail/2605894388.shtm HTTP/1.1" 200 4098 "http://www.golz.in/sitemap.xml" "Mozilla/5.0 (Linux; Android 7.0;) AppleWebKit/537.36 (KHTML, like Gecko) Mobile Safari/537.36 (compatible; PetalBot;+https://webmaster.petalsearch.com/site/petalbot)" 493 **0/493129**
74.7.227.169 - - [16/Mar/2026:10:06:47 -0700] "GET /detail/8787383.shtm?path=//usr/lib/.build-id/b0 HTTP/1.1" 200 3518 "http://www.golz.in/detail/8787383.shtm?path=//usr/lib/.build-id" "Mozilla/5.0 AppleWebKit/537.36 (KHTML, like Gecko; compatible; GPTBot/1.3; +https://openai.com/gptbot)" 502 **0/502998**
74.7.227.169 - - [16/Mar/2026:10:06:50 -0700] "GET /detail/8787383.shtm?path=//usr/lib/.build-id/b9 HTTP/1.1" 200 3200 "http://www.golz.in/detail/8787383.shtm?path=//usr/lib/.build-id" "Mozilla/5.0 AppleWebKit/537.36 (KHTML, like Gecko; compatible; GPTBot/1.3; +https://openai.com/gptbot)" 497 **0/497860**
74.7.227.169 - - [16/Mar/2026:10:06:53 -0700] "GET /detail/8787383.shtm?path=//usr/lib/.build-id/2e HTTP/1.1" 200 3071 "http://www.golz.in/detail/8787383.shtm?path=//usr/lib/.build-id" "Mozilla/5.0 AppleWebKit/537.36 (KHTML, like Gecko; compatible; GPTBot/1.3; +https://openai.com/gptbot)" 486 **0/486531**
74.7.227.169 - - [16/Mar/2026:10:06:56 -0700] "GET /detail/8787383.shtm?path=//usr/lib/.build-id/b8 HTTP/1.1" 200 3025 "http://www.golz.in/detail/8787383.shtm?path=//usr/lib/.build-id" "Mozilla/5.0 AppleWebKit/537.36 (KHTML, like Gecko; compatible; GPTBot/1.3; +https://openai.com/gptbot)" 525 **0/525147**
74.7.227.169 - - [16/Mar/2026:10:07:00 -0700] "GET /detail/8787383.shtm?path=//usr/lib/.build-id/3d HTTP/1.1" 200 2971 "http://www.golz.in/detail/8787383.shtm?path=//usr/lib/.build-id" "Mozilla/5.0 AppleWebKit/537.36 (KHTML, like Gecko; compatible; GPTBot/1.3; +https://openai.com/gptbot)" 521 **0/521670**
74.7.227.169 - - [16/Mar/2026:10:07:03 -0700] "GET /detail/8787383.shtm?path=//usr/lib/.build-id/9a HTTP/1.1" 200 2872 "http://www.golz.in/detail/8787383.shtm?path=//usr/lib/.build-id" "Mozilla/5.0 AppleWebKit/537.36 (KHTML, like Gecko; compatible; GPTBot/1.3; +https://openai.com/gptbot)" 518 **0/518644**
74.7.227.169 - - [16/Mar/2026:10:07:06 -0700] "GET /detail/8787383.shtm?fileloc=//usr/lib/.build-id/e9/cab629d4640a474a9bedddbf2d3440fef0583b&path=//usr/lib/.build-id/e9 HTTP/1.1" 200 54474 "http://www.golz.in/detail/8787383.shtm?path=//usr/lib/.build-id/e9" "Mozilla/5.0 AppleWebKit/537.36 (KHTML, like Gecko; compatible; GPTBot/1.3; +https://openai.com/gptbot)" 518 **0/518058**
74.7.227.169 - - [16/Mar/2026:10:07:09 -0700] "GET /detail/8787383.shtm?path=//usr/lib/.build-id/7e HTTP/1.1" 200 3318 "http://www.golz.in/detail/8787383.shtm?path=//usr/lib/.build-id" "Mozilla/5.0 AppleWebKit/537.36 (KHTML, like Gecko; compatible; GPTBot/1.3; +https://openai.com/gptbot)" 495 **0/495839**
74.7.227.169 - - [16/Mar/2026:10:07:12 -0700] "GET /detail/8787383.shtm?path=//usr/lib/.build-id/f3 HTTP/1.1" 200 2976 "http://www.golz.in/detail/8787383.shtm?path=//usr/lib/.build-id" "Mozilla/5.0 AppleWebKit/537.36 (KHTML, like Gecko; compatible; GPTBot/1.3; +https://openai.com/gptbot)" 490 **0/490506**
74.7.227.169 - - [16/Mar/2026:10:07:15 -0700] "GET /detail/8787383.shtm?path=//usr/lib/.build-id/d8 HTTP/1.1" 200 3318 "http://www.golz.in/detail/8787383.shtm?path=//usr/lib/.build-id" "Mozilla/5.0 AppleWebKit/537.36 (KHTML, like Gecko; compatible; GPTBot/1.3; +https://openai.com/gptbot)" 489 **0/489486**
74.7.227.169 - - [16/Mar/2026:10:07:18 -0700] "GET /detail/8787383.shtm?path=//usr/lib/.build-id/7d HTTP/1.1" 200 3234 "http://www.golz.in/detail/8787383.shtm?path=//usr/lib/.build-id" "Mozilla/5.0 AppleWebKit/537.36 (KHTML, like Gecko; compatible; GPTBot/1.3; +https://openai.com/gptbot)" 503 **0/503159**
74.7.227.169 - - [16/Mar/2026:10:07:22 -0700] "GET /detail/8787383.shtm?path=//usr/lib/.build-id/5d HTTP/1.1" 200 3066 "http://www.golz.in/detail/8787383.shtm?path=//usr/lib/.build-id" "Mozilla/5.0 AppleWebKit/537.36 (KHTML, like Gecko; compatible; GPTBot/1.3; +https://openai.com/gptbot)" 485 **0/485384**
74.7.227.169 - - [16/Mar/2026:10:07:25 -0700] "GET /detail/8787383.shtm?path=//usr/lib/.build-id/4b HTTP/1.1" 200 3398 "http://www.golz.in/detail/8787383.shtm?path=//usr/lib/.build-id" "Mozilla/5.0 AppleWebKit/537.36 (KHTML, like Gecko; compatible; GPTBot/1.3; +https://openai.com/gptbot)" 489 **0/489313**
66.249.66.15 - - [16/Mar/2026:10:07:26 -0700] "GET /?detail/502105202 HTTP/1.1" 200 22301 "-" "Mozilla/5.0 (Linux; Android 6.0.1; Nexus 5X Build/MMB29P) AppleWebKit/537.36 (KHTML, like Gecko) Chrome/145.0.7632.116 Mobile Safari/537.36 (compatible; Googlebot/2.1; +http://www.google.com/bot.html)" 1832 **1/1832410**
74.7.227.169 - - [16/Mar/2026:10:07:28 -0700] "GET /detail/8787383.shtm?path=//usr/lib/.build-id/a8 HTTP/1.1" 200 3318 "http://www.golz.in/detail/8787383.shtm?path=//usr/lib/.build-id" "Mozilla/5.0 AppleWebKit/537.36 (KHTML, like Gecko; compatible; GPTBot/1.3; +https://openai.com/gptbot)" 519 **0/519342**
74.7.227.169 - - [16/Mar/2026:10:07:31 -0700] "GET /detail/8787383.shtm?path=//usr/lib/.build-id/5e HTTP/1.1" 200 3018 "http://www.golz.in/detail/8787383.shtm?path=//usr/lib/.build-id" "Mozilla/5.0 AppleWebKit/537.36 (KHTML, like Gecko; compatible; GPTBot/1.3; +https://openai.com/gptbot)" 500 **0/500217**
74.7.227.169 - - [16/Mar/2026:10:07:34 -0700] "GET /detail/8787383.shtm?path=//usr/lib/.build-id/9e HTTP/1.1" 200 3030 "http://www.golz.in/detail/8787383.shtm?path=//usr/lib/.build-id" "Mozilla/5.0 AppleWebKit/537.36 (KHTML, like Gecko; compatible; GPTBot/1.3; +https://openai.com/gptbot)" 493 **0/493793**
74.7.227.169 - - [16/Mar/2026:10:07:37 -0700] "GET /detail/8787383.shtm?path=//usr/lib/.build-id/8f HTTP/1.1" 200 3170 "http://www.golz.in/detail/8787383.shtm?path=//usr/lib/.build-id" "Mozilla/5.0 AppleWebKit/537.36 (KHTML, like Gecko; compatible; GPTBot/1.3; +https://openai.com/gptbot)" 488 **0/488412**
74.7.227.169 - - [16/Mar/2026:10:07:41 -0700] "GET /detail/8787383.shtm?path=//usr/lib/.build-id/d6 HTTP/1.1" 200 3231 "http://www.golz.in/detail/8787383.shtm?path=//usr/lib/.build-id" "Mozilla/5.0 AppleWebKit/537.36 (KHTML, like Gecko; compatible; GPTBot/1.3; +https://openai.com/gptbot)" 482 **0/482617**
74.7.227.169 - - [16/Mar/2026:10:07:44 -0700] "GET /detail/8787383.shtm?path=//usr/lib/.build-id/b1 HTTP/1.1" 200 3165 "http://www.golz.in/detail/8787383.shtm?path=//usr/lib/.build-id" "Mozilla/5.0 AppleWebKit/537.36 (KHTML, like Gecko; compatible; GPTBot/1.3; +https://openai.com/gptbot)" 501 **0/501821**
74.7.227.169 - - [16/Mar/2026:10:07:47 -0700] "GET /detail/8787383.shtm?fileloc=//usr/lib/.build-id/f3/6c7adf3779e96ab3aad4e6e732813951df180a&path=//usr/lib/.build-id/f3 HTTP/1.1" 200 27444 "http://www.golz.in/detail/8787383.shtm?path=//usr/lib/.build-id/f3" "Mozilla/5.0 AppleWebKit/537.36 (KHTML, like Gecko; compatible; GPTBot/1.3; +https://openai.com/gptbot)" 521 **0/521627**
74.7.227.169 - - [16/Mar/2026:10:07:50 -0700] "GET /detail/8787383.shtm?path=//usr/lib/.build-id/9b HTTP/1.1" 200 3162 "http://www.golz.in/detail/8787383.shtm?path=//usr/lib/.build-id" "Mozilla/5.0 AppleWebKit/537.36 (KHTML, like Gecko; compatible; GPTBot/1.3; +https://openai.com/gptbot)" 493 **0/493929**
74.7.227.169 - - [16/Mar/2026:10:07:53 -0700] "GET /detail/8787383.shtm?path=//usr/lib/.build-id/e5 HTTP/1.1" 200 3164 "http://www.golz.in/detail/8787383.shtm?path=//usr/lib/.build-id" "Mozilla/5.0 AppleWebKit/537.36 (KHTML, like Gecko; compatible; GPTBot/1.3; +https://openai.com/gptbot)" 492 **0/492115**
74.7.227.169 - - [16/Mar/2026:10:07:56 -0700] "GET /detail/8787383.shtm?path=//usr/lib/.build-id/e2 HTTP/1.1" 200 3160 "http://www.golz.in/detail/8787383.shtm?path=//usr/lib/.build-id" "Mozilla/5.0 AppleWebKit/537.36 (KHTML, like Gecko; compatible; GPTBot/1.3; +https://openai.com/gptbot)" 498 **0/498352**
74.7.227.169 - - [16/Mar/2026:10:08:00 -0700] "GET /detail/8787383.shtm?path=//usr/lib/.build-id/8b HTTP/1.1" 200 3024 "http://www.golz.in/detail/8787383.shtm?path=//usr/lib/.build-id" "Mozilla/5.0 AppleWebKit/537.36 (KHTML, like Gecko; compatible; GPTBot/1.3; +https://openai.com/gptbot)" 495 **0/495150**
74.7.227.169 - - [16/Mar/2026:10:08:03 -0700] "GET /detail/8787383.shtm?path=//usr/lib/.build-id/8d HTTP/1.1" 200 3363 "http://www.golz.in/detail/8787383.shtm?path=//usr/lib/.build-id" "Mozilla/5.0 AppleWebKit/537.36 (KHTML, like Gecko; compatible; GPTBot/1.3; +https://openai.com/gptbot)" 514 **0/514341**
74.7.227.169 - - [16/Mar/2026:10:08:06 -0700] "GET /detail/8787383.shtm?path=//usr/lib/.build-id/2b HTTP/1.1" 200 3206 "http://www.golz.in/detail/8787383.shtm?path=//usr/lib/.build-id" "Mozilla/5.0 AppleWebKit/537.36 (KHTML, like Gecko; compatible; GPTBot/1.3; +https://openai.com/gptbot)" 512 **0/512656**
74.7.227.169 - - [16/Mar/2026:10:08:09 -0700] "GET /detail/8787383.shtm?path=//usr/lib/.build-id/c8 HTTP/1.1" 200 3392 "http://www.golz.in/detail/8787383.shtm?path=//usr/lib/.build-id" "Mozilla/5.0 AppleWebKit/537.36 (KHTML, like Gecko; compatible; GPTBot/1.3; +https://openai.com/gptbot)" 493 **0/493286**
74.7.227.169 - - [16/Mar/2026:10:08:12 -0700] "GET /detail/8787383.shtm?fileloc=//usr/lib/.build-id/8f/3b236e22f3f731ec34056dceb87d03b3eb10f3&path=//usr/lib/.build-id/8f HTTP/1.1" 200 18364 "http://www.golz.in/detail/8787383.shtm?path=//usr/lib/.build-id/8f" "Mozilla/5.0 AppleWebKit/537.36 (KHTML, like Gecko; compatible; GPTBot/1.3; +https://openai.com/gptbot)" 491 **0/491801**
74.7.227.169 - - [16/Mar/2026:10:08:15 -0700] "GET /detail/8787383.shtm?path=//usr/lib/.build-id/e1 HTTP/1.1" 200 3309 "http://www.golz.in/detail/8787383.shtm?path=//usr/lib/.build-id" "Mozilla/5.0 AppleWebKit/537.36 (KHTML, like Gecko; compatible; GPTBot/1.3; +https://openai.com/gptbot)" 494 **0/494218**
74.7.227.169 - - [16/Mar/2026:10:08:18 -0700] "GET /detail/8787383.shtm?path=//usr/lib/.build-id/b6 HTTP/1.1" 200 3224 "http://www.golz.in/detail/8787383.shtm?path=//usr/lib/.build-id" "Mozilla/5.0 AppleWebKit/537.36 (KHTML, like Gecko; compatible; GPTBot/1.3; +https://openai.com/gptbot)" 492 **0/492091**
74.7.227.169 - - [16/Mar/2026:10:08:21 -0700] "GET /detail/8787383.shtm?path=//usr/lib/.build-id/d5 HTTP/1.1" 200 3319 "http://www.golz.in/detail/8787383.shtm?path=//usr/lib/.build-id" "Mozilla/5.0 AppleWebKit/537.36 (KHTML, like Gecko; compatible; GPTBot/1.3; +https://openai.com/gptbot)" 503 **0/503094**
