216.73.216.210 - - [16/Mar/2026:06:12:23 -0700] "GET /detail/2167258620.shtm?fileloc=%2Fhome%2Fdpknvn09897v%2Fpublic_html%2Fgolz.in%2Fwp-includes%2Fclass-wp-script-modules.php&path=%2Fhome%2Fdpknvn09897v%2Fpublic_html%2Fgolz.in%2Fwp-includes HTTP/1.1" 200 9836 "-" "Mozilla/5.0 AppleWebKit/537.36 (KHTML, like Gecko; compatible; ClaudeBot/1.0; +claudebot@anthropic.com)" 508 **0/508632**
66.249.66.195 - - [16/Mar/2026:06:12:50 -0700] "GET /detail/1930588565.shtm HTTP/1.1" 200 22505 "-" "Mozilla/5.0 (Linux; Android 6.0.1; Nexus 5X Build/MMB29P) AppleWebKit/537.36 (KHTML, like Gecko) Chrome/145.0.7632.116 Mobile Safari/537.36 (compatible; GoogleOther)" 1813 **1/1813007**
66.249.66.163 - - [16/Mar/2026:06:13:06 -0700] "GET /?detail/560537904 HTTP/1.1" 200 21803 "-" "Mozilla/5.0 (Linux; Android 6.0.1; Nexus 5X Build/MMB29P) AppleWebKit/537.36 (KHTML, like Gecko) Chrome/145.0.7632.116 Mobile Safari/537.36 (compatible; Googlebot/2.1; +http://www.google.com/bot.html)" 1797 **1/1797002**
66.249.66.163 - - [16/Mar/2026:06:13:07 -0700] "GET /?detail/172537127 HTTP/1.1" 200 22556 "-" "Mozilla/5.0 (Linux; Android 6.0.1; Nexus 5X Build/MMB29P) AppleWebKit/537.36 (KHTML, like Gecko) Chrome/145.0.7632.116 Mobile Safari/537.36 (compatible; Googlebot/2.1; +http://www.google.com/bot.html)" 5699 **5/5699292**
66.249.66.195 - - [16/Mar/2026:06:13:29 -0700] "GET /?detail/502520319 HTTP/1.1" 200 21896 "-" "Mozilla/5.0 (Linux; Android 6.0.1; Nexus 5X Build/MMB29P) AppleWebKit/537.36 (KHTML, like Gecko) Chrome/145.0.7632.116 Mobile Safari/537.36 (compatible; Googlebot/2.1; +http://www.google.com/bot.html)" 1906 **1/1906364**
66.249.71.173 - - [16/Mar/2026:06:13:44 -0700] "GET /detail/1863171588.shtm HTTP/1.1" 200 22893 "-" "Mozilla/5.0 (Linux; Android 6.0.1; Nexus 5X Build/MMB29P) AppleWebKit/537.36 (KHTML, like Gecko) Chrome/145.0.7632.116 Mobile Safari/537.36 (compatible; GoogleOther)" 1807 **1/1807629**
66.249.66.14 - - [16/Mar/2026:06:14:05 -0700] "GET /?detail/482504450 HTTP/1.1" 200 22668 "-" "Mozilla/5.0 (Linux; Android 6.0.1; Nexus 5X Build/MMB29P) AppleWebKit/537.36 (KHTML, like Gecko) Chrome/145.0.7632.116 Mobile Safari/537.36 (compatible; Googlebot/2.1; +http://www.google.com/bot.html)" 1800 **1/1800586**
66.249.71.205 - - [16/Mar/2026:06:14:20 -0700] "GET /detail/2995997664.shtm HTTP/1.1" 200 22874 "-" "Mozilla/5.0 (Linux; Android 6.0.1; Nexus 5X Build/MMB29P) AppleWebKit/537.36 (KHTML, like Gecko) Chrome/145.0.7632.116 Mobile Safari/537.36 (compatible; GoogleOther)" 1841 **1/1841164**
66.249.71.205 - - [16/Mar/2026:06:14:54 -0700] "GET /?detail/720859224 HTTP/1.1" 200 23691 "-" "Mozilla/5.0 (Linux; Android 6.0.1; Nexus 5X Build/MMB29P) AppleWebKit/537.36 (KHTML, like Gecko) Chrome/145.0.7632.116 Mobile Safari/537.36 (compatible; Googlebot/2.1; +http://www.google.com/bot.html)" 2009 **2/2009776**
66.249.71.173 - - [16/Mar/2026:06:15:08 -0700] "GET /detail/1528523537.shtm HTTP/1.1" 200 22521 "-" "Mozilla/5.0 (Linux; Android 6.0.1; Nexus 5X Build/MMB29P) AppleWebKit/537.36 (KHTML, like Gecko) Chrome/145.0.7632.116 Mobile Safari/537.36 (compatible; GoogleOther)" 4240 **4/4240474**
66.249.66.77 - - [16/Mar/2026:06:15:37 -0700] "GET /?detail/328827897 HTTP/1.1" 200 22889 "-" "Mozilla/5.0 (Linux; Android 6.0.1; Nexus 5X Build/MMB29P) AppleWebKit/537.36 (KHTML, like Gecko) Chrome/145.0.7632.116 Mobile Safari/537.36 (compatible; Googlebot/2.1; +http://www.google.com/bot.html)" 1794 **1/1794584**
66.249.66.14 - - [16/Mar/2026:06:15:53 -0700] "GET /detail/1597278996.shtm HTTP/1.1" 200 23362 "-" "Mozilla/5.0 (Linux; Android 6.0.1; Nexus 5X Build/MMB29P) AppleWebKit/537.36 (KHTML, like Gecko) Chrome/145.0.7632.116 Mobile Safari/537.36 (compatible; GoogleOther)" 2141 **2/2141970**
66.249.66.15 - - [16/Mar/2026:06:16:08 -0700] "GET /?detail/596857868 HTTP/1.1" 200 22163 "-" "Mozilla/5.0 (Linux; Android 6.0.1; Nexus 5X Build/MMB29P) AppleWebKit/537.36 (KHTML, like Gecko) Chrome/145.0.7632.116 Mobile Safari/537.36 (compatible; Googlebot/2.1; +http://www.google.com/bot.html)" 1812 **1/1812945**
66.249.71.174 - - [16/Mar/2026:06:16:37 -0700] "GET /?detail/896903428 HTTP/1.1" 200 22190 "-" "Mozilla/5.0 (Linux; Android 6.0.1; Nexus 5X Build/MMB29P) AppleWebKit/537.36 (KHTML, like Gecko) Chrome/145.0.7632.116 Mobile Safari/537.36 (compatible; Googlebot/2.1; +http://www.google.com/bot.html)" 1776 **1/1776887**
66.249.71.205 - - [16/Mar/2026:06:16:40 -0700] "GET /detail/641279082.shtm HTTP/1.1" 200 22547 "-" "Mozilla/5.0 (Linux; Android 6.0.1; Nexus 5X Build/MMB29P) AppleWebKit/537.36 (KHTML, like Gecko) Chrome/145.0.7632.116 Mobile Safari/537.36 (compatible; GoogleOther)" 1838 **1/1838465**
216.73.216.210 - - [16/Mar/2026:06:16:55 -0700] "GET /detail/3572309828.shtm HTTP/1.1" 200 3512 "-" "Mozilla/5.0 AppleWebKit/537.36 (KHTML, like Gecko; compatible; ClaudeBot/1.0; +claudebot@anthropic.com)" 494 **0/494646**
216.73.216.210 - - [16/Mar/2026:06:16:58 -0700] "GET /detail/1674050452.shtm HTTP/1.1" 200 3512 "-" "Mozilla/5.0 AppleWebKit/537.36 (KHTML, like Gecko; compatible; ClaudeBot/1.0; +claudebot@anthropic.com)" 505 **0/505544**
216.73.216.210 - - [16/Mar/2026:06:17:01 -0700] "GET /detail/2922987728.shtm HTTP/1.1" 200 3512 "-" "Mozilla/5.0 AppleWebKit/537.36 (KHTML, like Gecko; compatible; ClaudeBot/1.0; +claudebot@anthropic.com)" 529 **0/529847**
114.119.135.65 - - [16/Mar/2026:06:17:03 -0700] "GET /detail/3056984195.shtm HTTP/1.1" 200 4098 "http://www.golz.in/sitemap.xml" "Mozilla/5.0 (Linux; Android 7.0;) AppleWebKit/537.36 (KHTML, like Gecko) Mobile Safari/537.36 (compatible; PetalBot;+https://webmaster.petalsearch.com/site/petalbot)" 509 **0/509845**
216.73.216.210 - - [16/Mar/2026:06:17:04 -0700] "GET /detail/2547577212.shtm HTTP/1.1" 200 3512 "-" "Mozilla/5.0 AppleWebKit/537.36 (KHTML, like Gecko; compatible; ClaudeBot/1.0; +claudebot@anthropic.com)" 512 **0/512202**
216.73.216.210 - - [16/Mar/2026:06:17:07 -0700] "GET /detail/980471471.shtm HTTP/1.1" 200 3512 "-" "Mozilla/5.0 AppleWebKit/537.36 (KHTML, like Gecko; compatible; ClaudeBot/1.0; +claudebot@anthropic.com)" 520 **0/520355**
216.73.216.210 - - [16/Mar/2026:06:17:10 -0700] "GET /detail/3165548380.shtm HTTP/1.1" 200 3512 "-" "Mozilla/5.0 AppleWebKit/537.36 (KHTML, like Gecko; compatible; ClaudeBot/1.0; +claudebot@anthropic.com)" 532 **0/532965**
66.249.66.1 - - [16/Mar/2026:06:17:34 -0700] "GET /?detail/375032356 HTTP/1.1" 200 21546 "-" "Mozilla/5.0 (Linux; Android 6.0.1; Nexus 5X Build/MMB29P) AppleWebKit/537.36 (KHTML, like Gecko) Chrome/145.0.7632.116 Mobile Safari/537.36 (compatible; Googlebot/2.1; +http://www.google.com/bot.html)" 1847 **1/1847514**
66.249.71.174 - - [16/Mar/2026:06:17:37 -0700] "GET /?detail/909240089 HTTP/1.1" 200 22959 "-" "Mozilla/5.0 (Linux; Android 6.0.1; Nexus 5X Build/MMB29P) AppleWebKit/537.36 (KHTML, like Gecko) Chrome/145.0.7632.116 Mobile Safari/537.36 (compatible; Googlebot/2.1; +http://www.google.com/bot.html)" 6311 **6/6311660**
216.73.216.210 - - [16/Mar/2026:06:17:46 -0700] "GET /detail/1139149284.shtm HTTP/1.1" 403 3512 "-" "Mozilla/5.0 AppleWebKit/537.36 (KHTML, like Gecko; compatible; ClaudeBot/1.0; +claudebot@anthropic.com)" 556 **0/556417**
216.73.216.210 - - [16/Mar/2026:06:17:49 -0700] "GET /detail/2971580100.shtm HTTP/1.1" 403 3512 "-" "Mozilla/5.0 AppleWebKit/537.36 (KHTML, like Gecko; compatible; ClaudeBot/1.0; +claudebot@anthropic.com)" 495 **0/495196**
216.73.216.210 - - [16/Mar/2026:06:17:52 -0700] "GET /detail/953611779.shtm HTTP/1.1" 403 3512 "-" "Mozilla/5.0 AppleWebKit/537.36 (KHTML, like Gecko; compatible; ClaudeBot/1.0; +claudebot@anthropic.com)" 536 **0/536242**
66.249.71.173 - - [16/Mar/2026:06:17:52 -0700] "GET /?detail/831501330 HTTP/1.1" 200 24069 "-" "Mozilla/5.0 (Linux; Android 6.0.1; Nexus 5X Build/MMB29P) AppleWebKit/537.36 (KHTML, like Gecko) Chrome/145.0.7632.116 Mobile Safari/537.36 (compatible; Googlebot/2.1; +http://www.google.com/bot.html)" 1935 **1/1935044**
216.73.216.210 - - [16/Mar/2026:06:17:55 -0700] "GET /detail/3379717202.shtm HTTP/1.1" 403 3512 "-" "Mozilla/5.0 AppleWebKit/537.36 (KHTML, like Gecko; compatible; ClaudeBot/1.0; +claudebot@anthropic.com)" 504 **0/504038**
216.73.216.210 - - [16/Mar/2026:06:17:58 -0700] "GET /detail/835322806.shtm HTTP/1.1" 403 3512 "-" "Mozilla/5.0 AppleWebKit/537.36 (KHTML, like Gecko; compatible; ClaudeBot/1.0; +claudebot@anthropic.com)" 524 **0/524747**
66.249.66.64 - - [16/Mar/2026:06:18:13 -0700] "GET /detail/2512527409.shtm HTTP/1.1" 200 22777 "-" "Mozilla/5.0 (Linux; Android 6.0.1; Nexus 5X Build/MMB29P) AppleWebKit/537.36 (KHTML, like Gecko) Chrome/145.0.7632.116 Mobile Safari/537.36 (compatible; GoogleOther)" 1826 **1/1826075**
66.249.66.39 - - [16/Mar/2026:06:18:20 -0700] "GET /?detail/752336998 HTTP/1.1" 200 22508 "-" "Mozilla/5.0 (Linux; Android 6.0.1; Nexus 5X Build/MMB29P) AppleWebKit/537.36 (KHTML, like Gecko) Chrome/145.0.7632.116 Mobile Safari/537.36 (compatible; Googlebot/2.1; +http://www.google.com/bot.html)" 1814 **1/1814555**
66.249.70.109 - - [16/Mar/2026:06:18:56 -0700] "GET /?detail/960868779 HTTP/1.1" 200 21895 "-" "Mozilla/5.0 (Linux; Android 6.0.1; Nexus 5X Build/MMB29P) AppleWebKit/537.36 (KHTML, like Gecko) Chrome/145.0.7632.116 Mobile Safari/537.36 (compatible; Googlebot/2.1; +http://www.google.com/bot.html)" 1790 **1/1790641**
66.249.66.163 - - [16/Mar/2026:06:19:10 -0700] "GET /detail/2287875344.shtm HTTP/1.1" 200 21834 "-" "Mozilla/5.0 (Linux; Android 6.0.1; Nexus 5X Build/MMB29P) AppleWebKit/537.36 (KHTML, like Gecko) Chrome/145.0.7632.116 Mobile Safari/537.36 (compatible; GoogleOther)" 1795 **1/1795414**
66.249.71.173 - - [16/Mar/2026:06:19:33 -0700] "GET /?detail/476584373 HTTP/1.1" 200 22058 "-" "Mozilla/5.0 (Linux; Android 6.0.1; Nexus 5X Build/MMB29P) AppleWebKit/537.36 (KHTML, like Gecko) Chrome/145.0.7632.116 Mobile Safari/537.36 (compatible; Googlebot/2.1; +http://www.google.com/bot.html)" 1791 **1/1791639**
216.73.216.210 - - [16/Mar/2026:06:19:45 -0700] "GET /detail/2167258620.shtm?path=%2Fhome%2Fdpknvn09897v%2Fpublic_html%2Fgolz.in%2Fwp-includes%2Fcss HTTP/1.1" 200 3724 "-" "Mozilla/5.0 AppleWebKit/537.36 (KHTML, like Gecko; compatible; ClaudeBot/1.0; +claudebot@anthropic.com)" 514 **0/514794**
216.73.216.210 - - [16/Mar/2026:06:19:47 -0700] "GET /detail/3419524947.shtm?fileloc=%2Fhome%2Fdpknvn09897v%2Fpublic_html%2Fgolz.in%2Fwp-includes%2Fclass-wp-block-processor.php&path=%2Fhome%2Fdpknvn09897v%2Fpublic_html%2Fgolz.in%2Fwp-includes HTTP/1.1" 200 18752 "-" "Mozilla/5.0 AppleWebKit/537.36 (KHTML, like Gecko; compatible; ClaudeBot/1.0; +claudebot@anthropic.com)" 498 **0/498667**
216.73.216.210 - - [16/Mar/2026:06:19:50 -0700] "GET /detail/2167258620.shtm?fileloc=%2Fhome%2Fdpknvn09897v%2Fpublic_html%2Fgolz.in%2Fwp-includes%2Fclass-wp-theme-json-data.php&path=%2Fhome%2Fdpknvn09897v%2Fpublic_html%2Fgolz.in%2Fwp-includes HTTP/1.1" 200 2900 "-" "Mozilla/5.0 AppleWebKit/537.36 (KHTML, like Gecko; compatible; ClaudeBot/1.0; +claudebot@anthropic.com)" 506 **0/506927**
66.249.71.205 - - [16/Mar/2026:06:19:50 -0700] "GET /detail/2748095120.shtm HTTP/1.1" 200 22504 "-" "Mozilla/5.0 (Linux; Android 6.0.1; Nexus 5X Build/MMB29P) AppleWebKit/537.36 (KHTML, like Gecko) Chrome/145.0.7632.116 Mobile Safari/537.36 (compatible; GoogleOther)" 1815 **1/1815170**
216.73.216.210 - - [16/Mar/2026:06:19:53 -0700] "GET /detail/1529023175.shtm?path=%2Fhome%2Fdpknvn09897v%2Fpublic_html%2Fgolz.in%2Fwp-includes%2Fcss HTTP/1.1" 200 3724 "-" "Mozilla/5.0 AppleWebKit/537.36 (KHTML, like Gecko; compatible; ClaudeBot/1.0; +claudebot@anthropic.com)" 511 **0/511829**
216.73.216.210 - - [16/Mar/2026:06:19:56 -0700] "GET /detail/2167258620.shtm?path=%2Fhome%2Fdpknvn09897v%2Fpublic_html%2Fgolz.in%2Fwp-includes%2Frest-api HTTP/1.1" 200 2849 "-" "Mozilla/5.0 AppleWebKit/537.36 (KHTML, like Gecko; compatible; ClaudeBot/1.0; +claudebot@anthropic.com)" 504 **0/504259**
216.73.216.210 - - [16/Mar/2026:06:19:59 -0700] "GET /detail/2167258620.shtm?fileloc=%2Fhome%2Fdpknvn09897v%2Fpublic_html%2Fgolz.in%2Fwp-includes%2Fclass-wp-xmlrpc-server.php&path=%2Fhome%2Fdpknvn09897v%2Fpublic_html%2Fgolz.in%2Fwp-includes HTTP/1.1" 200 36303 "-" "Mozilla/5.0 AppleWebKit/537.36 (KHTML, like Gecko; compatible; ClaudeBot/1.0; +claudebot@anthropic.com)" 549 **0/549104**
216.73.216.210 - - [16/Mar/2026:06:20:02 -0700] "GET /detail/1529023175.shtm?fileloc=%2Fhome%2Fdpknvn09897v%2Fpublic_html%2Fgolz.in%2Fwp-includes%2Fclass-wp-theme-json-data.php&path=%2Fhome%2Fdpknvn09897v%2Fpublic_html%2Fgolz.in%2Fwp-includes HTTP/1.1" 200 2900 "-" "Mozilla/5.0 AppleWebKit/537.36 (KHTML, like Gecko; compatible; ClaudeBot/1.0; +claudebot@anthropic.com)" 919 **0/919267**
216.73.216.210 - - [16/Mar/2026:06:20:05 -0700] "GET /detail/3419524947.shtm?path=%2Fhome%2Fdpknvn09897v%2Fpublic_html%2Fgolz.in%2Fwp-includes%2Fcss HTTP/1.1" 200 3724 "-" "Mozilla/5.0 AppleWebKit/537.36 (KHTML, like Gecko; compatible; ClaudeBot/1.0; +claudebot@anthropic.com)" 619 **0/619328**
216.73.216.210 - - [16/Mar/2026:06:20:08 -0700] "GET /detail/2523912390.shtm?fileloc=%2Fhome%2Fdpknvn09897v%2Fpublic_html%2Fgolz.in%2Fwp-includes%2Fclass-wp-block-processor.php&path=%2Fhome%2Fdpknvn09897v%2Fpublic_html%2Fgolz.in%2Fwp-includes HTTP/1.1" 200 18752 "-" "Mozilla/5.0 AppleWebKit/537.36 (KHTML, like Gecko; compatible; ClaudeBot/1.0; +claudebot@anthropic.com)" 584 **0/584335**
66.249.66.1 - - [16/Mar/2026:06:20:09 -0700] "GET /?detail/695176524 HTTP/1.1" 200 21775 "-" "Mozilla/5.0 (Linux; Android 6.0.1; Nexus 5X Build/MMB29P) AppleWebKit/537.36 (KHTML, like Gecko) Chrome/145.0.7632.116 Mobile Safari/537.36 (compatible; Googlebot/2.1; +http://www.google.com/bot.html)" 1917 **1/1917587**
216.73.216.210 - - [16/Mar/2026:06:20:11 -0700] "GET /detail/1529023175.shtm?fileloc=%2Fhome%2Fdpknvn09897v%2Fpublic_html%2Fgolz.in%2Fwp-includes%2Fclass-wp-xmlrpc-server.php&path=%2Fhome%2Fdpknvn09897v%2Fpublic_html%2Fgolz.in%2Fwp-includes HTTP/1.1" 200 36303 "-" "Mozilla/5.0 AppleWebKit/537.36 (KHTML, like Gecko; compatible; ClaudeBot/1.0; +claudebot@anthropic.com)" 556 **0/556999**
114.119.165.200 - - [16/Mar/2026:06:20:14 -0700] "GET /detail/305394131.shtm HTTP/1.1" 200 4098 "http://www.golz.in/sitemap.xml" "Mozilla/5.0 (Linux; Android 7.0;) AppleWebKit/537.36 (KHTML, like Gecko) Mobile Safari/537.36 (compatible; PetalBot;+https://webmaster.petalsearch.com/site/petalbot)" 5359 **5/5359926**
216.73.216.210 - - [16/Mar/2026:06:20:15 -0700] "GET /detail/3885987053.shtm?fileloc=%2Fhome%2Fdpknvn09897v%2Fpublic_html%2Fgolz.in%2Fwp-includes%2Fclass-wp-block-processor.php&path=%2Fhome%2Fdpknvn09897v%2Fpublic_html%2Fgolz.in%2Fwp-includes HTTP/1.1" 200 18752 "-" "Mozilla/5.0 AppleWebKit/537.36 (KHTML, like Gecko; compatible; ClaudeBot/1.0; +claudebot@anthropic.com)" 5121 **5/5121027**
216.73.216.210 - - [16/Mar/2026:06:20:20 -0700] "GET /detail/1529023175.shtm?path=%2Fhome%2Fdpknvn09897v%2Fpublic_html%2Fgolz.in%2Fwp-includes%2Frest-api HTTP/1.1" 403 3512 "-" "Mozilla/5.0 AppleWebKit/537.36 (KHTML, like Gecko; compatible; ClaudeBot/1.0; +claudebot@anthropic.com)" 501 **0/501029**
216.73.216.210 - - [16/Mar/2026:06:20:24 -0700] "GET /detail/2523912390.shtm?path=%2Fhome%2Fdpknvn09897v%2Fpublic_html%2Fgolz.in%2Fwp-includes%2Fcss HTTP/1.1" 403 3512 "-" "Mozilla/5.0 AppleWebKit/537.36 (KHTML, like Gecko; compatible; ClaudeBot/1.0; +claudebot@anthropic.com)" 502 **0/502256**
216.73.216.210 - - [16/Mar/2026:06:20:27 -0700] "GET /detail/3419524947.shtm?fileloc=%2Fhome%2Fdpknvn09897v%2Fpublic_html%2Fgolz.in%2Fwp-includes%2Fclass-wp-theme-json-data.php&path=%2Fhome%2Fdpknvn09897v%2Fpublic_html%2Fgolz.in%2Fwp-includes HTTP/1.1" 403 3512 "-" "Mozilla/5.0 AppleWebKit/537.36 (KHTML, like Gecko; compatible; ClaudeBot/1.0; +claudebot@anthropic.com)" 516 **0/516559**
216.73.216.210 - - [16/Mar/2026:06:20:29 -0700] "GET /detail/3419524947.shtm?path=%2Fhome%2Fdpknvn09897v%2Fpublic_html%2Fgolz.in%2Fwp-includes%2Frest-api HTTP/1.1" 403 3512 "-" "Mozilla/5.0 AppleWebKit/537.36 (KHTML, like Gecko; compatible; ClaudeBot/1.0; +claudebot@anthropic.com)" 524 **0/524329**
216.73.216.210 - - [16/Mar/2026:06:20:32 -0700] "GET /detail/3419524947.shtm?fileloc=%2Fhome%2Fdpknvn09897v%2Fpublic_html%2Fgolz.in%2Fwp-includes%2Fclass-wp-xmlrpc-server.php&path=%2Fhome%2Fdpknvn09897v%2Fpublic_html%2Fgolz.in%2Fwp-includes HTTP/1.1" 403 3512 "-" "Mozilla/5.0 AppleWebKit/537.36 (KHTML, like Gecko; compatible; ClaudeBot/1.0; +claudebot@anthropic.com)" 517 **0/517280**
66.249.66.77 - - [16/Mar/2026:06:20:33 -0700] "GET /detail/2508053464.shtm HTTP/1.1" 200 21899 "-" "Mozilla/5.0 (Linux; Android 6.0.1; Nexus 5X Build/MMB29P) AppleWebKit/537.36 (KHTML, like Gecko) Chrome/145.0.7632.116 Mobile Safari/537.36 (compatible; GoogleOther)" 1913 **1/1913421**
216.73.216.210 - - [16/Mar/2026:06:20:35 -0700] "GET /detail/3885987053.shtm?path=%2Fhome%2Fdpknvn09897v%2Fpublic_html%2Fgolz.in%2Fwp-includes%2Fcss HTTP/1.1" 403 3512 "-" "Mozilla/5.0 AppleWebKit/537.36 (KHTML, like Gecko; compatible; ClaudeBot/1.0; +claudebot@anthropic.com)" 504 **0/504106**
216.73.216.210 - - [16/Mar/2026:06:20:38 -0700] "GET /detail/2523912390.shtm?path=%2Fhome%2Fdpknvn09897v%2Fpublic_html%2Fgolz.in%2Fwp-includes%2Frest-api HTTP/1.1" 403 3512 "-" "Mozilla/5.0 AppleWebKit/537.36 (KHTML, like Gecko; compatible; ClaudeBot/1.0; +claudebot@anthropic.com)" 518 **0/518061**
66.249.71.206 - - [16/Mar/2026:06:21:06 -0700] "GET /?detail/279405646 HTTP/1.1" 200 21739 "-" "Mozilla/5.0 (Linux; Android 6.0.1; Nexus 5X Build/MMB29P) AppleWebKit/537.36 (KHTML, like Gecko) Chrome/145.0.7632.116 Mobile Safari/537.36 (compatible; Googlebot/2.1; +http://www.google.com/bot.html)" 1828 **1/1828974**
66.249.66.163 - - [16/Mar/2026:06:21:06 -0700] "GET /?detail/66117361 HTTP/1.1" 200 21891 "-" "Mozilla/5.0 (Linux; Android 6.0.1; Nexus 5X Build/MMB29P) AppleWebKit/537.36 (KHTML, like Gecko) Chrome/145.0.7632.116 Mobile Safari/537.36 (compatible; Googlebot/2.1; +http://www.google.com/bot.html)" 1828 **1/1828054**
66.249.71.206 - - [16/Mar/2026:06:21:21 -0700] "GET /detail/1661332258.shtm HTTP/1.1" 200 21866 "-" "Mozilla/5.0 (Linux; Android 6.0.1; Nexus 5X Build/MMB29P) AppleWebKit/537.36 (KHTML, like Gecko) Chrome/145.0.7632.116 Mobile Safari/537.36 (compatible; GoogleOther)" 1846 **1/1846684**
66.249.66.14 - - [16/Mar/2026:06:21:38 -0700] "GET /?detail/91999616 HTTP/1.1" 200 22427 "-" "Mozilla/5.0 (Linux; Android 6.0.1; Nexus 5X Build/MMB29P) AppleWebKit/537.36 (KHTML, like Gecko) Chrome/145.0.7632.116 Mobile Safari/537.36 (compatible; Googlebot/2.1; +http://www.google.com/bot.html)" 1919 **1/1919031**
114.119.132.68 - - [16/Mar/2026:06:21:41 -0700] "GET /detail/304182048.shtm HTTP/1.1" 200 4098 "http://www.golz.in/sitemap.xml" "Mozilla/5.0 (Linux; Android 7.0;) AppleWebKit/537.36 (KHTML, like Gecko) Mobile Safari/537.36 (compatible; PetalBot;+https://webmaster.petalsearch.com/site/petalbot)" 533 **0/533812**
66.249.66.14 - - [16/Mar/2026:06:21:58 -0700] "GET /?detail/183008103 HTTP/1.1" 200 22754 "-" "Mozilla/5.0 (Linux; Android 6.0.1; Nexus 5X Build/MMB29P) AppleWebKit/537.36 (KHTML, like Gecko) Chrome/145.0.7632.116 Mobile Safari/537.36 (compatible; Googlebot/2.1; +http://www.google.com/bot.html)" 1824 **1/1824945**
66.249.66.163 - - [16/Mar/2026:06:22:10 -0700] "GET /detail/1265619435.shtm HTTP/1.1" 200 22772 "-" "Mozilla/5.0 (Linux; Android 6.0.1; Nexus 5X Build/MMB29P) AppleWebKit/537.36 (KHTML, like Gecko) Chrome/145.0.7632.116 Mobile Safari/537.36 (compatible; GoogleOther)" 1882 **1/1882737**
216.73.216.210 - - [16/Mar/2026:06:22:18 -0700] "GET /detail/1417140039.shtm?fileloc=%2Fhome%2Fdpknvn09897v%2Flogs%2Fsalutarynutrifoods.golzfoundation.in-Nov-2025.gz&path=%2Fhome%2Fdpknvn09897v%2Flogs HTTP/1.1" 200 85949 "-" "Mozilla/5.0 AppleWebKit/537.36 (KHTML, like Gecko; compatible; ClaudeBot/1.0; +claudebot@anthropic.com)" 536 **0/536571**
216.73.216.210 - - [16/Mar/2026:06:22:21 -0700] "GET /detail/3414772652.shtm?fileloc=%2Fhome%2Fdpknvn09897v%2Flogs%2Fsalutarynutrifoods.golzfoundation.in-Nov-2025.gz&path=%2Fhome%2Fdpknvn09897v%2Flogs HTTP/1.1" 200 85949 "-" "Mozilla/5.0 AppleWebKit/537.36 (KHTML, like Gecko; compatible; ClaudeBot/1.0; +claudebot@anthropic.com)" 535 **0/535751**
216.73.216.210 - - [16/Mar/2026:06:22:24 -0700] "GET /detail/2627010899.shtm?fileloc=%2Fhome%2Fdpknvn09897v%2Flogs%2Fsalutarynutrifoods.golzfoundation.in-Nov-2025.gz&path=%2Fhome%2Fdpknvn09897v%2Flogs HTTP/1.1" 200 85949 "-" "Mozilla/5.0 AppleWebKit/537.36 (KHTML, like Gecko; compatible; ClaudeBot/1.0; +claudebot@anthropic.com)" 563 **0/563491**
216.73.216.210 - - [16/Mar/2026:06:22:27 -0700] "GET /detail/1077841323.shtm?fileloc=%2Fhome%2Fdpknvn09897v%2Flogs%2Fsalutarynutrifoods.golzfoundation.in-Nov-2025.gz&path=%2Fhome%2Fdpknvn09897v%2Flogs HTTP/1.1" 200 85949 "-" "Mozilla/5.0 AppleWebKit/537.36 (KHTML, like Gecko; compatible; ClaudeBot/1.0; +claudebot@anthropic.com)" 541 **0/541585**
216.73.216.210 - - [16/Mar/2026:06:22:30 -0700] "GET /detail/2794145541.shtm?fileloc=%2Fhome%2Fdpknvn09897v%2Flogs%2Fsalutarynutrifoods.golzfoundation.in-Nov-2025.gz&path=%2Fhome%2Fdpknvn09897v%2Flogs HTTP/1.1" 200 85949 "-" "Mozilla/5.0 AppleWebKit/537.36 (KHTML, like Gecko; compatible; ClaudeBot/1.0; +claudebot@anthropic.com)" 558 **0/558137**
216.73.216.210 - - [16/Mar/2026:06:22:33 -0700] "GET /detail/3541190625.shtm?fileloc=%2Fhome%2Fdpknvn09897v%2Flogs%2Fsalutarynutrifoods.golzfoundation.in-Nov-2025.gz&path=%2Fhome%2Fdpknvn09897v%2Flogs HTTP/1.1" 200 85949 "-" "Mozilla/5.0 AppleWebKit/537.36 (KHTML, like Gecko; compatible; ClaudeBot/1.0; +claudebot@anthropic.com)" 562 **0/562465**
66.249.71.205 - - [16/Mar/2026:06:22:34 -0700] "GET /?detail/342008200 HTTP/1.1" 200 22314 "-" "Mozilla/5.0 (Linux; Android 6.0.1; Nexus 5X Build/MMB29P) AppleWebKit/537.36 (KHTML, like Gecko) Chrome/145.0.7632.116 Mobile Safari/537.36 (compatible; Googlebot/2.1; +http://www.google.com/bot.html)" 1804 **1/1804973**
216.73.216.210 - - [16/Mar/2026:06:22:36 -0700] "GET /detail/1417140039.shtm?fileloc=%2Fhome%2Fdpknvn09897v%2Flogs%2Fgolz.in.golzfoundation.in-Mar-2026.gz&path=%2Fhome%2Fdpknvn09897v%2Flogs HTTP/1.1" 200 2154637 "-" "Mozilla/5.0 AppleWebKit/537.36 (KHTML, like Gecko; compatible; ClaudeBot/1.0; +claudebot@anthropic.com)" 1461 **1/1461416**
216.73.216.210 - - [16/Mar/2026:06:22:39 -0700] "GET /detail/3414772652.shtm?fileloc=%2Fhome%2Fdpknvn09897v%2Flogs%2Fgolz.in.golzfoundation.in-Mar-2026.gz&path=%2Fhome%2Fdpknvn09897v%2Flogs HTTP/1.1" 200 2154637 "-" "Mozilla/5.0 AppleWebKit/537.36 (KHTML, like Gecko; compatible; ClaudeBot/1.0; +claudebot@anthropic.com)" 1424 **1/1424341**
216.73.216.210 - - [16/Mar/2026:06:22:42 -0700] "GET /detail/2627010899.shtm?fileloc=%2Fhome%2Fdpknvn09897v%2Flogs%2Fgolz.in.golzfoundation.in-Mar-2026.gz&path=%2Fhome%2Fdpknvn09897v%2Flogs HTTP/1.1" 200 2154637 "-" "Mozilla/5.0 AppleWebKit/537.36 (KHTML, like Gecko; compatible; ClaudeBot/1.0; +claudebot@anthropic.com)" 1506 **1/1506495**
216.73.216.210 - - [16/Mar/2026:06:22:45 -0700] "GET /detail/1077841323.shtm?fileloc=%2Fhome%2Fdpknvn09897v%2Flogs%2Fgolz.in.golzfoundation.in-Mar-2026.gz&path=%2Fhome%2Fdpknvn09897v%2Flogs HTTP/1.1" 200 2154637 "-" "Mozilla/5.0 AppleWebKit/537.36 (KHTML, like Gecko; compatible; ClaudeBot/1.0; +claudebot@anthropic.com)" 1308 **1/1308121**
216.73.216.210 - - [16/Mar/2026:06:22:48 -0700] "GET /detail/2794145541.shtm?fileloc=%2Fhome%2Fdpknvn09897v%2Flogs%2Fgolz.in.golzfoundation.in-Mar-2026.gz&path=%2Fhome%2Fdpknvn09897v%2Flogs HTTP/1.1" 200 2154637 "-" "Mozilla/5.0 AppleWebKit/537.36 (KHTML, like Gecko; compatible; ClaudeBot/1.0; +claudebot@anthropic.com)" 1393 **1/1393886**
216.73.216.210 - - [16/Mar/2026:06:22:51 -0700] "GET /detail/3541190625.shtm?fileloc=%2Fhome%2Fdpknvn09897v%2Flogs%2Fgolz.in.golzfoundation.in-Mar-2026.gz&path=%2Fhome%2Fdpknvn09897v%2Flogs HTTP/1.1" 200 2154637 "-" "Mozilla/5.0 AppleWebKit/537.36 (KHTML, like Gecko; compatible; ClaudeBot/1.0; +claudebot@anthropic.com)" 1472 **1/1472400**
216.73.216.210 - - [16/Mar/2026:06:22:54 -0700] "GET /detail/1417140039.shtm?fileloc=%2Fhome%2Fdpknvn09897v%2Flogs%2Fsalutarynutrifoods.golzfoundation.in-ssl_log-Nov-2025.gz&path=%2Fhome%2Fdpknvn09897v%2Flogs HTTP/1.1" 200 149038 "-" "Mozilla/5.0 AppleWebKit/537.36 (KHTML, like Gecko; compatible; ClaudeBot/1.0; +claudebot@anthropic.com)" 584 **0/584344**
66.249.66.77 - - [16/Mar/2026:06:22:53 -0700] "GET /detail/3459570749.shtm HTTP/1.1" 200 21850 "-" "Mozilla/5.0 (Linux; Android 6.0.1; Nexus 5X Build/MMB29P) AppleWebKit/537.36 (KHTML, like Gecko) Chrome/145.0.7632.116 Mobile Safari/537.36 (compatible; GoogleOther)" 1809 **1/1809669**
216.73.216.210 - - [16/Mar/2026:06:22:57 -0700] "GET /detail/3414772652.shtm?fileloc=%2Fhome%2Fdpknvn09897v%2Flogs%2Fsalutarynutrifoods.golzfoundation.in-ssl_log-Nov-2025.gz&path=%2Fhome%2Fdpknvn09897v%2Flogs HTTP/1.1" 200 149038 "-" "Mozilla/5.0 AppleWebKit/537.36 (KHTML, like Gecko; compatible; ClaudeBot/1.0; +claudebot@anthropic.com)" 549 **0/549042**
101.33.55.204 - - [16/Mar/2026:06:23:11 -0700] "GET /wp-admin/install.php HTTP/1.1" 403 59502 "-" "Mozilla/5.0 (iPhone; CPU iPhone OS 13_2_3 like Mac OS X) AppleWebKit/605.1.15 (KHTML, like Gecko) Version/13.0.3 Mobile/15E148 Safari/604.1" 493 **0/493599**
66.249.71.174 - - [16/Mar/2026:06:23:33 -0700] "GET /?detail/727679906 HTTP/1.1" 200 22304 "-" "Mozilla/5.0 (Linux; Android 6.0.1; Nexus 5X Build/MMB29P) AppleWebKit/537.36 (KHTML, like Gecko) Chrome/145.0.7632.116 Mobile Safari/537.36 (compatible; Googlebot/2.1; +http://www.google.com/bot.html)" 1823 **1/1823231**
66.249.71.206 - - [16/Mar/2026:06:23:39 -0700] "GET /detail/1362168754.shtm HTTP/1.1" 200 22571 "-" "Mozilla/5.0 (Linux; Android 6.0.1; Nexus 5X Build/MMB29P) AppleWebKit/537.36 (KHTML, like Gecko) Chrome/145.0.7632.116 Mobile Safari/537.36 (compatible; GoogleOther)" 1802 **1/1802435**
66.249.71.160 - - [16/Mar/2026:06:24:03 -0700] "GET /?detail/207316028 HTTP/1.1" 200 22376 "-" "Mozilla/5.0 (Linux; Android 6.0.1; Nexus 5X Build/MMB29P) AppleWebKit/537.36 (KHTML, like Gecko) Chrome/145.0.7632.116 Mobile Safari/537.36 (compatible; Googlebot/2.1; +http://www.google.com/bot.html)" 1848 **1/1848671**
114.119.132.68 - - [16/Mar/2026:06:24:39 -0700] "GET /detail/3036088945.shtm HTTP/1.1" 200 4098 "http://www.golz.in/sitemap.xml" "Mozilla/5.0 (Linux; Android 7.0;) AppleWebKit/537.36 (KHTML, like Gecko) Mobile Safari/537.36 (compatible; PetalBot;+https://webmaster.petalsearch.com/site/petalbot)" 500 **0/500095**
66.249.66.40 - - [16/Mar/2026:06:24:40 -0700] "GET /?detail/243382917 HTTP/1.1" 200 21609 "-" "Mozilla/5.0 (Linux; Android 6.0.1; Nexus 5X Build/MMB29P) AppleWebKit/537.36 (KHTML, like Gecko) Chrome/145.0.7632.116 Mobile Safari/537.36 (compatible; Googlebot/2.1; +http://www.google.com/bot.html)" 1828 **1/1828304**
66.249.66.164 - - [16/Mar/2026:06:25:00 -0700] "GET /?detail/810586928 HTTP/1.1" 200 23386 "-" "Mozilla/5.0 (Linux; Android 6.0.1; Nexus 5X Build/MMB29P) AppleWebKit/537.36 (KHTML, like Gecko) Chrome/145.0.7632.116 Mobile Safari/537.36 (compatible; Googlebot/2.1; +http://www.google.com/bot.html)" 1822 **1/1822763**
66.249.66.40 - - [16/Mar/2026:06:25:13 -0700] "GET /detail/259028552.shtm HTTP/1.1" 200 22219 "-" "Mozilla/5.0 (Linux; Android 6.0.1; Nexus 5X Build/MMB29P) AppleWebKit/537.36 (KHTML, like Gecko) Chrome/145.0.7632.116 Mobile Safari/537.36 (compatible; GoogleOther)" 1827 **1/1827011**
66.249.66.14 - - [16/Mar/2026:06:25:37 -0700] "GET /?detail/304245315 HTTP/1.1" 200 22074 "-" "Mozilla/5.0 (Linux; Android 6.0.1; Nexus 5X Build/MMB29P) AppleWebKit/537.36 (KHTML, like Gecko) Chrome/145.0.7632.116 Mobile Safari/537.36 (compatible; Googlebot/2.1; +http://www.google.com/bot.html)" 1942 **1/1942699**
66.249.71.173 - - [16/Mar/2026:06:25:59 -0700] "GET /detail/2861752996.shtm HTTP/1.1" 200 22386 "-" "Mozilla/5.0 (Linux; Android 6.0.1; Nexus 5X Build/MMB29P) AppleWebKit/537.36 (KHTML, like Gecko) Chrome/145.0.7632.116 Mobile Safari/537.36 (compatible; GoogleOther)" 1810 **1/1810694**
114.119.130.213 - - [16/Mar/2026:06:26:06 -0700] "GET /detail/3034876846.shtm HTTP/1.1" 200 4098 "http://www.golz.in/sitemap.xml" "Mozilla/5.0 (Linux; Android 7.0;) AppleWebKit/537.36 (KHTML, like Gecko) Mobile Safari/537.36 (compatible; PetalBot;+https://webmaster.petalsearch.com/site/petalbot)" 524 **0/524111**
66.249.66.14 - - [16/Mar/2026:06:26:13 -0700] "GET /?detail/658102138 HTTP/1.1" 200 22180 "-" "Mozilla/5.0 (Linux; Android 6.0.1; Nexus 5X Build/MMB29P) AppleWebKit/537.36 (KHTML, like Gecko) Chrome/145.0.7632.116 Mobile Safari/537.36 (compatible; Googlebot/2.1; +http://www.google.com/bot.html)" 1787 **1/1787804**
66.249.71.173 - - [16/Mar/2026:06:26:46 -0700] "GET /detail/1270500297.shtm HTTP/1.1" 200 21356 "-" "Mozilla/5.0 (Linux; Android 6.0.1; Nexus 5X Build/MMB29P) AppleWebKit/537.36 (KHTML, like Gecko) Chrome/145.0.7632.116 Mobile Safari/537.36 (compatible; GoogleOther)" 1804 **1/1804083**
14.227.110.240 - - [16/Mar/2026:06:26:49 -0700] "GET http://golz.in/ HTTP/1.1" 200 4098 "-" "Mozilla/5.0 (Macintosh; Intel Mac OS X 10_14_6) AppleWebKit/537.36 (KHTML, like Gecko) Brave Chrome/89.0.4389.72 Safari/537.36" 511 **0/511335**
66.249.66.39 - - [16/Mar/2026:06:26:49 -0700] "GET /?detail/309459324 HTTP/1.1" 200 21549 "-" "Mozilla/5.0 (Linux; Android 6.0.1; Nexus 5X Build/MMB29P) AppleWebKit/537.36 (KHTML, like Gecko) Chrome/145.0.7632.116 Mobile Safari/537.36 (compatible; Googlebot/2.1; +http://www.google.com/bot.html)" 1795 **1/1795802**
66.249.71.206 - - [16/Mar/2026:06:27:25 -0700] "GET /?detail/785481875 HTTP/1.1" 200 22147 "-" "Mozilla/5.0 (Linux; Android 6.0.1; Nexus 5X Build/MMB29P) AppleWebKit/537.36 (KHTML, like Gecko) Chrome/145.0.7632.116 Mobile Safari/537.36 (compatible; Googlebot/2.1; +http://www.google.com/bot.html)" 1810 **1/1810460**
114.119.143.213 - - [16/Mar/2026:06:27:36 -0700] "GET /detail/3033664747.shtm HTTP/1.1" 200 4098 "http://www.golz.in/sitemap.xml" "Mozilla/5.0 (Linux; Android 7.0;) AppleWebKit/537.36 (KHTML, like Gecko) Mobile Safari/537.36 (compatible; PetalBot;+https://webmaster.petalsearch.com/site/petalbot)" 596 **0/596650**
66.249.66.14 - - [16/Mar/2026:06:27:36 -0700] "GET /detail/695259701.shtm HTTP/1.1" 200 25475 "-" "Mozilla/5.0 (Linux; Android 6.0.1; Nexus 5X Build/MMB29P) AppleWebKit/537.36 (KHTML, like Gecko) Chrome/145.0.7632.116 Mobile Safari/537.36 (compatible; GoogleOther)" 2063 **2/2063026**
66.249.66.197 - - [16/Mar/2026:06:28:02 -0700] "GET /?detail/468127514 HTTP/1.1" 200 22496 "-" "Mozilla/5.0 (Linux; Android 6.0.1; Nexus 5X Build/MMB29P) AppleWebKit/537.36 (KHTML, like Gecko) Chrome/145.0.7632.116 Mobile Safari/537.36 (compatible; Googlebot/2.1; +http://www.google.com/bot.html)" 1830 **1/1830065**
66.249.71.174 - - [16/Mar/2026:06:28:19 -0700] "GET /detail/2390578316.shtm HTTP/1.1" 200 23376 "-" "Mozilla/5.0 (Linux; Android 6.0.1; Nexus 5X Build/MMB29P) AppleWebKit/537.36 (KHTML, like Gecko) Chrome/145.0.7632.116 Mobile Safari/537.36 (compatible; GoogleOther)" 1849 **1/1849218**
195.200.29.225 - - [16/Mar/2026:06:28:21 -0700] "GET /contact/ HTTP/1.1" 200 3512 "http://golz.in/" "Mozilla/5.0 (Macintosh; Intel Mac OS X 12_5) AppleWebKit/605.1.15 (KHTML, like Gecko) Version/15.4 Safari/605.1.15" 569 **0/569724**
114.119.158.216 - - [16/Mar/2026:06:28:22 -0700] "GET /detail/3033501208.shtm HTTP/1.1" 200 4098 "http://www.golz.in/sitemap.xml" "Mozilla/5.0 (Linux; Android 7.0;) AppleWebKit/537.36 (KHTML, like Gecko) Mobile Safari/537.36 (compatible; PetalBot;+https://webmaster.petalsearch.com/site/petalbot)" 574 **0/574824**
195.200.29.225 - - [16/Mar/2026:06:28:25 -0700] "GET /contact/?fileloc=/home/dpknvn09897v/public_html/golz.in/wp-config-sample.php&path=/home/dpknvn09897v/public_html/golz.in HTTP/1.1" 200 3509 "http://golz.in/contact/" "Mozilla/5.0 (Macintosh; Intel Mac OS X 12_5) AppleWebKit/605.1.15 (KHTML, like Gecko) Version/15.4 Safari/605.1.15" 531 **0/531374**
66.249.71.173 - - [16/Mar/2026:06:28:38 -0700] "GET /?detail/652429808 HTTP/1.1" 200 22564 "-" "Mozilla/5.0 (Linux; Android 6.0.1; Nexus 5X Build/MMB29P) AppleWebKit/537.36 (KHTML, like Gecko) Chrome/145.0.7632.116 Mobile Safari/537.36 (compatible; Googlebot/2.1; +http://www.google.com/bot.html)" 1813 **1/1813657**
66.249.71.160 - - [16/Mar/2026:06:29:06 -0700] "GET /detail/1289148223.shtm HTTP/1.1" 200 22270 "-" "Mozilla/5.0 (Linux; Android 6.0.1; Nexus 5X Build/MMB29P) AppleWebKit/537.36 (KHTML, like Gecko) Chrome/145.0.7632.116 Mobile Safari/537.36 (compatible; GoogleOther)" 1831 **1/1831665**
66.249.71.205 - - [16/Mar/2026:06:29:15 -0700] "GET /?detail/626877522 HTTP/1.1" 200 22007 "-" "Mozilla/5.0 (Linux; Android 6.0.1; Nexus 5X Build/MMB29P) AppleWebKit/537.36 (KHTML, like Gecko) Chrome/145.0.7632.116 Mobile Safari/537.36 (compatible; Googlebot/2.1; +http://www.google.com/bot.html)" 1803 **1/1803083**
66.249.71.205 - - [16/Mar/2026:06:29:51 -0700] "GET /?detail/747411277 HTTP/1.1" 200 22024 "-" "Mozilla/5.0 (Linux; Android 6.0.1; Nexus 5X Build/MMB29P) AppleWebKit/537.36 (KHTML, like Gecko) Chrome/145.0.7632.116 Mobile Safari/537.36 (compatible; Googlebot/2.1; +http://www.google.com/bot.html)" 1794 **1/1794436**
114.119.135.65 - - [16/Mar/2026:06:29:55 -0700] "GET /detail/3028912420.shtm HTTP/1.1" 200 4098 "http://www.golz.in/sitemap.xml" "Mozilla/5.0 (Linux; Android 7.0;) AppleWebKit/537.36 (KHTML, like Gecko) Mobile Safari/537.36 (compatible; PetalBot;+https://webmaster.petalsearch.com/site/petalbot)" 505 **0/505501**
66.249.66.77 - - [16/Mar/2026:06:30:28 -0700] "GET /?detail/109709411 HTTP/1.1" 200 21999 "-" "Mozilla/5.0 (Linux; Android 6.0.1; Nexus 5X Build/MMB29P) AppleWebKit/537.36 (KHTML, like Gecko) Chrome/145.0.7632.116 Mobile Safari/537.36 (compatible; Googlebot/2.1; +http://www.google.com/bot.html)" 1785 **1/1785309**
216.73.216.210 - - [16/Mar/2026:06:30:29 -0700] "GET /detail/4185250797.shtm?path=%2F%2Flib64%2Fpython3.12%2Fcollections HTTP/1.1" 200 2691 "-" "Mozilla/5.0 AppleWebKit/537.36 (KHTML, like Gecko; compatible; ClaudeBot/1.0; +claudebot@anthropic.com)" 530 **0/530880**
216.73.216.210 - - [16/Mar/2026:06:30:32 -0700] "GET /detail/1999025477.shtm?path=%2F%2Flib%2Fpython3.12%2Fsite-packages HTTP/1.1" 200 2572 "-" "Mozilla/5.0 AppleWebKit/537.36 (KHTML, like Gecko; compatible; ClaudeBot/1.0; +claudebot@anthropic.com)" 516 **0/516100**
216.73.216.210 - - [16/Mar/2026:06:30:35 -0700] "GET /detail/4185250797.shtm?path=%2F%2Flib64%2Fpython3.12%2Ftomllib HTTP/1.1" 200 2747 "-" "Mozilla/5.0 AppleWebKit/537.36 (KHTML, like Gecko; compatible; ClaudeBot/1.0; +claudebot@anthropic.com)" 500 **0/500282**
66.249.66.164 - - [16/Mar/2026:06:30:39 -0700] "GET /detail/1494017413.shtm HTTP/1.1" 200 21453 "-" "Mozilla/5.0 (Linux; Android 6.0.1; Nexus 5X Build/MMB29P) AppleWebKit/537.36 (KHTML, like Gecko) Chrome/145.0.7632.116 Mobile Safari/537.36 (compatible; GoogleOther)" 2482 **2/2482021**
66.249.66.40 - - [16/Mar/2026:06:31:04 -0700] "GET /?detail/479868295 HTTP/1.1" 200 22320 "-" "Mozilla/5.0 (Linux; Android 6.0.1; Nexus 5X Build/MMB29P) AppleWebKit/537.36 (KHTML, like Gecko) Chrome/145.0.7632.116 Mobile Safari/537.36 (compatible; Googlebot/2.1; +http://www.google.com/bot.html)" 1780 **1/1780640**
114.119.165.200 - - [16/Mar/2026:06:31:20 -0700] "GET /detail/302806410.shtm HTTP/1.1" 200 4098 "http://www.golz.in/sitemap.xml" "Mozilla/5.0 (Linux; Android 7.0;) AppleWebKit/537.36 (KHTML, like Gecko) Mobile Safari/537.36 (compatible; PetalBot;+https://webmaster.petalsearch.com/site/petalbot)" 486 **0/486369**
66.249.66.14 - - [16/Mar/2026:06:31:26 -0700] "GET /detail/711178866.shtm HTTP/1.1" 200 21855 "-" "Mozilla/5.0 (Linux; Android 6.0.1; Nexus 5X Build/MMB29P) AppleWebKit/537.36 (KHTML, like Gecko) Chrome/145.0.7632.116 Mobile Safari/537.36 (compatible; GoogleOther)" 1787 **1/1787580**
66.249.66.163 - - [16/Mar/2026:06:31:40 -0700] "GET /?detail/254497727 HTTP/1.1" 200 22058 "-" "Mozilla/5.0 (Linux; Android 6.0.1; Nexus 5X Build/MMB29P) AppleWebKit/537.36 (KHTML, like Gecko) Chrome/145.0.7632.116 Mobile Safari/537.36 (compatible; Googlebot/2.1; +http://www.google.com/bot.html)" 2036 **2/2036876**
66.249.66.40 - - [16/Mar/2026:06:32:12 -0700] "GET /detail/2493822478.shtm HTTP/1.1" 200 22511 "-" "Mozilla/5.0 (Linux; Android 6.0.1; Nexus 5X Build/MMB29P) AppleWebKit/537.36 (KHTML, like Gecko) Chrome/145.0.7632.116 Mobile Safari/537.36 (compatible; GoogleOther)" 1823 **1/1823662**
66.249.71.205 - - [16/Mar/2026:06:32:17 -0700] "GET /?detail/877733058 HTTP/1.1" 200 22189 "-" "Mozilla/5.0 (Linux; Android 6.0.1; Nexus 5X Build/MMB29P) AppleWebKit/537.36 (KHTML, like Gecko) Chrome/145.0.7632.116 Mobile Safari/537.36 (compatible; Googlebot/2.1; +http://www.google.com/bot.html)" 1791 **1/1791985**
66.249.66.14 - - [16/Mar/2026:06:32:53 -0700] "GET /?detail/929664103 HTTP/1.1" 200 21259 "-" "Mozilla/5.0 (Linux; Android 6.0.1; Nexus 5X Build/MMB29P) AppleWebKit/537.36 (KHTML, like Gecko) Chrome/145.0.7632.116 Mobile Safari/537.36 (compatible; Googlebot/2.1; +http://www.google.com/bot.html)" 1827 **1/1827173**
66.249.66.163 - - [16/Mar/2026:06:32:59 -0700] "GET /detail/1028147315.shtm HTTP/1.1" 200 22474 "-" "Mozilla/5.0 (Linux; Android 6.0.1; Nexus 5X Build/MMB29P) AppleWebKit/537.36 (KHTML, like Gecko) Chrome/145.0.7632.116 Mobile Safari/537.36 (compatible; GoogleOther)" 1823 **1/1823353**
43.131.253.14 - - [16/Mar/2026:06:33:13 -0700] "GET /wp-login.php HTTP/1.1" 200 4098 "-" "Mozilla/5.0 (iPhone; CPU iPhone OS 13_2_3 like Mac OS X) AppleWebKit/605.1.15 (KHTML, like Gecko) Version/13.0.3 Mobile/15E148 Safari/604.1" 55 **0/55969**
66.249.71.205 - - [16/Mar/2026:06:33:29 -0700] "GET /?detail/22588070 HTTP/1.1" 200 22406 "-" "Mozilla/5.0 (Linux; Android 6.0.1; Nexus 5X Build/MMB29P) AppleWebKit/537.36 (KHTML, like Gecko) Chrome/145.0.7632.116 Mobile Safari/537.36 (compatible; Googlebot/2.1; +http://www.google.com/bot.html)" 1809 **1/1809910**
66.249.71.173 - - [16/Mar/2026:06:33:50 -0700] "GET /detail/3172447335.shtm HTTP/1.1" 200 22309 "-" "Mozilla/5.0 (Linux; Android 6.0.1; Nexus 5X Build/MMB29P) AppleWebKit/537.36 (KHTML, like Gecko) Chrome/145.0.7632.116 Mobile Safari/537.36 (compatible; GoogleOther)" 1826 **1/1826173**
114.119.143.213 - - [16/Mar/2026:06:34:02 -0700] "GET /detail/3197562368.shtm HTTP/1.1" 200 4098 "http://www.golz.in/sitemap.xml" "Mozilla/5.0 (Linux; Android 7.0;) AppleWebKit/537.36 (KHTML, like Gecko) Mobile Safari/537.36 (compatible; PetalBot;+https://webmaster.petalsearch.com/site/petalbot)" 539 **0/539705**
66.249.66.64 - - [16/Mar/2026:06:34:06 -0700] "GET /?detail/373850344 HTTP/1.1" 200 22535 "-" "Mozilla/5.0 (Linux; Android 6.0.1; Nexus 5X Build/MMB29P) AppleWebKit/537.36 (KHTML, like Gecko) Chrome/145.0.7632.116 Mobile Safari/537.36 (compatible; Googlebot/2.1; +http://www.google.com/bot.html)" 1794 **1/1794372**
66.249.71.205 - - [16/Mar/2026:06:34:33 -0700] "GET /detail/2423300395.shtm HTTP/1.1" 200 22022 "-" "Mozilla/5.0 (Linux; Android 6.0.1; Nexus 5X Build/MMB29P) AppleWebKit/537.36 (KHTML, like Gecko) Chrome/145.0.7632.116 Mobile Safari/537.36 (compatible; GoogleOther)" 1807 **1/1807701**
66.249.71.205 - - [16/Mar/2026:06:35:03 -0700] "GET /?detail/486563255 HTTP/1.1" 200 21587 "-" "Mozilla/5.0 (Linux; Android 6.0.1; Nexus 5X Build/MMB29P) AppleWebKit/537.36 (KHTML, like Gecko) Chrome/145.0.7632.116 Mobile Safari/537.36 (compatible; Googlebot/2.1; +http://www.google.com/bot.html)" 1834 **1/1834429**
66.249.66.15 - - [16/Mar/2026:06:35:03 -0700] "GET /?detail/349928420 HTTP/1.1" 200 23553 "-" "Mozilla/5.0 (Linux; Android 6.0.1; Nexus 5X Build/MMB29P) AppleWebKit/537.36 (KHTML, like Gecko) Chrome/145.0.7632.116 Mobile Safari/537.36 (compatible; Googlebot/2.1; +http://www.google.com/bot.html)" 1839 **1/1839412**
66.249.66.14 - - [16/Mar/2026:06:35:36 -0700] "GET /?detail/556833333 HTTP/1.1" 200 23030 "-" "Mozilla/5.0 (Linux; Android 6.0.1; Nexus 5X Build/MMB29P) AppleWebKit/537.36 (KHTML, like Gecko) Chrome/145.0.7632.116 Mobile Safari/537.36 (compatible; Googlebot/2.1; +http://www.google.com/bot.html)" 1793 **1/1793917**
66.249.71.205 - - [16/Mar/2026:06:35:36 -0700] "GET /?detail/434888183 HTTP/1.1" 200 21747 "-" "Mozilla/5.0 (Linux; Android 6.0.1; Nexus 5X Build/MMB29P) AppleWebKit/537.36 (KHTML, like Gecko) Chrome/145.0.7632.116 Mobile Safari/537.36 (compatible; Googlebot/2.1; +http://www.google.com/bot.html)" 2248 **2/2248868**
114.119.143.213 - - [16/Mar/2026:06:35:43 -0700] "GET /detail/3176667102.shtm HTTP/1.1" 200 4098 "http://www.golz.in/sitemap.xml" "Mozilla/5.0 (Linux; Android 7.0;) AppleWebKit/537.36 (KHTML, like Gecko) Mobile Safari/537.36 (compatible; PetalBot;+https://webmaster.petalsearch.com/site/petalbot)" 503 **0/503577**
216.73.216.210 - - [16/Mar/2026:06:35:52 -0700] "GET /detail/2993851004.shtm?path=%2F%2Fusr HTTP/1.1" 403 3512 "-" "Mozilla/5.0 AppleWebKit/537.36 (KHTML, like Gecko; compatible; ClaudeBot/1.0; +claudebot@anthropic.com)" 504 **0/504312**
216.73.216.210 - - [16/Mar/2026:06:35:54 -0700] "GET /detail/567114593.shtm?path=%2F%2Fusr HTTP/1.1" 403 3512 "-" "Mozilla/5.0 AppleWebKit/537.36 (KHTML, like Gecko; compatible; ClaudeBot/1.0; +claudebot@anthropic.com)" 515 **0/515178**
66.249.71.173 - - [16/Mar/2026:06:35:55 -0700] "GET /?detail/360899680 HTTP/1.1" 200 22591 "-" "Mozilla/5.0 (Linux; Android 6.0.1; Nexus 5X Build/MMB29P) AppleWebKit/537.36 (KHTML, like Gecko) Chrome/145.0.7632.116 Mobile Safari/537.36 (compatible; Googlebot/2.1; +http://www.google.com/bot.html)" 1810 **1/1810519**
216.73.216.210 - - [16/Mar/2026:06:35:57 -0700] "GET /detail/2289087805.shtm?fileloc=%2Fhome%2Fdpknvn09897v%2Fpublic_html%2Fgolz.in%2Fwp-includes%2Fhttps-migration.php&path=%2Fhome%2Fdpknvn09897v%2Fpublic_html%2Fgolz.in%2Fwp-includes HTTP/1.1" 200 3799 "-" "Mozilla/5.0 AppleWebKit/537.36 (KHTML, like Gecko; compatible; ClaudeBot/1.0; +claudebot@anthropic.com)" 508 **0/508591**
216.73.216.210 - - [16/Mar/2026:06:36:00 -0700] "GET /detail/2289087805.shtm?path=%2F%2Fsbin HTTP/1.1" 200 3986 "-" "Mozilla/5.0 AppleWebKit/537.36 (KHTML, like Gecko; compatible; ClaudeBot/1.0; +claudebot@anthropic.com)" 569 **0/569199**
216.73.216.210 - - [16/Mar/2026:06:36:03 -0700] "GET /detail/2865008833.shtm?path=%2F%2Fsbin HTTP/1.1" 200 3986 "-" "Mozilla/5.0 AppleWebKit/537.36 (KHTML, like Gecko; compatible; ClaudeBot/1.0; +claudebot@anthropic.com)" 509 **0/509652**
216.73.216.210 - - [16/Mar/2026:06:36:06 -0700] "GET /detail/3520295359.shtm?path=%2F%2Fsbin HTTP/1.1" 200 3986 "-" "Mozilla/5.0 AppleWebKit/537.36 (KHTML, like Gecko; compatible; ClaudeBot/1.0; +claudebot@anthropic.com)" 498 **0/498000**
216.73.216.210 - - [16/Mar/2026:06:36:09 -0700] "GET /detail/3449432067.shtm?path=%2F%2Fsbin HTTP/1.1" 200 3986 "-" "Mozilla/5.0 AppleWebKit/537.36 (KHTML, like Gecko; compatible; ClaudeBot/1.0; +claudebot@anthropic.com)" 504 **0/504254**
66.249.71.173 - - [16/Mar/2026:06:36:08 -0700] "GET /detail/3724862809.shtm HTTP/1.1" 200 23983 "-" "Mozilla/5.0 (Linux; Android 6.0.1; Nexus 5X Build/MMB29P) AppleWebKit/537.36 (KHTML, like Gecko) Chrome/145.0.7632.116 Mobile Safari/537.36 (compatible; GoogleOther)" 1895 **1/1895001**
216.73.216.210 - - [16/Mar/2026:06:36:12 -0700] "GET /detail/2436678932.shtm?path=%2F%2Fsbin HTTP/1.1" 200 3986 "-" "Mozilla/5.0 AppleWebKit/537.36 (KHTML, like Gecko; compatible; ClaudeBot/1.0; +claudebot@anthropic.com)" 499 **0/499679**
216.73.216.210 - - [16/Mar/2026:06:36:15 -0700] "GET /detail/438393794.shtm?path=%2F%2Fsbin HTTP/1.1" 200 3986 "-" "Mozilla/5.0 AppleWebKit/537.36 (KHTML, like Gecko; compatible; ClaudeBot/1.0; +claudebot@anthropic.com)" 521 **0/521224**
216.73.216.210 - - [16/Mar/2026:06:36:18 -0700] "GET /detail/619292585.shtm?path=%2F%2Fusr HTTP/1.1" 200 2762 "-" "Mozilla/5.0 AppleWebKit/537.36 (KHTML, like Gecko; compatible; ClaudeBot/1.0; +claudebot@anthropic.com)" 500 **0/500673**
216.73.216.210 - - [16/Mar/2026:06:36:21 -0700] "GET /detail/923931902.shtm?path=%2F%2Fusr HTTP/1.1" 200 2762 "-" "Mozilla/5.0 AppleWebKit/537.36 (KHTML, like Gecko; compatible; ClaudeBot/1.0; +claudebot@anthropic.com)" 514 **0/514984**
216.73.216.210 - - [16/Mar/2026:06:36:24 -0700] "GET /detail/2993851004.shtm?path=%2F%2Fsbin HTTP/1.1" 200 3986 "-" "Mozilla/5.0 AppleWebKit/537.36 (KHTML, like Gecko; compatible; ClaudeBot/1.0; +claudebot@anthropic.com)" 501 **0/501427**
216.73.216.210 - - [16/Mar/2026:06:36:27 -0700] "GET /detail/567114593.shtm?path=%2F%2Fsbin HTTP/1.1" 200 3986 "-" "Mozilla/5.0 AppleWebKit/537.36 (KHTML, like Gecko; compatible; ClaudeBot/1.0; +claudebot@anthropic.com)" 506 **0/506862**
216.73.216.210 - - [16/Mar/2026:06:36:30 -0700] "GET /detail/3813847958.shtm?path=%2F%2Ftmp HTTP/1.1" 200 2526 "-" "Mozilla/5.0 AppleWebKit/537.36 (KHTML, like Gecko; compatible; ClaudeBot/1.0; +claudebot@anthropic.com)" 497 **0/497416**
216.73.216.210 - - [16/Mar/2026:06:36:33 -0700] "GET /detail/923931902.shtm?path=%2F%2Fsbin HTTP/1.1" 200 3986 "-" "Mozilla/5.0 AppleWebKit/537.36 (KHTML, like Gecko; compatible; ClaudeBot/1.0; +claudebot@anthropic.com)" 516 **0/516826**
66.249.71.205 - - [16/Mar/2026:06:36:33 -0700] "GET /?detail/800976840 HTTP/1.1" 200 22351 "-" "Mozilla/5.0 (Linux; Android 6.0.1; Nexus 5X Build/MMB29P) AppleWebKit/537.36 (KHTML, like Gecko) Chrome/145.0.7632.116 Mobile Safari/537.36 (compatible; Googlebot/2.1; +http://www.google.com/bot.html)" 1798 **1/1798756**
216.73.216.210 - - [16/Mar/2026:06:36:36 -0700] "GET /detail/619292585.shtm?path=%2F%2Fsbin HTTP/1.1" 200 3986 "-" "Mozilla/5.0 AppleWebKit/537.36 (KHTML, like Gecko; compatible; ClaudeBot/1.0; +claudebot@anthropic.com)" 509 **0/509381**
114.119.135.65 - - [16/Mar/2026:06:36:38 -0700] "GET /detail/3156542508.shtm HTTP/1.1" 200 4098 "http://www.golz.in/sitemap.xml" "Mozilla/5.0 (Linux; Android 7.0;) AppleWebKit/537.36 (KHTML, like Gecko) Mobile Safari/537.36 (compatible; PetalBot;+https://webmaster.petalsearch.com/site/petalbot)" 499 **0/499947**
216.73.216.210 - - [16/Mar/2026:06:36:39 -0700] "GET /detail/1218419464.shtm?path=%2Fhome%2Fdpknvn09897v%2Fpublic_html%2Fgolz.in%2Fwp-includes%2Fhtml-api HTTP/1.1" 200 3120 "-" "Mozilla/5.0 AppleWebKit/537.36 (KHTML, like Gecko; compatible; ClaudeBot/1.0; +claudebot@anthropic.com)" 511 **0/511022**
216.73.216.210 - - [16/Mar/2026:06:36:42 -0700] "GET /detail/1407193990.shtm HTTP/1.1" 200 3512 "-" "Mozilla/5.0 AppleWebKit/537.36 (KHTML, like Gecko; compatible; ClaudeBot/1.0; +claudebot@anthropic.com)" 497 **0/497524**
216.73.216.210 - - [16/Mar/2026:06:36:45 -0700] "GET /detail/2477862331.shtm HTTP/1.1" 200 3512 "-" "Mozilla/5.0 AppleWebKit/537.36 (KHTML, like Gecko; compatible; ClaudeBot/1.0; +claudebot@anthropic.com)" 517 **0/517435**
216.73.216.210 - - [16/Mar/2026:06:36:48 -0700] "GET /detail/3093245778.shtm HTTP/1.1" 200 3512 "-" "Mozilla/5.0 AppleWebKit/537.36 (KHTML, like Gecko; compatible; ClaudeBot/1.0; +claudebot@anthropic.com)" 509 **0/509634**
66.249.66.195 - - [16/Mar/2026:06:36:52 -0700] "GET /detail/2907632475.shtm HTTP/1.1" 200 21915 "-" "Mozilla/5.0 (Linux; Android 6.0.1; Nexus 5X Build/MMB29P) AppleWebKit/537.36 (KHTML, like Gecko) Chrome/145.0.7632.116 Mobile Safari/537.36 (compatible; GoogleOther)" 1804 **1/1804754**
66.249.66.197 - - [16/Mar/2026:06:37:05 -0700] "GET /?detail/975695921 HTTP/1.1" 200 22636 "-" "Mozilla/5.0 (Linux; Android 6.0.1; Nexus 5X Build/MMB29P) AppleWebKit/537.36 (KHTML, like Gecko) Chrome/145.0.7632.116 Mobile Safari/537.36 (compatible; Googlebot/2.1; +http://www.google.com/bot.html)" 1913 **1/1913470**
66.249.66.39 - - [16/Mar/2026:06:37:36 -0700] "GET /?detail/887813395 HTTP/1.1" 200 22265 "-" "Mozilla/5.0 (Linux; Android 6.0.1; Nexus 5X Build/MMB29P) AppleWebKit/537.36 (KHTML, like Gecko) Chrome/145.0.7632.116 Mobile Safari/537.36 (compatible; Googlebot/2.1; +http://www.google.com/bot.html)" 1817 **1/1817129**
66.249.66.39 - - [16/Mar/2026:06:37:39 -0700] "GET /detail/3993259802.shtm HTTP/1.1" 200 21661 "-" "Mozilla/5.0 (Linux; Android 6.0.1; Nexus 5X Build/MMB29P) AppleWebKit/537.36 (KHTML, like Gecko) Chrome/145.0.7632.116 Mobile Safari/537.36 (compatible; GoogleOther)" 1889 **1/1889769**
66.249.66.39 - - [16/Mar/2026:06:37:44 -0700] "GET /?detail/434256883 HTTP/1.1" 200 22327 "-" "Mozilla/5.0 (Linux; Android 6.0.1; Nexus 5X Build/MMB29P) AppleWebKit/537.36 (KHTML, like Gecko) Chrome/145.0.7632.116 Mobile Safari/537.36 (compatible; Googlebot/2.1; +http://www.google.com/bot.html)" 1791 **1/1791539**
114.119.165.200 - - [16/Mar/2026:06:38:12 -0700] "GET /detail/3155330393.shtm HTTP/1.1" 200 4098 "http://www.golz.in/sitemap.xml" "Mozilla/5.0 (Linux; Android 7.0;) AppleWebKit/537.36 (KHTML, like Gecko) Mobile Safari/537.36 (compatible; PetalBot;+https://webmaster.petalsearch.com/site/petalbot)" 488 **0/488502**
66.249.66.15 - - [16/Mar/2026:06:38:25 -0700] "GET /detail/4122713010.shtm HTTP/1.1" 200 22118 "-" "Mozilla/5.0 (Linux; Android 6.0.1; Nexus 5X Build/MMB29P) AppleWebKit/537.36 (KHTML, like Gecko) Chrome/145.0.7632.116 Mobile Safari/537.36 (compatible; GoogleOther)" 2166 **2/2166325**
66.249.71.206 - - [16/Mar/2026:06:38:38 -0700] "GET /?detail/635792248 HTTP/1.1" 200 22031 "-" "Mozilla/5.0 (Linux; Android 6.0.1; Nexus 5X Build/MMB29P) AppleWebKit/537.36 (KHTML, like Gecko) Chrome/145.0.7632.116 Mobile Safari/537.36 (compatible; Googlebot/2.1; +http://www.google.com/bot.html)" 1798 **1/1798313**
66.249.66.39 - - [16/Mar/2026:06:39:08 -0700] "GET /?detail/718101121 HTTP/1.1" 200 22932 "-" "Mozilla/5.0 (Linux; Android 6.0.1; Nexus 5X Build/MMB29P) AppleWebKit/537.36 (KHTML, like Gecko) Chrome/145.0.7632.116 Mobile Safari/537.36 (compatible; Googlebot/2.1; +http://www.google.com/bot.html)" 1794 **1/1794076**
66.249.66.77 - - [16/Mar/2026:06:39:12 -0700] "GET /detail/534430856.shtm HTTP/1.1" 200 22494 "-" "Mozilla/5.0 (Linux; Android 6.0.1; Nexus 5X Build/MMB29P) AppleWebKit/537.36 (KHTML, like Gecko) Chrome/145.0.7632.116 Mobile Safari/537.36 (compatible; GoogleOther)" 1778 **1/1778667**
