216.73.216.210 - - [16/Mar/2026:10:14:19 -0700] "GET /detail/4185250797.shtm?fileloc=%2F%2Flib64%2Fpython3.12%2Fconfigparser.py&path=%2F%2Flib64%2Fpython3.12 HTTP/1.1" 200 14425 "-" "Mozilla/5.0 AppleWebKit/537.36 (KHTML, like Gecko; compatible; ClaudeBot/1.0; +claudebot@anthropic.com)" 488 **0/488809**
74.7.227.169 - - [16/Mar/2026:10:14:19 -0700] "GET /detail/8787383.shtm?fileloc=//lib/cpp&path=//lib HTTP/1.1" 200 439362 "http://www.golz.in/detail/8787383.shtm?path=//lib" "Mozilla/5.0 AppleWebKit/537.36 (KHTML, like Gecko; compatible; GPTBot/1.3; +https://openai.com/gptbot)" 750 **0/750349**
216.73.216.210 - - [16/Mar/2026:10:14:22 -0700] "GET /detail/4185250797.shtm?fileloc=%2F%2Flib64%2Fpython3.12%2Fcgi.py&path=%2F%2Flib64%2Fpython3.12 HTTP/1.1" 200 11863 "-" "Mozilla/5.0 AppleWebKit/537.36 (KHTML, like Gecko; compatible; ClaudeBot/1.0; +claudebot@anthropic.com)" 504 **0/504652**
74.7.227.169 - - [16/Mar/2026:10:14:22 -0700] "GET /detail/79877902.shtm?fileloc=//proc/net/softnet_stat&path=//proc/net HTTP/1.1" 200 2261 "http://www.golz.in/detail/79877902.shtm?path=//proc/net" "Mozilla/5.0 AppleWebKit/537.36 (KHTML, like Gecko; compatible; GPTBot/1.3; +https://openai.com/gptbot)" 508 **0/508306**
216.73.216.210 - - [16/Mar/2026:10:14:25 -0700] "GET /detail/4185250797.shtm?fileloc=%2F%2Flib64%2Fpython3.12%2Ftracemalloc.py&path=%2F%2Flib64%2Fpython3.12 HTTP/1.1" 200 5979 "-" "Mozilla/5.0 AppleWebKit/537.36 (KHTML, like Gecko; compatible; ClaudeBot/1.0; +claudebot@anthropic.com)" 508 **0/508763**
74.7.227.169 - - [16/Mar/2026:10:14:25 -0700] "GET /detail/79877902.shtm?fileloc=//proc/net/psched&path=//proc/net HTTP/1.1" 200 2258 "http://www.golz.in/detail/79877902.shtm?path=//proc/net" "Mozilla/5.0 AppleWebKit/537.36 (KHTML, like Gecko; compatible; GPTBot/1.3; +https://openai.com/gptbot)" 498 **0/498331**
216.73.216.210 - - [16/Mar/2026:10:14:28 -0700] "GET /detail/4185250797.shtm?fileloc=%2F%2Flib64%2Fpython3.12%2Fgenericpath.py&path=%2F%2Flib64%2Fpython3.12 HTTP/1.1" 200 4211 "-" "Mozilla/5.0 AppleWebKit/537.36 (KHTML, like Gecko; compatible; ClaudeBot/1.0; +claudebot@anthropic.com)" 510 **0/510054**
74.7.227.169 - - [16/Mar/2026:10:14:29 -0700] "GET /detail/79877902.shtm?fileloc=//proc/net/mcfilter&path=//proc/net HTTP/1.1" 200 2258 "http://www.golz.in/detail/79877902.shtm?path=//proc/net" "Mozilla/5.0 AppleWebKit/537.36 (KHTML, like Gecko; compatible; GPTBot/1.3; +https://openai.com/gptbot)" 498 **0/498981**
216.73.216.210 - - [16/Mar/2026:10:14:31 -0700] "GET /detail/4185250797.shtm?fileloc=%2F%2Flib64%2Fpython3.12%2Fargparse.py&path=%2F%2Flib64%2Fpython3.12 HTTP/1.1" 200 23538 "-" "Mozilla/5.0 AppleWebKit/537.36 (KHTML, like Gecko; compatible; ClaudeBot/1.0; +claudebot@anthropic.com)" 535 **0/535322**
74.7.227.169 - - [16/Mar/2026:10:14:32 -0700] "GET /detail/79877902.shtm?fileloc=//proc/net/packet&path=//proc/net HTTP/1.1" 200 2257 "http://www.golz.in/detail/79877902.shtm?path=//proc/net" "Mozilla/5.0 AppleWebKit/537.36 (KHTML, like Gecko; compatible; GPTBot/1.3; +https://openai.com/gptbot)" 488 **0/488491**
216.73.216.210 - - [16/Mar/2026:10:14:34 -0700] "GET /detail/4185250797.shtm?fileloc=%2F%2Flib64%2Fpython3.12%2Fpkgutil.py&path=%2F%2Flib64%2Fpython3.12 HTTP/1.1" 200 8100 "-" "Mozilla/5.0 AppleWebKit/537.36 (KHTML, like Gecko; compatible; ClaudeBot/1.0; +claudebot@anthropic.com)" 533 **0/533423**
74.7.227.169 - - [16/Mar/2026:10:14:35 -0700] "GET /detail/79877902.shtm?fileloc=//proc/net/netlink&path=//proc/net HTTP/1.1" 200 2257 "http://www.golz.in/detail/79877902.shtm?path=//proc/net" "Mozilla/5.0 AppleWebKit/537.36 (KHTML, like Gecko; compatible; GPTBot/1.3; +https://openai.com/gptbot)" 501 **0/501406**
74.7.227.169 - - [16/Mar/2026:10:14:38 -0700] "GET /detail/79877902.shtm?fileloc=//proc/net/udplite&path=//proc/net HTTP/1.1" 200 2261 "http://www.golz.in/detail/79877902.shtm?path=//proc/net" "Mozilla/5.0 AppleWebKit/537.36 (KHTML, like Gecko; compatible; GPTBot/1.3; +https://openai.com/gptbot)" 502 **0/502214**
74.7.227.169 - - [16/Mar/2026:10:14:41 -0700] "GET /detail/79877902.shtm?fileloc=//proc/net/sockstat&path=//proc/net HTTP/1.1" 200 2262 "http://www.golz.in/detail/79877902.shtm?path=//proc/net" "Mozilla/5.0 AppleWebKit/537.36 (KHTML, like Gecko; compatible; GPTBot/1.3; +https://openai.com/gptbot)" 505 **0/505447**
74.7.227.169 - - [16/Mar/2026:10:14:44 -0700] "GET /detail/79877902.shtm?fileloc=//proc/net/ptype&path=//proc/net HTTP/1.1" 200 2257 "http://www.golz.in/detail/79877902.shtm?path=//proc/net" "Mozilla/5.0 AppleWebKit/537.36 (KHTML, like Gecko; compatible; GPTBot/1.3; +https://openai.com/gptbot)" 523 **0/523137**
74.7.227.169 - - [16/Mar/2026:10:14:47 -0700] "GET /detail/79877902.shtm?fileloc=//proc/net/icmp&path=//proc/net HTTP/1.1" 200 2257 "http://www.golz.in/detail/79877902.shtm?path=//proc/net" "Mozilla/5.0 AppleWebKit/537.36 (KHTML, like Gecko; compatible; GPTBot/1.3; +https://openai.com/gptbot)" 506 **0/506385**
74.7.227.169 - - [16/Mar/2026:10:14:51 -0700] "GET /detail/79877902.shtm?fileloc=//proc/net/route&path=//proc/net HTTP/1.1" 200 2256 "http://www.golz.in/detail/79877902.shtm?path=//proc/net" "Mozilla/5.0 AppleWebKit/537.36 (KHTML, like Gecko; compatible; GPTBot/1.3; +https://openai.com/gptbot)" 497 **0/497684**
74.7.227.169 - - [16/Mar/2026:10:14:54 -0700] "GET /detail/79877902.shtm?fileloc=//proc/net/rt_cache&path=//proc/net HTTP/1.1" 200 2258 "http://www.golz.in/detail/79877902.shtm?path=//proc/net" "Mozilla/5.0 AppleWebKit/537.36 (KHTML, like Gecko; compatible; GPTBot/1.3; +https://openai.com/gptbot)" 490 **0/490922**
74.7.227.169 - - [16/Mar/2026:10:14:57 -0700] "GET /detail/79877902.shtm?fileloc=//proc/net/snmp&path=//proc/net HTTP/1.1" 200 2258 "http://www.golz.in/detail/79877902.shtm?path=//proc/net" "Mozilla/5.0 AppleWebKit/537.36 (KHTML, like Gecko; compatible; GPTBot/1.3; +https://openai.com/gptbot)" 489 **0/489288**
74.7.227.169 - - [16/Mar/2026:10:15:00 -0700] "GET /detail/79877902.shtm?fileloc=//proc/net/netstat&path=//proc/net HTTP/1.1" 200 2258 "http://www.golz.in/detail/79877902.shtm?path=//proc/net" "Mozilla/5.0 AppleWebKit/537.36 (KHTML, like Gecko; compatible; GPTBot/1.3; +https://openai.com/gptbot)" 502 **0/502538**
74.7.227.169 - - [16/Mar/2026:10:15:03 -0700] "GET /detail/79877902.shtm?fileloc=//proc/net/arp&path=//proc/net HTTP/1.1" 200 2257 "http://www.golz.in/detail/79877902.shtm?path=//proc/net" "Mozilla/5.0 AppleWebKit/537.36 (KHTML, like Gecko; compatible; GPTBot/1.3; +https://openai.com/gptbot)" 579 **0/579384**
74.7.227.169 - - [16/Mar/2026:10:15:06 -0700] "GET /detail/79877902.shtm?fileloc=//proc/net/udp&path=//proc/net HTTP/1.1" 200 2483 "http://www.golz.in/detail/79877902.shtm?path=//proc/net" "Mozilla/5.0 AppleWebKit/537.36 (KHTML, like Gecko; compatible; GPTBot/1.3; +https://openai.com/gptbot)" 518 **0/518876**
74.7.227.169 - - [16/Mar/2026:10:15:09 -0700] "GET /detail/79877902.shtm?fileloc=//proc/net/anycast6&path=//proc/net HTTP/1.1" 200 2259 "http://www.golz.in/detail/79877902.shtm?path=//proc/net" "Mozilla/5.0 AppleWebKit/537.36 (KHTML, like Gecko; compatible; GPTBot/1.3; +https://openai.com/gptbot)" 501 **0/501595**
66.249.66.15 - - [16/Mar/2026:10:15:10 -0700] "GET /?detail/897277053 HTTP/1.1" 200 22873 "-" "Mozilla/5.0 (Linux; Android 6.0.1; Nexus 5X Build/MMB29P) AppleWebKit/537.36 (KHTML, like Gecko) Chrome/145.0.7632.116 Mobile Safari/537.36 (compatible; Googlebot/2.1; +http://www.google.com/bot.html)" 1834 **1/1834086**
74.7.227.169 - - [16/Mar/2026:10:15:12 -0700] "GET /detail/79877902.shtm?fileloc=//proc/net/udplite6&path=//proc/net HTTP/1.1" 200 2263 "http://www.golz.in/detail/79877902.shtm?path=//proc/net" "Mozilla/5.0 AppleWebKit/537.36 (KHTML, like Gecko; compatible; GPTBot/1.3; +https://openai.com/gptbot)" 493 **0/493772**
74.7.227.169 - - [16/Mar/2026:10:15:15 -0700] "GET /detail/79877902.shtm?fileloc=//proc/net/mcfilter6&path=//proc/net HTTP/1.1" 200 2259 "http://www.golz.in/detail/79877902.shtm?path=//proc/net" "Mozilla/5.0 AppleWebKit/537.36 (KHTML, like Gecko; compatible; GPTBot/1.3; +https://openai.com/gptbot)" 491 **0/491909**
74.7.227.169 - - [16/Mar/2026:10:15:18 -0700] "GET /detail/79877902.shtm?fileloc=//proc/net/protocols&path=//proc/net HTTP/1.1" 200 2259 "http://www.golz.in/detail/79877902.shtm?path=//proc/net" "Mozilla/5.0 AppleWebKit/537.36 (KHTML, like Gecko; compatible; GPTBot/1.3; +https://openai.com/gptbot)" 500 **0/500972**
74.7.227.169 - - [16/Mar/2026:10:15:21 -0700] "GET /detail/79877902.shtm?fileloc=//proc/net/connector&path=//proc/net HTTP/1.1" 200 2259 "http://www.golz.in/detail/79877902.shtm?path=//proc/net" "Mozilla/5.0 AppleWebKit/537.36 (KHTML, like Gecko; compatible; GPTBot/1.3; +https://openai.com/gptbot)" 513 **0/513767**
74.7.227.169 - - [16/Mar/2026:10:15:24 -0700] "GET /detail/79877902.shtm?fileloc=//proc/net/raw&path=//proc/net HTTP/1.1" 200 2366 "http://www.golz.in/detail/79877902.shtm?path=//proc/net" "Mozilla/5.0 AppleWebKit/537.36 (KHTML, like Gecko; compatible; GPTBot/1.3; +https://openai.com/gptbot)" 495 **0/495966**
74.7.227.169 - - [16/Mar/2026:10:15:27 -0700] "GET /detail/79877902.shtm?fileloc=//proc/net/rt_acct&path=//proc/net HTTP/1.1" 200 2258 "http://www.golz.in/detail/79877902.shtm?path=//proc/net" "Mozilla/5.0 AppleWebKit/537.36 (KHTML, like Gecko; compatible; GPTBot/1.3; +https://openai.com/gptbot)" 502 **0/502086**
114.119.148.242 - - [16/Mar/2026:10:15:29 -0700] "GET /detail/258195677.shtm HTTP/1.1" 200 4098 "http://www.golz.in/sitemap.xml" "Mozilla/5.0 (Linux; Android 7.0;) AppleWebKit/537.36 (KHTML, like Gecko) Mobile Safari/537.36 (compatible; PetalBot;+https://webmaster.petalsearch.com/site/petalbot)" 494 **0/494907**
74.7.227.169 - - [16/Mar/2026:10:15:31 -0700] "GET /detail/79877902.shtm?fileloc=//proc/net/rt6_stats&path=//proc/net HTTP/1.1" 200 2259 "http://www.golz.in/detail/79877902.shtm?path=//proc/net" "Mozilla/5.0 AppleWebKit/537.36 (KHTML, like Gecko; compatible; GPTBot/1.3; +https://openai.com/gptbot)" 540 **0/540981**
74.7.227.169 - - [16/Mar/2026:10:15:34 -0700] "GET /detail/79877902.shtm?fileloc=//proc/net/tcp&path=//proc/net HTTP/1.1" 200 4876 "http://www.golz.in/detail/79877902.shtm?path=//proc/net" "Mozilla/5.0 AppleWebKit/537.36 (KHTML, like Gecko; compatible; GPTBot/1.3; +https://openai.com/gptbot)" 521 **0/521794**
66.249.71.69 - - [16/Mar/2026:10:15:33 -0700] "GET /?detail/799105191 HTTP/1.1" 200 22072 "-" "Mozilla/5.0 (Linux; Android 6.0.1; Nexus 5X Build/MMB29P) AppleWebKit/537.36 (KHTML, like Gecko) Chrome/145.0.7632.116 Mobile Safari/537.36 (compatible; Googlebot/2.1; +http://www.google.com/bot.html)" 1792 **1/1792739**
74.7.227.169 - - [16/Mar/2026:10:15:37 -0700] "GET /detail/79877902.shtm?fileloc=//proc/net/nf_conntrack&path=//proc/net HTTP/1.1" 200 2260 "http://www.golz.in/detail/79877902.shtm?path=//proc/net" "Mozilla/5.0 AppleWebKit/537.36 (KHTML, like Gecko; compatible; GPTBot/1.3; +https://openai.com/gptbot)" 494 **0/494993**
74.7.227.169 - - [16/Mar/2026:10:15:40 -0700] "GET /detail/79877902.shtm?fileloc=//proc/net/fib_triestat&path=//proc/net HTTP/1.1" 200 2262 "http://www.golz.in/detail/79877902.shtm?path=//proc/net" "Mozilla/5.0 AppleWebKit/537.36 (KHTML, like Gecko; compatible; GPTBot/1.3; +https://openai.com/gptbot)" 496 **0/496999**
74.7.227.169 - - [16/Mar/2026:10:15:43 -0700] "GET /detail/79877902.shtm?fileloc=//proc/net/igmp&path=//proc/net HTTP/1.1" 200 2255 "http://www.golz.in/detail/79877902.shtm?path=//proc/net" "Mozilla/5.0 AppleWebKit/537.36 (KHTML, like Gecko; compatible; GPTBot/1.3; +https://openai.com/gptbot)" 498 **0/498847**
74.7.227.169 - - [16/Mar/2026:10:15:46 -0700] "GET /detail/79877902.shtm?fileloc=//proc/net/icmp6&path=//proc/net HTTP/1.1" 200 2258 "http://www.golz.in/detail/79877902.shtm?path=//proc/net" "Mozilla/5.0 AppleWebKit/537.36 (KHTML, like Gecko; compatible; GPTBot/1.3; +https://openai.com/gptbot)" 488 **0/488027**
74.7.227.169 - - [16/Mar/2026:10:15:49 -0700] "GET /detail/79877902.shtm?fileloc=//proc/net/tcp6&path=//proc/net HTTP/1.1" 200 2713 "http://www.golz.in/detail/79877902.shtm?path=//proc/net" "Mozilla/5.0 AppleWebKit/537.36 (KHTML, like Gecko; compatible; GPTBot/1.3; +https://openai.com/gptbot)" 500 **0/500543**
74.7.227.169 - - [16/Mar/2026:10:15:52 -0700] "GET /detail/79877902.shtm?fileloc=//proc/net/fib_trie&path=//proc/net HTTP/1.1" 200 2259 "http://www.golz.in/detail/79877902.shtm?path=//proc/net" "Mozilla/5.0 AppleWebKit/537.36 (KHTML, like Gecko; compatible; GPTBot/1.3; +https://openai.com/gptbot)" 492 **0/492777**
74.7.227.169 - - [16/Mar/2026:10:15:55 -0700] "GET /detail/79877902.shtm?fileloc=//proc/net/dev_mcast&path=//proc/net HTTP/1.1" 200 2261 "http://www.golz.in/detail/79877902.shtm?path=//proc/net" "Mozilla/5.0 AppleWebKit/537.36 (KHTML, like Gecko; compatible; GPTBot/1.3; +https://openai.com/gptbot)" 488 **0/488904**
74.7.227.169 - - [16/Mar/2026:10:15:59 -0700] "GET /detail/79877902.shtm?fileloc=//proc/net/unix&path=//proc/net HTTP/1.1" 200 6821 "http://www.golz.in/detail/79877902.shtm?path=//proc/net" "Mozilla/5.0 AppleWebKit/537.36 (KHTML, like Gecko; compatible; GPTBot/1.3; +https://openai.com/gptbot)" 531 **0/531480**
74.7.227.169 - - [16/Mar/2026:10:16:02 -0700] "GET /detail/79877902.shtm?fileloc=//proc/net/xfrm_stat&path=//proc/net HTTP/1.1" 200 2261 "http://www.golz.in/detail/79877902.shtm?path=//proc/net" "Mozilla/5.0 AppleWebKit/537.36 (KHTML, like Gecko; compatible; GPTBot/1.3; +https://openai.com/gptbot)" 541 **0/541084**
74.7.227.169 - - [16/Mar/2026:10:16:05 -0700] "GET /detail/79877902.shtm?fileloc=//proc/net/nf_conntrack_expect&path=//proc/net HTTP/1.1" 200 2267 "http://www.golz.in/detail/79877902.shtm?path=//proc/net" "Mozilla/5.0 AppleWebKit/537.36 (KHTML, like Gecko; compatible; GPTBot/1.3; +https://openai.com/gptbot)" 496 **0/496642**
74.7.227.169 - - [16/Mar/2026:10:16:08 -0700] "GET /detail/79877902.shtm?fileloc=//proc/net/sockstat6&path=//proc/net HTTP/1.1" 200 2262 "http://www.golz.in/detail/79877902.shtm?path=//proc/net" "Mozilla/5.0 AppleWebKit/537.36 (KHTML, like Gecko; compatible; GPTBot/1.3; +https://openai.com/gptbot)" 498 **0/498021**
74.7.227.169 - - [16/Mar/2026:10:16:11 -0700] "GET /detail/79877902.shtm?fileloc=//proc/net/ipv6_route&path=//proc/net HTTP/1.1" 200 2261 "http://www.golz.in/detail/79877902.shtm?path=//proc/net" "Mozilla/5.0 AppleWebKit/537.36 (KHTML, like Gecko; compatible; GPTBot/1.3; +https://openai.com/gptbot)" 494 **0/494195**
74.7.227.169 - - [16/Mar/2026:10:16:14 -0700] "GET /detail/79877902.shtm?fileloc=//proc/net/ip6_flowlabel&path=//proc/net HTTP/1.1" 200 2260 "http://www.golz.in/detail/79877902.shtm?path=//proc/net" "Mozilla/5.0 AppleWebKit/537.36 (KHTML, like Gecko; compatible; GPTBot/1.3; +https://openai.com/gptbot)" 498 **0/498002**
74.7.227.169 - - [16/Mar/2026:10:16:18 -0700] "GET /detail/79877902.shtm?fileloc=//proc/net/ip6_mr_vif&path=//proc/net HTTP/1.1" 200 2263 "http://www.golz.in/detail/79877902.shtm?path=//proc/net" "Mozilla/5.0 AppleWebKit/537.36 (KHTML, like Gecko; compatible; GPTBot/1.3; +https://openai.com/gptbot)" 510 **0/510739**
74.7.227.169 - - [16/Mar/2026:10:16:21 -0700] "GET /detail/79877902.shtm?fileloc=//proc/net/igmp6&path=//proc/net HTTP/1.1" 200 2256 "http://www.golz.in/detail/79877902.shtm?path=//proc/net" "Mozilla/5.0 AppleWebKit/537.36 (KHTML, like Gecko; compatible; GPTBot/1.3; +https://openai.com/gptbot)" 504 **0/504314**
74.7.227.169 - - [16/Mar/2026:10:16:24 -0700] "GET /detail/79877902.shtm?fileloc=//proc/net/if_inet6&path=//proc/net HTTP/1.1" 200 2258 "http://www.golz.in/detail/79877902.shtm?path=//proc/net" "Mozilla/5.0 AppleWebKit/537.36 (KHTML, like Gecko; compatible; GPTBot/1.3; +https://openai.com/gptbot)" 489 **0/489884**
114.119.132.68 - - [16/Mar/2026:10:16:27 -0700] "GET /detail/2570675415.shtm HTTP/1.1" 200 4098 "http://www.golz.in/sitemap.xml" "Mozilla/5.0 (Linux; Android 7.0;) AppleWebKit/537.36 (KHTML, like Gecko) Mobile Safari/537.36 (compatible; PetalBot;+https://webmaster.petalsearch.com/site/petalbot)" 489 **0/489852**
74.7.227.169 - - [16/Mar/2026:10:16:27 -0700] "GET /detail/79877902.shtm?fileloc=//proc/net/snmp6&path=//proc/net HTTP/1.1" 200 2259 "http://www.golz.in/detail/79877902.shtm?path=//proc/net" "Mozilla/5.0 AppleWebKit/537.36 (KHTML, like Gecko; compatible; GPTBot/1.3; +https://openai.com/gptbot)" 509 **0/509356**
74.7.227.169 - - [16/Mar/2026:10:16:31 -0700] "GET /detail/79877902.shtm?fileloc=//proc/net/dev&path=//proc/net HTTP/1.1" 200 2420 "http://www.golz.in/detail/79877902.shtm?path=//proc/net" "Mozilla/5.0 AppleWebKit/537.36 (KHTML, like Gecko; compatible; GPTBot/1.3; +https://openai.com/gptbot)" 528 **0/528625**
74.7.227.169 - - [16/Mar/2026:10:16:34 -0700] "GET /detail/79877902.shtm?fileloc=//proc/net/ip_mr_cache&path=//proc/net HTTP/1.1" 200 2262 "http://www.golz.in/detail/79877902.shtm?path=//proc/net" "Mozilla/5.0 AppleWebKit/537.36 (KHTML, like Gecko; compatible; GPTBot/1.3; +https://openai.com/gptbot)" 490 **0/490392**
74.7.227.169 - - [16/Mar/2026:10:16:37 -0700] "GET /detail/79877902.shtm?fileloc=//proc/net/ip_mr_vif&path=//proc/net HTTP/1.1" 200 2262 "http://www.golz.in/detail/79877902.shtm?path=//proc/net" "Mozilla/5.0 AppleWebKit/537.36 (KHTML, like Gecko; compatible; GPTBot/1.3; +https://openai.com/gptbot)" 528 **0/528298**
74.7.227.169 - - [16/Mar/2026:10:16:40 -0700] "GET /detail/79877902.shtm?fileloc=//proc/net/udp6&path=//proc/net HTTP/1.1" 200 2417 "http://www.golz.in/detail/79877902.shtm?path=//proc/net" "Mozilla/5.0 AppleWebKit/537.36 (KHTML, like Gecko; compatible; GPTBot/1.3; +https://openai.com/gptbot)" 498 **0/498342**
74.7.227.169 - - [16/Mar/2026:10:16:43 -0700] "GET /detail/79877902.shtm?fileloc=//proc/net/raw6&path=//proc/net HTTP/1.1" 200 2375 "http://www.golz.in/detail/79877902.shtm?path=//proc/net" "Mozilla/5.0 AppleWebKit/537.36 (KHTML, like Gecko; compatible; GPTBot/1.3; +https://openai.com/gptbot)" 524 **0/524856**
74.7.227.169 - - [16/Mar/2026:10:16:46 -0700] "GET /detail/5247171.shtm?fileloc=//proc/self/net/udplite6&path=//proc/self/net HTTP/1.1" 200 2271 "http://www.golz.in/detail/5247171.shtm?path=//proc/self/net" "Mozilla/5.0 AppleWebKit/537.36 (KHTML, like Gecko; compatible; GPTBot/1.3; +https://openai.com/gptbot)" 506 **0/506033**
74.7.227.169 - - [16/Mar/2026:10:16:49 -0700] "GET /detail/5247171.shtm?fileloc=//proc/self/net/anycast6&path=//proc/self/net HTTP/1.1" 200 2268 "http://www.golz.in/detail/5247171.shtm?path=//proc/self/net" "Mozilla/5.0 AppleWebKit/537.36 (KHTML, like Gecko; compatible; GPTBot/1.3; +https://openai.com/gptbot)" 499 **0/499268**
74.7.227.169 - - [16/Mar/2026:10:16:52 -0700] "GET /detail/5247171.shtm?fileloc=//proc/self/net/mcfilter6&path=//proc/self/net HTTP/1.1" 200 2267 "http://www.golz.in/detail/5247171.shtm?path=//proc/self/net" "Mozilla/5.0 AppleWebKit/537.36 (KHTML, like Gecko; compatible; GPTBot/1.3; +https://openai.com/gptbot)" 490 **0/490062**
74.7.227.169 - - [16/Mar/2026:10:16:56 -0700] "GET /detail/79877902.shtm?fileloc=//proc/net/ip6_mr_cache&path=//proc/net HTTP/1.1" 200 2262 "http://www.golz.in/detail/79877902.shtm?path=//proc/net" "Mozilla/5.0 AppleWebKit/537.36 (KHTML, like Gecko; compatible; GPTBot/1.3; +https://openai.com/gptbot)" 489 **0/489224**
74.7.227.169 - - [16/Mar/2026:10:16:59 -0700] "GET /detail/5247171.shtm?fileloc=//proc/self/net/sockstat6&path=//proc/self/net HTTP/1.1" 200 2269 "http://www.golz.in/detail/5247171.shtm?path=//proc/self/net" "Mozilla/5.0 AppleWebKit/537.36 (KHTML, like Gecko; compatible; GPTBot/1.3; +https://openai.com/gptbot)" 495 **0/495661**
74.7.227.169 - - [16/Mar/2026:10:17:02 -0700] "GET /detail/5247171.shtm?fileloc=//proc/self/net/netstat&path=//proc/self/net HTTP/1.1" 200 2268 "http://www.golz.in/detail/5247171.shtm?path=//proc/self/net" "Mozilla/5.0 AppleWebKit/537.36 (KHTML, like Gecko; compatible; GPTBot/1.3; +https://openai.com/gptbot)" 547 **0/547740**
74.7.227.169 - - [16/Mar/2026:10:17:05 -0700] "GET /detail/5247171.shtm?fileloc=//proc/self/net/mcfilter&path=//proc/self/net HTTP/1.1" 200 2266 "http://www.golz.in/detail/5247171.shtm?path=//proc/self/net" "Mozilla/5.0 AppleWebKit/537.36 (KHTML, like Gecko; compatible; GPTBot/1.3; +https://openai.com/gptbot)" 485 **0/485984**
74.7.227.169 - - [16/Mar/2026:10:17:08 -0700] "GET /detail/5247171.shtm?fileloc=//proc/self/net/snmp6&path=//proc/self/net HTTP/1.1" 200 2265 "http://www.golz.in/detail/5247171.shtm?path=//proc/self/net" "Mozilla/5.0 AppleWebKit/537.36 (KHTML, like Gecko; compatible; GPTBot/1.3; +https://openai.com/gptbot)" 499 **0/499805**
74.7.227.169 - - [16/Mar/2026:10:17:11 -0700] "GET /detail/5247171.shtm?fileloc=//proc/self/net/icmp6&path=//proc/self/net HTTP/1.1" 200 2265 "http://www.golz.in/detail/5247171.shtm?path=//proc/self/net" "Mozilla/5.0 AppleWebKit/537.36 (KHTML, like Gecko; compatible; GPTBot/1.3; +https://openai.com/gptbot)" 491 **0/491971**
74.7.227.169 - - [16/Mar/2026:10:17:15 -0700] "GET /detail/5247171.shtm?fileloc=//proc/self/net/raw6&path=//proc/self/net HTTP/1.1" 200 2384 "http://www.golz.in/detail/5247171.shtm?path=//proc/self/net" "Mozilla/5.0 AppleWebKit/537.36 (KHTML, like Gecko; compatible; GPTBot/1.3; +https://openai.com/gptbot)" 519 **0/519887**
74.7.227.169 - - [16/Mar/2026:10:17:18 -0700] "GET /detail/5247171.shtm?fileloc=//proc/self/net/softnet_stat&path=//proc/self/net HTTP/1.1" 200 2270 "http://www.golz.in/detail/5247171.shtm?path=//proc/self/net" "Mozilla/5.0 AppleWebKit/537.36 (KHTML, like Gecko; compatible; GPTBot/1.3; +https://openai.com/gptbot)" 488 **0/488096**
74.7.227.169 - - [16/Mar/2026:10:17:21 -0700] "GET /detail/5247171.shtm?fileloc=//proc/self/net/protocols&path=//proc/self/net HTTP/1.1" 200 2269 "http://www.golz.in/detail/5247171.shtm?path=//proc/self/net" "Mozilla/5.0 AppleWebKit/537.36 (KHTML, like Gecko; compatible; GPTBot/1.3; +https://openai.com/gptbot)" 496 **0/496906**
74.7.227.169 - - [16/Mar/2026:10:17:24 -0700] "GET /detail/5247171.shtm?fileloc=//proc/self/net/connector&path=//proc/self/net HTTP/1.1" 200 2266 "http://www.golz.in/detail/5247171.shtm?path=//proc/self/net" "Mozilla/5.0 AppleWebKit/537.36 (KHTML, like Gecko; compatible; GPTBot/1.3; +https://openai.com/gptbot)" 502 **0/502182**
74.7.227.169 - - [16/Mar/2026:10:17:27 -0700] "GET /detail/5247171.shtm?fileloc=//proc/self/net/tcp6&path=//proc/self/net HTTP/1.1" 200 2644 "http://www.golz.in/detail/5247171.shtm?path=//proc/self/net" "Mozilla/5.0 AppleWebKit/537.36 (KHTML, like Gecko; compatible; GPTBot/1.3; +https://openai.com/gptbot)" 511 **0/511179**
74.7.227.169 - - [16/Mar/2026:10:17:30 -0700] "GET /detail/5247171.shtm?fileloc=//proc/self/net/fib_triestat&path=//proc/self/net HTTP/1.1" 200 2272 "http://www.golz.in/detail/5247171.shtm?path=//proc/self/net" "Mozilla/5.0 AppleWebKit/537.36 (KHTML, like Gecko; compatible; GPTBot/1.3; +https://openai.com/gptbot)" 531 **0/531976**
74.7.227.169 - - [16/Mar/2026:10:17:33 -0700] "GET /detail/5247171.shtm?fileloc=//proc/self/net/nf_conntrack&path=//proc/self/net HTTP/1.1" 200 2270 "http://www.golz.in/detail/5247171.shtm?path=//proc/self/net" "Mozilla/5.0 AppleWebKit/537.36 (KHTML, like Gecko; compatible; GPTBot/1.3; +https://openai.com/gptbot)" 492 **0/492565**
74.7.227.169 - - [16/Mar/2026:10:17:36 -0700] "GET /detail/5247171.shtm?fileloc=//proc/self/net/igmp&path=//proc/self/net HTTP/1.1" 200 2265 "http://www.golz.in/detail/5247171.shtm?path=//proc/self/net" "Mozilla/5.0 AppleWebKit/537.36 (KHTML, like Gecko; compatible; GPTBot/1.3; +https://openai.com/gptbot)" 502 **0/502019**
74.7.227.169 - - [16/Mar/2026:10:17:39 -0700] "GET /detail/5247171.shtm?fileloc=//proc/self/net/unix&path=//proc/self/net HTTP/1.1" 200 6836 "http://www.golz.in/detail/5247171.shtm?path=//proc/self/net" "Mozilla/5.0 AppleWebKit/537.36 (KHTML, like Gecko; compatible; GPTBot/1.3; +https://openai.com/gptbot)" 505 **0/505125**
74.7.227.169 - - [16/Mar/2026:10:17:43 -0700] "GET /detail/5247171.shtm?fileloc=//proc/self/net/udplite&path=//proc/self/net HTTP/1.1" 200 2270 "http://www.golz.in/detail/5247171.shtm?path=//proc/self/net" "Mozilla/5.0 AppleWebKit/537.36 (KHTML, like Gecko; compatible; GPTBot/1.3; +https://openai.com/gptbot)" 544 **0/544420**
74.7.227.169 - - [16/Mar/2026:10:17:46 -0700] "GET /detail/5247171.shtm?fileloc=//proc/self/net/packet&path=//proc/self/net HTTP/1.1" 200 2267 "http://www.golz.in/detail/5247171.shtm?path=//proc/self/net" "Mozilla/5.0 AppleWebKit/537.36 (KHTML, like Gecko; compatible; GPTBot/1.3; +https://openai.com/gptbot)" 492 **0/492984**
74.7.227.169 - - [16/Mar/2026:10:17:49 -0700] "GET /detail/5247171.shtm?fileloc=//proc/self/net/netlink&path=//proc/self/net HTTP/1.1" 200 2265 "http://www.golz.in/detail/5247171.shtm?path=//proc/self/net" "Mozilla/5.0 AppleWebKit/537.36 (KHTML, like Gecko; compatible; GPTBot/1.3; +https://openai.com/gptbot)" 497 **0/497486**
74.7.227.169 - - [16/Mar/2026:10:17:52 -0700] "GET /detail/5247171.shtm?fileloc=//proc/self/net/sockstat&path=//proc/self/net HTTP/1.1" 200 2269 "http://www.golz.in/detail/5247171.shtm?path=//proc/self/net" "Mozilla/5.0 AppleWebKit/537.36 (KHTML, like Gecko; compatible; GPTBot/1.3; +https://openai.com/gptbot)" 497 **0/497165**
74.7.227.169 - - [16/Mar/2026:10:17:55 -0700] "GET /detail/5247171.shtm?fileloc=//proc/self/net/psched&path=//proc/self/net HTTP/1.1" 200 2266 "http://www.golz.in/detail/5247171.shtm?path=//proc/self/net" "Mozilla/5.0 AppleWebKit/537.36 (KHTML, like Gecko; compatible; GPTBot/1.3; +https://openai.com/gptbot)" 495 **0/495070**
74.7.227.169 - - [16/Mar/2026:10:17:59 -0700] "GET /detail/5247171.shtm?fileloc=//proc/self/net/rt6_stats&path=//proc/self/net HTTP/1.1" 200 2268 "http://www.golz.in/detail/5247171.shtm?path=//proc/self/net" "Mozilla/5.0 AppleWebKit/537.36 (KHTML, like Gecko; compatible; GPTBot/1.3; +https://openai.com/gptbot)" 495 **0/495443**
74.7.227.169 - - [16/Mar/2026:10:18:02 -0700] "GET /detail/5247171.shtm?fileloc=//proc/self/net/raw&path=//proc/self/net HTTP/1.1" 200 2375 "http://www.golz.in/detail/5247171.shtm?path=//proc/self/net" "Mozilla/5.0 AppleWebKit/537.36 (KHTML, like Gecko; compatible; GPTBot/1.3; +https://openai.com/gptbot)" 523 **0/523020**
114.119.148.242 - - [16/Mar/2026:10:18:04 -0700] "GET /detail/2807688477.shtm HTTP/1.1" 200 4098 "http://www.golz.in/sitemap.xml" "Mozilla/5.0 (Linux; Android 7.0;) AppleWebKit/537.36 (KHTML, like Gecko) Mobile Safari/537.36 (compatible; PetalBot;+https://webmaster.petalsearch.com/site/petalbot)" 488 **0/488038**
74.7.227.169 - - [16/Mar/2026:10:18:05 -0700] "GET /detail/5247171.shtm?fileloc=//proc/self/net/if_inet6&path=//proc/self/net HTTP/1.1" 200 2268 "http://www.golz.in/detail/5247171.shtm?path=//proc/self/net" "Mozilla/5.0 AppleWebKit/537.36 (KHTML, like Gecko; compatible; GPTBot/1.3; +https://openai.com/gptbot)" 491 **0/491261**
74.7.227.169 - - [16/Mar/2026:10:18:08 -0700] "GET /detail/5247171.shtm?fileloc=//proc/self/net/udp6&path=//proc/self/net HTTP/1.1" 200 2427 "http://www.golz.in/detail/5247171.shtm?path=//proc/self/net" "Mozilla/5.0 AppleWebKit/537.36 (KHTML, like Gecko; compatible; GPTBot/1.3; +https://openai.com/gptbot)" 495 **0/495247**
74.7.227.169 - - [16/Mar/2026:10:18:11 -0700] "GET /detail/5247171.shtm?fileloc=//proc/self/net/igmp6&path=//proc/self/net HTTP/1.1" 200 2265 "http://www.golz.in/detail/5247171.shtm?path=//proc/self/net" "Mozilla/5.0 AppleWebKit/537.36 (KHTML, like Gecko; compatible; GPTBot/1.3; +https://openai.com/gptbot)" 487 **0/487615**
74.7.227.169 - - [16/Mar/2026:10:18:14 -0700] "GET /detail/5247171.shtm?fileloc=//proc/self/net/tcp&path=//proc/self/net HTTP/1.1" 200 4676 "http://www.golz.in/detail/5247171.shtm?path=//proc/self/net" "Mozilla/5.0 AppleWebKit/537.36 (KHTML, like Gecko; compatible; GPTBot/1.3; +https://openai.com/gptbot)" 512 **0/512346**
74.7.227.169 - - [16/Mar/2026:10:18:17 -0700] "GET /detail/5247171.shtm?fileloc=//proc/self/net/ip6_flowlabel&path=//proc/self/net HTTP/1.1" 200 2269 "http://www.golz.in/detail/5247171.shtm?path=//proc/self/net" "Mozilla/5.0 AppleWebKit/537.36 (KHTML, like Gecko; compatible; GPTBot/1.3; +https://openai.com/gptbot)" 486 **0/486319**
216.73.216.210 - - [16/Mar/2026:10:18:17 -0700] "GET /detail/731175721.shtm?fileloc=%2F%2Fusr%2Fbin%2Fgit-shell&path=%2F%2Fusr%2Fbin HTTP/1.1" 200 948992 "-" "Mozilla/5.0 AppleWebKit/537.36 (KHTML, like Gecko; compatible; ClaudeBot/1.0; +claudebot@anthropic.com)" 1845 **1/1845732**
74.7.227.169 - - [16/Mar/2026:10:18:20 -0700] "GET /detail/5247171.shtm?fileloc=//proc/self/net/route&path=//proc/self/net HTTP/1.1" 200 2265 "http://www.golz.in/detail/5247171.shtm?path=//proc/self/net" "Mozilla/5.0 AppleWebKit/537.36 (KHTML, like Gecko; compatible; GPTBot/1.3; +https://openai.com/gptbot)" 488 **0/488156**
216.73.216.210 - - [16/Mar/2026:10:18:22 -0700] "GET /detail/2851290076.shtm?path=%2F%2Fdev HTTP/1.1" 200 2669 "-" "Mozilla/5.0 AppleWebKit/537.36 (KHTML, like Gecko; compatible; ClaudeBot/1.0; +claudebot@anthropic.com)" 506 **0/506481**
74.7.227.169 - - [16/Mar/2026:10:18:23 -0700] "GET /detail/5247171.shtm?fileloc=//proc/self/net/icmp&path=//proc/self/net HTTP/1.1" 200 2265 "http://www.golz.in/detail/5247171.shtm?path=//proc/self/net" "Mozilla/5.0 AppleWebKit/537.36 (KHTML, like Gecko; compatible; GPTBot/1.3; +https://openai.com/gptbot)" 513 **0/513235**
74.7.227.169 - - [16/Mar/2026:10:18:27 -0700] "GET /detail/5247171.shtm?fileloc=//proc/self/net/ptype&path=//proc/self/net HTTP/1.1" 200 2264 "http://www.golz.in/detail/5247171.shtm?path=//proc/self/net" "Mozilla/5.0 AppleWebKit/537.36 (KHTML, like Gecko; compatible; GPTBot/1.3; +https://openai.com/gptbot)" 491 **0/491338**
216.73.216.210 - - [16/Mar/2026:10:18:25 -0700] "GET /detail/418710611.shtm?fileloc=%2F%2Fusr%2Fbin%2Fgit-upload-pack&path=%2F%2Fusr%2Fbin HTTP/1.1" 200 1603095 "-" "Mozilla/5.0 AppleWebKit/537.36 (KHTML, like Gecko; compatible; ClaudeBot/1.0; +claudebot@anthropic.com)" 2375 **2/2375066**
216.73.216.210 - - [16/Mar/2026:10:18:28 -0700] "GET /detail/3864650344.shtm?fileloc=%2F%2Fsbin%2Fcloudlinux-selector&path=%2F%2Fsbin HTTP/1.1" 200 2586 "-" "Mozilla/5.0 AppleWebKit/537.36 (KHTML, like Gecko; compatible; ClaudeBot/1.0; +claudebot@anthropic.com)" 492 **0/492319**
74.7.227.169 - - [16/Mar/2026:10:18:30 -0700] "GET /detail/5247171.shtm?fileloc=//proc/self/net/snmp&path=//proc/self/net HTTP/1.1" 200 2264 "http://www.golz.in/detail/5247171.shtm?path=//proc/self/net" "Mozilla/5.0 AppleWebKit/537.36 (KHTML, like Gecko; compatible; GPTBot/1.3; +https://openai.com/gptbot)" 497 **0/497517**
216.73.216.210 - - [16/Mar/2026:10:18:31 -0700] "GET /detail/4128106262.shtm?path=%2F%2Fdev HTTP/1.1" 200 2669 "-" "Mozilla/5.0 AppleWebKit/537.36 (KHTML, like Gecko; compatible; ClaudeBot/1.0; +claudebot@anthropic.com)" 512 **0/512345**
74.7.227.169 - - [16/Mar/2026:10:18:33 -0700] "GET /detail/5247171.shtm?fileloc=//proc/self/net/udp&path=//proc/self/net HTTP/1.1" 200 2450 "http://www.golz.in/detail/5247171.shtm?path=//proc/self/net" "Mozilla/5.0 AppleWebKit/537.36 (KHTML, like Gecko; compatible; GPTBot/1.3; +https://openai.com/gptbot)" 498 **0/498451**
216.73.216.210 - - [16/Mar/2026:10:18:34 -0700] "GET /detail/438393794.shtm?fileloc=%2F%2Fsbin%2Fcloudlinux-selector&path=%2F%2Fsbin HTTP/1.1" 200 2586 "-" "Mozilla/5.0 AppleWebKit/537.36 (KHTML, like Gecko; compatible; ClaudeBot/1.0; +claudebot@anthropic.com)" 501 **0/501440**
74.7.227.169 - - [16/Mar/2026:10:18:36 -0700] "GET /detail/5247171.shtm?fileloc=//proc/self/net/fib_trie&path=//proc/self/net HTTP/1.1" 200 2268 "http://www.golz.in/detail/5247171.shtm?path=//proc/self/net" "Mozilla/5.0 AppleWebKit/537.36 (KHTML, like Gecko; compatible; GPTBot/1.3; +https://openai.com/gptbot)" 501 **0/501704**
216.73.216.210 - - [16/Mar/2026:10:18:37 -0700] "GET /detail/3848507405.shtm?fileloc=%2F%2Fusr%2Fbin%2Fscript&path=%2F%2Fusr%2Fbin HTTP/1.1" 200 14477 "-" "Mozilla/5.0 AppleWebKit/537.36 (KHTML, like Gecko; compatible; ClaudeBot/1.0; +claudebot@anthropic.com)" 505 **0/505302**
74.7.227.169 - - [16/Mar/2026:10:18:39 -0700] "GET /detail/5247171.shtm?fileloc=//proc/self/net/xfrm_stat&path=//proc/self/net HTTP/1.1" 200 2271 "http://www.golz.in/detail/5247171.shtm?path=//proc/self/net" "Mozilla/5.0 AppleWebKit/537.36 (KHTML, like Gecko; compatible; GPTBot/1.3; +https://openai.com/gptbot)" 507 **0/507483**
216.73.216.210 - - [16/Mar/2026:10:18:40 -0700] "GET /detail/3449432067.shtm?path=%2F%2Fdev HTTP/1.1" 200 2669 "-" "Mozilla/5.0 AppleWebKit/537.36 (KHTML, like Gecko; compatible; ClaudeBot/1.0; +claudebot@anthropic.com)" 501 **0/501137**
74.7.227.169 - - [16/Mar/2026:10:18:42 -0700] "GET /detail/5247171.shtm?fileloc=//proc/self/net/arp&path=//proc/self/net HTTP/1.1" 200 2265 "http://www.golz.in/detail/5247171.shtm?path=//proc/self/net" "Mozilla/5.0 AppleWebKit/537.36 (KHTML, like Gecko; compatible; GPTBot/1.3; +https://openai.com/gptbot)" 481 **0/481746**
216.73.216.210 - - [16/Mar/2026:10:18:43 -0700] "GET /detail/2436678932.shtm?fileloc=%2F%2Fsbin%2Fcloudlinux-selector&path=%2F%2Fsbin HTTP/1.1" 200 2586 "-" "Mozilla/5.0 AppleWebKit/537.36 (KHTML, like Gecko; compatible; ClaudeBot/1.0; +claudebot@anthropic.com)" 507 **0/507650**
74.7.227.169 - - [16/Mar/2026:10:18:45 -0700] "GET /detail/5247171.shtm?fileloc=//proc/self/net/nf_conntrack_expect&path=//proc/self/net HTTP/1.1" 200 2276 "http://www.golz.in/detail/5247171.shtm?path=//proc/self/net" "Mozilla/5.0 AppleWebKit/537.36 (KHTML, like Gecko; compatible; GPTBot/1.3; +https://openai.com/gptbot)" 507 **0/507191**
216.73.216.210 - - [16/Mar/2026:10:18:46 -0700] "GET /detail/2865008833.shtm?fileloc=%2F%2Fsbin%2Fcloudlinux-selector&path=%2F%2Fsbin HTTP/1.1" 200 2586 "-" "Mozilla/5.0 AppleWebKit/537.36 (KHTML, like Gecko; compatible; ClaudeBot/1.0; +claudebot@anthropic.com)" 488 **0/488754**
74.7.227.169 - - [16/Mar/2026:10:18:49 -0700] "GET /detail/5247171.shtm?fileloc=//proc/self/net/rt_cache&path=//proc/self/net HTTP/1.1" 200 2267 "http://www.golz.in/detail/5247171.shtm?path=//proc/self/net" "Mozilla/5.0 AppleWebKit/537.36 (KHTML, like Gecko; compatible; GPTBot/1.3; +https://openai.com/gptbot)" 500 **0/500966**
216.73.216.210 - - [16/Mar/2026:10:18:49 -0700] "GET /detail/731175721.shtm?fileloc=%2F%2Fusr%2Fbin%2Fsqlite3&path=%2F%2Fusr%2Fbin HTTP/1.1" 200 604457 "-" "Mozilla/5.0 AppleWebKit/537.36 (KHTML, like Gecko; compatible; ClaudeBot/1.0; +claudebot@anthropic.com)" 749 **0/749248**
74.7.227.169 - - [16/Mar/2026:10:18:52 -0700] "GET /detail/5247171.shtm?fileloc=//proc/self/net/ip6_mr_cache&path=//proc/self/net HTTP/1.1" 200 2272 "http://www.golz.in/detail/5247171.shtm?path=//proc/self/net" "Mozilla/5.0 AppleWebKit/537.36 (KHTML, like Gecko; compatible; GPTBot/1.3; +https://openai.com/gptbot)" 495 **0/495626**
216.73.216.210 - - [16/Mar/2026:10:18:52 -0700] "GET /detail/620504700.shtm?path=%2F%2Fusr%2Flibexec%2Fawk HTTP/1.1" 200 2606 "-" "Mozilla/5.0 AppleWebKit/537.36 (KHTML, like Gecko; compatible; ClaudeBot/1.0; +claudebot@anthropic.com)" 496 **0/496941**
74.7.227.169 - - [16/Mar/2026:10:18:55 -0700] "GET /detail/5247171.shtm?fileloc=//proc/self/net/ipv6_route&path=//proc/self/net HTTP/1.1" 200 2271 "http://www.golz.in/detail/5247171.shtm?path=//proc/self/net" "Mozilla/5.0 AppleWebKit/537.36 (KHTML, like Gecko; compatible; GPTBot/1.3; +https://openai.com/gptbot)" 491 **0/491490**
216.73.216.210 - - [16/Mar/2026:10:18:55 -0700] "GET /detail/1999025477.shtm?path=%2F%2Fdev HTTP/1.1" 200 2669 "-" "Mozilla/5.0 AppleWebKit/537.36 (KHTML, like Gecko; compatible; ClaudeBot/1.0; +claudebot@anthropic.com)" 512 **0/512615**
216.73.216.210 - - [16/Mar/2026:10:18:58 -0700] "GET /detail/3062353770.shtm?path=%2F%2Fusr%2Flibexec%2Fawk HTTP/1.1" 200 2606 "-" "Mozilla/5.0 AppleWebKit/537.36 (KHTML, like Gecko; compatible; ClaudeBot/1.0; +claudebot@anthropic.com)" 500 **0/500228**
74.7.227.169 - - [16/Mar/2026:10:18:58 -0700] "GET /detail/5247171.shtm?fileloc=//proc/self/net/ip_mr_cache&path=//proc/self/net HTTP/1.1" 200 2271 "http://www.golz.in/detail/5247171.shtm?path=//proc/self/net" "Mozilla/5.0 AppleWebKit/537.36 (KHTML, like Gecko; compatible; GPTBot/1.3; +https://openai.com/gptbot)" 510 **0/510027**
216.73.216.210 - - [16/Mar/2026:10:19:01 -0700] "GET /detail/3520295359.shtm?path=%2F%2Fdev HTTP/1.1" 200 2669 "-" "Mozilla/5.0 AppleWebKit/537.36 (KHTML, like Gecko; compatible; ClaudeBot/1.0; +claudebot@anthropic.com)" 567 **0/567817**
74.7.227.169 - - [16/Mar/2026:10:19:01 -0700] "GET /detail/5247171.shtm?fileloc=//proc/self/net/dev_mcast&path=//proc/self/net HTTP/1.1" 200 2271 "http://www.golz.in/detail/5247171.shtm?path=//proc/self/net" "Mozilla/5.0 AppleWebKit/537.36 (KHTML, like Gecko; compatible; GPTBot/1.3; +https://openai.com/gptbot)" 564 **0/564479**
216.73.216.210 - - [16/Mar/2026:10:19:04 -0700] "GET /detail/567114593.shtm?fileloc=%2F%2Fsbin%2Fcloudlinux-selector&path=%2F%2Fsbin HTTP/1.1" 200 2586 "-" "Mozilla/5.0 AppleWebKit/537.36 (KHTML, like Gecko; compatible; ClaudeBot/1.0; +claudebot@anthropic.com)" 505 **0/505363**
43.130.102.7 - - [16/Mar/2026:10:19:04 -0700] "GET /?path=/home/dpknvn09897v/public_html/golz.in/.tmb HTTP/1.1" 200 2834 "-" "Mozilla/5.0 (iPhone; CPU iPhone OS 13_2_3 like Mac OS X) AppleWebKit/605.1.15 (KHTML, like Gecko) Version/13.0.3 Mobile/15E148 Safari/604.1" 498 **0/498965**
74.7.227.169 - - [16/Mar/2026:10:19:05 -0700] "GET /detail/5247171.shtm?fileloc=//proc/self/net/rt_acct&path=//proc/self/net HTTP/1.1" 200 2267 "http://www.golz.in/detail/5247171.shtm?path=//proc/self/net" "Mozilla/5.0 AppleWebKit/537.36 (KHTML, like Gecko; compatible; GPTBot/1.3; +https://openai.com/gptbot)" 498 **0/498191**
216.73.216.210 - - [16/Mar/2026:10:19:07 -0700] "GET /detail/619292585.shtm?fileloc=%2F%2Fsbin%2Fcloudlinux-selector&path=%2F%2Fsbin HTTP/1.1" 200 2586 "-" "Mozilla/5.0 AppleWebKit/537.36 (KHTML, like Gecko; compatible; ClaudeBot/1.0; +claudebot@anthropic.com)" 510 **0/510808**
74.7.227.169 - - [16/Mar/2026:10:19:08 -0700] "GET /detail/5247171.shtm?path=//proc/self/net/stat HTTP/1.1" 200 2322 "http://www.golz.in/detail/5247171.shtm?path=//proc/self/net" "Mozilla/5.0 AppleWebKit/537.36 (KHTML, like Gecko; compatible; GPTBot/1.3; +https://openai.com/gptbot)" 492 **0/492742**
216.73.216.210 - - [16/Mar/2026:10:19:10 -0700] "GET /detail/1871395421.shtm?path=%2F%2Fusr%2Flibexec%2Fawk HTTP/1.1" 200 2606 "-" "Mozilla/5.0 AppleWebKit/537.36 (KHTML, like Gecko; compatible; ClaudeBot/1.0; +claudebot@anthropic.com)" 520 **0/520986**
74.7.227.169 - - [16/Mar/2026:10:19:11 -0700] "GET /detail/5247171.shtm?fileloc=//proc/self/net/ip6_mr_vif&path=//proc/self/net HTTP/1.1" 200 2274 "http://www.golz.in/detail/5247171.shtm?path=//proc/self/net" "Mozilla/5.0 AppleWebKit/537.36 (KHTML, like Gecko; compatible; GPTBot/1.3; +https://openai.com/gptbot)" 513 **0/513796**
216.73.216.210 - - [16/Mar/2026:10:19:13 -0700] "GET /detail/2401034629.shtm?path=%2F%2Fdev HTTP/1.1" 200 2669 "-" "Mozilla/5.0 AppleWebKit/537.36 (KHTML, like Gecko; compatible; ClaudeBot/1.0; +claudebot@anthropic.com)" 519 **0/519202**
74.7.227.169 - - [16/Mar/2026:10:19:14 -0700] "GET /detail/5247171.shtm?fileloc=//proc/self/net/dev&path=//proc/self/net HTTP/1.1" 200 2431 "http://www.golz.in/detail/5247171.shtm?path=//proc/self/net" "Mozilla/5.0 AppleWebKit/537.36 (KHTML, like Gecko; compatible; GPTBot/1.3; +https://openai.com/gptbot)" 501 **0/501246**
114.119.148.242 - - [16/Mar/2026:10:19:15 -0700] "GET /detail/2765456502.shtm HTTP/1.1" 200 4098 "http://www.golz.in/sitemap.xml" "Mozilla/5.0 (Linux; Android 7.0;) AppleWebKit/537.36 (KHTML, like Gecko) Mobile Safari/537.36 (compatible; PetalBot;+https://webmaster.petalsearch.com/site/petalbot)" 490 **0/490367**
216.73.216.210 - - [16/Mar/2026:10:19:16 -0700] "GET /detail/2865008833.shtm?path=%2F%2Fdev HTTP/1.1" 200 2669 "-" "Mozilla/5.0 AppleWebKit/537.36 (KHTML, like Gecko; compatible; ClaudeBot/1.0; +claudebot@anthropic.com)" 498 **0/498771**
74.7.227.169 - - [16/Mar/2026:10:19:17 -0700] "GET /detail/5247171.shtm?path=//proc/self/net/rpc HTTP/1.1" 200 2324 "http://www.golz.in/detail/5247171.shtm?path=//proc/self/net" "Mozilla/5.0 AppleWebKit/537.36 (KHTML, like Gecko; compatible; GPTBot/1.3; +https://openai.com/gptbot)" 501 **0/501651**
216.73.216.210 - - [16/Mar/2026:10:19:19 -0700] "GET /detail/1638995002.shtm?path=%2F%2Fdev HTTP/1.1" 200 2669 "-" "Mozilla/5.0 AppleWebKit/537.36 (KHTML, like Gecko; compatible; ClaudeBot/1.0; +claudebot@anthropic.com)" 500 **0/500531**
74.7.227.169 - - [16/Mar/2026:10:19:20 -0700] "GET /detail/5247171.shtm?fileloc=//proc/self/net/ip_mr_vif&path=//proc/self/net HTTP/1.1" 200 2273 "http://www.golz.in/detail/5247171.shtm?path=//proc/self/net" "Mozilla/5.0 AppleWebKit/537.36 (KHTML, like Gecko; compatible; GPTBot/1.3; +https://openai.com/gptbot)" 494 **0/494513**
216.73.216.210 - - [16/Mar/2026:10:19:22 -0700] "GET /detail/2436678932.shtm?path=%2F%2Fdev HTTP/1.1" 200 2669 "-" "Mozilla/5.0 AppleWebKit/537.36 (KHTML, like Gecko; compatible; ClaudeBot/1.0; +claudebot@anthropic.com)" 506 **0/506346**
74.7.227.169 - - [16/Mar/2026:10:19:23 -0700] "GET /detail/8787383.shtm?fileloc=//bin/tee&path=//bin HTTP/1.1" 200 16591 "http://www.golz.in/detail/8787383.shtm?path=//bin" "Mozilla/5.0 AppleWebKit/537.36 (KHTML, like Gecko; compatible; GPTBot/1.3; +https://openai.com/gptbot)" 488 **0/488844**
216.73.216.210 - - [16/Mar/2026:10:19:25 -0700] "GET /detail/731175721.shtm?fileloc=%2F%2Fusr%2Fbin%2Fgit-upload-pack&path=%2F%2Fusr%2Fbin HTTP/1.1" 200 1603095 "-" "Mozilla/5.0 AppleWebKit/537.36 (KHTML, like Gecko; compatible; ClaudeBot/1.0; +claudebot@anthropic.com)" 1240 **1/1240182**
74.7.227.169 - - [16/Mar/2026:10:19:27 -0700] "GET /detail/8787383.shtm?fileloc=//bin/tic&path=//bin HTTP/1.1" 200 34320 "http://www.golz.in/detail/8787383.shtm?path=//bin" "Mozilla/5.0 AppleWebKit/537.36 (KHTML, like Gecko; compatible; GPTBot/1.3; +https://openai.com/gptbot)" 497 **0/497001**
216.73.216.210 - - [16/Mar/2026:10:19:28 -0700] "GET /detail/3771452492.shtm?fileloc=%2F%2Fsbin%2Fcloudlinux-selector&path=%2F%2Fsbin HTTP/1.1" 200 2586 "-" "Mozilla/5.0 AppleWebKit/537.36 (KHTML, like Gecko; compatible; ClaudeBot/1.0; +claudebot@anthropic.com)" 497 **0/497361**
74.7.227.169 - - [16/Mar/2026:10:19:30 -0700] "GET /detail/8787383.shtm?fileloc=//bin/tbl&path=//bin HTTP/1.1" 200 51828 "http://www.golz.in/detail/8787383.shtm?path=//bin" "Mozilla/5.0 AppleWebKit/537.36 (KHTML, like Gecko; compatible; GPTBot/1.3; +https://openai.com/gptbot)" 525 **0/525255**
216.73.216.210 - - [16/Mar/2026:10:19:31 -0700] "GET /detail/418710611.shtm?fileloc=%2F%2Fusr%2Fbin%2Fscript&path=%2F%2Fusr%2Fbin HTTP/1.1" 200 14477 "-" "Mozilla/5.0 AppleWebKit/537.36 (KHTML, like Gecko; compatible; ClaudeBot/1.0; +claudebot@anthropic.com)" 524 **0/524847**
74.7.227.169 - - [16/Mar/2026:10:19:33 -0700] "GET /detail/9999482.shtm?fileloc=//proc/sys/net/ipv6/conf/all/accept_ra_pinfo&path=//proc/sys/net/ipv6/conf/all HTTP/1.1" 200 2302 "http://www.golz.in/detail/9999482.shtm?path=//proc/sys/net/ipv6/conf/all" "Mozilla/5.0 AppleWebKit/537.36 (KHTML, like Gecko; compatible; GPTBot/1.3; +https://openai.com/gptbot)" 497 **0/497023**
216.73.216.210 - - [16/Mar/2026:10:19:34 -0700] "GET /detail/567114593.shtm?path=%2F%2Fdev HTTP/1.1" 200 2669 "-" "Mozilla/5.0 AppleWebKit/537.36 (KHTML, like Gecko; compatible; ClaudeBot/1.0; +claudebot@anthropic.com)" 500 **0/500762**
74.7.227.169 - - [16/Mar/2026:10:19:36 -0700] "GET /detail/9999482.shtm?fileloc=//proc/sys/net/ipv4/neigh/lo/retrans_time_ms&path=//proc/sys/net/ipv4/neigh/lo HTTP/1.1" 200 2310 "http://www.golz.in/detail/9999482.shtm?path=//proc/sys/net/ipv4/neigh/lo" "Mozilla/5.0 AppleWebKit/537.36 (KHTML, like Gecko; compatible; GPTBot/1.3; +https://openai.com/gptbot)" 505 **0/505780**
216.73.216.210 - - [16/Mar/2026:10:19:37 -0700] "GET /detail/190310159.shtm?fileloc=%2F%2Fsbin%2Fcloudlinux-selector&path=%2F%2Fsbin HTTP/1.1" 200 2586 "-" "Mozilla/5.0 AppleWebKit/537.36 (KHTML, like Gecko; compatible; ClaudeBot/1.0; +claudebot@anthropic.com)" 534 **0/534837**
66.249.71.70 - - [16/Mar/2026:10:19:36 -0700] "GET /?detail/212369474 HTTP/1.1" 200 23261 "-" "Mozilla/5.0 (Linux; Android 6.0.1; Nexus 5X Build/MMB29P) AppleWebKit/537.36 (KHTML, like Gecko) Chrome/145.0.7632.116 Mobile Safari/537.36 (compatible; Googlebot/2.1; +http://www.google.com/bot.html)" 1792 **1/1792299**
74.7.227.169 - - [16/Mar/2026:10:19:39 -0700] "GET /detail/9999482.shtm?fileloc=//proc/sys/net/ipv4/conf/all/proxy_arp_pvlan&path=//proc/sys/net/ipv4/conf/all HTTP/1.1" 200 2302 "http://www.golz.in/detail/9999482.shtm?path=//proc/sys/net/ipv4/conf/all" "Mozilla/5.0 AppleWebKit/537.36 (KHTML, like Gecko; compatible; GPTBot/1.3; +https://openai.com/gptbot)" 505 **0/505462**
216.73.216.210 - - [16/Mar/2026:10:19:40 -0700] "GET /detail/438393794.shtm?path=%2F%2Fdev HTTP/1.1" 200 2669 "-" "Mozilla/5.0 AppleWebKit/537.36 (KHTML, like Gecko; compatible; ClaudeBot/1.0; +claudebot@anthropic.com)" 501 **0/501299**
74.7.227.169 - - [16/Mar/2026:10:19:42 -0700] "GET /detail/9999482.shtm?fileloc=//proc/sys/net/ipv4/neigh/lo/gc_stale_time&path=//proc/sys/net/ipv4/neigh/lo HTTP/1.1" 200 2307 "http://www.golz.in/detail/9999482.shtm?path=//proc/sys/net/ipv4/neigh/lo" "Mozilla/5.0 AppleWebKit/537.36 (KHTML, like Gecko; compatible; GPTBot/1.3; +https://openai.com/gptbot)" 507 **0/507901**
216.73.216.210 - - [16/Mar/2026:10:19:43 -0700] "GET /detail/923931902.shtm?fileloc=%2F%2Fsbin%2Fcloudlinux-selector&path=%2F%2Fsbin HTTP/1.1" 200 2586 "-" "Mozilla/5.0 AppleWebKit/537.36 (KHTML, like Gecko; compatible; ClaudeBot/1.0; +claudebot@anthropic.com)" 507 **0/507735**
74.7.227.169 - - [16/Mar/2026:10:19:45 -0700] "GET /detail/9999482.shtm?fileloc=//proc/sys/net/ipv6/conf/all/accept_ra_rtr_pref&path=//proc/sys/net/ipv6/conf/all HTTP/1.1" 200 2304 "http://www.golz.in/detail/9999482.shtm?path=//proc/sys/net/ipv6/conf/all" "Mozilla/5.0 AppleWebKit/537.36 (KHTML, like Gecko; compatible; GPTBot/1.3; +https://openai.com/gptbot)" 499 **0/499647**
216.73.216.210 - - [16/Mar/2026:10:19:46 -0700] "GET /detail/619292585.shtm?path=%2F%2Fdev HTTP/1.1" 200 2669 "-" "Mozilla/5.0 AppleWebKit/537.36 (KHTML, like Gecko; compatible; ClaudeBot/1.0; +claudebot@anthropic.com)" 495 **0/495040**
74.7.227.169 - - [16/Mar/2026:10:19:48 -0700] "GET /detail/8787383.shtm?path=//var/cache HTTP/1.1" 200 2678 "http://www.golz.in/detail/8787383.shtm?path=//var" "Mozilla/5.0 AppleWebKit/537.36 (KHTML, like Gecko; compatible; GPTBot/1.3; +https://openai.com/gptbot)" 508 **0/508002**
74.7.227.169 - - [16/Mar/2026:10:19:52 -0700] "GET /detail/8787383.shtm?path=//proc/scsi HTTP/1.1" 200 2650 "http://www.golz.in/detail/8787383.shtm?path=//proc" "Mozilla/5.0 AppleWebKit/537.36 (KHTML, like Gecko; compatible; GPTBot/1.3; +https://openai.com/gptbot)" 490 **0/490048**
216.73.216.210 - - [16/Mar/2026:10:19:52 -0700] "GET /detail/3019776469.shtm?path=%2F%2Fusr%2Flibexec HTTP/1.1" 200 2933 "-" "Mozilla/5.0 AppleWebKit/537.36 (KHTML, like Gecko; compatible; ClaudeBot/1.0; +claudebot@anthropic.com)" 495 **0/495607**
74.7.227.169 - - [16/Mar/2026:10:19:55 -0700] "GET /detail/8787383.shtm?path=//proc/acpi HTTP/1.1" 200 2558 "http://www.golz.in/detail/8787383.shtm?path=//proc" "Mozilla/5.0 AppleWebKit/537.36 (KHTML, like Gecko; compatible; GPTBot/1.3; +https://openai.com/gptbot)" 501 **0/501033**
216.73.216.210 - - [16/Mar/2026:10:19:55 -0700] "GET /detail/418710611.shtm?fileloc=%2F%2Fusr%2Fbin%2Fbashbug-64&path=%2F%2Fusr%2Fbin HTTP/1.1" 403 3512 "-" "Mozilla/5.0 AppleWebKit/537.36 (KHTML, like Gecko; compatible; ClaudeBot/1.0; +claudebot@anthropic.com)" 524 **0/524826**
216.73.216.210 - - [16/Mar/2026:10:19:58 -0700] "GET /detail/731175721.shtm?path=%2F%2Fvar%2Ftmp HTTP/1.1" 403 3512 "-" "Mozilla/5.0 AppleWebKit/537.36 (KHTML, like Gecko; compatible; ClaudeBot/1.0; +claudebot@anthropic.com)" 501 **0/501671**
74.7.227.169 - - [16/Mar/2026:10:19:58 -0700] "GET /detail/8787383.shtm?path=//lib/tuned HTTP/1.1" 200 3150 "http://www.golz.in/detail/8787383.shtm?path=//lib" "Mozilla/5.0 AppleWebKit/537.36 (KHTML, like Gecko; compatible; GPTBot/1.3; +https://openai.com/gptbot)" 540 **0/540277**
216.73.216.210 - - [16/Mar/2026:10:20:01 -0700] "GET /detail/1330693350.shtm?path=%2F%2Fdev HTTP/1.1" 403 3512 "-" "Mozilla/5.0 AppleWebKit/537.36 (KHTML, like Gecko; compatible; ClaudeBot/1.0; +claudebot@anthropic.com)" 763 **0/763671**
74.7.227.169 - - [16/Mar/2026:10:20:01 -0700] "GET /detail/8787383.shtm?path=//etc/fonts HTTP/1.1" 200 2636 "http://www.golz.in/detail/8787383.shtm?path=//etc" "Mozilla/5.0 AppleWebKit/537.36 (KHTML, like Gecko; compatible; GPTBot/1.3; +https://openai.com/gptbot)" 898 **0/898820**
216.73.216.210 - - [16/Mar/2026:10:20:04 -0700] "GET /detail/731175721.shtm?fileloc=%2F%2Fusr%2Fbin%2Fbashbug-64&path=%2F%2Fusr%2Fbin HTTP/1.1" 403 3512 "-" "Mozilla/5.0 AppleWebKit/537.36 (KHTML, like Gecko; compatible; ClaudeBot/1.0; +claudebot@anthropic.com)" 598 **0/598163**
74.7.227.169 - - [16/Mar/2026:10:20:04 -0700] "GET /detail/8787383.shtm?path=//lib/debug HTTP/1.1" 200 2657 "http://www.golz.in/detail/8787383.shtm?path=//lib" "Mozilla/5.0 AppleWebKit/537.36 (KHTML, like Gecko; compatible; GPTBot/1.3; +https://openai.com/gptbot)" 577 **0/577820**
216.73.216.210 - - [16/Mar/2026:10:20:07 -0700] "GET /detail/153879087.shtm?path=%2F%2Fvar%2Ftmp HTTP/1.1" 403 3512 "-" "Mozilla/5.0 AppleWebKit/537.36 (KHTML, like Gecko; compatible; ClaudeBot/1.0; +claudebot@anthropic.com)" 534 **0/534521**
74.7.227.169 - - [16/Mar/2026:10:20:08 -0700] "GET /detail/8787383.shtm?path=//lib/games HTTP/1.1" 200 2306 "http://www.golz.in/detail/8787383.shtm?path=//lib" "Mozilla/5.0 AppleWebKit/537.36 (KHTML, like Gecko; compatible; GPTBot/1.3; +https://openai.com/gptbot)" 525 **0/525652**
216.73.216.210 - - [16/Mar/2026:10:20:10 -0700] "GET /detail/1975706029.shtm?path=%2F%2Fdev HTTP/1.1" 403 3512 "-" "Mozilla/5.0 AppleWebKit/537.36 (KHTML, like Gecko; compatible; ClaudeBot/1.0; +claudebot@anthropic.com)" 541 **0/541107**
