74.7.227.169 - - [16/Mar/2026:10:45:45 -0700] "GET /detail/8787383.shtm?fileloc=//bin/gzexe&path=//bin HTTP/1.1" 200 4684 "http://www.golz.in/detail/8787383.shtm?path=//bin" "Mozilla/5.0 AppleWebKit/537.36 (KHTML, like Gecko; compatible; GPTBot/1.3; +https://openai.com/gptbot)" 487 **0/487936**
74.7.227.169 - - [16/Mar/2026:10:45:48 -0700] "GET /detail/5247171.shtm?fileloc=//bin/uname&path=//bin HTTP/1.1" 200 15224 "http://www.golz.in/detail/5247171.shtm?path=//bin" "Mozilla/5.0 AppleWebKit/537.36 (KHTML, like Gecko; compatible; GPTBot/1.3; +https://openai.com/gptbot)" 496 **0/496328**
74.7.227.169 - - [16/Mar/2026:10:45:51 -0700] "GET /detail/5247171.shtm?fileloc=//bin/tsort&path=//bin HTTP/1.1" 200 17170 "http://www.golz.in/detail/5247171.shtm?path=//bin" "Mozilla/5.0 AppleWebKit/537.36 (KHTML, like Gecko; compatible; GPTBot/1.3; +https://openai.com/gptbot)" 507 **0/507835**
74.7.227.169 - - [16/Mar/2026:10:45:55 -0700] "GET /detail/5247171.shtm?fileloc=//bin/fgrep&path=//bin HTTP/1.1" 200 2270 "http://www.golz.in/detail/5247171.shtm?path=//bin" "Mozilla/5.0 AppleWebKit/537.36 (KHTML, like Gecko; compatible; GPTBot/1.3; +https://openai.com/gptbot)" 493 **0/493672**
74.7.227.169 - - [16/Mar/2026:10:45:58 -0700] "GET /detail/8787383.shtm?fileloc=//bin/prove&path=//bin HTTP/1.1" 200 7451 "http://www.golz.in/detail/8787383.shtm?path=//bin" "Mozilla/5.0 AppleWebKit/537.36 (KHTML, like Gecko; compatible; GPTBot/1.3; +https://openai.com/gptbot)" 507 **0/507953**
66.249.66.196 - - [16/Mar/2026:10:45:57 -0700] "GET /?detail/630712141 HTTP/1.1" 200 21843 "-" "Mozilla/5.0 (Linux; Android 6.0.1; Nexus 5X Build/MMB29P) AppleWebKit/537.36 (KHTML, like Gecko) Chrome/145.0.7632.116 Mobile Safari/537.36 (compatible; Googlebot/2.1; +http://www.google.com/bot.html)" 1787 **1/1787071**
74.7.227.169 - - [16/Mar/2026:10:46:01 -0700] "GET /detail/8787383.shtm?fileloc=//bin/zgrep&path=//bin HTTP/1.1" 200 5238 "http://www.golz.in/detail/8787383.shtm?path=//bin" "Mozilla/5.0 AppleWebKit/537.36 (KHTML, like Gecko; compatible; GPTBot/1.3; +https://openai.com/gptbot)" 549 **0/549661**
74.7.227.169 - - [16/Mar/2026:10:46:04 -0700] "GET /detail/5247171.shtm?fileloc=//bin/pinky&path=//bin HTTP/1.1" 200 17547 "http://www.golz.in/detail/5247171.shtm?path=//bin" "Mozilla/5.0 AppleWebKit/537.36 (KHTML, like Gecko; compatible; GPTBot/1.3; +https://openai.com/gptbot)" 499 **0/499903**
74.7.227.169 - - [16/Mar/2026:10:46:07 -0700] "GET /detail/5247171.shtm?fileloc=//bin/zless&path=//bin HTTP/1.1" 200 3323 "http://www.golz.in/detail/5247171.shtm?path=//bin" "Mozilla/5.0 AppleWebKit/537.36 (KHTML, like Gecko; compatible; GPTBot/1.3; +https://openai.com/gptbot)" 514 **0/514792**
74.7.227.169 - - [16/Mar/2026:10:46:11 -0700] "GET /detail/5247171.shtm?fileloc=//bin/strip&path=//bin HTTP/1.1" 200 95277 "http://www.golz.in/detail/5247171.shtm?path=//bin" "Mozilla/5.0 AppleWebKit/537.36 (KHTML, like Gecko; compatible; GPTBot/1.3; +https://openai.com/gptbot)" 534 **0/534798**
74.7.227.169 - - [16/Mar/2026:10:46:14 -0700] "GET /detail/8787383.shtm?fileloc=//bin/fgrep&path=//bin HTTP/1.1" 200 2270 "http://www.golz.in/detail/8787383.shtm?path=//bin" "Mozilla/5.0 AppleWebKit/537.36 (KHTML, like Gecko; compatible; GPTBot/1.3; +https://openai.com/gptbot)" 515 **0/515000**
74.7.227.169 - - [16/Mar/2026:10:46:17 -0700] "GET /detail/5247171.shtm?fileloc=//bin/ipcrm&path=//bin HTTP/1.1" 200 12959 "http://www.golz.in/detail/5247171.shtm?path=//bin" "Mozilla/5.0 AppleWebKit/537.36 (KHTML, like Gecko; compatible; GPTBot/1.3; +https://openai.com/gptbot)" 502 **0/502733**
74.7.227.169 - - [16/Mar/2026:10:46:20 -0700] "GET /detail/8787383.shtm?fileloc=//bin/egrep&path=//bin HTTP/1.1" 200 2270 "http://www.golz.in/detail/8787383.shtm?path=//bin" "Mozilla/5.0 AppleWebKit/537.36 (KHTML, like Gecko; compatible; GPTBot/1.3; +https://openai.com/gptbot)" 531 **0/531655**
216.73.216.210 - - [16/Mar/2026:10:46:21 -0700] "GET /detail/1535633.shtm?path=%2F%2Fusr%2Flocal%2Fcpanel HTTP/1.1" 200 2313 "-" "Mozilla/5.0 AppleWebKit/537.36 (KHTML, like Gecko; compatible; ClaudeBot/1.0; +claudebot@anthropic.com)" 494 **0/494355**
74.7.227.169 - - [16/Mar/2026:10:46:23 -0700] "GET /detail/5247171.shtm?fileloc=//bin/bison&path=//bin HTTP/1.1" 200 165299 "http://www.golz.in/detail/5247171.shtm?path=//bin" "Mozilla/5.0 AppleWebKit/537.36 (KHTML, like Gecko; compatible; GPTBot/1.3; +https://openai.com/gptbot)" 566 **0/566507**
216.73.216.210 - - [16/Mar/2026:10:46:23 -0700] "GET /detail/4163750565.shtm?fileloc=%2Fhome%2Fdpknvn09897v%2Fpublic_html%2Fwp-includes%2Fwidgets%2Fclass-wp-widget-links.php&path=%2Fhome%2Fdpknvn09897v%2Fpublic_html%2Fwp-includes%2Fwidgets HTTP/1.1" 200 4174 "-" "Mozilla/5.0 AppleWebKit/537.36 (KHTML, like Gecko; compatible; ClaudeBot/1.0; +claudebot@anthropic.com)" 489 **0/489685**
74.7.227.169 - - [16/Mar/2026:10:46:26 -0700] "GET /detail/5247171.shtm?fileloc=//bin/spell&path=//bin HTTP/1.1" 200 2320 "http://www.golz.in/detail/5247171.shtm?path=//bin" "Mozilla/5.0 AppleWebKit/537.36 (KHTML, like Gecko; compatible; GPTBot/1.3; +https://openai.com/gptbot)" 489 **0/489773**
216.73.216.210 - - [16/Mar/2026:10:46:26 -0700] "GET /detail/3048635013.shtm?fileloc=%2Fhome%2Fdpknvn09897v%2Fpublic_html%2Fwp-includes%2Fwidgets%2Fclass-wp-widget-pages.php&path=%2Fhome%2Fdpknvn09897v%2Fpublic_html%2Fwp-includes%2Fwidgets HTTP/1.1" 200 4030 "-" "Mozilla/5.0 AppleWebKit/537.36 (KHTML, like Gecko; compatible; ClaudeBot/1.0; +claudebot@anthropic.com)" 504 **0/504415**
74.7.227.169 - - [16/Mar/2026:10:46:29 -0700] "GET /detail/5247171.shtm?fileloc=//bin/namei&path=//bin HTTP/1.1" 200 13675 "http://www.golz.in/detail/5247171.shtm?path=//bin" "Mozilla/5.0 AppleWebKit/537.36 (KHTML, like Gecko; compatible; GPTBot/1.3; +https://openai.com/gptbot)" 499 **0/499089**
216.73.216.210 - - [16/Mar/2026:10:46:29 -0700] "GET /detail/1581037676.shtm?fileloc=%2Fhome%2Fdpknvn09897v%2Fpublic_html%2Fwp-includes%2Fcss%2Fadmin-bar.css&path=%2Fhome%2Fdpknvn09897v%2Fpublic_html%2Fwp-includes%2Fcss HTTP/1.1" 403 3512 "-" "Mozilla/5.0 AppleWebKit/537.36 (KHTML, like Gecko; compatible; ClaudeBot/1.0; +claudebot@anthropic.com)" 517 **0/517352**
216.73.216.210 - - [16/Mar/2026:10:46:32 -0700] "GET /detail/487213409.shtm?fileloc=%2Fhome%2Fdpknvn09897v%2Fpublic_html%2Fgolz.in%2Fwp-content%2Fplugins%2Fcalculated-fields-form%2Fcss%2Fstyle.css&path=%2Fhome%2Fdpknvn09897v%2Fpublic_html%2Fgolz.in%2Fwp-content%2Fplugins%2Fcalculated-fields-form%2Fcss HTTP/1.1" 403 3512 "-" "Mozilla/5.0 AppleWebKit/537.36 (KHTML, like Gecko; compatible; ClaudeBot/1.0; +claudebot@anthropic.com)" 498 **0/498967**
74.7.227.169 - - [16/Mar/2026:10:46:32 -0700] "GET /detail/8787383.shtm?fileloc=//bin/flock&path=//bin HTTP/1.1" 200 13806 "http://www.golz.in/detail/8787383.shtm?path=//bin" "Mozilla/5.0 AppleWebKit/537.36 (KHTML, like Gecko; compatible; GPTBot/1.3; +https://openai.com/gptbot)" 503 **0/503391**
216.73.216.210 - - [16/Mar/2026:10:46:35 -0700] "GET /detail/3048635013.shtm?fileloc=%2Fhome%2Fdpknvn09897v%2Fpublic_html%2Fwp-includes%2Fwidgets%2Fclass-wp-widget-archives.php&path=%2Fhome%2Fdpknvn09897v%2Fpublic_html%2Fwp-includes%2Fwidgets HTTP/1.1" 403 3512 "-" "Mozilla/5.0 AppleWebKit/537.36 (KHTML, like Gecko; compatible; ClaudeBot/1.0; +claudebot@anthropic.com)" 492 **0/492175**
74.7.227.169 - - [16/Mar/2026:10:46:36 -0700] "GET /detail/8787383.shtm?fileloc=//bin/mkdir&path=//bin HTTP/1.1" 200 36814 "http://www.golz.in/detail/8787383.shtm?path=//bin" "Mozilla/5.0 AppleWebKit/537.36 (KHTML, like Gecko; compatible; GPTBot/1.3; +https://openai.com/gptbot)" 512 **0/512101**
216.73.216.210 - - [16/Mar/2026:10:46:38 -0700] "GET /detail/529445352.shtm?fileloc=%2F%2Fusr%2Fsbin%2Fsasldblistusers2&path=%2F%2Fusr%2Fsbin HTTP/1.1" 403 3512 "-" "Mozilla/5.0 AppleWebKit/537.36 (KHTML, like Gecko; compatible; ClaudeBot/1.0; +claudebot@anthropic.com)" 505 **0/505659**
74.7.227.169 - - [16/Mar/2026:10:46:39 -0700] "GET /detail/8787383.shtm?fileloc=//bin/mytop&path=//bin HTTP/1.1" 200 23261 "http://www.golz.in/detail/8787383.shtm?path=//bin" "Mozilla/5.0 AppleWebKit/537.36 (KHTML, like Gecko; compatible; GPTBot/1.3; +https://openai.com/gptbot)" 492 **0/492584**
216.73.216.210 - - [16/Mar/2026:10:46:41 -0700] "GET /detail/590597580.shtm?path=%2F%2Fusr%2Finclude%2Fsound HTTP/1.1" 403 3512 "-" "Mozilla/5.0 AppleWebKit/537.36 (KHTML, like Gecko; compatible; ClaudeBot/1.0; +claudebot@anthropic.com)" 495 **0/495827**
74.7.227.169 - - [16/Mar/2026:10:46:42 -0700] "GET /detail/8787383.shtm?fileloc=//bin/gneqn&path=//bin HTTP/1.1" 200 2759 "http://www.golz.in/detail/8787383.shtm?path=//bin" "Mozilla/5.0 AppleWebKit/537.36 (KHTML, like Gecko; compatible; GPTBot/1.3; +https://openai.com/gptbot)" 524 **0/524482**
216.73.216.210 - - [16/Mar/2026:10:46:45 -0700] "GET /detail/529445352.shtm?path=%2F%2Fusr%2Flib%2Ffirmware HTTP/1.1" 403 3512 "-" "Mozilla/5.0 AppleWebKit/537.36 (KHTML, like Gecko; compatible; ClaudeBot/1.0; +claudebot@anthropic.com)" 495 **0/495128**
74.7.227.169 - - [16/Mar/2026:10:46:45 -0700] "GET /detail/5247171.shtm?fileloc=//bin/tclsh&path=//bin HTTP/1.1" 200 5462 "http://www.golz.in/detail/5247171.shtm?path=//bin" "Mozilla/5.0 AppleWebKit/537.36 (KHTML, like Gecko; compatible; GPTBot/1.3; +https://openai.com/gptbot)" 492 **0/492479**
216.73.216.210 - - [16/Mar/2026:10:46:47 -0700] "GET /detail/487213409.shtm?path=%2Fhome%2Fdpknvn09897v%2Fpublic_html%2Fgolz.in%2Fwp-content%2Fplugins%2Fgoogle-analytics-for-wordpress HTTP/1.1" 403 3512 "-" "Mozilla/5.0 AppleWebKit/537.36 (KHTML, like Gecko; compatible; ClaudeBot/1.0; +claudebot@anthropic.com)" 500 **0/500090**
74.7.227.169 - - [16/Mar/2026:10:46:48 -0700] "GET /detail/5247171.shtm?fileloc=//bin/tload&path=//bin HTTP/1.1" 200 8264 "http://www.golz.in/detail/5247171.shtm?path=//bin" "Mozilla/5.0 AppleWebKit/537.36 (KHTML, like Gecko; compatible; GPTBot/1.3; +https://openai.com/gptbot)" 501 **0/501648**
216.73.216.210 - - [16/Mar/2026:10:46:50 -0700] "GET /detail/3048635013.shtm?fileloc=%2Fhome%2Fdpknvn09897v%2Fpublic_html%2Fwp-includes%2Fwidgets%2Fclass-wp-widget-links.php&path=%2Fhome%2Fdpknvn09897v%2Fpublic_html%2Fwp-includes%2Fwidgets HTTP/1.1" 403 3512 "-" "Mozilla/5.0 AppleWebKit/537.36 (KHTML, like Gecko; compatible; ClaudeBot/1.0; +claudebot@anthropic.com)" 497 **0/497672**
74.7.227.169 - - [16/Mar/2026:10:46:51 -0700] "GET /detail/8787383.shtm?fileloc=//bin/pinky&path=//bin HTTP/1.1" 200 17547 "http://www.golz.in/detail/8787383.shtm?path=//bin" "Mozilla/5.0 AppleWebKit/537.36 (KHTML, like Gecko; compatible; GPTBot/1.3; +https://openai.com/gptbot)" 514 **0/514295**
216.73.216.210 - - [16/Mar/2026:10:46:53 -0700] "GET /detail/4163750565.shtm?fileloc=%2F%2Fusr%2Finclude%2Fgnumake.h&path=%2F%2Fusr%2Finclude HTTP/1.1" 403 3512 "-" "Mozilla/5.0 AppleWebKit/537.36 (KHTML, like Gecko; compatible; ClaudeBot/1.0; +claudebot@anthropic.com)" 498 **0/498931**
74.7.227.169 - - [16/Mar/2026:10:46:54 -0700] "GET /detail/8787383.shtm?fileloc=//bin/bzcmp&path=//bin HTTP/1.1" 200 3158 "http://www.golz.in/detail/8787383.shtm?path=//bin" "Mozilla/5.0 AppleWebKit/537.36 (KHTML, like Gecko; compatible; GPTBot/1.3; +https://openai.com/gptbot)" 488 **0/488093**
216.73.216.210 - - [16/Mar/2026:10:46:56 -0700] "GET /detail/1535633.shtm?fileloc=%2F%2Fusr%2Fselector.etc%2Fphp.ini&path=%2F%2Fusr%2Fselector.etc HTTP/1.1" 403 3512 "-" "Mozilla/5.0 AppleWebKit/537.36 (KHTML, like Gecko; compatible; ClaudeBot/1.0; +claudebot@anthropic.com)" 491 **0/491251**
74.7.227.169 - - [16/Mar/2026:10:46:58 -0700] "GET /detail/5247171.shtm?fileloc=//bin/sdiff&path=//bin HTTP/1.1" 200 23637 "http://www.golz.in/detail/5247171.shtm?path=//bin" "Mozilla/5.0 AppleWebKit/537.36 (KHTML, like Gecko; compatible; GPTBot/1.3; +https://openai.com/gptbot)" 516 **0/516746**
216.73.216.210 - - [16/Mar/2026:10:46:59 -0700] "GET /detail/4163750565.shtm?fileloc=%2F%2Fusr%2Fsbin%2Fcracklib-format&path=%2F%2Fusr%2Fsbin HTTP/1.1" 403 3512 "-" "Mozilla/5.0 AppleWebKit/537.36 (KHTML, like Gecko; compatible; ClaudeBot/1.0; +claudebot@anthropic.com)" 515 **0/515621**
74.7.227.169 - - [16/Mar/2026:10:47:01 -0700] "GET /detail/5247171.shtm?fileloc=//bin/split&path=//bin HTTP/1.1" 200 24951 "http://www.golz.in/detail/5247171.shtm?path=//bin" "Mozilla/5.0 AppleWebKit/537.36 (KHTML, like Gecko; compatible; GPTBot/1.3; +https://openai.com/gptbot)" 559 **0/559718**
216.73.216.210 - - [16/Mar/2026:10:47:02 -0700] "GET /detail/4163750565.shtm?fileloc=%2F%2Fusr%2Finclude%2Ftiffconf.h&path=%2F%2Fusr%2Finclude HTTP/1.1" 403 3512 "-" "Mozilla/5.0 AppleWebKit/537.36 (KHTML, like Gecko; compatible; ClaudeBot/1.0; +claudebot@anthropic.com)" 502 **0/502014**
74.7.227.169 - - [16/Mar/2026:10:47:04 -0700] "GET /detail/5247171.shtm?fileloc=//bin/pkill&path=//bin HTTP/1.1" 200 12213 "http://www.golz.in/detail/5247171.shtm?path=//bin" "Mozilla/5.0 AppleWebKit/537.36 (KHTML, like Gecko; compatible; GPTBot/1.3; +https://openai.com/gptbot)" 552 **0/552947**
74.7.227.169 - - [16/Mar/2026:10:47:07 -0700] "GET /detail/5247171.shtm?fileloc=//bin/patch&path=//bin HTTP/1.1" 200 84805 "http://www.golz.in/detail/5247171.shtm?path=//bin" "Mozilla/5.0 AppleWebKit/537.36 (KHTML, like Gecko; compatible; GPTBot/1.3; +https://openai.com/gptbot)" 527 **0/527762**
74.7.227.169 - - [16/Mar/2026:10:47:10 -0700] "GET /detail/5247171.shtm?fileloc=//bin/sleep&path=//bin HTTP/1.1" 200 15632 "http://www.golz.in/detail/5247171.shtm?path=//bin" "Mozilla/5.0 AppleWebKit/537.36 (KHTML, like Gecko; compatible; GPTBot/1.3; +https://openai.com/gptbot)" 511 **0/511367**
74.7.227.169 - - [16/Mar/2026:10:47:13 -0700] "GET /detail/8787383.shtm?fileloc=//bin/nproc&path=//bin HTTP/1.1" 200 15979 "http://www.golz.in/detail/8787383.shtm?path=//bin" "Mozilla/5.0 AppleWebKit/537.36 (KHTML, like Gecko; compatible; GPTBot/1.3; +https://openai.com/gptbot)" 525 **0/525390**
74.7.227.169 - - [16/Mar/2026:10:47:16 -0700] "GET /detail/5247171.shtm?fileloc=//bin/batch&path=//bin HTTP/1.1" 200 2332 "http://www.golz.in/detail/5247171.shtm?path=//bin" "Mozilla/5.0 AppleWebKit/537.36 (KHTML, like Gecko; compatible; GPTBot/1.3; +https://openai.com/gptbot)" 497 **0/497258**
74.7.227.169 - - [16/Mar/2026:10:47:19 -0700] "GET /detail/5247171.shtm?fileloc=//bin/snice&path=//bin HTTP/1.1" 200 12010 "http://www.golz.in/detail/5247171.shtm?path=//bin" "Mozilla/5.0 AppleWebKit/537.36 (KHTML, like Gecko; compatible; GPTBot/1.3; +https://openai.com/gptbot)" 499 **0/499241**
74.7.227.169 - - [16/Mar/2026:10:47:23 -0700] "GET /detail/8787383.shtm?fileloc=//bin/colrm&path=//bin HTTP/1.1" 200 11493 "http://www.golz.in/detail/8787383.shtm?path=//bin" "Mozilla/5.0 AppleWebKit/537.36 (KHTML, like Gecko; compatible; GPTBot/1.3; +https://openai.com/gptbot)" 503 **0/503372**
74.7.227.169 - - [16/Mar/2026:10:47:26 -0700] "GET /detail/5247171.shtm?fileloc=//bin/skill&path=//bin HTTP/1.1" 200 12012 "http://www.golz.in/detail/5247171.shtm?path=//bin" "Mozilla/5.0 AppleWebKit/537.36 (KHTML, like Gecko; compatible; GPTBot/1.3; +https://openai.com/gptbot)" 502 **0/502626**
74.7.227.169 - - [16/Mar/2026:10:47:29 -0700] "GET /detail/8787383.shtm?fileloc=//bin/unzip&path=//bin HTTP/1.1" 200 85017 "http://www.golz.in/detail/8787383.shtm?path=//bin" "Mozilla/5.0 AppleWebKit/537.36 (KHTML, like Gecko; compatible; GPTBot/1.3; +https://openai.com/gptbot)" 519 **0/519313**
74.7.227.169 - - [16/Mar/2026:10:47:32 -0700] "GET /detail/8787383.shtm?fileloc=//bin/sprof&path=//bin HTTP/1.1" 200 12829 "http://www.golz.in/detail/8787383.shtm?path=//bin" "Mozilla/5.0 AppleWebKit/537.36 (KHTML, like Gecko; compatible; GPTBot/1.3; +https://openai.com/gptbot)" 502 **0/502450**
74.7.227.169 - - [16/Mar/2026:10:47:35 -0700] "GET /detail/8787383.shtm?fileloc=//bin/mknod&path=//bin HTTP/1.1" 200 31178 "http://www.golz.in/detail/8787383.shtm?path=//bin" "Mozilla/5.0 AppleWebKit/537.36 (KHTML, like Gecko; compatible; GPTBot/1.3; +https://openai.com/gptbot)" 518 **0/518917**
114.119.130.26 - - [16/Mar/2026:10:47:38 -0700] "GET /detail/2536243227.shtm HTTP/1.1" 200 4098 "http://www.golz.in/sitemap.xml" "Mozilla/5.0 (Linux; Android 7.0;) AppleWebKit/537.36 (KHTML, like Gecko) Mobile Safari/537.36 (compatible; PetalBot;+https://webmaster.petalsearch.com/site/petalbot)" 492 **0/492720**
74.7.227.169 - - [16/Mar/2026:10:47:39 -0700] "GET /detail/5247171.shtm?fileloc=//bin/paste&path=//bin HTTP/1.1" 200 16411 "http://www.golz.in/detail/5247171.shtm?path=//bin" "Mozilla/5.0 AppleWebKit/537.36 (KHTML, like Gecko; compatible; GPTBot/1.3; +https://openai.com/gptbot)" 507 **0/507385**
74.7.227.169 - - [16/Mar/2026:10:47:42 -0700] "GET /detail/5247171.shtm?path=//usr/lib/sysusers.d HTTP/1.1" 200 2671 "http://www.golz.in/detail/5247171.shtm?path=//usr/lib" "Mozilla/5.0 AppleWebKit/537.36 (KHTML, like Gecko; compatible; GPTBot/1.3; +https://openai.com/gptbot)" 519 **0/519771**
74.7.227.169 - - [16/Mar/2026:10:47:45 -0700] "GET /detail/5247171.shtm?path=//proc/tty/ldisc HTTP/1.1" 200 2315 "http://www.golz.in/detail/5247171.shtm?path=//proc/tty" "Mozilla/5.0 AppleWebKit/537.36 (KHTML, like Gecko; compatible; GPTBot/1.3; +https://openai.com/gptbot)" 502 **0/502951**
74.7.227.169 - - [16/Mar/2026:10:47:48 -0700] "GET /detail/8787383.shtm?path=//lib/tuned/epyc-eda HTTP/1.1" 200 2578 "http://www.golz.in/detail/8787383.shtm?path=//lib/tuned" "Mozilla/5.0 AppleWebKit/537.36 (KHTML, like Gecko; compatible; GPTBot/1.3; +https://openai.com/gptbot)" 491 **0/491949**
74.7.227.169 - - [16/Mar/2026:10:47:51 -0700] "GET /detail/8787383.shtm?path=//usr/lib/modprobe.d HTTP/1.1" 200 2624 "http://www.golz.in/detail/8787383.shtm?path=//usr/lib" "Mozilla/5.0 AppleWebKit/537.36 (KHTML, like Gecko; compatible; GPTBot/1.3; +https://openai.com/gptbot)" 536 **0/536663**
74.7.227.169 - - [16/Mar/2026:10:47:55 -0700] "GET /detail/8787383.shtm?path=//proc/bus/input HTTP/1.1" 200 2599 "http://www.golz.in/detail/8787383.shtm?path=//proc/bus" "Mozilla/5.0 AppleWebKit/537.36 (KHTML, like Gecko; compatible; GPTBot/1.3; +https://openai.com/gptbot)" 502 **0/502685**
74.7.227.169 - - [16/Mar/2026:10:47:58 -0700] "GET /detail/79877902.shtm?fileloc=//bin/du&path=//bin HTTP/1.1" 200 45974 "http://www.golz.in/detail/79877902.shtm?path=//bin" "Mozilla/5.0 AppleWebKit/537.36 (KHTML, like Gecko; compatible; GPTBot/1.3; +https://openai.com/gptbot)" 513 **0/513767**
74.7.227.169 - - [16/Mar/2026:10:48:01 -0700] "GET /detail/79877902.shtm?fileloc=//bin/ar&path=//bin HTTP/1.1" 200 26548 "http://www.golz.in/detail/79877902.shtm?path=//bin" "Mozilla/5.0 AppleWebKit/537.36 (KHTML, like Gecko; compatible; GPTBot/1.3; +https://openai.com/gptbot)" 525 **0/525635**
74.7.227.169 - - [16/Mar/2026:10:48:04 -0700] "GET /detail/79877902.shtm?fileloc=//bin/wc&path=//bin HTTP/1.1" 200 20617 "http://www.golz.in/detail/79877902.shtm?path=//bin" "Mozilla/5.0 AppleWebKit/537.36 (KHTML, like Gecko; compatible; GPTBot/1.3; +https://openai.com/gptbot)" 510 **0/510967**
74.7.227.169 - - [16/Mar/2026:10:48:07 -0700] "GET /detail/79877902.shtm?fileloc=//bin/gs&path=//bin HTTP/1.1" 200 5692 "http://www.golz.in/detail/79877902.shtm?path=//bin" "Mozilla/5.0 AppleWebKit/537.36 (KHTML, like Gecko; compatible; GPTBot/1.3; +https://openai.com/gptbot)" 496 **0/496444**
216.73.216.210 - - [16/Mar/2026:10:48:08 -0700] "GET /detail/4128106262.shtm?fileloc=%2Fhome%2Fdpknvn09897v%2Fpublic_html%2Fwp-includes%2Frevision.php&path=%2Fhome%2Fdpknvn09897v%2Fpublic_html%2Fwp-includes HTTP/1.1" 200 10173 "-" "Mozilla/5.0 AppleWebKit/537.36 (KHTML, like Gecko; compatible; ClaudeBot/1.0; +claudebot@anthropic.com)" 511 **0/511519**
74.7.227.169 - - [16/Mar/2026:10:48:11 -0700] "GET /detail/79877902.shtm?fileloc=//bin/ul&path=//bin HTTP/1.1" 200 9566 "http://www.golz.in/detail/79877902.shtm?path=//bin" "Mozilla/5.0 AppleWebKit/537.36 (KHTML, like Gecko; compatible; GPTBot/1.3; +https://openai.com/gptbot)" 486 **0/486279**
216.73.216.210 - - [16/Mar/2026:10:48:11 -0700] "GET /detail/1581037676.shtm?fileloc=%2Fhome%2Fdpknvn09897v%2Fpublic_html%2Fwp-includes%2Fclass-wp-http.php&path=%2Fhome%2Fdpknvn09897v%2Fpublic_html%2Fwp-includes HTTP/1.1" 200 13123 "-" "Mozilla/5.0 AppleWebKit/537.36 (KHTML, like Gecko; compatible; ClaudeBot/1.0; +claudebot@anthropic.com)" 492 **0/492556**
74.7.227.169 - - [16/Mar/2026:10:48:14 -0700] "GET /detail/79877902.shtm?fileloc=//bin/ex&path=//bin HTTP/1.1" 200 485658 "http://www.golz.in/detail/79877902.shtm?path=//bin" "Mozilla/5.0 AppleWebKit/537.36 (KHTML, like Gecko; compatible; GPTBot/1.3; +https://openai.com/gptbot)" 666 **0/666547**
216.73.216.210 - - [16/Mar/2026:10:48:14 -0700] "GET /detail/4128106262.shtm?fileloc=%2Fhome%2Fdpknvn09897v%2Fpublic_html%2Fwp-includes%2Fmeta.php&path=%2Fhome%2Fdpknvn09897v%2Fpublic_html%2Fwp-includes HTTP/1.1" 200 12567 "-" "Mozilla/5.0 AppleWebKit/537.36 (KHTML, like Gecko; compatible; ClaudeBot/1.0; +claudebot@anthropic.com)" 494 **0/494858**
74.7.227.169 - - [16/Mar/2026:10:48:17 -0700] "GET /detail/79877902.shtm?fileloc=//bin/gm&path=//bin HTTP/1.1" 200 5085 "http://www.golz.in/detail/79877902.shtm?path=//bin" "Mozilla/5.0 AppleWebKit/537.36 (KHTML, like Gecko; compatible; GPTBot/1.3; +https://openai.com/gptbot)" 501 **0/501836**
216.73.216.210 - - [16/Mar/2026:10:48:17 -0700] "GET /detail/1581037676.shtm?fileloc=%2Fhome%2Fdpknvn09897v%2Fpublic_html%2Fwp-includes%2Fclass-walker-page.php&path=%2Fhome%2Fdpknvn09897v%2Fpublic_html%2Fwp-includes HTTP/1.1" 200 4279 "-" "Mozilla/5.0 AppleWebKit/537.36 (KHTML, like Gecko; compatible; ClaudeBot/1.0; +claudebot@anthropic.com)" 497 **0/497522**
74.7.227.169 - - [16/Mar/2026:10:48:20 -0700] "GET /detail/79877902.shtm?fileloc=//bin/tr&path=//bin HTTP/1.1" 200 22214 "http://www.golz.in/detail/79877902.shtm?path=//bin" "Mozilla/5.0 AppleWebKit/537.36 (KHTML, like Gecko; compatible; GPTBot/1.3; +https://openai.com/gptbot)" 510 **0/510246**
216.73.216.210 - - [16/Mar/2026:10:48:20 -0700] "GET /detail/1581037676.shtm?fileloc=%2Fhome%2Fdpknvn09897v%2Fpublic_html%2Fwp-includes%2Fsitemaps.php&path=%2Fhome%2Fdpknvn09897v%2Fpublic_html%2Fwp-includes HTTP/1.1" 200 3248 "-" "Mozilla/5.0 AppleWebKit/537.36 (KHTML, like Gecko; compatible; ClaudeBot/1.0; +claudebot@anthropic.com)" 494 **0/494273**
74.7.227.169 - - [16/Mar/2026:10:48:23 -0700] "GET /detail/79877902.shtm?fileloc=//bin/pr&path=//bin HTTP/1.1" 200 33944 "http://www.golz.in/detail/79877902.shtm?path=//bin" "Mozilla/5.0 AppleWebKit/537.36 (KHTML, like Gecko; compatible; GPTBot/1.3; +https://openai.com/gptbot)" 503 **0/503032**
216.73.216.210 - - [16/Mar/2026:10:48:23 -0700] "GET /detail/3048635013.shtm?fileloc=%2Fhome%2Fdpknvn09897v%2Fpublic_html%2Fwp-includes%2Fclass-wp-http-curl.php&path=%2Fhome%2Fdpknvn09897v%2Fpublic_html%2Fwp-includes HTTP/1.1" 200 5864 "-" "Mozilla/5.0 AppleWebKit/537.36 (KHTML, like Gecko; compatible; ClaudeBot/1.0; +claudebot@anthropic.com)" 485 **0/485499**
114.119.135.65 - - [16/Mar/2026:10:48:24 -0700] "GET /detail/2535031112.shtm HTTP/1.1" 200 4098 "http://www.golz.in/sitemap.xml" "Mozilla/5.0 (Linux; Android 7.0;) AppleWebKit/537.36 (KHTML, like Gecko) Mobile Safari/537.36 (compatible; PetalBot;+https://webmaster.petalsearch.com/site/petalbot)" 498 **0/498902**
74.7.227.169 - - [16/Mar/2026:10:48:26 -0700] "GET /detail/79877902.shtm?fileloc=//bin/mv&path=//bin HTTP/1.1" 200 61338 "http://www.golz.in/detail/79877902.shtm?path=//bin" "Mozilla/5.0 AppleWebKit/537.36 (KHTML, like Gecko; compatible; GPTBot/1.3; +https://openai.com/gptbot)" 528 **0/528757**
216.73.216.210 - - [16/Mar/2026:10:48:26 -0700] "GET /detail/4163750565.shtm?fileloc=%2Fhome%2Fdpknvn09897v%2Fpublic_html%2Fwp-includes%2Fpost-template.php&path=%2Fhome%2Fdpknvn09897v%2Fpublic_html%2Fwp-includes HTTP/1.1" 200 18064 "-" "Mozilla/5.0 AppleWebKit/537.36 (KHTML, like Gecko; compatible; ClaudeBot/1.0; +claudebot@anthropic.com)" 503 **0/503075**
216.73.216.210 - - [16/Mar/2026:10:48:29 -0700] "GET /detail/1581037676.shtm?path=%2Fhome%2Fdpknvn09897v%2Fpublic_html%2Fwp-includes%2Fsitemaps HTTP/1.1" 200 2806 "-" "Mozilla/5.0 AppleWebKit/537.36 (KHTML, like Gecko; compatible; ClaudeBot/1.0; +claudebot@anthropic.com)" 493 **0/493445**
74.7.227.169 - - [16/Mar/2026:10:48:29 -0700] "GET /detail/79877902.shtm?fileloc=//bin/rm&path=//bin HTTP/1.1" 200 30507 "http://www.golz.in/detail/79877902.shtm?path=//bin" "Mozilla/5.0 AppleWebKit/537.36 (KHTML, like Gecko; compatible; GPTBot/1.3; +https://openai.com/gptbot)" 516 **0/516221**
216.73.216.210 - - [16/Mar/2026:10:48:32 -0700] "GET /detail/4257293791.shtm?fileloc=%2Fhome%2Fdpknvn09897v%2Fpublic_html%2Fgolz.in%2Fwp-includes%2Fclass.wp-scripts.php&path=%2Fhome%2Fdpknvn09897v%2Fpublic_html%2Fgolz.in%2Fwp-includes HTTP/1.1" 200 2468 "-" "Mozilla/5.0 AppleWebKit/537.36 (KHTML, like Gecko; compatible; ClaudeBot/1.0; +claudebot@anthropic.com)" 492 **0/492812**
74.7.227.169 - - [16/Mar/2026:10:48:32 -0700] "GET /detail/9999482.shtm?fileloc=//proc/sys/net/ipv4/tcp_min_tso_segs&path=//proc/sys/net/ipv4 HTTP/1.1" 200 2290 "http://www.golz.in/detail/9999482.shtm?path=//proc/sys/net/ipv4" "Mozilla/5.0 AppleWebKit/537.36 (KHTML, like Gecko; compatible; GPTBot/1.3; +https://openai.com/gptbot)" 490 **0/490364**
216.73.216.210 - - [16/Mar/2026:10:48:35 -0700] "GET /detail/529445352.shtm?path=%2F%2Fusr%2Flib%2Fgems HTTP/1.1" 200 2554 "-" "Mozilla/5.0 AppleWebKit/537.36 (KHTML, like Gecko; compatible; ClaudeBot/1.0; +claudebot@anthropic.com)" 506 **0/506136**
74.7.227.169 - - [16/Mar/2026:10:48:36 -0700] "GET /detail/9999482.shtm?fileloc=//proc/sys/net/ipv4/tcp_comp_sack_nr&path=//proc/sys/net/ipv4 HTTP/1.1" 200 2288 "http://www.golz.in/detail/9999482.shtm?path=//proc/sys/net/ipv4" "Mozilla/5.0 AppleWebKit/537.36 (KHTML, like Gecko; compatible; GPTBot/1.3; +https://openai.com/gptbot)" 491 **0/491644**
216.73.216.210 - - [16/Mar/2026:10:48:38 -0700] "GET /detail/4163750565.shtm?fileloc=%2F%2Fusr%2Fsbin%2Fdnssec-keymgr&path=%2F%2Fusr%2Fsbin HTTP/1.1" 200 2681 "-" "Mozilla/5.0 AppleWebKit/537.36 (KHTML, like Gecko; compatible; ClaudeBot/1.0; +claudebot@anthropic.com)" 498 **0/498367**
74.7.227.169 - - [16/Mar/2026:10:48:39 -0700] "GET /detail/9999482.shtm?fileloc=//proc/sys/net/ipv4/tcp_tx_skb_cache&path=//proc/sys/net/ipv4 HTTP/1.1" 200 2286 "http://www.golz.in/detail/9999482.shtm?path=//proc/sys/net/ipv4" "Mozilla/5.0 AppleWebKit/537.36 (KHTML, like Gecko; compatible; GPTBot/1.3; +https://openai.com/gptbot)" 508 **0/508083**
216.73.216.210 - - [16/Mar/2026:10:48:41 -0700] "GET /detail/1535633.shtm?fileloc=%2Fhome%2Fdpknvn09897v%2Fpublic_html%2Fgolz.in%2Fwp-includes%2Fclass-wp-oembed-controller.php&path=%2Fhome%2Fdpknvn09897v%2Fpublic_html%2Fgolz.in%2Fwp-includes HTTP/1.1" 200 4348 "-" "Mozilla/5.0 AppleWebKit/537.36 (KHTML, like Gecko; compatible; ClaudeBot/1.0; +claudebot@anthropic.com)" 501 **0/501674**
74.7.227.169 - - [16/Mar/2026:10:48:42 -0700] "GET /detail/9999482.shtm?fileloc=//proc/sys/net/ipv4/tcp_min_snd_mss&path=//proc/sys/net/ipv4 HTTP/1.1" 200 2287 "http://www.golz.in/detail/9999482.shtm?path=//proc/sys/net/ipv4" "Mozilla/5.0 AppleWebKit/537.36 (KHTML, like Gecko; compatible; GPTBot/1.3; +https://openai.com/gptbot)" 497 **0/497417**
216.73.216.210 - - [16/Mar/2026:10:48:44 -0700] "GET /detail/4163750565.shtm?fileloc=%2Fhome%2Fdpknvn09897v%2Fpublic_html%2Fwp-includes%2Fcategory-template.php&path=%2Fhome%2Fdpknvn09897v%2Fpublic_html%2Fwp-includes HTTP/1.1" 200 15274 "-" "Mozilla/5.0 AppleWebKit/537.36 (KHTML, like Gecko; compatible; ClaudeBot/1.0; +claudebot@anthropic.com)" 494 **0/494564**
74.7.227.169 - - [16/Mar/2026:10:48:45 -0700] "GET /detail/9999482.shtm?fileloc=//proc/sys/net/ipv4/tcp_min_rtt_wlen&path=//proc/sys/net/ipv4 HTTP/1.1" 200 2289 "http://www.golz.in/detail/9999482.shtm?path=//proc/sys/net/ipv4" "Mozilla/5.0 AppleWebKit/537.36 (KHTML, like Gecko; compatible; GPTBot/1.3; +https://openai.com/gptbot)" 504 **0/504693**
216.73.216.210 - - [16/Mar/2026:10:48:47 -0700] "GET /detail/4128106262.shtm?fileloc=%2Fhome%2Fdpknvn09897v%2Fpublic_html%2Fwp-includes%2Fcron.php&path=%2Fhome%2Fdpknvn09897v%2Fpublic_html%2Fwp-includes HTTP/1.1" 200 9881 "-" "Mozilla/5.0 AppleWebKit/537.36 (KHTML, like Gecko; compatible; ClaudeBot/1.0; +claudebot@anthropic.com)" 533 **0/533811**
74.7.227.169 - - [16/Mar/2026:10:48:48 -0700] "GET /detail/8787383.shtm?fileloc=//bin/test&path=//bin HTTP/1.1" 200 22351 "http://www.golz.in/detail/8787383.shtm?path=//bin" "Mozilla/5.0 AppleWebKit/537.36 (KHTML, like Gecko; compatible; GPTBot/1.3; +https://openai.com/gptbot)" 510 **0/510467**
216.73.216.210 - - [16/Mar/2026:10:48:50 -0700] "GET /detail/1581037676.shtm?fileloc=%2Fhome%2Fdpknvn09897v%2Fpublic_html%2Fwp-includes%2Fclass-snoopy.php&path=%2Fhome%2Fdpknvn09897v%2Fpublic_html%2Fwp-includes HTTP/1.1" 200 10204 "-" "Mozilla/5.0 AppleWebKit/537.36 (KHTML, like Gecko; compatible; ClaudeBot/1.0; +claudebot@anthropic.com)" 502 **0/502979**
74.7.227.169 - - [16/Mar/2026:10:48:51 -0700] "GET /detail/8787383.shtm?fileloc=//bin/tail&path=//bin HTTP/1.1" 200 31360 "http://www.golz.in/detail/8787383.shtm?path=//bin" "Mozilla/5.0 AppleWebKit/537.36 (KHTML, like Gecko; compatible; GPTBot/1.3; +https://openai.com/gptbot)" 515 **0/515433**
216.73.216.210 - - [16/Mar/2026:10:48:53 -0700] "GET /detail/3501382864.shtm?path=%2Fhome%2Fdpknvn09897v%2Fpublic_html%2Fgolz.in%2Fwp-includes%2Fabilities-api HTTP/1.1" 200 2746 "-" "Mozilla/5.0 AppleWebKit/537.36 (KHTML, like Gecko; compatible; ClaudeBot/1.0; +claudebot@anthropic.com)" 506 **0/506235**
74.7.227.169 - - [16/Mar/2026:10:48:55 -0700] "GET /detail/8787383.shtm?fileloc=//bin/stat&path=//bin HTTP/1.1" 200 37182 "http://www.golz.in/detail/8787383.shtm?path=//bin" "Mozilla/5.0 AppleWebKit/537.36 (KHTML, like Gecko; compatible; GPTBot/1.3; +https://openai.com/gptbot)" 515 **0/515936**
74.7.227.169 - - [16/Mar/2026:10:48:58 -0700] "GET /detail/8787383.shtm?fileloc=//etc/virc&path=//etc HTTP/1.1" 200 2912 "http://www.golz.in/detail/8787383.shtm?path=//etc" "Mozilla/5.0 AppleWebKit/537.36 (KHTML, like Gecko; compatible; GPTBot/1.3; +https://openai.com/gptbot)" 502 **0/502248**
74.7.227.169 - - [16/Mar/2026:10:49:01 -0700] "GET /detail/8787383.shtm?fileloc=//bin/file&path=//bin HTTP/1.1" 200 10630 "http://www.golz.in/detail/8787383.shtm?path=//bin" "Mozilla/5.0 AppleWebKit/537.36 (KHTML, like Gecko; compatible; GPTBot/1.3; +https://openai.com/gptbot)" 512 **0/512040**
43.130.78.203 - - [16/Mar/2026:10:49:01 -0700] "GET /?fileloc=/home/dpknvn09897v/public_html/golz.in/wp-admin/.htaccess&path=/home/dpknvn09897v/public_html/golz.in/wp-admin HTTP/1.1" 200 3307 "-" "Mozilla/5.0 (iPhone; CPU iPhone OS 13_2_3 like Mac OS X) AppleWebKit/605.1.15 (KHTML, like Gecko) Version/13.0.3 Mobile/15E148 Safari/604.1" 531 **0/531026**
74.7.227.169 - - [16/Mar/2026:10:49:04 -0700] "GET /detail/8787383.shtm?fileloc=//bin/mail&path=//bin HTTP/1.1" 200 174095 "http://www.golz.in/detail/8787383.shtm?path=//bin" "Mozilla/5.0 AppleWebKit/537.36 (KHTML, like Gecko; compatible; GPTBot/1.3; +https://openai.com/gptbot)" 594 **0/594076**
74.7.227.169 - - [16/Mar/2026:10:49:07 -0700] "GET /detail/8787383.shtm?fileloc=//bin/tset&path=//bin HTTP/1.1" 200 11630 "http://www.golz.in/detail/8787383.shtm?path=//bin" "Mozilla/5.0 AppleWebKit/537.36 (KHTML, like Gecko; compatible; GPTBot/1.3; +https://openai.com/gptbot)" 508 **0/508517**
74.7.227.169 - - [16/Mar/2026:10:49:10 -0700] "GET /detail/8787383.shtm?path=//usr/lib/dracut HTTP/1.1" 200 2897 "http://www.golz.in/detail/8787383.shtm?path=//usr/lib" "Mozilla/5.0 AppleWebKit/537.36 (KHTML, like Gecko; compatible; GPTBot/1.3; +https://openai.com/gptbot)" 512 **0/512859**
74.7.227.169 - - [16/Mar/2026:10:49:13 -0700] "GET /detail/8787383.shtm?path=//usr/lib/tmpfiles.d HTTP/1.1" 200 3476 "http://www.golz.in/detail/8787383.shtm?path=//usr/lib" "Mozilla/5.0 AppleWebKit/537.36 (KHTML, like Gecko; compatible; GPTBot/1.3; +https://openai.com/gptbot)" 504 **0/504964**
74.7.227.169 - - [16/Mar/2026:10:49:16 -0700] "GET /detail/8787383.shtm?path=//opt/alt/sqlite HTTP/1.1" 200 2556 "http://www.golz.in/detail/8787383.shtm?path=//opt/alt" "Mozilla/5.0 AppleWebKit/537.36 (KHTML, like Gecko; compatible; GPTBot/1.3; +https://openai.com/gptbot)" 524 **0/524432**
74.7.227.169 - - [16/Mar/2026:10:49:20 -0700] "GET /detail/8787383.shtm?path=//lib/debug/sbin HTTP/1.1" 200 2315 "http://www.golz.in/detail/8787383.shtm?path=//lib/debug" "Mozilla/5.0 AppleWebKit/537.36 (KHTML, like Gecko; compatible; GPTBot/1.3; +https://openai.com/gptbot)" 491 **0/491394**
74.7.227.169 - - [16/Mar/2026:10:49:23 -0700] "GET /detail/8787383.shtm?path=//opt/alt/zeromq HTTP/1.1" 200 2557 "http://www.golz.in/detail/8787383.shtm?path=//opt/alt" "Mozilla/5.0 AppleWebKit/537.36 (KHTML, like Gecko; compatible; GPTBot/1.3; +https://openai.com/gptbot)" 516 **0/516870**
74.7.227.169 - - [16/Mar/2026:10:49:26 -0700] "GET /detail/8787383.shtm?path=//lib/rpm/redhat HTTP/1.1" 200 3085 "http://www.golz.in/detail/8787383.shtm?path=//lib/rpm" "Mozilla/5.0 AppleWebKit/537.36 (KHTML, like Gecko; compatible; GPTBot/1.3; +https://openai.com/gptbot)" 504 **0/504547**
74.7.227.169 - - [16/Mar/2026:10:49:29 -0700] "GET /detail/5247171.shtm?path=//opt/alt/sqlite HTTP/1.1" 200 2556 "http://www.golz.in/detail/5247171.shtm?path=//opt/alt" "Mozilla/5.0 AppleWebKit/537.36 (KHTML, like Gecko; compatible; GPTBot/1.3; +https://openai.com/gptbot)" 513 **0/513116**
74.7.227.169 - - [16/Mar/2026:10:49:32 -0700] "GET /detail/8787383.shtm?path=//lib/sysusers.d HTTP/1.1" 200 2661 "http://www.golz.in/detail/8787383.shtm?path=//lib" "Mozilla/5.0 AppleWebKit/537.36 (KHTML, like Gecko; compatible; GPTBot/1.3; +https://openai.com/gptbot)" 542 **0/542363**
74.7.227.169 - - [16/Mar/2026:10:49:35 -0700] "GET /detail/8787383.shtm?path=//proc/self/attr HTTP/1.1" 200 2712 "http://www.golz.in/detail/8787383.shtm?path=//proc/self" "Mozilla/5.0 AppleWebKit/537.36 (KHTML, like Gecko; compatible; GPTBot/1.3; +https://openai.com/gptbot)" 501 **0/501724**
74.7.227.169 - - [16/Mar/2026:10:49:38 -0700] "GET /detail/8787383.shtm?path=//proc/self/root HTTP/1.1" 200 2864 "http://www.golz.in/detail/8787383.shtm?path=//proc/self" "Mozilla/5.0 AppleWebKit/537.36 (KHTML, like Gecko; compatible; GPTBot/1.3; +https://openai.com/gptbot)" 505 **0/505066**
74.7.227.169 - - [16/Mar/2026:10:49:41 -0700] "GET /detail/8787383.shtm?path=//opt/suphp/sbin HTTP/1.1" 200 2314 "http://www.golz.in/detail/8787383.shtm?path=//opt/suphp" "Mozilla/5.0 AppleWebKit/537.36 (KHTML, like Gecko; compatible; GPTBot/1.3; +https://openai.com/gptbot)" 505 **0/505232**
74.7.227.169 - - [16/Mar/2026:10:49:45 -0700] "GET /detail/5247171.shtm?path=//proc/self/attr HTTP/1.1" 200 2712 "http://www.golz.in/detail/5247171.shtm?path=//proc/self" "Mozilla/5.0 AppleWebKit/537.36 (KHTML, like Gecko; compatible; GPTBot/1.3; +https://openai.com/gptbot)" 496 **0/496597**
74.7.227.169 - - [16/Mar/2026:10:49:48 -0700] "GET /detail/8787383.shtm?path=//usr/lib/kernel HTTP/1.1" 200 2556 "http://www.golz.in/detail/8787383.shtm?path=//usr/lib" "Mozilla/5.0 AppleWebKit/537.36 (KHTML, like Gecko; compatible; GPTBot/1.3; +https://openai.com/gptbot)" 500 **0/500218**
74.7.227.169 - - [16/Mar/2026:10:49:51 -0700] "GET /detail/8787383.shtm?path=//opt/alt/libzip HTTP/1.1" 200 2557 "http://www.golz.in/detail/8787383.shtm?path=//opt/alt" "Mozilla/5.0 AppleWebKit/537.36 (KHTML, like Gecko; compatible; GPTBot/1.3; +https://openai.com/gptbot)" 512 **0/512882**
74.7.227.169 - - [16/Mar/2026:10:49:54 -0700] "GET /detail/8787383.shtm?path=//var/run/screen HTTP/1.1" 200 2303 "http://www.golz.in/detail/8787383.shtm?path=//var/run" "Mozilla/5.0 AppleWebKit/537.36 (KHTML, like Gecko; compatible; GPTBot/1.3; +https://openai.com/gptbot)" 482 **0/482335**
74.7.227.169 - - [16/Mar/2026:10:49:57 -0700] "GET /detail/8787383.shtm?path=//usr/lib/locale HTTP/1.1" 200 3487 "http://www.golz.in/detail/8787383.shtm?path=//usr/lib" "Mozilla/5.0 AppleWebKit/537.36 (KHTML, like Gecko; compatible; GPTBot/1.3; +https://openai.com/gptbot)" 490 **0/490110**
74.7.227.169 - - [16/Mar/2026:10:50:00 -0700] "GET /detail/8787383.shtm?fileloc=//lib/rpm/redhat/config.sub&path=//lib/rpm/redhat HTTP/1.1" 200 12460 "http://www.golz.in/detail/8787383.shtm?path=//lib/rpm/redhat" "Mozilla/5.0 AppleWebKit/537.36 (KHTML, like Gecko; compatible; GPTBot/1.3; +https://openai.com/gptbot)" 514 **0/514104**
66.249.71.71 - - [16/Mar/2026:10:50:00 -0700] "GET /?detail/27782517 HTTP/1.1" 200 21387 "-" "Mozilla/5.0 (Linux; Android 6.0.1; Nexus 5X Build/MMB29P) AppleWebKit/537.36 (KHTML, like Gecko) Chrome/145.0.7632.116 Mobile Safari/537.36 (compatible; Googlebot/2.1; +http://www.google.com/bot.html)" 1837 **1/1837331**
74.7.227.169 - - [16/Mar/2026:10:50:03 -0700] "GET /detail/5247171.shtm?path=//opt/alt/sqlite/usr HTTP/1.1" 200 2617 "http://www.golz.in/detail/5247171.shtm?path=//opt/alt/sqlite" "Mozilla/5.0 AppleWebKit/537.36 (KHTML, like Gecko; compatible; GPTBot/1.3; +https://openai.com/gptbot)" 610 **0/610339**
74.7.227.169 - - [16/Mar/2026:10:50:07 -0700] "GET /detail/5247171.shtm?path=//lib/tmpfiles.d HTTP/1.1" 200 3466 "http://www.golz.in/detail/5247171.shtm?path=//lib" "Mozilla/5.0 AppleWebKit/537.36 (KHTML, like Gecko; compatible; GPTBot/1.3; +https://openai.com/gptbot)" 520 **0/520063**
114.119.143.213 - - [16/Mar/2026:10:50:09 -0700] "GET /detail/253443350.shtm HTTP/1.1" 200 4098 "http://www.golz.in/sitemap.xml" "Mozilla/5.0 (Linux; Android 7.0;) AppleWebKit/537.36 (KHTML, like Gecko) Mobile Safari/537.36 (compatible; PetalBot;+https://webmaster.petalsearch.com/site/petalbot)" 516 **0/516853**
74.7.227.169 - - [16/Mar/2026:10:50:10 -0700] "GET /detail/8787383.shtm?path=//opt/alt/cyrus-sasl HTTP/1.1" 200 2657 "http://www.golz.in/detail/8787383.shtm?path=//opt/alt" "Mozilla/5.0 AppleWebKit/537.36 (KHTML, like Gecko; compatible; GPTBot/1.3; +https://openai.com/gptbot)" 514 **0/514127**
74.7.227.169 - - [16/Mar/2026:10:50:13 -0700] "GET /detail/8787383.shtm?path=//proc/self/root/run HTTP/1.1" 200 2861 "http://www.golz.in/detail/8787383.shtm?path=//proc/self/root" "Mozilla/5.0 AppleWebKit/537.36 (KHTML, like Gecko; compatible; GPTBot/1.3; +https://openai.com/gptbot)" 504 **0/504449**
74.7.227.169 - - [16/Mar/2026:10:50:16 -0700] "GET /detail/8787383.shtm?path=//proc/self/root/bin HTTP/1.1" 200 14535 "http://www.golz.in/detail/8787383.shtm?path=//proc/self/root" "Mozilla/5.0 AppleWebKit/537.36 (KHTML, like Gecko; compatible; GPTBot/1.3; +https://openai.com/gptbot)" 541 **0/541742**
74.7.227.169 - - [16/Mar/2026:10:50:19 -0700] "GET /detail/8787383.shtm?path=//proc/self/root/etc HTTP/1.1" 200 4653 "http://www.golz.in/detail/8787383.shtm?path=//proc/self/root" "Mozilla/5.0 AppleWebKit/537.36 (KHTML, like Gecko; compatible; GPTBot/1.3; +https://openai.com/gptbot)" 544 **0/544896**
74.7.227.169 - - [16/Mar/2026:10:50:23 -0700] "GET /detail/8787383.shtm?path=//proc/self/root/usr HTTP/1.1" 200 2793 "http://www.golz.in/detail/8787383.shtm?path=//proc/self/root" "Mozilla/5.0 AppleWebKit/537.36 (KHTML, like Gecko; compatible; GPTBot/1.3; +https://openai.com/gptbot)" 498 **0/498498**
74.7.227.169 - - [16/Mar/2026:10:50:26 -0700] "GET /detail/8787383.shtm?path=//opt/alt/libzip/usr HTTP/1.1" 200 2591 "http://www.golz.in/detail/8787383.shtm?path=//opt/alt/libzip" "Mozilla/5.0 AppleWebKit/537.36 (KHTML, like Gecko; compatible; GPTBot/1.3; +https://openai.com/gptbot)" 490 **0/490340**
74.7.227.169 - - [16/Mar/2026:10:50:29 -0700] "GET /detail/8787383.shtm?path=//lib/modules-load.d HTTP/1.1" 200 2310 "http://www.golz.in/detail/8787383.shtm?path=//lib" "Mozilla/5.0 AppleWebKit/537.36 (KHTML, like Gecko; compatible; GPTBot/1.3; +https://openai.com/gptbot)" 521 **0/521916**
74.7.227.169 - - [16/Mar/2026:10:50:32 -0700] "GET /detail/5247171.shtm?path=//opt/alt/libzip HTTP/1.1" 200 2557 "http://www.golz.in/detail/5247171.shtm?path=//opt/alt" "Mozilla/5.0 AppleWebKit/537.36 (KHTML, like Gecko; compatible; GPTBot/1.3; +https://openai.com/gptbot)" 500 **0/500465**
74.7.227.169 - - [16/Mar/2026:10:50:35 -0700] "GET /detail/8787383.shtm?path=//proc/tty/ldisc HTTP/1.1" 200 2315 "http://www.golz.in/detail/8787383.shtm?path=//proc/tty" "Mozilla/5.0 AppleWebKit/537.36 (KHTML, like Gecko; compatible; GPTBot/1.3; +https://openai.com/gptbot)" 534 **0/534884**
74.7.227.169 - - [16/Mar/2026:10:50:38 -0700] "GET /detail/8787383.shtm?path=//opt/alt/libicu HTTP/1.1" 200 2555 "http://www.golz.in/detail/8787383.shtm?path=//opt/alt" "Mozilla/5.0 AppleWebKit/537.36 (KHTML, like Gecko; compatible; GPTBot/1.3; +https://openai.com/gptbot)" 486 **0/486249**
74.7.227.169 - - [16/Mar/2026:10:50:42 -0700] "GET /detail/8787383.shtm?path=//opt/alt/zeromq/usr HTTP/1.1" 200 2619 "http://www.golz.in/detail/8787383.shtm?path=//opt/alt/zeromq" "Mozilla/5.0 AppleWebKit/537.36 (KHTML, like Gecko; compatible; GPTBot/1.3; +https://openai.com/gptbot)" 516 **0/516713**
74.7.227.169 - - [16/Mar/2026:10:50:45 -0700] "GET /detail/8787383.shtm?path=//opt/alt/sqlite/usr HTTP/1.1" 200 2617 "http://www.golz.in/detail/8787383.shtm?path=//opt/alt/sqlite" "Mozilla/5.0 AppleWebKit/537.36 (KHTML, like Gecko; compatible; GPTBot/1.3; +https://openai.com/gptbot)" 507 **0/507127**
74.7.227.169 - - [16/Mar/2026:10:50:48 -0700] "GET /detail/5247171.shtm?path=//opt/alt/zeromq HTTP/1.1" 200 2557 "http://www.golz.in/detail/5247171.shtm?path=//opt/alt" "Mozilla/5.0 AppleWebKit/537.36 (KHTML, like Gecko; compatible; GPTBot/1.3; +https://openai.com/gptbot)" 502 **0/502738**
74.7.227.169 - - [16/Mar/2026:10:50:51 -0700] "GET /detail/8787383.shtm?fileloc=//proc/self/root/bin/mariadb-plugin&path=//proc/self/root/bin HTTP/1.1" 200 534641 "http://www.golz.in/detail/8787383.shtm?path=//proc/self/root/bin" "Mozilla/5.0 AppleWebKit/537.36 (KHTML, like Gecko; compatible; GPTBot/1.3; +https://openai.com/gptbot)" 941 **0/941830**
216.73.216.210 - - [16/Mar/2026:10:50:53 -0700] "GET /detail/4185250797.shtm?path=%2F%2Fbin HTTP/1.1" 403 3512 "-" "Mozilla/5.0 AppleWebKit/537.36 (KHTML, like Gecko; compatible; ClaudeBot/1.0; +claudebot@anthropic.com)" 495 **0/495018**
74.7.227.169 - - [16/Mar/2026:10:50:54 -0700] "GET /detail/8787383.shtm?fileloc=//proc/self/root/bin/dnstap-read&path=//proc/self/root/bin HTTP/1.1" 200 8239 "http://www.golz.in/detail/8787383.shtm?path=//proc/self/root/bin" "Mozilla/5.0 AppleWebKit/537.36 (KHTML, like Gecko; compatible; GPTBot/1.3; +https://openai.com/gptbot)" 516 **0/516651**
216.73.216.210 - - [16/Mar/2026:10:50:56 -0700] "GET /detail/3920419241.shtm?fileloc=%2Fhome%2Fdpknvn09897v%2Fpublic_html%2Fgolz.in%2Fwp-includes%2Fclass-wp-embed.php&path=%2Fhome%2Fdpknvn09897v%2Fpublic_html%2Fgolz.in%2Fwp-includes HTTP/1.1" 403 3512 "-" "Mozilla/5.0 AppleWebKit/537.36 (KHTML, like Gecko; compatible; ClaudeBot/1.0; +claudebot@anthropic.com)" 509 **0/509193**
74.7.227.169 - - [16/Mar/2026:10:50:57 -0700] "GET /detail/8787383.shtm?fileloc=//proc/self/root/bin/autoheader&path=//proc/self/root/bin HTTP/1.1" 200 5752 "http://www.golz.in/detail/8787383.shtm?path=//proc/self/root/bin" "Mozilla/5.0 AppleWebKit/537.36 (KHTML, like Gecko; compatible; GPTBot/1.3; +https://openai.com/gptbot)" 499 **0/499967**
74.7.227.169 - - [16/Mar/2026:10:51:00 -0700] "GET /detail/8787383.shtm?path=//usr/lib/sysusers.d HTTP/1.1" 200 2671 "http://www.golz.in/detail/8787383.shtm?path=//usr/lib" "Mozilla/5.0 AppleWebKit/537.36 (KHTML, like Gecko; compatible; GPTBot/1.3; +https://openai.com/gptbot)" 497 **0/497189**
74.7.227.169 - - [16/Mar/2026:10:51:03 -0700] "GET /detail/8787383.shtm?path=//proc/self/root/var HTTP/1.1" 200 2908 "http://www.golz.in/detail/8787383.shtm?path=//proc/self/root" "Mozilla/5.0 AppleWebKit/537.36 (KHTML, like Gecko; compatible; GPTBot/1.3; +https://openai.com/gptbot)" 505 **0/505632**
74.7.227.169 - - [16/Mar/2026:10:51:07 -0700] "GET /detail/5247171.shtm?path=//opt/alt/libzip/usr HTTP/1.1" 200 2591 "http://www.golz.in/detail/5247171.shtm?path=//opt/alt/libzip" "Mozilla/5.0 AppleWebKit/537.36 (KHTML, like Gecko; compatible; GPTBot/1.3; +https://openai.com/gptbot)" 496 **0/496046**
74.7.227.169 - - [16/Mar/2026:10:51:10 -0700] "GET /detail/8787383.shtm?path=//lib/modprobe.d HTTP/1.1" 200 2613 "http://www.golz.in/detail/8787383.shtm?path=//lib" "Mozilla/5.0 AppleWebKit/537.36 (KHTML, like Gecko; compatible; GPTBot/1.3; +https://openai.com/gptbot)" 502 **0/502951**
74.7.227.169 - - [16/Mar/2026:10:51:13 -0700] "GET /detail/8787383.shtm?path=//opt/alt/libicu/usr HTTP/1.1" 200 2642 "http://www.golz.in/detail/8787383.shtm?path=//opt/alt/libicu" "Mozilla/5.0 AppleWebKit/537.36 (KHTML, like Gecko; compatible; GPTBot/1.3; +https://openai.com/gptbot)" 492 **0/492912**
114.119.132.68 - - [16/Mar/2026:10:51:15 -0700] "GET /detail/2533819013.shtm HTTP/1.1" 200 4098 "http://www.golz.in/sitemap.xml" "Mozilla/5.0 (Linux; Android 7.0;) AppleWebKit/537.36 (KHTML, like Gecko) Mobile Safari/537.36 (compatible; PetalBot;+https://webmaster.petalsearch.com/site/petalbot)" 485 **0/485484**
74.7.227.169 - - [16/Mar/2026:10:51:16 -0700] "GET /detail/5247171.shtm?path=//lib/rpm/redhat HTTP/1.1" 200 3085 "http://www.golz.in/detail/5247171.shtm?path=//lib/rpm" "Mozilla/5.0 AppleWebKit/537.36 (KHTML, like Gecko; compatible; GPTBot/1.3; +https://openai.com/gptbot)" 488 **0/488482**
74.7.227.169 - - [16/Mar/2026:10:51:19 -0700] "GET /detail/8787383.shtm?path=//proc/self/task HTTP/1.1" 200 2555 "http://www.golz.in/detail/8787383.shtm?path=//proc/self" "Mozilla/5.0 AppleWebKit/537.36 (KHTML, like Gecko; compatible; GPTBot/1.3; +https://openai.com/gptbot)" 502 **0/502964**
74.7.227.169 - - [16/Mar/2026:10:51:22 -0700] "GET /detail/8787383.shtm?path=//var/spool/cron HTTP/1.1" 200 2305 "http://www.golz.in/detail/8787383.shtm?path=//var/spool" "Mozilla/5.0 AppleWebKit/537.36 (KHTML, like Gecko; compatible; GPTBot/1.3; +https://openai.com/gptbot)" 494 **0/494361**
74.7.227.169 - - [16/Mar/2026:10:51:26 -0700] "GET /detail/8787383.shtm?path=//proc/self/root/lib HTTP/1.1" 200 3599 "http://www.golz.in/detail/8787383.shtm?path=//proc/self/root" "Mozilla/5.0 AppleWebKit/537.36 (KHTML, like Gecko; compatible; GPTBot/1.3; +https://openai.com/gptbot)" 541 **0/541835**
74.7.227.169 - - [16/Mar/2026:10:51:29 -0700] "GET /detail/8787383.shtm?path=//proc/self/root/opt HTTP/1.1" 200 2811 "http://www.golz.in/detail/8787383.shtm?path=//proc/self/root" "Mozilla/5.0 AppleWebKit/537.36 (KHTML, like Gecko; compatible; GPTBot/1.3; +https://openai.com/gptbot)" 504 **0/504122**
74.7.227.169 - - [16/Mar/2026:10:51:32 -0700] "GET /detail/5247171.shtm?path=//opt/alt/libicu HTTP/1.1" 200 2555 "http://www.golz.in/detail/5247171.shtm?path=//opt/alt" "Mozilla/5.0 AppleWebKit/537.36 (KHTML, like Gecko; compatible; GPTBot/1.3; +https://openai.com/gptbot)" 509 **0/509540**
74.7.227.169 - - [16/Mar/2026:10:51:35 -0700] "GET /detail/5247171.shtm?path=//opt/suphp/sbin HTTP/1.1" 200 2314 "http://www.golz.in/detail/5247171.shtm?path=//opt/suphp" "Mozilla/5.0 AppleWebKit/537.36 (KHTML, like Gecko; compatible; GPTBot/1.3; +https://openai.com/gptbot)" 513 **0/513842**
74.7.227.169 - - [16/Mar/2026:10:51:38 -0700] "GET /detail/8787383.shtm?path=//proc/self/root/var/www HTTP/1.1" 200 2601 "http://www.golz.in/detail/8787383.shtm?path=//proc/self/root/var" "Mozilla/5.0 AppleWebKit/537.36 (KHTML, like Gecko; compatible; GPTBot/1.3; +https://openai.com/gptbot)" 514 **0/514626**
74.7.227.169 - - [16/Mar/2026:10:51:41 -0700] "GET /detail/8787383.shtm?path=//proc/self/root/var/php HTTP/1.1" 200 2572 "http://www.golz.in/detail/8787383.shtm?path=//proc/self/root/var" "Mozilla/5.0 AppleWebKit/537.36 (KHTML, like Gecko; compatible; GPTBot/1.3; +https://openai.com/gptbot)" 504 **0/504433**
74.7.227.169 - - [16/Mar/2026:10:51:44 -0700] "GET /detail/8787383.shtm?path=//proc/self/root/tmp HTTP/1.1" 200 2555 "http://www.golz.in/detail/8787383.shtm?path=//proc/self/root" "Mozilla/5.0 AppleWebKit/537.36 (KHTML, like Gecko; compatible; GPTBot/1.3; +https://openai.com/gptbot)" 491 **0/491252**
74.7.227.169 - - [16/Mar/2026:10:51:47 -0700] "GET /detail/8787383.shtm?path=//lib/tmpfiles.d HTTP/1.1" 200 3466 "http://www.golz.in/detail/8787383.shtm?path=//lib" "Mozilla/5.0 AppleWebKit/537.36 (KHTML, like Gecko; compatible; GPTBot/1.3; +https://openai.com/gptbot)" 500 **0/500677**
74.7.227.169 - - [16/Mar/2026:10:51:50 -0700] "GET /detail/8787383.shtm?fileloc=//bin/iconv&path=//bin HTTP/1.1" 200 25346 "http://www.golz.in/detail/8787383.shtm?path=//bin" "Mozilla/5.0 AppleWebKit/537.36 (KHTML, like Gecko; compatible; GPTBot/1.3; +https://openai.com/gptbot)" 493 **0/493930**
74.7.227.169 - - [16/Mar/2026:10:51:53 -0700] "GET /detail/8787383.shtm?fileloc=//bin/ipcrm&path=//bin HTTP/1.1" 200 12959 "http://www.golz.in/detail/8787383.shtm?path=//bin" "Mozilla/5.0 AppleWebKit/537.36 (KHTML, like Gecko; compatible; GPTBot/1.3; +https://openai.com/gptbot)" 502 **0/502990**
74.7.227.169 - - [16/Mar/2026:10:51:57 -0700] "GET /detail/8787383.shtm?fileloc=//bin/zdiff&path=//bin HTTP/1.1" 200 4137 "http://www.golz.in/detail/8787383.shtm?path=//bin" "Mozilla/5.0 AppleWebKit/537.36 (KHTML, like Gecko; compatible; GPTBot/1.3; +https://openai.com/gptbot)" 491 **0/491955**
74.7.227.169 - - [16/Mar/2026:10:52:00 -0700] "GET /detail/8787383.shtm?fileloc=//bin/uname&path=//bin HTTP/1.1" 200 15224 "http://www.golz.in/detail/8787383.shtm?path=//bin" "Mozilla/5.0 AppleWebKit/537.36 (KHTML, like Gecko; compatible; GPTBot/1.3; +https://openai.com/gptbot)" 508 **0/508598**
74.7.227.169 - - [16/Mar/2026:10:52:03 -0700] "GET /detail/8787383.shtm?fileloc=//bin/chown&path=//bin HTTP/1.1" 200 30358 "http://www.golz.in/detail/8787383.shtm?path=//bin" "Mozilla/5.0 AppleWebKit/537.36 (KHTML, like Gecko; compatible; GPTBot/1.3; +https://openai.com/gptbot)" 518 **0/518977**
74.7.227.169 - - [16/Mar/2026:10:52:06 -0700] "GET /detail/5247171.shtm?path=//opt/alt/libicu/usr HTTP/1.1" 200 2642 "http://www.golz.in/detail/5247171.shtm?path=//opt/alt/libicu" "Mozilla/5.0 AppleWebKit/537.36 (KHTML, like Gecko; compatible; GPTBot/1.3; +https://openai.com/gptbot)" 502 **0/502469**
