216.73.216.210 - - [16/Mar/2026:06:56:55 -0700] "GET /detail/529445352.shtm?fileloc=%2F%2Fusr%2Finclude%2Fsys%2Feventfd.h&path=%2F%2Fusr%2Finclude%2Fsys HTTP/1.1" 403 3512 "-" "Mozilla/5.0 AppleWebKit/537.36 (KHTML, like Gecko; compatible; ClaudeBot/1.0; +claudebot@anthropic.com)" 509 **0/509998**
216.73.216.210 - - [16/Mar/2026:06:56:58 -0700] "GET /detail/529445352.shtm?fileloc=%2F%2Fusr%2Finclude%2Fsys%2Fkd.h&path=%2F%2Fusr%2Finclude%2Fsys HTTP/1.1" 403 3512 "-" "Mozilla/5.0 AppleWebKit/537.36 (KHTML, like Gecko; compatible; ClaudeBot/1.0; +claudebot@anthropic.com)" 500 **0/500721**
216.73.216.210 - - [16/Mar/2026:06:57:01 -0700] "GET /detail/590597580.shtm?fileloc=%2F%2Fusr%2Finclude%2Fopenssl%2Fasync.h&path=%2F%2Fusr%2Finclude%2Fopenssl HTTP/1.1" 403 3512 "-" "Mozilla/5.0 AppleWebKit/537.36 (KHTML, like Gecko; compatible; ClaudeBot/1.0; +claudebot@anthropic.com)" 508 **0/508261**
216.73.216.210 - - [16/Mar/2026:06:57:07 -0700] "GET /detail/4163750565.shtm?fileloc=%2F%2Fusr%2Finclude%2Fctype.h&path=%2F%2Fusr%2Finclude HTTP/1.1" 403 3512 "-" "Mozilla/5.0 AppleWebKit/537.36 (KHTML, like Gecko; compatible; ClaudeBot/1.0; +claudebot@anthropic.com)" 508 **0/508255**
66.249.66.64 - - [16/Mar/2026:06:57:08 -0700] "GET /?detail/743651908 HTTP/1.1" 200 23407 "-" "Mozilla/5.0 (Linux; Android 6.0.1; Nexus 5X Build/MMB29P) AppleWebKit/537.36 (KHTML, like Gecko) Chrome/145.0.7632.116 Mobile Safari/537.36 (compatible; Googlebot/2.1; +http://www.google.com/bot.html)" 1809 **1/1809837**
216.73.216.210 - - [16/Mar/2026:06:57:10 -0700] "GET /detail/590597580.shtm?path=%2F%2Fusr%2Flib%2Ffirewalld HTTP/1.1" 403 3512 "-" "Mozilla/5.0 AppleWebKit/537.36 (KHTML, like Gecko; compatible; ClaudeBot/1.0; +claudebot@anthropic.com)" 513 **0/513855**
216.73.216.210 - - [16/Mar/2026:06:57:13 -0700] "GET /detail/590597580.shtm?fileloc=%2F%2Fusr%2Finclude%2Fjmorecfg.h&path=%2F%2Fusr%2Finclude HTTP/1.1" 403 3512 "-" "Mozilla/5.0 AppleWebKit/537.36 (KHTML, like Gecko; compatible; ClaudeBot/1.0; +claudebot@anthropic.com)" 498 **0/498646**
66.249.66.39 - - [16/Mar/2026:06:57:09 -0700] "GET /detail/1651855241.shtm HTTP/1.1" 200 22202 "-" "Mozilla/5.0 (Linux; Android 6.0.1; Nexus 5X Build/MMB29P) AppleWebKit/537.36 (KHTML, like Gecko) Chrome/145.0.7632.116 Mobile Safari/537.36 (compatible; GoogleOther)" 5479 **5/5479395**
216.73.216.210 - - [16/Mar/2026:06:57:16 -0700] "GET /detail/4163750565.shtm?fileloc=%2F%2Fusr%2Finclude%2Fkrb5.h&path=%2F%2Fusr%2Finclude HTTP/1.1" 403 3512 "-" "Mozilla/5.0 AppleWebKit/537.36 (KHTML, like Gecko; compatible; ClaudeBot/1.0; +claudebot@anthropic.com)" 512 **0/512790**
216.73.216.210 - - [16/Mar/2026:06:57:19 -0700] "GET /detail/3048635013.shtm?fileloc=%2Fhome%2Fdpknvn09897v%2Fpublic_html%2Fwp-includes%2Fclass-wp-customize-widgets.php&path=%2Fhome%2Fdpknvn09897v%2Fpublic_html%2Fwp-includes HTTP/1.1" 403 3512 "-" "Mozilla/5.0 AppleWebKit/537.36 (KHTML, like Gecko; compatible; ClaudeBot/1.0; +claudebot@anthropic.com)" 505 **0/505747**
216.73.216.210 - - [16/Mar/2026:06:57:22 -0700] "GET /detail/590597580.shtm?fileloc=%2F%2Fusr%2Finclude%2Fopenssl%2Fasn1t.h&path=%2F%2Fusr%2Finclude%2Fopenssl HTTP/1.1" 403 3512 "-" "Mozilla/5.0 AppleWebKit/537.36 (KHTML, like Gecko; compatible; ClaudeBot/1.0; +claudebot@anthropic.com)" 507 **0/507132**
216.73.216.210 - - [16/Mar/2026:06:57:25 -0700] "GET /detail/1581037676.shtm?fileloc=%2Fhome%2Fdpknvn09897v%2Fpublic_html%2Fwp-includes%2Fclass-wp-comment-query.php&path=%2Fhome%2Fdpknvn09897v%2Fpublic_html%2Fwp-includes HTTP/1.1" 403 3512 "-" "Mozilla/5.0 AppleWebKit/537.36 (KHTML, like Gecko; compatible; ClaudeBot/1.0; +claudebot@anthropic.com)" 490 **0/490724**
216.73.216.210 - - [16/Mar/2026:06:57:31 -0700] "GET /detail/4128106262.shtm?fileloc=%2Fhome%2Fdpknvn09897v%2Fpublic_html%2Fwp-includes%2Fclass-wp-image-editor.php&path=%2Fhome%2Fdpknvn09897v%2Fpublic_html%2Fwp-includes HTTP/1.1" 200 6995 "-" "Mozilla/5.0 AppleWebKit/537.36 (KHTML, like Gecko; compatible; ClaudeBot/1.0; +claudebot@anthropic.com)" 497 **0/497885**
216.73.216.210 - - [16/Mar/2026:06:57:34 -0700] "GET /detail/4128106262.shtm?fileloc=%2Fhome%2Fdpknvn09897v%2Fpublic_html%2Fwp-includes%2Fclass-wp-user-query.php&path=%2Fhome%2Fdpknvn09897v%2Fpublic_html%2Fwp-includes HTTP/1.1" 200 11703 "-" "Mozilla/5.0 AppleWebKit/537.36 (KHTML, like Gecko; compatible; ClaudeBot/1.0; +claudebot@anthropic.com)" 525 **0/525966**
216.73.216.210 - - [16/Mar/2026:06:57:37 -0700] "GET /detail/1581037676.shtm?path=%2Fhome%2Fdpknvn09897v%2Fpublic_html%2Fwp-includes%2FText HTTP/1.1" 200 2658 "-" "Mozilla/5.0 AppleWebKit/537.36 (KHTML, like Gecko; compatible; ClaudeBot/1.0; +claudebot@anthropic.com)" 506 **0/506665**
216.73.216.210 - - [16/Mar/2026:06:57:40 -0700] "GET /detail/529445352.shtm?path=%2F%2Frun%2Fconsole HTTP/1.1" 200 2306 "-" "Mozilla/5.0 AppleWebKit/537.36 (KHTML, like Gecko; compatible; ClaudeBot/1.0; +claudebot@anthropic.com)" 497 **0/497832**
216.73.216.210 - - [16/Mar/2026:06:57:43 -0700] "GET /detail/1535633.shtm?fileloc=%2F%2Fusr%2Finclude%2Futmpx.h&path=%2F%2Fusr%2Finclude HTTP/1.1" 200 3329 "-" "Mozilla/5.0 AppleWebKit/537.36 (KHTML, like Gecko; compatible; ClaudeBot/1.0; +claudebot@anthropic.com)" 501 **0/501087**
216.73.216.210 - - [16/Mar/2026:06:57:46 -0700] "GET /detail/4163750565.shtm?fileloc=%2Fhome%2Fdpknvn09897v%2Fpublic_html%2Fwp-includes%2Fclass-wp-block-bindings-source.php&path=%2Fhome%2Fdpknvn09897v%2Fpublic_html%2Fwp-includes HTTP/1.1" 200 3029 "-" "Mozilla/5.0 AppleWebKit/537.36 (KHTML, like Gecko; compatible; ClaudeBot/1.0; +claudebot@anthropic.com)" 497 **0/497912**
66.249.66.40 - - [16/Mar/2026:06:57:45 -0700] "GET /?detail/132153359 HTTP/1.1" 200 22787 "-" "Mozilla/5.0 (Linux; Android 6.0.1; Nexus 5X Build/MMB29P) AppleWebKit/537.36 (KHTML, like Gecko) Chrome/145.0.7632.116 Mobile Safari/537.36 (compatible; Googlebot/2.1; +http://www.google.com/bot.html)" 1819 **1/1819973**
216.73.216.210 - - [16/Mar/2026:06:57:49 -0700] "GET /detail/487213409.shtm?path=%2Fhome%2Fdpknvn09897v%2Fpublic_html%2Fgolz.in%2Fwp-content%2Fplugins%2Fcalculated-fields-form%2Fcss HTTP/1.1" 200 2963 "-" "Mozilla/5.0 AppleWebKit/537.36 (KHTML, like Gecko; compatible; ClaudeBot/1.0; +claudebot@anthropic.com)" 506 **0/506233**
216.73.216.210 - - [16/Mar/2026:06:57:52 -0700] "GET /detail/3048635013.shtm?fileloc=%2Fhome%2Fdpknvn09897v%2Fpublic_html%2Fwp-includes%2Fclass-wp-block-parser.php&path=%2Fhome%2Fdpknvn09897v%2Fpublic_html%2Fwp-includes HTTP/1.1" 200 5594 "-" "Mozilla/5.0 AppleWebKit/537.36 (KHTML, like Gecko; compatible; ClaudeBot/1.0; +claudebot@anthropic.com)" 519 **0/519068**
66.249.66.163 - - [16/Mar/2026:06:57:51 -0700] "GET /detail/192967112.shtm HTTP/1.1" 200 22063 "-" "Mozilla/5.0 (Linux; Android 6.0.1; Nexus 5X Build/MMB29P) AppleWebKit/537.36 (KHTML, like Gecko) Chrome/145.0.7632.116 Mobile Safari/537.36 (compatible; GoogleOther)" 1783 **1/1783306**
216.73.216.210 - - [16/Mar/2026:06:57:55 -0700] "GET /detail/1535633.shtm?fileloc=%2F%2Fusr%2Finclude%2Faliases.h&path=%2F%2Fusr%2Finclude HTTP/1.1" 200 3034 "-" "Mozilla/5.0 AppleWebKit/537.36 (KHTML, like Gecko; compatible; ClaudeBot/1.0; +claudebot@anthropic.com)" 503 **0/503680**
216.73.216.210 - - [16/Mar/2026:06:58:01 -0700] "GET /detail/3048635013.shtm?fileloc=%2Fhome%2Fdpknvn09897v%2Fpublic_html%2Fwp-includes%2Fclass-wp-query.php&path=%2Fhome%2Fdpknvn09897v%2Fpublic_html%2Fwp-includes HTTP/1.1" 200 32271 "-" "Mozilla/5.0 AppleWebKit/537.36 (KHTML, like Gecko; compatible; ClaudeBot/1.0; +claudebot@anthropic.com)" 639 **0/639264**
216.73.216.210 - - [16/Mar/2026:06:58:08 -0700] "GET /detail/3048635013.shtm?fileloc=%2Fhome%2Fdpknvn09897v%2Fpublic_html%2Fwp-includes%2Fclass-wp-customize-section.php&path=%2Fhome%2Fdpknvn09897v%2Fpublic_html%2Fwp-includes HTTP/1.1" 200 5403 "-" "Mozilla/5.0 AppleWebKit/537.36 (KHTML, like Gecko; compatible; ClaudeBot/1.0; +claudebot@anthropic.com)" 503 **0/503714**
114.119.165.200 - - [16/Mar/2026:06:58:09 -0700] "GET /detail/3074684607.shtm HTTP/1.1" 200 4098 "http://www.golz.in/sitemap.xml" "Mozilla/5.0 (Linux; Android 7.0;) AppleWebKit/537.36 (KHTML, like Gecko) Mobile Safari/537.36 (compatible; PetalBot;+https://webmaster.petalsearch.com/site/petalbot)" 491 **0/491565**
216.73.216.210 - - [16/Mar/2026:06:58:10 -0700] "GET /detail/590597580.shtm?fileloc=%2F%2Fusr%2Finclude%2Fpwd.h&path=%2F%2Fusr%2Finclude HTTP/1.1" 200 3961 "-" "Mozilla/5.0 AppleWebKit/537.36 (KHTML, like Gecko; compatible; ClaudeBot/1.0; +claudebot@anthropic.com)" 509 **0/509497**
216.73.216.210 - - [16/Mar/2026:06:58:13 -0700] "GET /detail/4163750565.shtm?fileloc=%2F%2Fusr%2Finclude%2Futmpx.h&path=%2F%2Fusr%2Finclude HTTP/1.1" 200 3329 "-" "Mozilla/5.0 AppleWebKit/537.36 (KHTML, like Gecko; compatible; ClaudeBot/1.0; +claudebot@anthropic.com)" 509 **0/509376**
216.73.216.210 - - [16/Mar/2026:06:58:16 -0700] "GET /detail/590597580.shtm?fileloc=%2F%2Fusr%2Finclude%2Fgdfx.h&path=%2F%2Fusr%2Finclude HTTP/1.1" 200 2479 "-" "Mozilla/5.0 AppleWebKit/537.36 (KHTML, like Gecko; compatible; ClaudeBot/1.0; +claudebot@anthropic.com)" 495 **0/495456**
216.73.216.210 - - [16/Mar/2026:06:58:19 -0700] "GET /detail/590597580.shtm?fileloc=%2F%2Fusr%2Finclude%2Fnc_tparm.h&path=%2F%2Fusr%2Finclude HTTP/1.1" 200 3501 "-" "Mozilla/5.0 AppleWebKit/537.36 (KHTML, like Gecko; compatible; ClaudeBot/1.0; +claudebot@anthropic.com)" 502 **0/502557**
216.73.216.210 - - [16/Mar/2026:06:58:22 -0700] "GET /detail/3048635013.shtm?path=%2Fhome%2Fdpknvn09897v%2Fpublic_html%2Fwp-includes%2Frest-api HTTP/1.1" 200 2796 "-" "Mozilla/5.0 AppleWebKit/537.36 (KHTML, like Gecko; compatible; ClaudeBot/1.0; +claudebot@anthropic.com)" 501 **0/501569**
66.249.66.40 - - [16/Mar/2026:06:58:21 -0700] "GET /?detail/326342322 HTTP/1.1" 200 22242 "-" "Mozilla/5.0 (Linux; Android 6.0.1; Nexus 5X Build/MMB29P) AppleWebKit/537.36 (KHTML, like Gecko) Chrome/145.0.7632.116 Mobile Safari/537.36 (compatible; Googlebot/2.1; +http://www.google.com/bot.html)" 1802 **1/1802619**
216.73.216.210 - - [16/Mar/2026:06:58:25 -0700] "GET /detail/1535633.shtm?path=%2F%2Frun%2Fsystemd HTTP/1.1" 200 2545 "-" "Mozilla/5.0 AppleWebKit/537.36 (KHTML, like Gecko; compatible; ClaudeBot/1.0; +claudebot@anthropic.com)" 516 **0/516428**
216.73.216.210 - - [16/Mar/2026:06:58:28 -0700] "GET /detail/529445352.shtm?path=%2F%2Fusr%2Flib%2Ffirewalld HTTP/1.1" 200 2560 "-" "Mozilla/5.0 AppleWebKit/537.36 (KHTML, like Gecko; compatible; ClaudeBot/1.0; +claudebot@anthropic.com)" 513 **0/513678**
216.73.216.210 - - [16/Mar/2026:06:58:31 -0700] "GET /detail/4163750565.shtm?fileloc=%2F%2Fusr%2Finclude%2Faliases.h&path=%2F%2Fusr%2Finclude HTTP/1.1" 200 3034 "-" "Mozilla/5.0 AppleWebKit/537.36 (KHTML, like Gecko; compatible; ClaudeBot/1.0; +claudebot@anthropic.com)" 516 **0/516573**
216.73.216.210 - - [16/Mar/2026:06:58:34 -0700] "GET /detail/4163750565.shtm?path=%2F%2Frun%2Fsystemd HTTP/1.1" 200 2545 "-" "Mozilla/5.0 AppleWebKit/537.36 (KHTML, like Gecko; compatible; ClaudeBot/1.0; +claudebot@anthropic.com)" 506 **0/506064**
216.73.216.210 - - [16/Mar/2026:06:58:37 -0700] "GET /detail/590597580.shtm?fileloc=%2F%2Fusr%2Fsbin%2Fsasldblistusers2&path=%2F%2Fusr%2Fsbin HTTP/1.1" 200 9569 "-" "Mozilla/5.0 AppleWebKit/537.36 (KHTML, like Gecko; compatible; ClaudeBot/1.0; +claudebot@anthropic.com)" 498 **0/498201**
66.249.66.77 - - [16/Mar/2026:06:58:38 -0700] "GET /detail/1991731418.shtm HTTP/1.1" 200 21968 "-" "Mozilla/5.0 (Linux; Android 6.0.1; Nexus 5X Build/MMB29P) AppleWebKit/537.36 (KHTML, like Gecko) Chrome/145.0.7632.116 Mobile Safari/537.36 (compatible; GoogleOther)" 1832 **1/1832932**
216.73.216.210 - - [16/Mar/2026:06:58:40 -0700] "GET /detail/1535633.shtm?fileloc=%2F%2Fusr%2Finclude%2Ftiffio.h&path=%2F%2Fusr%2Finclude HTTP/1.1" 200 8713 "-" "Mozilla/5.0 AppleWebKit/537.36 (KHTML, like Gecko; compatible; ClaudeBot/1.0; +claudebot@anthropic.com)" 535 **0/535548**
216.73.216.210 - - [16/Mar/2026:06:58:43 -0700] "GET /detail/4128106262.shtm?path=%2Fhome%2Fdpknvn09897v%2Fpublic_html%2Fwp-includes%2FText HTTP/1.1" 200 2658 "-" "Mozilla/5.0 AppleWebKit/537.36 (KHTML, like Gecko; compatible; ClaudeBot/1.0; +claudebot@anthropic.com)" 502 **0/502015**
216.73.216.210 - - [16/Mar/2026:06:58:46 -0700] "GET /detail/1581037676.shtm?fileloc=%2Fhome%2Fdpknvn09897v%2Fpublic_html%2Fwp-includes%2Fwidgets%2Fclass-wp-widget-block.php&path=%2Fhome%2Fdpknvn09897v%2Fpublic_html%2Fwp-includes%2Fwidgets HTTP/1.1" 200 4164 "-" "Mozilla/5.0 AppleWebKit/537.36 (KHTML, like Gecko; compatible; ClaudeBot/1.0; +claudebot@anthropic.com)" 522 **0/522203**
216.73.216.210 - - [16/Mar/2026:06:58:49 -0700] "GET /detail/590597580.shtm?fileloc=%2F%2Fusr%2Finclude%2Fpcre2.h&path=%2F%2Fusr%2Finclude HTTP/1.1" 200 11493 "-" "Mozilla/5.0 AppleWebKit/537.36 (KHTML, like Gecko; compatible; ClaudeBot/1.0; +claudebot@anthropic.com)" 503 **0/503001**
216.73.216.210 - - [16/Mar/2026:06:58:52 -0700] "GET /detail/4128106262.shtm?fileloc=%2Fhome%2Fdpknvn09897v%2Fpublic_html%2Fwp-includes%2Fclass-wp-comment-query.php&path=%2Fhome%2Fdpknvn09897v%2Fpublic_html%2Fwp-includes HTTP/1.1" 200 12606 "-" "Mozilla/5.0 AppleWebKit/537.36 (KHTML, like Gecko; compatible; ClaudeBot/1.0; +claudebot@anthropic.com)" 496 **0/496948**
216.73.216.210 - - [16/Mar/2026:06:58:55 -0700] "GET /detail/590597580.shtm?path=%2F%2Fusr%2Flib%2Ffirmware HTTP/1.1" 200 12373 "-" "Mozilla/5.0 AppleWebKit/537.36 (KHTML, like Gecko; compatible; ClaudeBot/1.0; +claudebot@anthropic.com)" 520 **0/520247**
216.73.216.210 - - [16/Mar/2026:06:58:58 -0700] "GET /detail/1581037676.shtm?fileloc=%2Fhome%2Fdpknvn09897v%2Fpublic_html%2Fwp-includes%2Fclass-wp-network-query.php&path=%2Fhome%2Fdpknvn09897v%2Fpublic_html%2Fwp-includes HTTP/1.1" 200 7018 "-" "Mozilla/5.0 AppleWebKit/537.36 (KHTML, like Gecko; compatible; ClaudeBot/1.0; +claudebot@anthropic.com)" 496 **0/496577**
66.249.66.39 - - [16/Mar/2026:06:58:57 -0700] "GET /?detail/239703440 HTTP/1.1" 200 22237 "-" "Mozilla/5.0 (Linux; Android 6.0.1; Nexus 5X Build/MMB29P) AppleWebKit/537.36 (KHTML, like Gecko) Chrome/145.0.7632.116 Mobile Safari/537.36 (compatible; Googlebot/2.1; +http://www.google.com/bot.html)" 1862 **1/1862820**
216.73.216.210 - - [16/Mar/2026:06:59:01 -0700] "GET /detail/590597580.shtm?fileloc=%2F%2Fusr%2Finclude%2Fgd_io.h&path=%2F%2Fusr%2Finclude HTTP/1.1" 200 3324 "-" "Mozilla/5.0 AppleWebKit/537.36 (KHTML, like Gecko; compatible; ClaudeBot/1.0; +claudebot@anthropic.com)" 532 **0/532839**
216.73.216.210 - - [16/Mar/2026:06:59:04 -0700] "GET /detail/590597580.shtm?fileloc=%2F%2Fusr%2Finclude%2Flibintl.h&path=%2F%2Fusr%2Finclude HTTP/1.1" 200 3681 "-" "Mozilla/5.0 AppleWebKit/537.36 (KHTML, like Gecko; compatible; ClaudeBot/1.0; +claudebot@anthropic.com)" 509 **0/509924**
216.73.216.210 - - [16/Mar/2026:06:59:07 -0700] "GET /detail/529445352.shtm?fileloc=%2F%2Fusr%2Finclude%2Fjmorecfg.h&path=%2F%2Fusr%2Finclude HTTP/1.1" 200 7429 "-" "Mozilla/5.0 AppleWebKit/537.36 (KHTML, like Gecko; compatible; ClaudeBot/1.0; +claudebot@anthropic.com)" 503 **0/503714**
216.73.216.210 - - [16/Mar/2026:06:59:10 -0700] "GET /detail/4163750565.shtm?fileloc=%2F%2Fusr%2Finclude%2Ftiffio.h&path=%2F%2Fusr%2Finclude HTTP/1.1" 403 3512 "-" "Mozilla/5.0 AppleWebKit/537.36 (KHTML, like Gecko; compatible; ClaudeBot/1.0; +claudebot@anthropic.com)" 499 **0/499184**
216.73.216.210 - - [16/Mar/2026:06:59:13 -0700] "GET /detail/4163750565.shtm?path=%2Fhome%2Fdpknvn09897v%2Fpublic_html%2Fwp-includes%2Fcss HTTP/1.1" 403 3512 "-" "Mozilla/5.0 AppleWebKit/537.36 (KHTML, like Gecko; compatible; ClaudeBot/1.0; +claudebot@anthropic.com)" 502 **0/502584**
216.73.216.210 - - [16/Mar/2026:06:59:16 -0700] "GET /detail/3048635013.shtm?fileloc=%2Fhome%2Fdpknvn09897v%2Fpublic_html%2Fwp-includes%2Fclass-wp-customize-control.php&path=%2Fhome%2Fdpknvn09897v%2Fpublic_html%2Fwp-includes HTTP/1.1" 403 3512 "-" "Mozilla/5.0 AppleWebKit/537.36 (KHTML, like Gecko; compatible; ClaudeBot/1.0; +claudebot@anthropic.com)" 494 **0/494279**
216.73.216.210 - - [16/Mar/2026:06:59:19 -0700] "GET /detail/487213409.shtm?path=%2Fhome%2Fdpknvn09897v%2Fpublic_html%2Fgolz.in%2Fwp-content%2Fplugins%2Fduplicator%2Fsrc HTTP/1.1" 403 3512 "-" "Mozilla/5.0 AppleWebKit/537.36 (KHTML, like Gecko; compatible; ClaudeBot/1.0; +claudebot@anthropic.com)" 492 **0/492732**
216.73.216.210 - - [16/Mar/2026:06:59:22 -0700] "GET /detail/4163750565.shtm?fileloc=%2Fhome%2Fdpknvn09897v%2Fpublic_html%2Fwp-includes%2Fclass-wp-image-editor.php&path=%2Fhome%2Fdpknvn09897v%2Fpublic_html%2Fwp-includes HTTP/1.1" 403 3512 "-" "Mozilla/5.0 AppleWebKit/537.36 (KHTML, like Gecko; compatible; ClaudeBot/1.0; +claudebot@anthropic.com)" 498 **0/498255**
216.73.216.210 - - [16/Mar/2026:06:59:25 -0700] "GET /detail/1581037676.shtm?fileloc=%2Fhome%2Fdpknvn09897v%2Fpublic_html%2Fwp-includes%2Fclass-wp-block-parser-frame.php&path=%2Fhome%2Fdpknvn09897v%2Fpublic_html%2Fwp-includes HTTP/1.1" 403 3512 "-" "Mozilla/5.0 AppleWebKit/537.36 (KHTML, like Gecko; compatible; ClaudeBot/1.0; +claudebot@anthropic.com)" 505 **0/505504**
216.73.216.210 - - [16/Mar/2026:06:59:28 -0700] "GET /detail/4163750565.shtm?fileloc=%2Fhome%2Fdpknvn09897v%2Fpublic_html%2Fwp-includes%2Fclass-wp-user-query.php&path=%2Fhome%2Fdpknvn09897v%2Fpublic_html%2Fwp-includes HTTP/1.1" 403 3512 "-" "Mozilla/5.0 AppleWebKit/537.36 (KHTML, like Gecko; compatible; ClaudeBot/1.0; +claudebot@anthropic.com)" 513 **0/513038**
216.73.216.210 - - [16/Mar/2026:06:59:31 -0700] "GET /detail/1581037676.shtm?fileloc=%2Fhome%2Fdpknvn09897v%2Fpublic_html%2Fwp-includes%2Fclass-wp-navigation-fallback.php&path=%2Fhome%2Fdpknvn09897v%2Fpublic_html%2Fwp-includes HTTP/1.1" 403 3512 "-" "Mozilla/5.0 AppleWebKit/537.36 (KHTML, like Gecko; compatible; ClaudeBot/1.0; +claudebot@anthropic.com)" 495 **0/495738**
216.73.216.210 - - [16/Mar/2026:06:59:34 -0700] "GET /detail/1581037676.shtm?fileloc=%2Fhome%2Fdpknvn09897v%2Fpublic_html%2Fwp-includes%2Fclass-wp-error.php&path=%2Fhome%2Fdpknvn09897v%2Fpublic_html%2Fwp-includes HTTP/1.1" 403 3512 "-" "Mozilla/5.0 AppleWebKit/537.36 (KHTML, like Gecko; compatible; ClaudeBot/1.0; +claudebot@anthropic.com)" 535 **0/535072**
66.249.66.14 - - [16/Mar/2026:06:59:34 -0700] "GET /?detail/668416879 HTTP/1.1" 200 23451 "-" "Mozilla/5.0 (Linux; Android 6.0.1; Nexus 5X Build/MMB29P) AppleWebKit/537.36 (KHTML, like Gecko) Chrome/145.0.7632.116 Mobile Safari/537.36 (compatible; Googlebot/2.1; +http://www.google.com/bot.html)" 1807 **1/1807401**
216.73.216.210 - - [16/Mar/2026:06:59:37 -0700] "GET /detail/1535633.shtm?fileloc=%2F%2Fusr%2Finclude%2Fgnumake.h&path=%2F%2Fusr%2Finclude HTTP/1.1" 403 3512 "-" "Mozilla/5.0 AppleWebKit/537.36 (KHTML, like Gecko; compatible; ClaudeBot/1.0; +claudebot@anthropic.com)" 492 **0/492262**
216.73.216.210 - - [16/Mar/2026:06:59:40 -0700] "GET /detail/1535633.shtm?fileloc=%2F%2Fusr%2Finclude%2Fkrad.h&path=%2F%2Fusr%2Finclude HTTP/1.1" 403 3512 "-" "Mozilla/5.0 AppleWebKit/537.36 (KHTML, like Gecko; compatible; ClaudeBot/1.0; +claudebot@anthropic.com)" 512 **0/512829**
216.73.216.210 - - [16/Mar/2026:06:59:43 -0700] "GET /detail/1535633.shtm?fileloc=%2F%2Fusr%2Fsbin%2Fcracklib-format&path=%2F%2Fusr%2Fsbin HTTP/1.1" 403 3512 "-" "Mozilla/5.0 AppleWebKit/537.36 (KHTML, like Gecko; compatible; ClaudeBot/1.0; +claudebot@anthropic.com)" 499 **0/499853**
216.73.216.210 - - [16/Mar/2026:06:59:46 -0700] "GET /detail/1535633.shtm?fileloc=%2F%2Fusr%2Finclude%2Ftiffconf.h&path=%2F%2Fusr%2Finclude HTTP/1.1" 403 3512 "-" "Mozilla/5.0 AppleWebKit/537.36 (KHTML, like Gecko; compatible; ClaudeBot/1.0; +claudebot@anthropic.com)" 490 **0/490194**
216.73.216.210 - - [16/Mar/2026:06:59:49 -0700] "GET /detail/1095541703.shtm?path=%2F%2Flib64 HTTP/1.1" 403 3512 "-" "Mozilla/5.0 AppleWebKit/537.36 (KHTML, like Gecko; compatible; ClaudeBot/1.0; +claudebot@anthropic.com)" 494 **0/494266**
216.73.216.210 - - [16/Mar/2026:06:59:52 -0700] "GET /detail/4163750565.shtm?path=%2Fhome%2Fdpknvn09897v%2Fpublic_html%2Fgolz.in%2Fwp-includes%2Fwidgets HTTP/1.1" 200 3233 "-" "Mozilla/5.0 AppleWebKit/537.36 (KHTML, like Gecko; compatible; ClaudeBot/1.0; +claudebot@anthropic.com)" 519 **0/519211**
216.73.216.210 - - [16/Mar/2026:06:59:55 -0700] "GET /detail/590597580.shtm?fileloc=%2Fhome%2Fdpknvn09897v%2Fpublic_html%2Fgolz.in%2Fwp-includes%2Fclass-wp-date-query.php&path=%2Fhome%2Fdpknvn09897v%2Fpublic_html%2Fgolz.in%2Fwp-includes HTTP/1.1" 200 10901 "-" "Mozilla/5.0 AppleWebKit/537.36 (KHTML, like Gecko; compatible; ClaudeBot/1.0; +claudebot@anthropic.com)" 501 **0/501671**
216.73.216.210 - - [16/Mar/2026:06:59:58 -0700] "GET /detail/529445352.shtm?path=%2F%2Fusr%2Flib%2F.build-id%2F02 HTTP/1.1" 200 2976 "-" "Mozilla/5.0 AppleWebKit/537.36 (KHTML, like Gecko; compatible; ClaudeBot/1.0; +claudebot@anthropic.com)" 497 **0/497487**
216.73.216.210 - - [16/Mar/2026:07:00:01 -0700] "GET /detail/529445352.shtm?path=%2F%2Fusr%2Flib%2F.build-id%2F3c HTTP/1.1" 200 3263 "-" "Mozilla/5.0 AppleWebKit/537.36 (KHTML, like Gecko; compatible; ClaudeBot/1.0; +claudebot@anthropic.com)" 834 **0/834267**
216.73.216.210 - - [16/Mar/2026:07:00:04 -0700] "GET /detail/529445352.shtm?path=%2F%2Fusr%2Flib%2F.build-id%2F85 HTTP/1.1" 200 3235 "-" "Mozilla/5.0 AppleWebKit/537.36 (KHTML, like Gecko; compatible; ClaudeBot/1.0; +claudebot@anthropic.com)" 544 **0/544344**
216.73.216.210 - - [16/Mar/2026:07:00:07 -0700] "GET /detail/529445352.shtm?path=%2F%2Fusr%2Flib%2F.build-id%2F7c HTTP/1.1" 200 3031 "-" "Mozilla/5.0 AppleWebKit/537.36 (KHTML, like Gecko; compatible; ClaudeBot/1.0; +claudebot@anthropic.com)" 538 **0/538057**
216.73.216.210 - - [16/Mar/2026:07:00:10 -0700] "GET /detail/3501382864.shtm?fileloc=%2Fhome%2Fdpknvn09897v%2Fpublic_html%2Fgolz.in%2Fwp-includes%2Fclass-wp-exception.php&path=%2Fhome%2Fdpknvn09897v%2Fpublic_html%2Fgolz.in%2Fwp-includes HTTP/1.1" 200 2402 "-" "Mozilla/5.0 AppleWebKit/537.36 (KHTML, like Gecko; compatible; ClaudeBot/1.0; +claudebot@anthropic.com)" 537 **0/537815**
66.249.71.160 - - [16/Mar/2026:07:00:10 -0700] "GET /?detail/760711469 HTTP/1.1" 200 22532 "-" "Mozilla/5.0 (Linux; Android 6.0.1; Nexus 5X Build/MMB29P) AppleWebKit/537.36 (KHTML, like Gecko) Chrome/145.0.7632.116 Mobile Safari/537.36 (compatible; Googlebot/2.1; +http://www.google.com/bot.html)" 1809 **1/1809841**
66.249.66.196 - - [16/Mar/2026:07:00:11 -0700] "GET /detail/3109616525.shtm HTTP/1.1" 200 22414 "-" "Mozilla/5.0 (Linux; Android 6.0.1; Nexus 5X Build/MMB29P) AppleWebKit/537.36 (KHTML, like Gecko) Chrome/145.0.7632.116 Mobile Safari/537.36 (compatible; GoogleOther)" 1810 **1/1810205**
216.73.216.210 - - [16/Mar/2026:07:00:13 -0700] "GET /detail/529445352.shtm?fileloc=%2Fhome%2Fdpknvn09897v%2Fpublic_html%2Fgolz.in%2Fwp-includes%2Fclass-wp-theme-json-schema.php&path=%2Fhome%2Fdpknvn09897v%2Fpublic_html%2Fgolz.in%2Fwp-includes HTTP/1.1" 200 4537 "-" "Mozilla/5.0 AppleWebKit/537.36 (KHTML, like Gecko; compatible; ClaudeBot/1.0; +claudebot@anthropic.com)" 525 **0/525401**
216.73.216.210 - - [16/Mar/2026:07:00:17 -0700] "GET /detail/2063924343.shtm?fileloc=%2Fhome%2Fdpknvn09897v%2Fpublic_html%2Fgolz.in%2Fwp-includes%2Fclass-wp-customize-widgets.php&path=%2Fhome%2Fdpknvn09897v%2Fpublic_html%2Fgolz.in%2Fwp-includes HTTP/1.1" 200 18632 "-" "Mozilla/5.0 AppleWebKit/537.36 (KHTML, like Gecko; compatible; ClaudeBot/1.0; +claudebot@anthropic.com)" 6777 **6/6777802**
66.249.71.205 - - [16/Mar/2026:07:00:46 -0700] "GET /?detail/616652552 HTTP/1.1" 200 21738 "-" "Mozilla/5.0 (Linux; Android 6.0.1; Nexus 5X Build/MMB29P) AppleWebKit/537.36 (KHTML, like Gecko) Chrome/145.0.7632.116 Mobile Safari/537.36 (compatible; Googlebot/2.1; +http://www.google.com/bot.html)" 1806 **1/1806044**
114.119.165.200 - - [16/Mar/2026:07:00:57 -0700] "GET /detail/2999005300.shtm HTTP/1.1" 200 4098 "http://www.golz.in/sitemap.xml" "Mozilla/5.0 (Linux; Android 7.0;) AppleWebKit/537.36 (KHTML, like Gecko) Mobile Safari/537.36 (compatible; PetalBot;+https://webmaster.petalsearch.com/site/petalbot)" 514 **0/514484**
66.249.71.205 - - [16/Mar/2026:07:00:58 -0700] "GET /detail/822330376.shtm HTTP/1.1" 200 22028 "-" "Mozilla/5.0 (Linux; Android 6.0.1; Nexus 5X Build/MMB29P) AppleWebKit/537.36 (KHTML, like Gecko) Chrome/145.0.7632.116 Mobile Safari/537.36 (compatible; GoogleOther)" 1831 **1/1831098**
66.249.66.39 - - [16/Mar/2026:07:01:23 -0700] "GET /?detail/802813009 HTTP/1.1" 200 21798 "-" "Mozilla/5.0 (Linux; Android 6.0.1; Nexus 5X Build/MMB29P) AppleWebKit/537.36 (KHTML, like Gecko) Chrome/145.0.7632.116 Mobile Safari/537.36 (compatible; Googlebot/2.1; +http://www.google.com/bot.html)" 1818 **1/1818331**
66.249.66.39 - - [16/Mar/2026:07:01:23 -0700] "GET /?detail/485029037 HTTP/1.1" 200 21820 "-" "Mozilla/5.0 (Linux; Android 6.0.1; Nexus 5X Build/MMB29P) AppleWebKit/537.36 (KHTML, like Gecko) Chrome/145.0.7632.116 Mobile Safari/537.36 (compatible; Googlebot/2.1; +http://www.google.com/bot.html)" 1814 **1/1814422**
66.249.71.205 - - [16/Mar/2026:07:01:48 -0700] "GET /detail/488090221.shtm HTTP/1.1" 200 22019 "-" "Mozilla/5.0 (Linux; Android 6.0.1; Nexus 5X Build/MMB29P) AppleWebKit/537.36 (KHTML, like Gecko) Chrome/145.0.7632.116 Mobile Safari/537.36 (compatible; GoogleOther)" 1794 **1/1794041**
66.249.66.14 - - [16/Mar/2026:07:01:59 -0700] "GET /?detail/11138525 HTTP/1.1" 200 21836 "-" "Mozilla/5.0 (Linux; Android 6.0.1; Nexus 5X Build/MMB29P) AppleWebKit/537.36 (KHTML, like Gecko) Chrome/145.0.7632.116 Mobile Safari/537.36 (compatible; Googlebot/2.1; +http://www.google.com/bot.html)" 1795 **1/1795692**
66.249.66.14 - - [16/Mar/2026:07:02:13 -0700] "GET /?detail/559150546 HTTP/1.1" 200 21866 "-" "Mozilla/5.0 (Linux; Android 6.0.1; Nexus 5X Build/MMB29P) AppleWebKit/537.36 (KHTML, like Gecko) Chrome/145.0.7632.116 Mobile Safari/537.36 (compatible; Googlebot/2.1; +http://www.google.com/bot.html)" 1805 **1/1805248**
114.119.158.216 - - [16/Mar/2026:07:02:20 -0700] "GET /detail/2986335135.shtm HTTP/1.1" 200 4098 "http://www.golz.in/sitemap.xml" "Mozilla/5.0 (Linux; Android 7.0;) AppleWebKit/537.36 (KHTML, like Gecko) Mobile Safari/537.36 (compatible; PetalBot;+https://webmaster.petalsearch.com/site/petalbot)" 487 **0/487689**
95.216.45.95 - - [16/Mar/2026:07:02:24 -0700] "POST /xmlrpc.php HTTP/1.1" 200 59502 "-" "Mozilla/5.0 (Windows NT 10.0; Win64; x64) AppleWebKit/537.36 (KHTML, like Gecko) Chrome/78.0.3904.108 Safari/537.36" 50 **0/50440**
95.216.45.95 - - [16/Mar/2026:07:02:25 -0700] "POST /xmlrpc.php HTTP/1.1" 200 59502 "-" "Mozilla/5.0 (Windows NT 10.0; Win64; x64) AppleWebKit/537.36 (KHTML, like Gecko) Chrome/78.0.3904.108 Safari/537.36" 48 **0/48615**
95.216.45.95 - - [16/Mar/2026:07:02:26 -0700] "POST /xmlrpc.php HTTP/1.1" 200 59502 "-" "Mozilla/5.0 (Windows NT 10.0; Win64; x64) AppleWebKit/537.36 (KHTML, like Gecko) Chrome/78.0.3904.108 Safari/537.36" 891 **0/891312**
95.216.45.95 - - [16/Mar/2026:07:02:27 -0700] "POST /xmlrpc.php HTTP/1.1" 200 59502 "-" "Mozilla/5.0 (Windows NT 10.0; Win64; x64) AppleWebKit/537.36 (KHTML, like Gecko) Chrome/78.0.3904.108 Safari/537.36" 65 **0/65205**
66.249.66.14 - - [16/Mar/2026:07:02:31 -0700] "GET /detail/993696672.shtm HTTP/1.1" 200 21707 "-" "Mozilla/5.0 (Linux; Android 6.0.1; Nexus 5X Build/MMB29P) AppleWebKit/537.36 (KHTML, like Gecko) Chrome/145.0.7632.116 Mobile Safari/537.36 (compatible; GoogleOther)" 1799 **1/1799641**
66.249.71.173 - - [16/Mar/2026:07:02:35 -0700] "GET /?detail/52061935 HTTP/1.1" 200 22616 "-" "Mozilla/5.0 (Linux; Android 6.0.1; Nexus 5X Build/MMB29P) AppleWebKit/537.36 (KHTML, like Gecko) Chrome/145.0.7632.116 Mobile Safari/537.36 (compatible; Googlebot/2.1; +http://www.google.com/bot.html)" 1820 **1/1820215**
66.249.66.164 - - [16/Mar/2026:07:03:13 -0700] "GET /?detail/874314872 HTTP/1.1" 200 22036 "-" "Mozilla/5.0 (Linux; Android 6.0.1; Nexus 5X Build/MMB29P) AppleWebKit/537.36 (KHTML, like Gecko) Chrome/145.0.7632.116 Mobile Safari/537.36 (compatible; Googlebot/2.1; +http://www.google.com/bot.html)" 1804 **1/1804141**
66.249.66.195 - - [16/Mar/2026:07:03:25 -0700] "GET /detail/2190679316.shtm HTTP/1.1" 200 21826 "-" "Mozilla/5.0 (Linux; Android 6.0.1; Nexus 5X Build/MMB29P) AppleWebKit/537.36 (KHTML, like Gecko) Chrome/145.0.7632.116 Mobile Safari/537.36 (compatible; GoogleOther)" 1806 **1/1806492**
66.249.66.164 - - [16/Mar/2026:07:03:28 -0700] "GET /?detail/818878792 HTTP/1.1" 200 21645 "-" "Mozilla/5.0 (Linux; Android 6.0.1; Nexus 5X Build/MMB29P) AppleWebKit/537.36 (KHTML, like Gecko) Chrome/145.0.7632.116 Mobile Safari/537.36 (compatible; Googlebot/2.1; +http://www.google.com/bot.html)" 1839 **1/1839017**
170.106.163.84 - - [16/Mar/2026:07:03:36 -0700] "GET /?fileloc=/home/dpknvn09897v/public_html/golz.in/images/images/cache.php&path=/home/dpknvn09897v/public_html/golz.in/images/images HTTP/1.1" 200 2515 "-" "Mozilla/5.0 (iPhone; CPU iPhone OS 13_2_3 like Mac OS X) AppleWebKit/605.1.15 (KHTML, like Gecko) Version/13.0.3 Mobile/15E148 Safari/604.1" 519 **0/519760**
66.249.71.205 - - [16/Mar/2026:07:03:48 -0700] "GET /?detail/28947770 HTTP/1.1" 200 21844 "-" "Mozilla/5.0 (Linux; Android 6.0.1; Nexus 5X Build/MMB29P) AppleWebKit/537.36 (KHTML, like Gecko) Chrome/145.0.7632.116 Mobile Safari/537.36 (compatible; Googlebot/2.1; +http://www.google.com/bot.html)" 1785 **1/1785163**
66.249.66.14 - - [16/Mar/2026:07:04:04 -0700] "GET /detail/508460204.shtm HTTP/1.1" 200 21867 "-" "Mozilla/5.0 (Linux; Android 6.0.1; Nexus 5X Build/MMB29P) AppleWebKit/537.36 (KHTML, like Gecko) Chrome/145.0.7632.116 Mobile Safari/537.36 (compatible; GoogleOther)" 1802 **1/1802521**
66.249.66.77 - - [16/Mar/2026:07:04:25 -0700] "GET /?detail/88523927 HTTP/1.1" 200 21667 "-" "Mozilla/5.0 (Linux; Android 6.0.1; Nexus 5X Build/MMB29P) AppleWebKit/537.36 (KHTML, like Gecko) Chrome/145.0.7632.116 Mobile Safari/537.36 (compatible; Googlebot/2.1; +http://www.google.com/bot.html)" 1879 **1/1879384**
66.249.71.173 - - [16/Mar/2026:07:04:51 -0700] "GET /detail/3142591955.shtm HTTP/1.1" 200 21344 "-" "Mozilla/5.0 (Linux; Android 6.0.1; Nexus 5X Build/MMB29P) AppleWebKit/537.36 (KHTML, like Gecko) Chrome/145.0.7632.116 Mobile Safari/537.36 (compatible; GoogleOther)" 1808 **1/1808559**
66.249.66.39 - - [16/Mar/2026:07:04:55 -0700] "GET /?detail/720865319 HTTP/1.1" 200 21424 "-" "Mozilla/5.0 (Linux; Android 6.0.1; Nexus 5X Build/MMB29P) AppleWebKit/537.36 (KHTML, like Gecko) Chrome/145.0.7632.116 Mobile Safari/537.36 (compatible; Googlebot/2.1; +http://www.google.com/bot.html)" 1779 **1/1779770**
66.249.71.160 - - [16/Mar/2026:07:05:01 -0700] "GET /?detail/586582653 HTTP/1.1" 200 22608 "-" "Mozilla/5.0 (Linux; Android 6.0.1; Nexus 5X Build/MMB29P) AppleWebKit/537.36 (KHTML, like Gecko) Chrome/145.0.7632.116 Mobile Safari/537.36 (compatible; Googlebot/2.1; +http://www.google.com/bot.html)" 1945 **1/1945831**
114.119.158.216 - - [16/Mar/2026:07:05:17 -0700] "GET /detail/2983910921.shtm HTTP/1.1" 200 4098 "http://www.golz.in/sitemap.xml" "Mozilla/5.0 (Linux; Android 7.0;) AppleWebKit/537.36 (KHTML, like Gecko) Mobile Safari/537.36 (compatible; PetalBot;+https://webmaster.petalsearch.com/site/petalbot)" 492 **0/492747**
216.73.216.210 - - [16/Mar/2026:07:05:25 -0700] "GET /detail/529445352.shtm?fileloc=%2F%2Fusr%2Finclude%2Fobstack.h&path=%2F%2Fusr%2Finclude HTTP/1.1" 200 8058 "-" "Mozilla/5.0 AppleWebKit/537.36 (KHTML, like Gecko; compatible; ClaudeBot/1.0; +claudebot@anthropic.com)" 516 **0/516906**
66.249.66.163 - - [16/Mar/2026:07:05:38 -0700] "GET /?detail/324092956 HTTP/1.1" 200 21551 "-" "Mozilla/5.0 (Linux; Android 6.0.1; Nexus 5X Build/MMB29P) AppleWebKit/537.36 (KHTML, like Gecko) Chrome/145.0.7632.116 Mobile Safari/537.36 (compatible; Googlebot/2.1; +http://www.google.com/bot.html)" 1801 **1/1801446**
66.249.71.173 - - [16/Mar/2026:07:05:44 -0700] "GET /detail/3138150086.shtm HTTP/1.1" 200 22695 "-" "Mozilla/5.0 (Linux; Android 6.0.1; Nexus 5X Build/MMB29P) AppleWebKit/537.36 (KHTML, like Gecko) Chrome/145.0.7632.116 Mobile Safari/537.36 (compatible; GoogleOther)" 1816 **1/1816285**
66.249.71.206 - - [16/Mar/2026:07:06:14 -0700] "GET /?detail/21260549 HTTP/1.1" 200 21674 "-" "Mozilla/5.0 (Linux; Android 6.0.1; Nexus 5X Build/MMB29P) AppleWebKit/537.36 (KHTML, like Gecko) Chrome/145.0.7632.116 Mobile Safari/537.36 (compatible; Googlebot/2.1; +http://www.google.com/bot.html)" 1893 **1/1893836**
66.249.66.14 - - [16/Mar/2026:07:06:24 -0700] "GET /detail/2786136083.shtm HTTP/1.1" 200 23567 "-" "Mozilla/5.0 (Linux; Android 6.0.1; Nexus 5X Build/MMB29P) AppleWebKit/537.36 (KHTML, like Gecko) Chrome/145.0.7632.116 Mobile Safari/537.36 (compatible; GoogleOther)" 1804 **1/1804289**
114.119.158.216 - - [16/Mar/2026:07:06:32 -0700] "GET /detail/2982698822.shtm HTTP/1.1" 200 4098 "http://www.golz.in/sitemap.xml" "Mozilla/5.0 (Linux; Android 7.0;) AppleWebKit/537.36 (KHTML, like Gecko) Mobile Safari/537.36 (compatible; PetalBot;+https://webmaster.petalsearch.com/site/petalbot)" 496 **0/496754**
66.249.66.195 - - [16/Mar/2026:07:06:51 -0700] "GET /?detail/724840252 HTTP/1.1" 200 21901 "-" "Mozilla/5.0 (Linux; Android 6.0.1; Nexus 5X Build/MMB29P) AppleWebKit/537.36 (KHTML, like Gecko) Chrome/145.0.7632.116 Mobile Safari/537.36 (compatible; Googlebot/2.1; +http://www.google.com/bot.html)" 1888 **1/1888849**
66.249.71.205 - - [16/Mar/2026:07:07:05 -0700] "GET /?detail/800482015 HTTP/1.1" 200 22024 "-" "Mozilla/5.0 (Linux; Android 6.0.1; Nexus 5X Build/MMB29P) AppleWebKit/537.36 (KHTML, like Gecko) Chrome/145.0.7632.116 Mobile Safari/537.36 (compatible; Googlebot/2.1; +http://www.google.com/bot.html)" 1851 **1/1851919**
66.249.71.173 - - [16/Mar/2026:07:07:11 -0700] "GET /detail/1919299827.shtm HTTP/1.1" 200 21739 "-" "Mozilla/5.0 (Linux; Android 6.0.1; Nexus 5X Build/MMB29P) AppleWebKit/537.36 (KHTML, like Gecko) Chrome/145.0.7632.116 Mobile Safari/537.36 (compatible; GoogleOther)" 2145 **2/2145459**
66.249.66.195 - - [16/Mar/2026:07:07:27 -0700] "GET /?detail/314469896 HTTP/1.1" 200 21510 "-" "Mozilla/5.0 (Linux; Android 6.0.1; Nexus 5X Build/MMB29P) AppleWebKit/537.36 (KHTML, like Gecko) Chrome/145.0.7632.116 Mobile Safari/537.36 (compatible; Googlebot/2.1; +http://www.google.com/bot.html)" 1926 **1/1926520**
66.249.71.173 - - [16/Mar/2026:07:07:57 -0700] "GET /detail/1300748713.shtm HTTP/1.1" 200 23668 "-" "Mozilla/5.0 (Linux; Android 6.0.1; Nexus 5X Build/MMB29P) AppleWebKit/537.36 (KHTML, like Gecko) Chrome/145.0.7632.116 Mobile Safari/537.36 (compatible; GoogleOther)" 1771 **1/1771480**
66.249.66.39 - - [16/Mar/2026:07:08:03 -0700] "GET /?detail/967376418 HTTP/1.1" 200 22067 "-" "Mozilla/5.0 (Linux; Android 6.0.1; Nexus 5X Build/MMB29P) AppleWebKit/537.36 (KHTML, like Gecko) Chrome/145.0.7632.116 Mobile Safari/537.36 (compatible; Googlebot/2.1; +http://www.google.com/bot.html)" 1770 **1/1770649**
114.119.130.213 - - [16/Mar/2026:07:08:10 -0700] "GET /detail/2964998426.shtm HTTP/1.1" 200 4098 "http://www.golz.in/sitemap.xml" "Mozilla/5.0 (Linux; Android 7.0;) AppleWebKit/537.36 (KHTML, like Gecko) Mobile Safari/537.36 (compatible; PetalBot;+https://webmaster.petalsearch.com/site/petalbot)" 484 **0/484226**
66.249.66.163 - - [16/Mar/2026:07:08:39 -0700] "GET /?detail/196988989 HTTP/1.1" 200 22325 "-" "Mozilla/5.0 (Linux; Android 6.0.1; Nexus 5X Build/MMB29P) AppleWebKit/537.36 (KHTML, like Gecko) Chrome/145.0.7632.116 Mobile Safari/537.36 (compatible; Googlebot/2.1; +http://www.google.com/bot.html)" 1783 **1/1783876**
66.249.66.39 - - [16/Mar/2026:07:08:44 -0700] "GET /?detail/549220728 HTTP/1.1" 200 22836 "-" "Mozilla/5.0 (Linux; Android 6.0.1; Nexus 5X Build/MMB29P) AppleWebKit/537.36 (KHTML, like Gecko) Chrome/145.0.7632.116 Mobile Safari/537.36 (compatible; Googlebot/2.1; +http://www.google.com/bot.html)" 1798 **1/1798781**
66.249.66.163 - - [16/Mar/2026:07:08:44 -0700] "GET /detail/1138477926.shtm HTTP/1.1" 200 21980 "-" "Mozilla/5.0 (Linux; Android 6.0.1; Nexus 5X Build/MMB29P) AppleWebKit/537.36 (KHTML, like Gecko) Chrome/145.0.7632.116 Mobile Safari/537.36 (compatible; GoogleOther)" 1801 **1/1801585**
66.249.71.206 - - [16/Mar/2026:07:09:16 -0700] "GET /?detail/739126772 HTTP/1.1" 200 21664 "-" "Mozilla/5.0 (Linux; Android 6.0.1; Nexus 5X Build/MMB29P) AppleWebKit/537.36 (KHTML, like Gecko) Chrome/145.0.7632.116 Mobile Safari/537.36 (compatible; Googlebot/2.1; +http://www.google.com/bot.html)" 1798 **1/1798106**
66.249.66.14 - - [16/Mar/2026:07:09:31 -0700] "GET /detail/1346005977.shtm HTTP/1.1" 200 22243 "-" "Mozilla/5.0 (Linux; Android 6.0.1; Nexus 5X Build/MMB29P) AppleWebKit/537.36 (KHTML, like Gecko) Chrome/145.0.7632.116 Mobile Safari/537.36 (compatible; GoogleOther)" 1811 **1/1811426**
66.249.71.205 - - [16/Mar/2026:07:09:55 -0700] "GET /?detail/366265378 HTTP/1.1" 200 21885 "-" "Mozilla/5.0 (Linux; Android 6.0.1; Nexus 5X Build/MMB29P) AppleWebKit/537.36 (KHTML, like Gecko) Chrome/145.0.7632.116 Mobile Safari/537.36 (compatible; Googlebot/2.1; +http://www.google.com/bot.html)" 1811 **1/1811067**
66.249.66.77 - - [16/Mar/2026:07:09:55 -0700] "GET /?detail/660468553 HTTP/1.1" 200 22358 "-" "Mozilla/5.0 (Linux; Android 6.0.1; Nexus 5X Build/MMB29P) AppleWebKit/537.36 (KHTML, like Gecko) Chrome/145.0.7632.116 Mobile Safari/537.36 (compatible; Googlebot/2.1; +http://www.google.com/bot.html)" 1896 **1/1896714**
66.249.71.206 - - [16/Mar/2026:07:10:18 -0700] "GET /detail/463622212.shtm HTTP/1.1" 200 21911 "-" "Mozilla/5.0 (Linux; Android 6.0.1; Nexus 5X Build/MMB29P) AppleWebKit/537.36 (KHTML, like Gecko) Chrome/145.0.7632.116 Mobile Safari/537.36 (compatible; GoogleOther)" 2391 **2/2391772**
216.73.216.210 - - [16/Mar/2026:07:10:28 -0700] "GET /robots.txt HTTP/1.1" 200 74 "-" "Mozilla/5.0 AppleWebKit/537.36 (KHTML, like Gecko; compatible; ClaudeBot/1.0; +claudebot@anthropic.com)" 9 **0/9453**
66.249.66.163 - - [16/Mar/2026:07:10:29 -0700] "GET /?detail/448774884 HTTP/1.1" 200 21690 "-" "Mozilla/5.0 (Linux; Android 6.0.1; Nexus 5X Build/MMB29P) AppleWebKit/537.36 (KHTML, like Gecko) Chrome/145.0.7632.116 Mobile Safari/537.36 (compatible; Googlebot/2.1; +http://www.google.com/bot.html)" 1828 **1/1828081**
114.119.130.26 - - [16/Mar/2026:07:10:41 -0700] "GET /detail/2959197539.shtm HTTP/1.1" 200 4098 "http://www.golz.in/sitemap.xml" "Mozilla/5.0 (Linux; Android 7.0;) AppleWebKit/537.36 (KHTML, like Gecko) Mobile Safari/537.36 (compatible; PetalBot;+https://webmaster.petalsearch.com/site/petalbot)" 530 **0/530004**
216.73.216.210 - - [16/Mar/2026:07:10:48 -0700] "GET /detail/590597580.shtm?path=%2F%2Fusr%2Finclude%2Flinux HTTP/1.1" 200 16236 "-" "Mozilla/5.0 AppleWebKit/537.36 (KHTML, like Gecko; compatible; ClaudeBot/1.0; +claudebot@anthropic.com)" 521 **0/521801**
66.249.71.160 - - [16/Mar/2026:07:11:04 -0700] "GET /detail/3320574878.shtm HTTP/1.1" 200 22008 "-" "Mozilla/5.0 (Linux; Android 6.0.1; Nexus 5X Build/MMB29P) AppleWebKit/537.36 (KHTML, like Gecko) Chrome/145.0.7632.116 Mobile Safari/537.36 (compatible; GoogleOther)" 1797 **1/1797838**
66.249.71.173 - - [16/Mar/2026:07:11:05 -0700] "GET /?detail/755179373 HTTP/1.1" 200 22394 "-" "Mozilla/5.0 (Linux; Android 6.0.1; Nexus 5X Build/MMB29P) AppleWebKit/537.36 (KHTML, like Gecko) Chrome/145.0.7632.116 Mobile Safari/537.36 (compatible; Googlebot/2.1; +http://www.google.com/bot.html)" 1795 **1/1795629**
66.249.71.205 - - [16/Mar/2026:07:11:43 -0700] "GET /?detail/318124090 HTTP/1.1" 200 21817 "-" "Mozilla/5.0 (Linux; Android 6.0.1; Nexus 5X Build/MMB29P) AppleWebKit/537.36 (KHTML, like Gecko) Chrome/145.0.7632.116 Mobile Safari/537.36 (compatible; Googlebot/2.1; +http://www.google.com/bot.html)" 1799 **1/1799832**
114.119.148.242 - - [16/Mar/2026:07:11:54 -0700] "GET /detail/2959034032.shtm HTTP/1.1" 200 4098 "http://www.golz.in/sitemap.xml" "Mozilla/5.0 (Linux; Android 7.0;) AppleWebKit/537.36 (KHTML, like Gecko) Mobile Safari/537.36 (compatible; PetalBot;+https://webmaster.petalsearch.com/site/petalbot)" 508 **0/508941**
66.249.71.160 - - [16/Mar/2026:07:12:10 -0700] "GET /?detail/629583413 HTTP/1.1" 200 22248 "-" "Mozilla/5.0 (Linux; Android 6.0.1; Nexus 5X Build/MMB29P) AppleWebKit/537.36 (KHTML, like Gecko) Chrome/145.0.7632.116 Mobile Safari/537.36 (compatible; Googlebot/2.1; +http://www.google.com/bot.html)" 1809 **1/1809945**
66.249.71.205 - - [16/Mar/2026:07:12:18 -0700] "GET /?detail/52241155 HTTP/1.1" 200 22693 "-" "Mozilla/5.0 (Linux; Android 6.0.1; Nexus 5X Build/MMB29P) AppleWebKit/537.36 (KHTML, like Gecko) Chrome/145.0.7632.116 Mobile Safari/537.36 (compatible; Googlebot/2.1; +http://www.google.com/bot.html)" 1791 **1/1791172**
66.249.66.14 - - [16/Mar/2026:07:12:55 -0700] "GET /?detail/443773621 HTTP/1.1" 200 22071 "-" "Mozilla/5.0 (Linux; Android 6.0.1; Nexus 5X Build/MMB29P) AppleWebKit/537.36 (KHTML, like Gecko) Chrome/145.0.7632.116 Mobile Safari/537.36 (compatible; Googlebot/2.1; +http://www.google.com/bot.html)" 1831 **1/1831989**
49.51.183.15 - - [16/Mar/2026:07:13:22 -0700] "GET /wp-admin/install.php?path=/home/dpknvn09897v/public_html/golz.in/.private HTTP/1.1" 403 59502 "-" "Mozilla/5.0 (iPhone; CPU iPhone OS 13_2_3 like Mac OS X) AppleWebKit/605.1.15 (KHTML, like Gecko) Version/13.0.3 Mobile/15E148 Safari/604.1" 668 **0/668182**
66.249.71.192 - - [16/Mar/2026:07:13:30 -0700] "GET /?detail/595847199 HTTP/1.1" 200 22040 "-" "Mozilla/5.0 (Linux; Android 6.0.1; Nexus 5X Build/MMB29P) AppleWebKit/537.36 (KHTML, like Gecko) Chrome/145.0.7632.116 Mobile Safari/537.36 (compatible; Googlebot/2.1; +http://www.google.com/bot.html)" 1801 **1/1801423**
66.249.71.160 - - [16/Mar/2026:07:14:07 -0700] "GET /?detail/63720942 HTTP/1.1" 200 22308 "-" "Mozilla/5.0 (Linux; Android 6.0.1; Nexus 5X Build/MMB29P) AppleWebKit/537.36 (KHTML, like Gecko) Chrome/145.0.7632.116 Mobile Safari/537.36 (compatible; Googlebot/2.1; +http://www.google.com/bot.html)" 1899 **1/1899129**
66.249.66.195 - - [16/Mar/2026:07:14:54 -0700] "GET /?detail/752533258 HTTP/1.1" 200 22085 "-" "Mozilla/5.0 (Linux; Android 6.0.1; Nexus 5X Build/MMB29P) AppleWebKit/537.36 (KHTML, like Gecko) Chrome/145.0.7632.116 Mobile Safari/537.36 (compatible; Googlebot/2.1; +http://www.google.com/bot.html)" 1790 **1/1790665**
216.73.216.210 - - [16/Mar/2026:07:15:05 -0700] "GET /detail/529445352.shtm?fileloc=%2F%2Fusr%2Finclude%2Flinux%2Fsoundcard.h&path=%2F%2Fusr%2Finclude%2Flinux HTTP/1.1" 200 16010 "-" "Mozilla/5.0 AppleWebKit/537.36 (KHTML, like Gecko; compatible; ClaudeBot/1.0; +claudebot@anthropic.com)" 538 **0/538866**
216.73.216.210 - - [16/Mar/2026:07:15:08 -0700] "GET /detail/529445352.shtm?path=%2F%2Fusr%2Finclude%2Flinux%2Fhsi HTTP/1.1" 200 2631 "-" "Mozilla/5.0 AppleWebKit/537.36 (KHTML, like Gecko; compatible; ClaudeBot/1.0; +claudebot@anthropic.com)" 545 **0/545181**
216.73.216.210 - - [16/Mar/2026:07:15:11 -0700] "GET /detail/529445352.shtm?fileloc=%2F%2Fusr%2Finclude%2Flinux%2Fam437x-vpfe.h&path=%2F%2Fusr%2Finclude%2Flinux HTTP/1.1" 200 3691 "-" "Mozilla/5.0 AppleWebKit/537.36 (KHTML, like Gecko; compatible; ClaudeBot/1.0; +claudebot@anthropic.com)" 512 **0/512271**
216.73.216.210 - - [16/Mar/2026:07:15:14 -0700] "GET /detail/529445352.shtm?fileloc=%2F%2Fusr%2Finclude%2Flinux%2Fxdp_diag.h&path=%2F%2Fusr%2Finclude%2Flinux HTTP/1.1" 200 2851 "-" "Mozilla/5.0 AppleWebKit/537.36 (KHTML, like Gecko; compatible; ClaudeBot/1.0; +claudebot@anthropic.com)" 502 **0/502302**
216.73.216.210 - - [16/Mar/2026:07:15:17 -0700] "GET /detail/529445352.shtm?fileloc=%2F%2Fusr%2Finclude%2Flinux%2Fdqblk_xfs.h&path=%2F%2Fusr%2Finclude%2Flinux HTTP/1.1" 200 5213 "-" "Mozilla/5.0 AppleWebKit/537.36 (KHTML, like Gecko; compatible; ClaudeBot/1.0; +claudebot@anthropic.com)" 534 **0/534870**
216.73.216.210 - - [16/Mar/2026:07:15:20 -0700] "GET /detail/529445352.shtm?fileloc=%2F%2Fusr%2Finclude%2Flinux%2Fn_r3964.h&path=%2F%2Fusr%2Finclude%2Flinux HTTP/1.1" 200 3329 "-" "Mozilla/5.0 AppleWebKit/537.36 (KHTML, like Gecko; compatible; ClaudeBot/1.0; +claudebot@anthropic.com)" 536 **0/536492**
216.73.216.210 - - [16/Mar/2026:07:15:23 -0700] "GET /detail/529445352.shtm?path=%2F%2Fusr%2Flib%2Fpython3.12%2Fsite-packages HTTP/1.1" 200 2581 "-" "Mozilla/5.0 AppleWebKit/537.36 (KHTML, like Gecko; compatible; ClaudeBot/1.0; +claudebot@anthropic.com)" 533 **0/533711**
216.73.216.210 - - [16/Mar/2026:07:15:26 -0700] "GET /detail/529445352.shtm?fileloc=%2F%2Fusr%2Finclude%2Flinux%2Fselinux_netlink.h&path=%2F%2Fusr%2Finclude%2Flinux HTTP/1.1" 200 2822 "-" "Mozilla/5.0 AppleWebKit/537.36 (KHTML, like Gecko; compatible; ClaudeBot/1.0; +claudebot@anthropic.com)" 504 **0/504573**
216.73.216.210 - - [16/Mar/2026:07:15:29 -0700] "GET /detail/590597580.shtm?path=%2F%2Fusr%2Flib%2Fpython3.6%2Fsite-packages HTTP/1.1" 200 4824 "-" "Mozilla/5.0 AppleWebKit/537.36 (KHTML, like Gecko; compatible; ClaudeBot/1.0; +claudebot@anthropic.com)" 516 **0/516694**
216.73.216.210 - - [16/Mar/2026:07:15:32 -0700] "GET /detail/529445352.shtm?fileloc=%2F%2Fusr%2Finclude%2Flinux%2Fblkzoned.h&path=%2F%2Fusr%2Finclude%2Flinux HTTP/1.1" 200 4415 "-" "Mozilla/5.0 AppleWebKit/537.36 (KHTML, like Gecko; compatible; ClaudeBot/1.0; +claudebot@anthropic.com)" 505 **0/505277**
216.73.216.210 - - [16/Mar/2026:07:15:35 -0700] "GET /detail/529445352.shtm?fileloc=%2F%2Fusr%2Finclude%2Flinux%2Fisdnif.h&path=%2F%2Fusr%2Finclude%2Flinux HTTP/1.1" 200 3074 "-" "Mozilla/5.0 AppleWebKit/537.36 (KHTML, like Gecko; compatible; ClaudeBot/1.0; +claudebot@anthropic.com)" 515 **0/515075**
216.73.216.210 - - [16/Mar/2026:07:15:38 -0700] "GET /detail/529445352.shtm?fileloc=%2F%2Fusr%2Finclude%2Flinux%2Fqnx4_fs.h&path=%2F%2Fusr%2Finclude%2Flinux HTTP/1.1" 200 3110 "-" "Mozilla/5.0 AppleWebKit/537.36 (KHTML, like Gecko; compatible; ClaudeBot/1.0; +claudebot@anthropic.com)" 536 **0/536309**
66.249.66.1 - - [16/Mar/2026:07:15:37 -0700] "GET /?detail/829323855 HTTP/1.1" 200 21790 "-" "Mozilla/5.0 (Linux; Android 6.0.1; Nexus 5X Build/MMB29P) AppleWebKit/537.36 (KHTML, like Gecko) Chrome/145.0.7632.116 Mobile Safari/537.36 (compatible; Googlebot/2.1; +http://www.google.com/bot.html)" 1806 **1/1806822**
216.73.216.210 - - [16/Mar/2026:07:15:41 -0700] "GET /detail/529445352.shtm?fileloc=%2F%2Fusr%2Finclude%2Flinux%2Ftcp_metrics.h&path=%2F%2Fusr%2Finclude%2Flinux HTTP/1.1" 200 2831 "-" "Mozilla/5.0 AppleWebKit/537.36 (KHTML, like Gecko; compatible; ClaudeBot/1.0; +claudebot@anthropic.com)" 495 **0/495524**
216.73.216.210 - - [16/Mar/2026:07:16:01 -0700] "GET /detail/590597580.shtm?fileloc=%2F%2Fusr%2Finclude%2Fasm%2Fbitsperlong.h&path=%2F%2Fusr%2Finclude%2Fasm HTTP/1.1" 200 2447 "-" "Mozilla/5.0 AppleWebKit/537.36 (KHTML, like Gecko; compatible; ClaudeBot/1.0; +claudebot@anthropic.com)" 513 **0/513039**
216.73.216.210 - - [16/Mar/2026:07:16:02 -0700] "GET /detail/529445352.shtm?fileloc=%2F%2Fusr%2Finclude%2Flinux%2Fisdn_divertif.h&path=%2F%2Fusr%2Finclude%2Flinux HTTP/1.1" 200 2758 "-" "Mozilla/5.0 AppleWebKit/537.36 (KHTML, like Gecko; compatible; ClaudeBot/1.0; +claudebot@anthropic.com)" 573 **0/573721**
216.73.216.210 - - [16/Mar/2026:07:16:05 -0700] "GET /detail/529445352.shtm?path=%2F%2Fusr%2Finclude%2Flinux%2Fwimax HTTP/1.1" 200 2585 "-" "Mozilla/5.0 AppleWebKit/537.36 (KHTML, like Gecko; compatible; ClaudeBot/1.0; +claudebot@anthropic.com)" 501 **0/501801**
216.73.216.210 - - [16/Mar/2026:07:16:08 -0700] "GET /detail/529445352.shtm?fileloc=%2F%2Fusr%2Finclude%2Flinux%2Fqemu_fw_cfg.h&path=%2F%2Fusr%2Finclude%2Flinux HTTP/1.1" 200 3221 "-" "Mozilla/5.0 AppleWebKit/537.36 (KHTML, like Gecko; compatible; ClaudeBot/1.0; +claudebot@anthropic.com)" 504 **0/504677**
66.249.66.77 - - [16/Mar/2026:07:16:09 -0700] "GET /?detail/701768657 HTTP/1.1" 200 22874 "-" "Mozilla/5.0 (Linux; Android 6.0.1; Nexus 5X Build/MMB29P) AppleWebKit/537.36 (KHTML, like Gecko) Chrome/145.0.7632.116 Mobile Safari/537.36 (compatible; Googlebot/2.1; +http://www.google.com/bot.html)" 1916 **1/1916906**
216.73.216.210 - - [16/Mar/2026:07:16:11 -0700] "GET /detail/4163750565.shtm?fileloc=%2F%2Fusr%2Finclude%2Fjson-c%2Fjson_util.h&path=%2F%2Fusr%2Finclude%2Fjson-c HTTP/1.1" 200 3355 "-" "Mozilla/5.0 AppleWebKit/537.36 (KHTML, like Gecko; compatible; ClaudeBot/1.0; +claudebot@anthropic.com)" 518 **0/518541**
216.73.216.210 - - [16/Mar/2026:07:16:14 -0700] "GET /detail/1535633.shtm?fileloc=%2F%2Fusr%2Finclude%2Fjson-c%2Fjson_util.h&path=%2F%2Fusr%2Finclude%2Fjson-c HTTP/1.1" 200 3355 "-" "Mozilla/5.0 AppleWebKit/537.36 (KHTML, like Gecko; compatible; ClaudeBot/1.0; +claudebot@anthropic.com)" 518 **0/518352**
216.73.216.210 - - [16/Mar/2026:07:16:17 -0700] "GET /detail/4163750565.shtm?fileloc=%2F%2Fusr%2Finclude%2Fjson-c%2Fbits.h&path=%2F%2Fusr%2Finclude%2Fjson-c HTTP/1.1" 200 2651 "-" "Mozilla/5.0 AppleWebKit/537.36 (KHTML, like Gecko; compatible; ClaudeBot/1.0; +claudebot@anthropic.com)" 500 **0/500176**
114.119.158.216 - - [16/Mar/2026:07:16:26 -0700] "GET /detail/2934106450.shtm HTTP/1.1" 200 4098 "http://www.golz.in/sitemap.xml" "Mozilla/5.0 (Linux; Android 7.0;) AppleWebKit/537.36 (KHTML, like Gecko) Mobile Safari/537.36 (compatible; PetalBot;+https://webmaster.petalsearch.com/site/petalbot)" 512 **0/512261**
66.249.71.174 - - [16/Mar/2026:07:16:41 -0700] "GET /?detail/754059766 HTTP/1.1" 200 22639 "-" "Mozilla/5.0 (Linux; Android 6.0.1; Nexus 5X Build/MMB29P) AppleWebKit/537.36 (KHTML, like Gecko) Chrome/145.0.7632.116 Mobile Safari/537.36 (compatible; Googlebot/2.1; +http://www.google.com/bot.html)" 1793 **1/1793826**
66.249.66.39 - - [16/Mar/2026:07:16:46 -0700] "GET /?detail/899094101 HTTP/1.1" 200 23084 "-" "Mozilla/5.0 (Linux; Android 6.0.1; Nexus 5X Build/MMB29P) AppleWebKit/537.36 (KHTML, like Gecko) Chrome/145.0.7632.116 Mobile Safari/537.36 (compatible; Googlebot/2.1; +http://www.google.com/bot.html)" 1859 **1/1859835**
114.119.158.216 - - [16/Mar/2026:07:17:45 -0700] "GET /detail/2930566238.shtm HTTP/1.1" 200 4098 "http://www.golz.in/sitemap.xml" "Mozilla/5.0 (Linux; Android 7.0;) AppleWebKit/537.36 (KHTML, like Gecko) Mobile Safari/537.36 (compatible; PetalBot;+https://webmaster.petalsearch.com/site/petalbot)" 519 **0/519401**
