74.7.227.169 - - [16/Mar/2026:11:24:24 -0700] "GET /detail/5247171.shtm?path=//var/cache/man/cat2 HTTP/1.1" 200 2324 "http://www.golz.in/detail/5247171.shtm?path=//var/cache/man" "Mozilla/5.0 AppleWebKit/537.36 (KHTML, like Gecko; compatible; GPTBot/1.3; +https://openai.com/gptbot)" 504 **0/504758**
74.7.227.169 - - [16/Mar/2026:11:24:27 -0700] "GET /detail/5247171.shtm?path=//var/cache/man/id HTTP/1.1" 200 2597 "http://www.golz.in/detail/5247171.shtm?path=//var/cache/man" "Mozilla/5.0 AppleWebKit/537.36 (KHTML, like Gecko; compatible; GPTBot/1.3; +https://openai.com/gptbot)" 523 **0/523647**
74.7.227.169 - - [16/Mar/2026:11:24:30 -0700] "GET /detail/5247171.shtm?path=//var/cache/man/da HTTP/1.1" 200 2597 "http://www.golz.in/detail/5247171.shtm?path=//var/cache/man" "Mozilla/5.0 AppleWebKit/537.36 (KHTML, like Gecko; compatible; GPTBot/1.3; +https://openai.com/gptbot)" 509 **0/509076**
74.7.227.169 - - [16/Mar/2026:11:24:33 -0700] "GET /detail/8787383.shtm?path=//opt/alt/tests/alt-php71-pecl-yaf_3.3.6-1.el8 HTTP/1.1" 200 2581 "http://www.golz.in/detail/8787383.shtm?path=//opt/alt/tests" "Mozilla/5.0 AppleWebKit/537.36 (KHTML, like Gecko; compatible; GPTBot/1.3; +https://openai.com/gptbot)" 521 **0/521910**
74.7.227.169 - - [16/Mar/2026:11:24:36 -0700] "GET /detail/8787383.shtm?path=//opt/alt/tests/alt-php72-pecl-redis_5.3.7-5.el8 HTTP/1.1" 200 2581 "http://www.golz.in/detail/8787383.shtm?path=//opt/alt/tests" "Mozilla/5.0 AppleWebKit/537.36 (KHTML, like Gecko; compatible; GPTBot/1.3; +https://openai.com/gptbot)" 494 **0/494191**
74.7.227.169 - - [16/Mar/2026:11:24:39 -0700] "GET /detail/8787383.shtm?path=//opt/alt/tests/alt-php80-pecl-mcrypt_1.0.7-1.el8 HTTP/1.1" 200 2583 "http://www.golz.in/detail/8787383.shtm?path=//opt/alt/tests" "Mozilla/5.0 AppleWebKit/537.36 (KHTML, like Gecko; compatible; GPTBot/1.3; +https://openai.com/gptbot)" 527 **0/527539**
74.7.227.169 - - [16/Mar/2026:11:24:43 -0700] "GET /detail/8787383.shtm?path=//opt/alt/tests/alt-php72-phpiredis_1.0.1-1.el8 HTTP/1.1" 200 3210 "http://www.golz.in/detail/8787383.shtm?path=//opt/alt/tests" "Mozilla/5.0 AppleWebKit/537.36 (KHTML, like Gecko; compatible; GPTBot/1.3; +https://openai.com/gptbot)" 506 **0/506499**
74.7.227.169 - - [16/Mar/2026:11:24:46 -0700] "GET /detail/8787383.shtm?path=//opt/alt/tests/alt-php71-pecl-zmq_1.1.3-1.84f0720.el8 HTTP/1.1" 200 2588 "http://www.golz.in/detail/8787383.shtm?path=//opt/alt/tests" "Mozilla/5.0 AppleWebKit/537.36 (KHTML, like Gecko; compatible; GPTBot/1.3; +https://openai.com/gptbot)" 507 **0/507176**
114.119.130.213 - - [16/Mar/2026:11:24:46 -0700] "GET /detail/2443045359.shtm HTTP/1.1" 200 4098 "http://www.golz.in/sitemap.xml" "Mozilla/5.0 (Linux; Android 7.0;) AppleWebKit/537.36 (KHTML, like Gecko) Mobile Safari/537.36 (compatible; PetalBot;+https://webmaster.petalsearch.com/site/petalbot)" 503 **0/503237**
74.7.227.169 - - [16/Mar/2026:11:24:49 -0700] "GET /detail/8787383.shtm?path=//lib/debug/usr/sbin HTTP/1.1" 200 2324 "http://www.golz.in/detail/8787383.shtm?path=//lib/debug/usr" "Mozilla/5.0 AppleWebKit/537.36 (KHTML, like Gecko; compatible; GPTBot/1.3; +https://openai.com/gptbot)" 499 **0/499698**
74.7.227.169 - - [16/Mar/2026:11:24:52 -0700] "GET /detail/8787383.shtm?path=//var/cache/man/id/cat8 HTTP/1.1" 200 2331 "http://www.golz.in/detail/8787383.shtm?path=//var/cache/man/id" "Mozilla/5.0 AppleWebKit/537.36 (KHTML, like Gecko; compatible; GPTBot/1.3; +https://openai.com/gptbot)" 494 **0/494491**
74.7.227.169 - - [16/Mar/2026:11:24:55 -0700] "GET /detail/8787383.shtm?path=//var/cache/man/da/cat5 HTTP/1.1" 200 2332 "http://www.golz.in/detail/8787383.shtm?path=//var/cache/man/da" "Mozilla/5.0 AppleWebKit/537.36 (KHTML, like Gecko; compatible; GPTBot/1.3; +https://openai.com/gptbot)" 502 **0/502876**
74.7.227.169 - - [16/Mar/2026:11:24:58 -0700] "GET /detail/8787383.shtm?path=//var/cache/man/id/cat1 HTTP/1.1" 200 2331 "http://www.golz.in/detail/8787383.shtm?path=//var/cache/man/id" "Mozilla/5.0 AppleWebKit/537.36 (KHTML, like Gecko; compatible; GPTBot/1.3; +https://openai.com/gptbot)" 497 **0/497604**
74.7.227.169 - - [16/Mar/2026:11:25:02 -0700] "GET /detail/5247171.shtm?path=//var/cache/man/id/cat1 HTTP/1.1" 200 2331 "http://www.golz.in/detail/5247171.shtm?path=//var/cache/man/id" "Mozilla/5.0 AppleWebKit/537.36 (KHTML, like Gecko; compatible; GPTBot/1.3; +https://openai.com/gptbot)" 663 **0/663207**
74.7.227.169 - - [16/Mar/2026:11:25:05 -0700] "GET /detail/5247171.shtm?path=//var/cache/man/id/cat8 HTTP/1.1" 200 2331 "http://www.golz.in/detail/5247171.shtm?path=//var/cache/man/id" "Mozilla/5.0 AppleWebKit/537.36 (KHTML, like Gecko; compatible; GPTBot/1.3; +https://openai.com/gptbot)" 546 **0/546531**
74.7.227.169 - - [16/Mar/2026:11:25:08 -0700] "GET /detail/5247171.shtm?path=//var/cache/man/id/cat5 HTTP/1.1" 200 2332 "http://www.golz.in/detail/5247171.shtm?path=//var/cache/man/id" "Mozilla/5.0 AppleWebKit/537.36 (KHTML, like Gecko; compatible; GPTBot/1.3; +https://openai.com/gptbot)" 509 **0/509477**
74.7.227.169 - - [16/Mar/2026:11:25:11 -0700] "GET /detail/8787383.shtm?path=//var/cache/man/id/cat5 HTTP/1.1" 200 2332 "http://www.golz.in/detail/8787383.shtm?path=//var/cache/man/id" "Mozilla/5.0 AppleWebKit/537.36 (KHTML, like Gecko; compatible; GPTBot/1.3; +https://openai.com/gptbot)" 513 **0/513235**
74.7.227.169 - - [16/Mar/2026:11:25:14 -0700] "GET /detail/8787383.shtm?path=//usr/lib/tuned/intel-sst HTTP/1.1" 200 2585 "http://www.golz.in/detail/8787383.shtm?path=//usr/lib/tuned" "Mozilla/5.0 AppleWebKit/537.36 (KHTML, like Gecko; compatible; GPTBot/1.3; +https://openai.com/gptbot)" 494 **0/494340**
74.7.227.169 - - [16/Mar/2026:11:25:17 -0700] "GET /detail/8787383.shtm?path=//usr/lib/kdump HTTP/1.1" 200 2648 "http://www.golz.in/detail/8787383.shtm?path=//usr/lib" "Mozilla/5.0 AppleWebKit/537.36 (KHTML, like Gecko; compatible; GPTBot/1.3; +https://openai.com/gptbot)" 509 **0/509190**
74.7.227.169 - - [16/Mar/2026:11:25:20 -0700] "GET /detail/8787383.shtm?path=//usr/lib/games HTTP/1.1" 200 2314 "http://www.golz.in/detail/8787383.shtm?path=//usr/lib" "Mozilla/5.0 AppleWebKit/537.36 (KHTML, like Gecko; compatible; GPTBot/1.3; +https://openai.com/gptbot)" 508 **0/508818**
74.7.227.169 - - [16/Mar/2026:11:25:24 -0700] "GET /detail/5247171.shtm?path=//opt/alt/redis HTTP/1.1" 200 2679 "http://www.golz.in/detail/5247171.shtm?path=//opt/alt" "Mozilla/5.0 AppleWebKit/537.36 (KHTML, like Gecko; compatible; GPTBot/1.3; +https://openai.com/gptbot)" 500 **0/500101**
74.7.227.169 - - [16/Mar/2026:11:25:27 -0700] "GET /detail/8787383.shtm?path=//usr/lib/kcare HTTP/1.1" 200 2580 "http://www.golz.in/detail/8787383.shtm?path=//usr/lib" "Mozilla/5.0 AppleWebKit/537.36 (KHTML, like Gecko; compatible; GPTBot/1.3; +https://openai.com/gptbot)" 510 **0/510146**
74.7.227.169 - - [16/Mar/2026:11:25:30 -0700] "GET /detail/5247171.shtm?path=//opt/alt/tests HTTP/1.1" 200 10766 "http://www.golz.in/detail/5247171.shtm?path=//opt/alt" "Mozilla/5.0 AppleWebKit/537.36 (KHTML, like Gecko; compatible; GPTBot/1.3; +https://openai.com/gptbot)" 521 **0/521071**
74.7.227.169 - - [16/Mar/2026:11:25:33 -0700] "GET /detail/8787383.shtm?path=//etc/cl.nodejs HTTP/1.1" 200 2577 "http://www.golz.in/detail/8787383.shtm?path=//etc" "Mozilla/5.0 AppleWebKit/537.36 (KHTML, like Gecko; compatible; GPTBot/1.3; +https://openai.com/gptbot)" 493 **0/493559**
74.7.227.169 - - [16/Mar/2026:11:25:36 -0700] "GET /detail/8787383.shtm?path=//usr/lib/debug HTTP/1.1" 200 2666 "http://www.golz.in/detail/8787383.shtm?path=//usr/lib" "Mozilla/5.0 AppleWebKit/537.36 (KHTML, like Gecko; compatible; GPTBot/1.3; +https://openai.com/gptbot)" 497 **0/497852**
74.7.227.169 - - [16/Mar/2026:11:25:40 -0700] "GET /detail/8787383.shtm?path=//usr/local/lib HTTP/1.1" 200 2638 "http://www.golz.in/detail/8787383.shtm?path=//usr/local" "Mozilla/5.0 AppleWebKit/537.36 (KHTML, like Gecko; compatible; GPTBot/1.3; +https://openai.com/gptbot)" 502 **0/502369**
74.7.227.169 - - [16/Mar/2026:11:25:43 -0700] "GET /detail/8787383.shtm?path=//etc/ssl/certs HTTP/1.1" 200 3041 "http://www.golz.in/detail/8787383.shtm?path=//etc/ssl" "Mozilla/5.0 AppleWebKit/537.36 (KHTML, like Gecko; compatible; GPTBot/1.3; +https://openai.com/gptbot)" 507 **0/507543**
74.7.227.169 - - [16/Mar/2026:11:25:46 -0700] "GET /detail/8787383.shtm?path=//var/cache/man/local HTTP/1.1" 200 2684 "http://www.golz.in/detail/8787383.shtm?path=//var/cache/man" "Mozilla/5.0 AppleWebKit/537.36 (KHTML, like Gecko; compatible; GPTBot/1.3; +https://openai.com/gptbot)" 506 **0/506616**
74.7.227.169 - - [16/Mar/2026:11:25:49 -0700] "GET /detail/8787383.shtm?path=//lib/tuned/intel-sst HTTP/1.1" 200 2576 "http://www.golz.in/detail/8787383.shtm?path=//lib/tuned" "Mozilla/5.0 AppleWebKit/537.36 (KHTML, like Gecko; compatible; GPTBot/1.3; +https://openai.com/gptbot)" 495 **0/495051**
74.7.227.169 - - [16/Mar/2026:11:25:52 -0700] "GET /detail/5247171.shtm?path=//var/cache/man/local HTTP/1.1" 200 2684 "http://www.golz.in/detail/5247171.shtm?path=//var/cache/man" "Mozilla/5.0 AppleWebKit/537.36 (KHTML, like Gecko; compatible; GPTBot/1.3; +https://openai.com/gptbot)" 521 **0/521256**
74.7.227.169 - - [16/Mar/2026:11:25:55 -0700] "GET /detail/8787383.shtm?path=//opt/alt/pdflib-lite HTTP/1.1" 200 2560 "http://www.golz.in/detail/8787383.shtm?path=//opt/alt" "Mozilla/5.0 AppleWebKit/537.36 (KHTML, like Gecko; compatible; GPTBot/1.3; +https://openai.com/gptbot)" 501 **0/501666**
74.7.227.169 - - [16/Mar/2026:11:25:58 -0700] "GET /detail/5247171.shtm?path=//lib/tuned/intel-sst HTTP/1.1" 200 2576 "http://www.golz.in/detail/5247171.shtm?path=//lib/tuned" "Mozilla/5.0 AppleWebKit/537.36 (KHTML, like Gecko; compatible; GPTBot/1.3; +https://openai.com/gptbot)" 513 **0/513795**
74.7.227.169 - - [16/Mar/2026:11:26:01 -0700] "GET /detail/5247171.shtm?path=//opt/alt/pdflib-lite HTTP/1.1" 200 2560 "http://www.golz.in/detail/5247171.shtm?path=//opt/alt" "Mozilla/5.0 AppleWebKit/537.36 (KHTML, like Gecko; compatible; GPTBot/1.3; +https://openai.com/gptbot)" 545 **0/545399**
74.7.227.169 - - [16/Mar/2026:11:26:04 -0700] "GET /detail/9999482.shtm?path=//var/php HTTP/1.1" 200 2545 "http://www.golz.in/detail/9999482.shtm?path=//var" "Mozilla/5.0 AppleWebKit/537.36 (KHTML, like Gecko; compatible; GPTBot/1.3; +https://openai.com/gptbot)" 488 **0/488392**
74.7.227.169 - - [16/Mar/2026:11:26:08 -0700] "GET /detail/9999482.shtm?path=//proc/self/root/run/nscd HTTP/1.1" 200 2588 "http://www.golz.in/detail/9999482.shtm?path=//proc/self/root/run" "Mozilla/5.0 AppleWebKit/537.36 (KHTML, like Gecko; compatible; GPTBot/1.3; +https://openai.com/gptbot)" 509 **0/509429**
216.73.216.210 - - [16/Mar/2026:11:26:08 -0700] "GET /detail/2281911296.shtm?path=%2Fhome%2Fdpknvn09897v%2Fpublic_html%2Fgolz.in%2Fwp-content HTTP/1.1" 200 3212 "-" "Mozilla/5.0 AppleWebKit/537.36 (KHTML, like Gecko; compatible; ClaudeBot/1.0; +claudebot@anthropic.com)" 526 **0/526605**
216.73.216.210 - - [16/Mar/2026:11:26:10 -0700] "GET /detail/242488151.shtm?path=%2Fhome%2Fdpknvn09897v%2Fpublic_html%2Fgolz.in%2Fwp-content HTTP/1.1" 200 3212 "-" "Mozilla/5.0 AppleWebKit/537.36 (KHTML, like Gecko; compatible; ClaudeBot/1.0; +claudebot@anthropic.com)" 498 **0/498047**
74.7.227.169 - - [16/Mar/2026:11:26:11 -0700] "GET /detail/8787383.shtm?path=//usr/lib/debug/.dwz HTTP/1.1" 200 2324 "http://www.golz.in/detail/8787383.shtm?path=//usr/lib/debug" "Mozilla/5.0 AppleWebKit/537.36 (KHTML, like Gecko; compatible; GPTBot/1.3; +https://openai.com/gptbot)" 497 **0/497415**
216.73.216.210 - - [16/Mar/2026:11:26:13 -0700] "GET /detail/417498528.shtm?path=%2Fhome%2Fdpknvn09897v%2Fpublic_html%2Fgolz.in%2Fcgi-bin HTTP/1.1" 200 2658 "-" "Mozilla/5.0 AppleWebKit/537.36 (KHTML, like Gecko; compatible; ClaudeBot/1.0; +claudebot@anthropic.com)" 506 **0/506130**
74.7.227.169 - - [16/Mar/2026:11:26:14 -0700] "GET /detail/8787383.shtm?path=//usr/lib/debug/sbin HTTP/1.1" 200 2324 "http://www.golz.in/detail/8787383.shtm?path=//usr/lib/debug" "Mozilla/5.0 AppleWebKit/537.36 (KHTML, like Gecko; compatible; GPTBot/1.3; +https://openai.com/gptbot)" 504 **0/504545**
216.73.216.210 - - [16/Mar/2026:11:26:16 -0700] "GET /detail/3501219341.shtm?path=%2Fhome%2Fdpknvn09897v%2Fpublic_html%2Fgolz.in%2Fcgi-bin HTTP/1.1" 200 2658 "-" "Mozilla/5.0 AppleWebKit/537.36 (KHTML, like Gecko; compatible; ClaudeBot/1.0; +claudebot@anthropic.com)" 501 **0/501775**
74.7.227.169 - - [16/Mar/2026:11:26:17 -0700] "GET /detail/8787383.shtm?fileloc=//etc/ssl/certs/p3plzcpnl00006.phx3.test-secureserver.net.crt&path=//etc/ssl/certs HTTP/1.1" 200 3421 "http://www.golz.in/detail/8787383.shtm?path=//etc/ssl/certs" "Mozilla/5.0 AppleWebKit/537.36 (KHTML, like Gecko; compatible; GPTBot/1.3; +https://openai.com/gptbot)" 491 **0/491324**
74.7.227.169 - - [16/Mar/2026:11:26:20 -0700] "GET /detail/9999482.shtm?path=//proc/self/root/lib/udev HTTP/1.1" 200 3048 "http://www.golz.in/detail/9999482.shtm?path=//proc/self/root/lib" "Mozilla/5.0 AppleWebKit/537.36 (KHTML, like Gecko; compatible; GPTBot/1.3; +https://openai.com/gptbot)" 501 **0/501434**
74.7.227.169 - - [16/Mar/2026:11:26:23 -0700] "GET /detail/9999482.shtm?path=//opt/alt/cyrus-sasl/sbin HTTP/1.1" 200 2778 "http://www.golz.in/detail/9999482.shtm?path=//opt/alt/cyrus-sasl" "Mozilla/5.0 AppleWebKit/537.36 (KHTML, like Gecko; compatible; GPTBot/1.3; +https://openai.com/gptbot)" 489 **0/489833**
74.7.227.169 - - [16/Mar/2026:11:26:27 -0700] "GET /detail/9999482.shtm?path=//proc/self/root/run/dbus HTTP/1.1" 200 2334 "http://www.golz.in/detail/9999482.shtm?path=//proc/self/root/run" "Mozilla/5.0 AppleWebKit/537.36 (KHTML, like Gecko; compatible; GPTBot/1.3; +https://openai.com/gptbot)" 487 **0/487140**
74.7.227.169 - - [16/Mar/2026:11:26:30 -0700] "GET /detail/8787383.shtm?path=//opt/alt/pdflib-lite/usr HTTP/1.1" 200 2621 "http://www.golz.in/detail/8787383.shtm?path=//opt/alt/pdflib-lite" "Mozilla/5.0 AppleWebKit/537.36 (KHTML, like Gecko; compatible; GPTBot/1.3; +https://openai.com/gptbot)" 496 **0/496861**
74.7.227.169 - - [16/Mar/2026:11:26:33 -0700] "GET /detail/9999482.shtm?path=//proc/self/root/lib/grub HTTP/1.1" 200 2574 "http://www.golz.in/detail/9999482.shtm?path=//proc/self/root/lib" "Mozilla/5.0 AppleWebKit/537.36 (KHTML, like Gecko; compatible; GPTBot/1.3; +https://openai.com/gptbot)" 527 **0/527218**
74.7.227.169 - - [16/Mar/2026:11:26:36 -0700] "GET /detail/5247171.shtm?path=//opt/alt/pdflib-lite/usr HTTP/1.1" 200 2621 "http://www.golz.in/detail/5247171.shtm?path=//opt/alt/pdflib-lite" "Mozilla/5.0 AppleWebKit/537.36 (KHTML, like Gecko; compatible; GPTBot/1.3; +https://openai.com/gptbot)" 505 **0/505829**
34.174.156.53 - - [16/Mar/2026:11:26:38 -0700] "HEAD /wp/ HTTP/1.1" 200 - "-" "Mozilla/5.0 (Macintosh; Intel Mac OS X 14_5) AppleWebKit/605.1.15 (KHTML, like Gecko) Version/17.5 Safari/605.1.15" 505 **0/505199**
74.7.227.169 - - [16/Mar/2026:11:26:39 -0700] "GET /detail/9999482.shtm?path=//proc/self/root/usr/sbin HTTP/1.1" 200 4029 "http://www.golz.in/detail/9999482.shtm?path=//proc/self/root/usr" "Mozilla/5.0 AppleWebKit/537.36 (KHTML, like Gecko; compatible; GPTBot/1.3; +https://openai.com/gptbot)" 494 **0/494633**
34.174.156.53 - - [16/Mar/2026:11:26:39 -0700] "HEAD /new/ HTTP/1.1" 200 - "-" "Mozilla/5.0 (Linux; Android 12; Redmi Note 11) AppleWebKit/537.36 (KHTML, like Gecko) Chrome/123.0.6312.112 Mobile Safari/537.36" 526 **0/526788**
114.119.158.216 - - [16/Mar/2026:11:26:39 -0700] "GET /detail/2441833260.shtm HTTP/1.1" 200 4098 "http://www.golz.in/sitemap.xml" "Mozilla/5.0 (Linux; Android 7.0;) AppleWebKit/537.36 (KHTML, like Gecko) Mobile Safari/537.36 (compatible; PetalBot;+https://webmaster.petalsearch.com/site/petalbot)" 497 **0/497018**
34.174.156.53 - - [16/Mar/2026:11:26:40 -0700] "HEAD /wordpress/ HTTP/1.1" 200 - "-" "Mozilla/5.0 (Windows NT 11.0; Win64; x64) AppleWebKit/537.36 (KHTML, like Gecko) Edg/128.0.2790.25 Chrome/128.0.6540.22 Safari/537.36" 514 **0/514188**
34.174.156.53 - - [16/Mar/2026:11:26:40 -0700] "HEAD / HTTP/1.1" 200 - "-" "Mozilla/5.0 (X11; Linux x86_64; rv:127.0) Gecko/20100101 Firefox/127.0" 497 **0/497139**
34.174.156.53 - - [16/Mar/2026:11:26:41 -0700] "HEAD /old/ HTTP/1.1" 200 - "-" "Mozilla/5.0 (Linux; Android 14; SM-A146P) AppleWebKit/537.36 (KHTML, like Gecko) SamsungBrowser/25.0 Chrome/123.0.6312.120 Mobile Safari/537.36" 519 **0/519587**
34.174.156.53 - - [16/Mar/2026:11:26:42 -0700] "HEAD /blog/ HTTP/1.1" 200 - "-" "Mozilla/5.0 (iPhone; CPU iPhone OS 17_5 like Mac OS X) AppleWebKit/605.1.15 (KHTML, like Gecko) Version/17.5 Mobile/15E148 Safari/604.1" 496 **0/496790**
74.7.227.169 - - [16/Mar/2026:11:26:42 -0700] "GET /detail/8787383.shtm?path=//proc/sys/net/ipv6 HTTP/1.1" 200 3424 "http://www.golz.in/detail/8787383.shtm?path=//proc/sys/net" "Mozilla/5.0 AppleWebKit/537.36 (KHTML, like Gecko; compatible; GPTBot/1.3; +https://openai.com/gptbot)" 495 **0/495619**
34.174.156.53 - - [16/Mar/2026:11:26:43 -0700] "HEAD /backup/ HTTP/1.1" 200 - "-" "Mozilla/5.0 (Linux; Android 14; RMX3842) AppleWebKit/537.36 (KHTML, like Gecko) Chrome/126.0.6478.44 Mobile Safari/537.36" 498 **0/498378**
74.7.227.169 - - [16/Mar/2026:11:26:45 -0700] "GET /detail/8787383.shtm?path=//proc/sys/net/ipv4 HTTP/1.1" 200 5591 "http://www.golz.in/detail/8787383.shtm?path=//proc/sys/net" "Mozilla/5.0 AppleWebKit/537.36 (KHTML, like Gecko; compatible; GPTBot/1.3; +https://openai.com/gptbot)" 506 **0/506131**
74.7.227.169 - - [16/Mar/2026:11:26:48 -0700] "GET /detail/9999482.shtm?path=//lib/gems/ruby HTTP/1.1" 200 2316 "http://www.golz.in/detail/9999482.shtm?path=//lib/gems" "Mozilla/5.0 AppleWebKit/537.36 (KHTML, like Gecko; compatible; GPTBot/1.3; +https://openai.com/gptbot)" 507 **0/507334**
74.7.227.169 - - [16/Mar/2026:11:26:51 -0700] "GET /detail/9999482.shtm?path=//usr/lib/kcare HTTP/1.1" 200 2580 "http://www.golz.in/detail/9999482.shtm?path=//usr/lib" "Mozilla/5.0 AppleWebKit/537.36 (KHTML, like Gecko; compatible; GPTBot/1.3; +https://openai.com/gptbot)" 502 **0/502529**
74.7.227.169 - - [16/Mar/2026:11:26:54 -0700] "GET /detail/9999482.shtm?path=//proc/self/cwd HTTP/1.1" 200 3480 "http://www.golz.in/detail/9999482.shtm?path=//proc/self" "Mozilla/5.0 AppleWebKit/537.36 (KHTML, like Gecko; compatible; GPTBot/1.3; +https://openai.com/gptbot)" 493 **0/493825**
74.7.227.169 - - [16/Mar/2026:11:26:57 -0700] "GET /detail/9999482.shtm?path=//proc/self/map_files HTTP/1.1" 200 2309 "http://www.golz.in/detail/9999482.shtm?path=//proc/self" "Mozilla/5.0 AppleWebKit/537.36 (KHTML, like Gecko; compatible; GPTBot/1.3; +https://openai.com/gptbot)" 516 **0/516673**
74.7.227.169 - - [16/Mar/2026:11:27:01 -0700] "GET /detail/9999482.shtm?fileloc=//bin/cal&path=//bin HTTP/1.1" 200 26400 "http://www.golz.in/detail/9999482.shtm?path=//bin" "Mozilla/5.0 AppleWebKit/537.36 (KHTML, like Gecko; compatible; GPTBot/1.3; +https://openai.com/gptbot)" 604 **0/604144**
74.7.227.169 - - [16/Mar/2026:11:27:04 -0700] "GET /detail/9999482.shtm?fileloc=//bin/tbl&path=//bin HTTP/1.1" 200 51828 "http://www.golz.in/detail/9999482.shtm?path=//bin" "Mozilla/5.0 AppleWebKit/537.36 (KHTML, like Gecko; compatible; GPTBot/1.3; +https://openai.com/gptbot)" 535 **0/535084**
74.7.227.169 - - [16/Mar/2026:11:27:07 -0700] "GET /detail/9999482.shtm?fileloc=//bin/tee&path=//bin HTTP/1.1" 200 16591 "http://www.golz.in/detail/9999482.shtm?path=//bin" "Mozilla/5.0 AppleWebKit/537.36 (KHTML, like Gecko; compatible; GPTBot/1.3; +https://openai.com/gptbot)" 506 **0/506586**
74.7.227.169 - - [16/Mar/2026:11:27:10 -0700] "GET /detail/9999482.shtm?fileloc=//bin/idn&path=//bin HTTP/1.1" 200 14210 "http://www.golz.in/detail/9999482.shtm?path=//bin" "Mozilla/5.0 AppleWebKit/537.36 (KHTML, like Gecko; compatible; GPTBot/1.3; +https://openai.com/gptbot)" 499 **0/499497**
74.7.227.169 - - [16/Mar/2026:11:27:13 -0700] "GET /detail/9999482.shtm?fileloc=//proc/self/root/usr/sbin/dnssec-importkey&path=//proc/self/root/usr/sbin HTTP/1.1" 200 22190 "http://www.golz.in/detail/9999482.shtm?path=//proc/self/root/usr/sbin" "Mozilla/5.0 AppleWebKit/537.36 (KHTML, like Gecko; compatible; GPTBot/1.3; +https://openai.com/gptbot)" 526 **0/526325**
74.7.227.169 - - [16/Mar/2026:11:27:16 -0700] "GET /detail/9999482.shtm?fileloc=//proc/self/root/usr/sbin/pam_timestamp_check&path=//proc/self/root/usr/sbin HTTP/1.1" 200 6844 "http://www.golz.in/detail/9999482.shtm?path=//proc/self/root/usr/sbin" "Mozilla/5.0 AppleWebKit/537.36 (KHTML, like Gecko; compatible; GPTBot/1.3; +https://openai.com/gptbot)" 493 **0/493254**
74.7.227.169 - - [16/Mar/2026:11:27:20 -0700] "GET /detail/8787383.shtm?fileloc=//proc/sys/net/ipv4/tcp_syn_retries&path=//proc/sys/net/ipv4 HTTP/1.1" 200 2284 "http://www.golz.in/detail/8787383.shtm?path=//proc/sys/net/ipv4" "Mozilla/5.0 AppleWebKit/537.36 (KHTML, like Gecko; compatible; GPTBot/1.3; +https://openai.com/gptbot)" 499 **0/499850**
74.7.227.169 - - [16/Mar/2026:11:27:23 -0700] "GET /detail/8787383.shtm?fileloc=//proc/sys/net/ipv4/tcp_fastopen&path=//proc/sys/net/ipv4 HTTP/1.1" 200 2284 "http://www.golz.in/detail/8787383.shtm?path=//proc/sys/net/ipv4" "Mozilla/5.0 AppleWebKit/537.36 (KHTML, like Gecko; compatible; GPTBot/1.3; +https://openai.com/gptbot)" 501 **0/501399**
74.7.227.169 - - [16/Mar/2026:11:27:26 -0700] "GET /detail/8787383.shtm?fileloc=//proc/sys/net/ipv4/tcp_timestamps&path=//proc/sys/net/ipv4 HTTP/1.1" 200 2282 "http://www.golz.in/detail/8787383.shtm?path=//proc/sys/net/ipv4" "Mozilla/5.0 AppleWebKit/537.36 (KHTML, like Gecko; compatible; GPTBot/1.3; +https://openai.com/gptbot)" 491 **0/491482**
74.7.227.169 - - [16/Mar/2026:11:27:29 -0700] "GET /detail/9999482.shtm?fileloc=//proc/self/cwd/wp-config.php&path=//proc/self/cwd HTTP/1.1" 200 3982 "http://www.golz.in/detail/9999482.shtm?path=//proc/self/cwd" "Mozilla/5.0 AppleWebKit/537.36 (KHTML, like Gecko; compatible; GPTBot/1.3; +https://openai.com/gptbot)" 505 **0/505916**
74.7.227.169 - - [16/Mar/2026:11:27:32 -0700] "GET /detail/8787383.shtm?fileloc=//proc/sys/net/ipv4/inet_peer_minttl&path=//proc/sys/net/ipv4 HTTP/1.1" 200 2288 "http://www.golz.in/detail/8787383.shtm?path=//proc/sys/net/ipv4" "Mozilla/5.0 AppleWebKit/537.36 (KHTML, like Gecko; compatible; GPTBot/1.3; +https://openai.com/gptbot)" 519 **0/519288**
74.7.227.169 - - [16/Mar/2026:11:27:35 -0700] "GET /detail/8787383.shtm?fileloc=//proc/sys/net/ipv4/udp_l3mdev_accept&path=//proc/sys/net/ipv4 HTTP/1.1" 200 2289 "http://www.golz.in/detail/8787383.shtm?path=//proc/sys/net/ipv4" "Mozilla/5.0 AppleWebKit/537.36 (KHTML, like Gecko; compatible; GPTBot/1.3; +https://openai.com/gptbot)" 505 **0/505592**
74.7.227.169 - - [16/Mar/2026:11:27:39 -0700] "GET /detail/8787383.shtm?fileloc=//proc/sys/net/ipv6/ip6frag_high_thresh&path=//proc/sys/net/ipv6 HTTP/1.1" 200 2294 "http://www.golz.in/detail/8787383.shtm?path=//proc/sys/net/ipv6" "Mozilla/5.0 AppleWebKit/537.36 (KHTML, like Gecko; compatible; GPTBot/1.3; +https://openai.com/gptbot)" 491 **0/491899**
114.119.130.26 - - [16/Mar/2026:11:27:39 -0700] "GET /detail/2424132864.shtm HTTP/1.1" 200 4098 "http://www.golz.in/sitemap.xml" "Mozilla/5.0 (Linux; Android 7.0;) AppleWebKit/537.36 (KHTML, like Gecko) Mobile Safari/537.36 (compatible; PetalBot;+https://webmaster.petalsearch.com/site/petalbot)" 482 **0/482976**
74.7.227.169 - - [16/Mar/2026:11:27:42 -0700] "GET /detail/8787383.shtm?fileloc=//proc/sys/net/ipv4/tcp_l3mdev_accept&path=//proc/sys/net/ipv4 HTTP/1.1" 200 2289 "http://www.golz.in/detail/8787383.shtm?path=//proc/sys/net/ipv4" "Mozilla/5.0 AppleWebKit/537.36 (KHTML, like Gecko; compatible; GPTBot/1.3; +https://openai.com/gptbot)" 513 **0/513256**
74.7.227.169 - - [16/Mar/2026:11:27:45 -0700] "GET /detail/8787383.shtm?fileloc=//proc/sys/net/ipv6/ip6frag_low_thresh&path=//proc/sys/net/ipv6 HTTP/1.1" 200 2292 "http://www.golz.in/detail/8787383.shtm?path=//proc/sys/net/ipv6" "Mozilla/5.0 AppleWebKit/537.36 (KHTML, like Gecko; compatible; GPTBot/1.3; +https://openai.com/gptbot)" 518 **0/518551**
74.7.227.169 - - [16/Mar/2026:11:27:48 -0700] "GET /detail/8787383.shtm?fileloc=//proc/sys/net/ipv4/icmp_ratelimit&path=//proc/sys/net/ipv4 HTTP/1.1" 200 2286 "http://www.golz.in/detail/8787383.shtm?path=//proc/sys/net/ipv4" "Mozilla/5.0 AppleWebKit/537.36 (KHTML, like Gecko; compatible; GPTBot/1.3; +https://openai.com/gptbot)" 503 **0/503707**
74.7.227.169 - - [16/Mar/2026:11:27:51 -0700] "GET /detail/8787383.shtm?fileloc=//proc/sys/net/ipv4/tcp_recovery&path=//proc/sys/net/ipv4 HTTP/1.1" 200 2282 "http://www.golz.in/detail/8787383.shtm?path=//proc/sys/net/ipv4" "Mozilla/5.0 AppleWebKit/537.36 (KHTML, like Gecko; compatible; GPTBot/1.3; +https://openai.com/gptbot)" 500 **0/500545**
74.7.227.169 - - [16/Mar/2026:11:27:54 -0700] "GET /detail/8787383.shtm?fileloc=//proc/sys/net/ipv4/tcp_orphan_retries&path=//proc/sys/net/ipv4 HTTP/1.1" 200 2287 "http://www.golz.in/detail/8787383.shtm?path=//proc/sys/net/ipv4" "Mozilla/5.0 AppleWebKit/537.36 (KHTML, like Gecko; compatible; GPTBot/1.3; +https://openai.com/gptbot)" 494 **0/494877**
74.7.227.169 - - [16/Mar/2026:11:27:58 -0700] "GET /detail/8787383.shtm?fileloc=//proc/sys/net/ipv4/tcp_ecn&path=//proc/sys/net/ipv4 HTTP/1.1" 200 2281 "http://www.golz.in/detail/8787383.shtm?path=//proc/sys/net/ipv4" "Mozilla/5.0 AppleWebKit/537.36 (KHTML, like Gecko; compatible; GPTBot/1.3; +https://openai.com/gptbot)" 484 **0/484092**
216.73.216.210 - - [16/Mar/2026:11:27:59 -0700] "GET /detail/4185250797.shtm?fileloc=%2F%2Flib64%2Fpython3.12%2Fzipimport.py&path=%2F%2Flib64%2Fpython3.12 HTTP/1.1" 200 10001 "-" "Mozilla/5.0 AppleWebKit/537.36 (KHTML, like Gecko; compatible; ClaudeBot/1.0; +claudebot@anthropic.com)" 499 **0/499182**
74.7.227.169 - - [16/Mar/2026:11:28:01 -0700] "GET /detail/8787383.shtm?fileloc=//proc/sys/net/ipv4/tcp_fastopen_key&path=//proc/sys/net/ipv4 HTTP/1.1" 200 2284 "http://www.golz.in/detail/8787383.shtm?path=//proc/sys/net/ipv4" "Mozilla/5.0 AppleWebKit/537.36 (KHTML, like Gecko; compatible; GPTBot/1.3; +https://openai.com/gptbot)" 502 **0/502797**
216.73.216.210 - - [16/Mar/2026:11:28:02 -0700] "GET /detail/4185250797.shtm?fileloc=%2F%2Flib64%2Fpython3.12%2Ftty.py&path=%2F%2Flib64%2Fpython3.12 HTTP/1.1" 200 3055 "-" "Mozilla/5.0 AppleWebKit/537.36 (KHTML, like Gecko; compatible; ClaudeBot/1.0; +claudebot@anthropic.com)" 514 **0/514008**
74.7.227.169 - - [16/Mar/2026:11:28:04 -0700] "GET /detail/8787383.shtm?fileloc=//proc/sys/net/ipv4/tcp_synack_retries&path=//proc/sys/net/ipv4 HTTP/1.1" 200 2288 "http://www.golz.in/detail/8787383.shtm?path=//proc/sys/net/ipv4" "Mozilla/5.0 AppleWebKit/537.36 (KHTML, like Gecko; compatible; GPTBot/1.3; +https://openai.com/gptbot)" 498 **0/498180**
216.73.216.210 - - [16/Mar/2026:11:28:05 -0700] "GET /detail/4185250797.shtm?fileloc=%2F%2Flib64%2Fpython3.12%2Fmailcap.py&path=%2F%2Flib64%2Fpython3.12 HTTP/1.1" 200 5276 "-" "Mozilla/5.0 AppleWebKit/537.36 (KHTML, like Gecko; compatible; ClaudeBot/1.0; +claudebot@anthropic.com)" 495 **0/495565**
74.7.227.169 - - [16/Mar/2026:11:28:07 -0700] "GET /detail/8787383.shtm?fileloc=//proc/sys/net/ipv4/inet_peer_threshold&path=//proc/sys/net/ipv4 HTTP/1.1" 200 2290 "http://www.golz.in/detail/8787383.shtm?path=//proc/sys/net/ipv4" "Mozilla/5.0 AppleWebKit/537.36 (KHTML, like Gecko; compatible; GPTBot/1.3; +https://openai.com/gptbot)" 485 **0/485156**
216.73.216.210 - - [16/Mar/2026:11:28:08 -0700] "GET /detail/4185250797.shtm?fileloc=%2F%2Flib64%2Fpython3.12%2FcProfile.py&path=%2F%2Flib64%2Fpython3.12 HTTP/1.1" 200 4390 "-" "Mozilla/5.0 AppleWebKit/537.36 (KHTML, like Gecko; compatible; ClaudeBot/1.0; +claudebot@anthropic.com)" 500 **0/500527**
74.7.227.169 - - [16/Mar/2026:11:28:10 -0700] "GET /detail/8787383.shtm?fileloc=//proc/sys/net/ipv4/tcp_keepalive_intvl&path=//proc/sys/net/ipv4 HTTP/1.1" 200 2289 "http://www.golz.in/detail/8787383.shtm?path=//proc/sys/net/ipv4" "Mozilla/5.0 AppleWebKit/537.36 (KHTML, like Gecko; compatible; GPTBot/1.3; +https://openai.com/gptbot)" 492 **0/492341**
216.73.216.210 - - [16/Mar/2026:11:28:11 -0700] "GET /detail/4185250797.shtm?fileloc=%2F%2Flib64%2Fpython3.12%2Fsecrets.py&path=%2F%2Flib64%2Fpython3.12 HTTP/1.1" 200 3073 "-" "Mozilla/5.0 AppleWebKit/537.36 (KHTML, like Gecko; compatible; ClaudeBot/1.0; +claudebot@anthropic.com)" 491 **0/491950**
74.7.227.169 - - [16/Mar/2026:11:28:13 -0700] "GET /detail/8787383.shtm?fileloc=//proc/sys/net/ipv4/tcp_fwmark_accept&path=//proc/sys/net/ipv4 HTTP/1.1" 200 2289 "http://www.golz.in/detail/8787383.shtm?path=//proc/sys/net/ipv4" "Mozilla/5.0 AppleWebKit/537.36 (KHTML, like Gecko; compatible; GPTBot/1.3; +https://openai.com/gptbot)" 491 **0/491025**
216.73.216.210 - - [16/Mar/2026:11:28:14 -0700] "GET /detail/4185250797.shtm?fileloc=%2F%2Flib64%2Fpython3.12%2F_markupbase.py&path=%2F%2Flib64%2Fpython3.12 HTTP/1.1" 200 5815 "-" "Mozilla/5.0 AppleWebKit/537.36 (KHTML, like Gecko; compatible; ClaudeBot/1.0; +claudebot@anthropic.com)" 486 **0/486986**
74.7.227.169 - - [16/Mar/2026:11:28:17 -0700] "GET /detail/8787383.shtm?fileloc=//proc/sys/net/ipv4/cipso_cache_enable&path=//proc/sys/net/ipv4 HTTP/1.1" 200 2290 "http://www.golz.in/detail/8787383.shtm?path=//proc/sys/net/ipv4" "Mozilla/5.0 AppleWebKit/537.36 (KHTML, like Gecko; compatible; GPTBot/1.3; +https://openai.com/gptbot)" 492 **0/492074**
216.73.216.210 - - [16/Mar/2026:11:28:17 -0700] "GET /detail/4185250797.shtm?fileloc=%2F%2Flib64%2Fpython3.12%2Fgetopt.py&path=%2F%2Flib64%2Fpython3.12 HTTP/1.1" 200 4837 "-" "Mozilla/5.0 AppleWebKit/537.36 (KHTML, like Gecko; compatible; ClaudeBot/1.0; +claudebot@anthropic.com)" 519 **0/519255**
74.7.227.169 - - [16/Mar/2026:11:28:20 -0700] "GET /detail/8787383.shtm?fileloc=//proc/sys/net/ipv4/tcp_reordering&path=//proc/sys/net/ipv4 HTTP/1.1" 200 2284 "http://www.golz.in/detail/8787383.shtm?path=//proc/sys/net/ipv4" "Mozilla/5.0 AppleWebKit/537.36 (KHTML, like Gecko; compatible; GPTBot/1.3; +https://openai.com/gptbot)" 491 **0/491705**
216.73.216.210 - - [16/Mar/2026:11:28:20 -0700] "GET /detail/4185250797.shtm?fileloc=%2F%2Flib64%2Fpython3.12%2Fpoplib.py&path=%2F%2Flib64%2Fpython3.12 HTTP/1.1" 200 7015 "-" "Mozilla/5.0 AppleWebKit/537.36 (KHTML, like Gecko; compatible; ClaudeBot/1.0; +claudebot@anthropic.com)" 495 **0/495533**
74.7.227.169 - - [16/Mar/2026:11:28:23 -0700] "GET /detail/8787383.shtm?fileloc=//proc/sys/net/ipv4/tcp_available_ulp&path=//proc/sys/net/ipv4 HTTP/1.1" 200 2294 "http://www.golz.in/detail/8787383.shtm?path=//proc/sys/net/ipv4" "Mozilla/5.0 AppleWebKit/537.36 (KHTML, like Gecko; compatible; GPTBot/1.3; +https://openai.com/gptbot)" 496 **0/496517**
216.73.216.210 - - [16/Mar/2026:11:28:23 -0700] "GET /detail/4185250797.shtm?fileloc=%2F%2Flib64%2Fpython3.12%2Fdataclasses.py&path=%2F%2Flib64%2Fpython3.12 HTTP/1.1" 200 18852 "-" "Mozilla/5.0 AppleWebKit/537.36 (KHTML, like Gecko; compatible; ClaudeBot/1.0; +claudebot@anthropic.com)" 515 **0/515244**
74.7.227.169 - - [16/Mar/2026:11:28:26 -0700] "GET /detail/8787383.shtm?fileloc=//proc/sys/net/ipv4/tcp_notsent_lowat&path=//proc/sys/net/ipv4 HTTP/1.1" 200 2294 "http://www.golz.in/detail/8787383.shtm?path=//proc/sys/net/ipv4" "Mozilla/5.0 AppleWebKit/537.36 (KHTML, like Gecko; compatible; GPTBot/1.3; +https://openai.com/gptbot)" 488 **0/488477**
216.73.216.210 - - [16/Mar/2026:11:28:26 -0700] "GET /detail/4185250797.shtm?fileloc=%2F%2Flib64%2Fpython3.12%2Ftoken.py&path=%2F%2Flib64%2Fpython3.12 HTTP/1.1" 200 3388 "-" "Mozilla/5.0 AppleWebKit/537.36 (KHTML, like Gecko; compatible; ClaudeBot/1.0; +claudebot@anthropic.com)" 487 **0/487906**
74.7.227.169 - - [16/Mar/2026:11:28:29 -0700] "GET /detail/8787383.shtm?fileloc=//proc/sys/net/ipv4/tcp_syncookies&path=//proc/sys/net/ipv4 HTTP/1.1" 200 2283 "http://www.golz.in/detail/8787383.shtm?path=//proc/sys/net/ipv4" "Mozilla/5.0 AppleWebKit/537.36 (KHTML, like Gecko; compatible; GPTBot/1.3; +https://openai.com/gptbot)" 494 **0/494597**
216.73.216.210 - - [16/Mar/2026:11:28:29 -0700] "GET /detail/4185250797.shtm?fileloc=%2F%2Flib64%2Fpython3.12%2Fbase64.py&path=%2F%2Flib64%2Fpython3.12 HTTP/1.1" 200 8276 "-" "Mozilla/5.0 AppleWebKit/537.36 (KHTML, like Gecko; compatible; ClaudeBot/1.0; +claudebot@anthropic.com)" 519 **0/519972**
74.7.227.169 - - [16/Mar/2026:11:28:32 -0700] "GET /detail/8787383.shtm?fileloc=//proc/sys/net/ipv4/inet_peer_maxttl&path=//proc/sys/net/ipv4 HTTP/1.1" 200 2288 "http://www.golz.in/detail/8787383.shtm?path=//proc/sys/net/ipv4" "Mozilla/5.0 AppleWebKit/537.36 (KHTML, like Gecko; compatible; GPTBot/1.3; +https://openai.com/gptbot)" 491 **0/491043**
216.73.216.210 - - [16/Mar/2026:11:28:32 -0700] "GET /detail/4185250797.shtm?fileloc=%2F%2Flib64%2Fpython3.12%2Fposixpath.py&path=%2F%2Flib64%2Fpython3.12 HTTP/1.1" 200 7684 "-" "Mozilla/5.0 AppleWebKit/537.36 (KHTML, like Gecko; compatible; ClaudeBot/1.0; +claudebot@anthropic.com)" 492 **0/492751**
74.7.227.169 - - [16/Mar/2026:11:28:35 -0700] "GET /detail/8787383.shtm?fileloc=//proc/sys/net/ipv4/icmp_ratemask&path=//proc/sys/net/ipv4 HTTP/1.1" 200 2291 "http://www.golz.in/detail/8787383.shtm?path=//proc/sys/net/ipv4" "Mozilla/5.0 AppleWebKit/537.36 (KHTML, like Gecko; compatible; GPTBot/1.3; +https://openai.com/gptbot)" 503 **0/503072**
74.7.227.169 - - [16/Mar/2026:11:28:38 -0700] "GET /detail/8787383.shtm?fileloc=//proc/sys/net/ipv4/ipfrag_high_thresh&path=//proc/sys/net/ipv4 HTTP/1.1" 200 2293 "http://www.golz.in/detail/8787383.shtm?path=//proc/sys/net/ipv4" "Mozilla/5.0 AppleWebKit/537.36 (KHTML, like Gecko; compatible; GPTBot/1.3; +https://openai.com/gptbot)" 497 **0/497496**
74.7.227.169 - - [16/Mar/2026:11:28:42 -0700] "GET /detail/8787383.shtm?fileloc=//proc/sys/net/ipv4/tcp_probe_interval&path=//proc/sys/net/ipv4 HTTP/1.1" 200 2288 "http://www.golz.in/detail/8787383.shtm?path=//proc/sys/net/ipv4" "Mozilla/5.0 AppleWebKit/537.36 (KHTML, like Gecko; compatible; GPTBot/1.3; +https://openai.com/gptbot)" 489 **0/489852**
74.7.227.169 - - [16/Mar/2026:11:28:45 -0700] "GET /detail/8787383.shtm?fileloc=//proc/sys/net/ipv4/tcp_early_retrans&path=//proc/sys/net/ipv4 HTTP/1.1" 200 2285 "http://www.golz.in/detail/8787383.shtm?path=//proc/sys/net/ipv4" "Mozilla/5.0 AppleWebKit/537.36 (KHTML, like Gecko; compatible; GPTBot/1.3; +https://openai.com/gptbot)" 499 **0/499173**
114.119.132.68 - - [16/Mar/2026:11:28:45 -0700] "GET /detail/2422920765.shtm HTTP/1.1" 200 4098 "http://www.golz.in/sitemap.xml" "Mozilla/5.0 (Linux; Android 7.0;) AppleWebKit/537.36 (KHTML, like Gecko) Mobile Safari/537.36 (compatible; PetalBot;+https://webmaster.petalsearch.com/site/petalbot)" 484 **0/484462**
74.7.227.169 - - [16/Mar/2026:11:28:48 -0700] "GET /detail/8787383.shtm?fileloc=//proc/sys/net/ipv6/idgen_retries&path=//proc/sys/net/ipv6 HTTP/1.1" 200 2284 "http://www.golz.in/detail/8787383.shtm?path=//proc/sys/net/ipv6" "Mozilla/5.0 AppleWebKit/537.36 (KHTML, like Gecko; compatible; GPTBot/1.3; +https://openai.com/gptbot)" 486 **0/486801**
74.7.227.169 - - [16/Mar/2026:11:28:51 -0700] "GET /detail/8787383.shtm?fileloc=//proc/sys/net/ipv4/tcp_keepalive_time&path=//proc/sys/net/ipv4 HTTP/1.1" 200 2290 "http://www.golz.in/detail/8787383.shtm?path=//proc/sys/net/ipv4" "Mozilla/5.0 AppleWebKit/537.36 (KHTML, like Gecko; compatible; GPTBot/1.3; +https://openai.com/gptbot)" 524 **0/524500**
74.7.227.169 - - [16/Mar/2026:11:28:54 -0700] "GET /detail/8787383.shtm?fileloc=//proc/sys/net/ipv4/tcp_probe_threshold&path=//proc/sys/net/ipv4 HTTP/1.1" 200 2287 "http://www.golz.in/detail/8787383.shtm?path=//proc/sys/net/ipv4" "Mozilla/5.0 AppleWebKit/537.36 (KHTML, like Gecko; compatible; GPTBot/1.3; +https://openai.com/gptbot)" 501 **0/501569**
74.7.227.169 - - [16/Mar/2026:11:28:57 -0700] "GET /detail/8787383.shtm?fileloc=//proc/sys/net/ipv6/ip_nonlocal_bind&path=//proc/sys/net/ipv6 HTTP/1.1" 200 2287 "http://www.golz.in/detail/8787383.shtm?path=//proc/sys/net/ipv6" "Mozilla/5.0 AppleWebKit/537.36 (KHTML, like Gecko; compatible; GPTBot/1.3; +https://openai.com/gptbot)" 502 **0/502720**
74.7.227.169 - - [16/Mar/2026:11:29:01 -0700] "GET /detail/8787383.shtm?fileloc=//proc/sys/net/ipv4/ip_nonlocal_bind&path=//proc/sys/net/ipv4 HTTP/1.1" 200 2287 "http://www.golz.in/detail/8787383.shtm?path=//proc/sys/net/ipv4" "Mozilla/5.0 AppleWebKit/537.36 (KHTML, like Gecko; compatible; GPTBot/1.3; +https://openai.com/gptbot)" 543 **0/543738**
74.7.227.169 - - [16/Mar/2026:11:29:04 -0700] "GET /detail/8787383.shtm?fileloc=//proc/sys/net/ipv4/tcp_ecn_fallback&path=//proc/sys/net/ipv4 HTTP/1.1" 200 2286 "http://www.golz.in/detail/8787383.shtm?path=//proc/sys/net/ipv4" "Mozilla/5.0 AppleWebKit/537.36 (KHTML, like Gecko; compatible; GPTBot/1.3; +https://openai.com/gptbot)" 505 **0/505650**
74.7.227.169 - - [16/Mar/2026:11:29:07 -0700] "GET /detail/8787383.shtm?fileloc=//proc/sys/net/ipv4/cipso_rbm_optfmt&path=//proc/sys/net/ipv4 HTTP/1.1" 200 2287 "http://www.golz.in/detail/8787383.shtm?path=//proc/sys/net/ipv4" "Mozilla/5.0 AppleWebKit/537.36 (KHTML, like Gecko; compatible; GPTBot/1.3; +https://openai.com/gptbot)" 496 **0/496973**
74.7.227.169 - - [16/Mar/2026:11:29:10 -0700] "GET /detail/8787383.shtm?fileloc=//proc/sys/net/ipv4/tcp_retrans_collapse&path=//proc/sys/net/ipv4 HTTP/1.1" 200 2285 "http://www.golz.in/detail/8787383.shtm?path=//proc/sys/net/ipv4" "Mozilla/5.0 AppleWebKit/537.36 (KHTML, like Gecko; compatible; GPTBot/1.3; +https://openai.com/gptbot)" 507 **0/507679**