74.7.227.169 - - [16/Mar/2026:11:04:33 -0700] "GET /detail/8787383.shtm?fileloc=//lib64/libxcb-xf86dri.so&path=//lib64 HTTP/1.1" 200 7055 "http://www.golz.in/detail/8787383.shtm?path=//lib64" "Mozilla/5.0 AppleWebKit/537.36 (KHTML, like Gecko; compatible; GPTBot/1.3; +https://openai.com/gptbot)" 487 **0/487442**
216.73.216.210 - - [16/Mar/2026:11:04:33 -0700] "GET /detail/590597580.shtm?path=%2F%2Fusr%2Flib%2Fpython3.6%2Fsite-packages%2Ftuned HTTP/1.1" 403 3512 "-" "Mozilla/5.0 AppleWebKit/537.36 (KHTML, like Gecko; compatible; ClaudeBot/1.0; +claudebot@anthropic.com)" 496 **0/496624**
216.73.216.210 - - [16/Mar/2026:11:04:36 -0700] "GET /detail/590597580.shtm?fileloc=%2F%2Fusr%2Finclude%2Ffstrm%2Freader.h&path=%2F%2Fusr%2Finclude%2Ffstrm HTTP/1.1" 403 3512 "-" "Mozilla/5.0 AppleWebKit/537.36 (KHTML, like Gecko; compatible; ClaudeBot/1.0; +claudebot@anthropic.com)" 510 **0/510543**
74.7.227.169 - - [16/Mar/2026:11:04:36 -0700] "GET /detail/5247171.shtm?path=//lib64/sa HTTP/1.1" 200 2618 "http://www.golz.in/detail/5247171.shtm?path=//lib64" "Mozilla/5.0 AppleWebKit/537.36 (KHTML, like Gecko; compatible; GPTBot/1.3; +https://openai.com/gptbot)" 517 **0/517750**
74.7.227.169 - - [16/Mar/2026:11:04:39 -0700] "GET /detail/8787383.shtm?path=//proc/self/root/lib/.build-id/06 HTTP/1.1" 200 2791 "http://www.golz.in/detail/8787383.shtm?path=//proc/self/root/lib/.build-id" "Mozilla/5.0 AppleWebKit/537.36 (KHTML, like Gecko; compatible; GPTBot/1.3; +https://openai.com/gptbot)" 504 **0/504718**
74.7.227.169 - - [16/Mar/2026:11:04:43 -0700] "GET /detail/8787383.shtm?fileloc=//lib64/libgettextpo.so&path=//lib64 HTTP/1.1" 200 127411 "http://www.golz.in/detail/8787383.shtm?path=//lib64" "Mozilla/5.0 AppleWebKit/537.36 (KHTML, like Gecko; compatible; GPTBot/1.3; +https://openai.com/gptbot)" 575 **0/575605**
74.7.227.169 - - [16/Mar/2026:11:04:46 -0700] "GET /detail/5247171.shtm?fileloc=//lib64/libunwind.so.8&path=//lib64 HTTP/1.1" 200 25426 "http://www.golz.in/detail/5247171.shtm?path=//lib64" "Mozilla/5.0 AppleWebKit/537.36 (KHTML, like Gecko; compatible; GPTBot/1.3; +https://openai.com/gptbot)" 511 **0/511397**
74.7.227.169 - - [16/Mar/2026:11:04:49 -0700] "GET /detail/8787383.shtm?fileloc=//lib64/libexslt.so.0&path=//lib64 HTTP/1.1" 200 34880 "http://www.golz.in/detail/8787383.shtm?path=//lib64" "Mozilla/5.0 AppleWebKit/537.36 (KHTML, like Gecko; compatible; GPTBot/1.3; +https://openai.com/gptbot)" 507 **0/507860**
74.7.227.169 - - [16/Mar/2026:11:04:52 -0700] "GET /detail/8787383.shtm?fileloc=//lib64/libdrm_intel.so.1.0.0&path=//lib64 HTTP/1.1" 200 58873 "http://www.golz.in/detail/8787383.shtm?path=//lib64" "Mozilla/5.0 AppleWebKit/537.36 (KHTML, like Gecko; compatible; GPTBot/1.3; +https://openai.com/gptbot)" 549 **0/549427**
74.7.227.169 - - [16/Mar/2026:11:04:55 -0700] "GET /detail/8787383.shtm?fileloc=//lib64/libXext.so.6&path=//lib64 HTTP/1.1" 200 28310 "http://www.golz.in/detail/8787383.shtm?path=//lib64" "Mozilla/5.0 AppleWebKit/537.36 (KHTML, like Gecko; compatible; GPTBot/1.3; +https://openai.com/gptbot)" 515 **0/515223**
74.7.227.169 - - [16/Mar/2026:11:04:58 -0700] "GET /detail/8787383.shtm?fileloc=//lib64/libplc4.so&path=//lib64 HTTP/1.1" 200 9958 "http://www.golz.in/detail/8787383.shtm?path=//lib64" "Mozilla/5.0 AppleWebKit/537.36 (KHTML, like Gecko; compatible; GPTBot/1.3; +https://openai.com/gptbot)" 498 **0/498180**
74.7.227.169 - - [16/Mar/2026:11:05:02 -0700] "GET /detail/8787383.shtm?fileloc=//lib64/.libhogweed.so.4.5.hmac&path=//lib64 HTTP/1.1" 200 2309 "http://www.golz.in/detail/8787383.shtm?path=//lib64" "Mozilla/5.0 AppleWebKit/537.36 (KHTML, like Gecko; compatible; GPTBot/1.3; +https://openai.com/gptbot)" 654 **0/654781**
74.7.227.169 - - [16/Mar/2026:11:05:05 -0700] "GET /detail/5247171.shtm?fileloc=//lib64/.libcrypto.so.1.1.1k.hmac&path=//lib64 HTTP/1.1" 200 2311 "http://www.golz.in/detail/5247171.shtm?path=//lib64" "Mozilla/5.0 AppleWebKit/537.36 (KHTML, like Gecko; compatible; GPTBot/1.3; +https://openai.com/gptbot)" 574 **0/574265**
74.7.227.169 - - [16/Mar/2026:11:05:08 -0700] "GET /detail/8787383.shtm?path=//proc/self/root/lib/.build-id/7c HTTP/1.1" 200 3045 "http://www.golz.in/detail/8787383.shtm?path=//proc/self/root/lib/.build-id" "Mozilla/5.0 AppleWebKit/537.36 (KHTML, like Gecko; compatible; GPTBot/1.3; +https://openai.com/gptbot)" 516 **0/516206**
74.7.227.169 - - [16/Mar/2026:11:05:11 -0700] "GET /detail/5247171.shtm?fileloc=//lib64/libvpx.so.5&path=//lib64 HTTP/1.1" 200 717324 "http://www.golz.in/detail/5247171.shtm?path=//lib64" "Mozilla/5.0 AppleWebKit/537.36 (KHTML, like Gecko; compatible; GPTBot/1.3; +https://openai.com/gptbot)" 958 **0/958433**
74.7.227.169 - - [16/Mar/2026:11:05:14 -0700] "GET /detail/8787383.shtm?fileloc=//lib64/libsz.so.2&path=//lib64 HTTP/1.1" 200 6140 "http://www.golz.in/detail/8787383.shtm?path=//lib64" "Mozilla/5.0 AppleWebKit/537.36 (KHTML, like Gecko; compatible; GPTBot/1.3; +https://openai.com/gptbot)" 506 **0/506674**
74.7.227.169 - - [16/Mar/2026:11:05:17 -0700] "GET /detail/8787383.shtm?fileloc=//lib64/libkmod.so.2&path=//lib64 HTTP/1.1" 200 41798 "http://www.golz.in/detail/8787383.shtm?path=//lib64" "Mozilla/5.0 AppleWebKit/537.36 (KHTML, like Gecko; compatible; GPTBot/1.3; +https://openai.com/gptbot)" 513 **0/513312**
74.7.227.169 - - [16/Mar/2026:11:05:20 -0700] "GET /detail/5247171.shtm?fileloc=//lib64/libwebpdecoder.so.3.0.2&path=//lib64 HTTP/1.1" 200 89316 "http://www.golz.in/detail/5247171.shtm?path=//lib64" "Mozilla/5.0 AppleWebKit/537.36 (KHTML, like Gecko; compatible; GPTBot/1.3; +https://openai.com/gptbot)" 534 **0/534842**
114.119.132.68 - - [16/Mar/2026:11:05:22 -0700] "GET /detail/2683997877.shtm HTTP/1.1" 200 4098 "http://www.golz.in/sitemap.xml" "Mozilla/5.0 (Linux; Android 7.0;) AppleWebKit/537.36 (KHTML, like Gecko) Mobile Safari/537.36 (compatible; PetalBot;+https://webmaster.petalsearch.com/site/petalbot)" 506 **0/506703**
74.7.227.169 - - [16/Mar/2026:11:05:24 -0700] "GET /detail/5247171.shtm?fileloc=//lib64/libhwy_test.so.1&path=//lib64 HTTP/1.1" 200 5893 "http://www.golz.in/detail/5247171.shtm?path=//lib64" "Mozilla/5.0 AppleWebKit/537.36 (KHTML, like Gecko; compatible; GPTBot/1.3; +https://openai.com/gptbot)" 505 **0/505898**
74.7.227.169 - - [16/Mar/2026:11:05:27 -0700] "GET /detail/5247171.shtm?fileloc=//lib64/libtiff.so&path=//lib64 HTTP/1.1" 200 151631 "http://www.golz.in/detail/5247171.shtm?path=//lib64" "Mozilla/5.0 AppleWebKit/537.36 (KHTML, like Gecko; compatible; GPTBot/1.3; +https://openai.com/gptbot)" 560 **0/560142**
74.7.227.169 - - [16/Mar/2026:11:05:30 -0700] "GET /detail/5247171.shtm?fileloc=//lib64/libicudata.so.60.3&path=//lib64 HTTP/1.1" 200 7549219 "http://www.golz.in/detail/5247171.shtm?path=//lib64" "Mozilla/5.0 AppleWebKit/537.36 (KHTML, like Gecko; compatible; GPTBot/1.3; +https://openai.com/gptbot)" 4448 **4/4448962**
74.7.227.169 - - [16/Mar/2026:11:05:35 -0700] "GET /detail/5247171.shtm?path=//lib64/bind HTTP/1.1" 200 2306 "http://www.golz.in/detail/5247171.shtm?path=//lib64" "Mozilla/5.0 AppleWebKit/537.36 (KHTML, like Gecko; compatible; GPTBot/1.3; +https://openai.com/gptbot)" 504 **0/504093**
74.7.227.169 - - [16/Mar/2026:11:05:38 -0700] "GET /detail/5247171.shtm?fileloc=//lib64/libldap_r-2.4.so.2&path=//lib64 HTTP/1.1" 200 130122 "http://www.golz.in/detail/5247171.shtm?path=//lib64" "Mozilla/5.0 AppleWebKit/537.36 (KHTML, like Gecko; compatible; GPTBot/1.3; +https://openai.com/gptbot)" 557 **0/557008**
74.7.227.169 - - [16/Mar/2026:11:05:41 -0700] "GET /detail/5247171.shtm?fileloc=//lib64/libkrb5.so.3&path=//lib64 HTTP/1.1" 200 294250 "http://www.golz.in/detail/5247171.shtm?path=//lib64" "Mozilla/5.0 AppleWebKit/537.36 (KHTML, like Gecko; compatible; GPTBot/1.3; +https://openai.com/gptbot)" 701 **0/701778**
74.7.227.169 - - [16/Mar/2026:11:05:45 -0700] "GET /detail/8787383.shtm?path=//proc/self/root/lib/.build-id/ad HTTP/1.1" 200 3182 "http://www.golz.in/detail/8787383.shtm?path=//proc/self/root/lib/.build-id" "Mozilla/5.0 AppleWebKit/537.36 (KHTML, like Gecko; compatible; GPTBot/1.3; +https://openai.com/gptbot)" 513 **0/513988**
74.7.227.169 - - [16/Mar/2026:11:05:48 -0700] "GET /detail/8787383.shtm?path=//proc/self/root/lib/.build-id/da HTTP/1.1" 200 3091 "http://www.golz.in/detail/8787383.shtm?path=//proc/self/root/lib/.build-id" "Mozilla/5.0 AppleWebKit/537.36 (KHTML, like Gecko; compatible; GPTBot/1.3; +https://openai.com/gptbot)" 498 **0/498107**
74.7.227.169 - - [16/Mar/2026:11:05:51 -0700] "GET /detail/5247171.shtm?fileloc=//lib64/libdhcpctl.so.0&path=//lib64 HTTP/1.1" 200 9744 "http://www.golz.in/detail/5247171.shtm?path=//lib64" "Mozilla/5.0 AppleWebKit/537.36 (KHTML, like Gecko; compatible; GPTBot/1.3; +https://openai.com/gptbot)" 510 **0/510335**
74.7.227.169 - - [16/Mar/2026:11:05:54 -0700] "GET /detail/5247171.shtm?fileloc=//lib64/libleveldb.so.1.22.0&path=//lib64 HTTP/1.1" 200 157656 "http://www.golz.in/detail/5247171.shtm?path=//lib64" "Mozilla/5.0 AppleWebKit/537.36 (KHTML, like Gecko; compatible; GPTBot/1.3; +https://openai.com/gptbot)" 549 **0/549649**
74.7.227.169 - - [16/Mar/2026:11:05:57 -0700] "GET /detail/8787383.shtm?path=//proc/self/root/lib/.build-id/ea HTTP/1.1" 200 3289 "http://www.golz.in/detail/8787383.shtm?path=//proc/self/root/lib/.build-id" "Mozilla/5.0 AppleWebKit/537.36 (KHTML, like Gecko; compatible; GPTBot/1.3; +https://openai.com/gptbot)" 507 **0/507571**
66.249.66.14 - - [16/Mar/2026:11:05:58 -0700] "GET /detail/2915694803.shtm HTTP/1.1" 200 21421 "-" "Mozilla/5.0 (Linux; Android 6.0.1; Nexus 5X Build/MMB29P) AppleWebKit/537.36 (KHTML, like Gecko) Chrome/145.0.7632.116 Mobile Safari/537.36 (compatible; GoogleOther)" 1819 **1/1819012**
74.7.227.169 - - [16/Mar/2026:11:06:00 -0700] "GET /detail/8787383.shtm?path=//proc/self/root/lib/.build-id/eb HTTP/1.1" 200 3139 "http://www.golz.in/detail/8787383.shtm?path=//proc/self/root/lib/.build-id" "Mozilla/5.0 AppleWebKit/537.36 (KHTML, like Gecko; compatible; GPTBot/1.3; +https://openai.com/gptbot)" 496 **0/496489**
74.7.227.169 - - [16/Mar/2026:11:06:03 -0700] "GET /detail/8787383.shtm?path=//proc/self/root/lib/.build-id/dd HTTP/1.1" 200 3138 "http://www.golz.in/detail/8787383.shtm?path=//proc/self/root/lib/.build-id" "Mozilla/5.0 AppleWebKit/537.36 (KHTML, like Gecko; compatible; GPTBot/1.3; +https://openai.com/gptbot)" 529 **0/529381**
74.7.227.169 - - [16/Mar/2026:11:06:07 -0700] "GET /detail/8787383.shtm?path=//proc/self/root/lib/.build-id/db HTTP/1.1" 200 3414 "http://www.golz.in/detail/8787383.shtm?path=//proc/self/root/lib/.build-id" "Mozilla/5.0 AppleWebKit/537.36 (KHTML, like Gecko; compatible; GPTBot/1.3; +https://openai.com/gptbot)" 512 **0/512801**
74.7.227.169 - - [16/Mar/2026:11:06:10 -0700] "GET /detail/8787383.shtm?path=//proc/self/root/lib/.build-id/df HTTP/1.1" 200 3294 "http://www.golz.in/detail/8787383.shtm?path=//proc/self/root/lib/.build-id" "Mozilla/5.0 AppleWebKit/537.36 (KHTML, like Gecko; compatible; GPTBot/1.3; +https://openai.com/gptbot)" 511 **0/511836**
74.7.227.169 - - [16/Mar/2026:11:06:13 -0700] "GET /detail/8787383.shtm?path=//proc/self/root/lib/.build-id/bd HTTP/1.1" 200 3145 "http://www.golz.in/detail/8787383.shtm?path=//proc/self/root/lib/.build-id" "Mozilla/5.0 AppleWebKit/537.36 (KHTML, like Gecko; compatible; GPTBot/1.3; +https://openai.com/gptbot)" 528 **0/528458**
216.73.216.210 - - [16/Mar/2026:11:06:14 -0700] "GET /detail/1535633.shtm?fileloc=%2F%2Fusr%2Finclude%2Fgconv.h&path=%2F%2Fusr%2Finclude HTTP/1.1" 200 3967 "-" "Mozilla/5.0 AppleWebKit/537.36 (KHTML, like Gecko; compatible; ClaudeBot/1.0; +claudebot@anthropic.com)" 498 **0/498712**
66.249.66.164 - - [16/Mar/2026:11:06:13 -0700] "GET /?detail/204458921 HTTP/1.1" 200 22199 "-" "Mozilla/5.0 (Linux; Android 6.0.1; Nexus 5X Build/MMB29P) AppleWebKit/537.36 (KHTML, like Gecko) Chrome/145.0.7632.116 Mobile Safari/537.36 (compatible; Googlebot/2.1; +http://www.google.com/bot.html)" 1800 **1/1800951**
74.7.227.169 - - [16/Mar/2026:11:06:16 -0700] "GET /detail/8787383.shtm?path=//proc/self/root/lib/.build-id/ca HTTP/1.1" 200 3204 "http://www.golz.in/detail/8787383.shtm?path=//proc/self/root/lib/.build-id" "Mozilla/5.0 AppleWebKit/537.36 (KHTML, like Gecko; compatible; GPTBot/1.3; +https://openai.com/gptbot)" 488 **0/488334**
216.73.216.210 - - [16/Mar/2026:11:06:17 -0700] "GET /detail/4163750565.shtm?fileloc=%2F%2Fusr%2Finclude%2Fftw.h&path=%2F%2Fusr%2Finclude HTTP/1.1" 200 4037 "-" "Mozilla/5.0 AppleWebKit/537.36 (KHTML, like Gecko; compatible; ClaudeBot/1.0; +claudebot@anthropic.com)" 502 **0/502722**
74.7.227.169 - - [16/Mar/2026:11:06:19 -0700] "GET /detail/8787383.shtm?path=//proc/self/root/lib/.build-id/ef HTTP/1.1" 200 3288 "http://www.golz.in/detail/8787383.shtm?path=//proc/self/root/lib/.build-id" "Mozilla/5.0 AppleWebKit/537.36 (KHTML, like Gecko; compatible; GPTBot/1.3; +https://openai.com/gptbot)" 500 **0/500142**
216.73.216.210 - - [16/Mar/2026:11:06:20 -0700] "GET /detail/4163750565.shtm?fileloc=%2F%2Fusr%2Finclude%2Fgconv.h&path=%2F%2Fusr%2Finclude HTTP/1.1" 200 3967 "-" "Mozilla/5.0 AppleWebKit/537.36 (KHTML, like Gecko; compatible; ClaudeBot/1.0; +claudebot@anthropic.com)" 484 **0/484373**
74.7.227.169 - - [16/Mar/2026:11:06:23 -0700] "GET /detail/8787383.shtm?path=//proc/self/root/lib/.build-id/cc HTTP/1.1" 200 3329 "http://www.golz.in/detail/8787383.shtm?path=//proc/self/root/lib/.build-id" "Mozilla/5.0 AppleWebKit/537.36 (KHTML, like Gecko; compatible; GPTBot/1.3; +https://openai.com/gptbot)" 548 **0/548239**
114.119.158.216 - - [16/Mar/2026:11:06:23 -0700] "GET /detail/2620429225.shtm HTTP/1.1" 200 4098 "http://www.golz.in/sitemap.xml" "Mozilla/5.0 (Linux; Android 7.0;) AppleWebKit/537.36 (KHTML, like Gecko) Mobile Safari/537.36 (compatible; PetalBot;+https://webmaster.petalsearch.com/site/petalbot)" 601 **0/601226**
216.73.216.210 - - [16/Mar/2026:11:06:23 -0700] "GET /detail/223757475.shtm?path=%2F%2Fdev HTTP/1.1" 200 2669 "-" "Mozilla/5.0 AppleWebKit/537.36 (KHTML, like Gecko; compatible; ClaudeBot/1.0; +claudebot@anthropic.com)" 516 **0/516987**
74.7.227.169 - - [16/Mar/2026:11:06:26 -0700] "GET /detail/8787383.shtm?path=//proc/self/root/lib/.build-id/cd HTTP/1.1" 200 3247 "http://www.golz.in/detail/8787383.shtm?path=//proc/self/root/lib/.build-id" "Mozilla/5.0 AppleWebKit/537.36 (KHTML, like Gecko; compatible; GPTBot/1.3; +https://openai.com/gptbot)" 489 **0/489933**
216.73.216.210 - - [16/Mar/2026:11:06:26 -0700] "GET /detail/4163750565.shtm?path=%2F%2Fusr%2Finclude%2Ffreetype2 HTTP/1.1" 200 2639 "-" "Mozilla/5.0 AppleWebKit/537.36 (KHTML, like Gecko; compatible; ClaudeBot/1.0; +claudebot@anthropic.com)" 518 **0/518732**
74.7.227.169 - - [16/Mar/2026:11:06:29 -0700] "GET /detail/8787383.shtm?path=//proc/self/root/lib/.build-id/fb HTTP/1.1" 200 2943 "http://www.golz.in/detail/8787383.shtm?path=//proc/self/root/lib/.build-id" "Mozilla/5.0 AppleWebKit/537.36 (KHTML, like Gecko; compatible; GPTBot/1.3; +https://openai.com/gptbot)" 492 **0/492918**
216.73.216.210 - - [16/Mar/2026:11:06:29 -0700] "GET /detail/930944872.shtm?path=%2F%2Fdev HTTP/1.1" 200 2669 "-" "Mozilla/5.0 AppleWebKit/537.36 (KHTML, like Gecko; compatible; ClaudeBot/1.0; +claudebot@anthropic.com)" 510 **0/510401**
74.7.227.169 - - [16/Mar/2026:11:06:32 -0700] "GET /detail/8787383.shtm?path=//proc/self/root/lib/.build-id/ab HTTP/1.1" 200 3284 "http://www.golz.in/detail/8787383.shtm?path=//proc/self/root/lib/.build-id" "Mozilla/5.0 AppleWebKit/537.36 (KHTML, like Gecko; compatible; GPTBot/1.3; +https://openai.com/gptbot)" 495 **0/495227**
216.73.216.210 - - [16/Mar/2026:11:06:32 -0700] "GET /detail/529445352.shtm?fileloc=%2F%2Fusr%2Fsbin%2Fdnssec-coverage&path=%2F%2Fusr%2Fsbin HTTP/1.1" 200 2679 "-" "Mozilla/5.0 AppleWebKit/537.36 (KHTML, like Gecko; compatible; ClaudeBot/1.0; +claudebot@anthropic.com)" 523 **0/523494**
74.7.227.169 - - [16/Mar/2026:11:06:35 -0700] "GET /detail/8787383.shtm?path=//proc/self/root/lib/.build-id/aa HTTP/1.1" 200 3285 "http://www.golz.in/detail/8787383.shtm?path=//proc/self/root/lib/.build-id" "Mozilla/5.0 AppleWebKit/537.36 (KHTML, like Gecko; compatible; GPTBot/1.3; +https://openai.com/gptbot)" 489 **0/489868**
216.73.216.210 - - [16/Mar/2026:11:06:35 -0700] "GET /detail/1535633.shtm?path=%2F%2Fusr%2Finclude%2Ffreetype2 HTTP/1.1" 200 2639 "-" "Mozilla/5.0 AppleWebKit/537.36 (KHTML, like Gecko; compatible; ClaudeBot/1.0; +claudebot@anthropic.com)" 490 **0/490725**
74.7.227.169 - - [16/Mar/2026:11:06:38 -0700] "GET /detail/8787383.shtm?path=//proc/self/root/lib/.build-id/fe HTTP/1.1" 200 3290 "http://www.golz.in/detail/8787383.shtm?path=//proc/self/root/lib/.build-id" "Mozilla/5.0 AppleWebKit/537.36 (KHTML, like Gecko; compatible; GPTBot/1.3; +https://openai.com/gptbot)" 499 **0/499079**
216.73.216.210 - - [16/Mar/2026:11:06:38 -0700] "GET /detail/529445352.shtm?fileloc=%2F%2Fusr%2Finclude%2Ftld.h&path=%2F%2Fusr%2Finclude HTTP/1.1" 200 3873 "-" "Mozilla/5.0 AppleWebKit/537.36 (KHTML, like Gecko; compatible; ClaudeBot/1.0; +claudebot@anthropic.com)" 503 **0/503924**
185.242.6.94 - - [16/Mar/2026:11:06:41 -0700] "POST /xmlrpc.php HTTP/1.1" 200 59502 "-" "Mozilla/5.0 (Windows NT 10.0; Win64; x64) AppleWebKit/537.36 (KHTML, like Gecko) Chrome/121.0.0.0 Safari/537.36 Edg/121.0.0.0" 51 **0/51111**
74.7.227.169 - - [16/Mar/2026:11:06:41 -0700] "GET /detail/8787383.shtm?path=//proc/self/root/lib/.build-id/ff HTTP/1.1" 200 3329 "http://www.golz.in/detail/8787383.shtm?path=//proc/self/root/lib/.build-id" "Mozilla/5.0 AppleWebKit/537.36 (KHTML, like Gecko; compatible; GPTBot/1.3; +https://openai.com/gptbot)" 500 **0/500105**
216.73.216.210 - - [16/Mar/2026:11:06:41 -0700] "GET /detail/1535633.shtm?fileloc=%2F%2Fusr%2Finclude%2Fcpuidle.h&path=%2F%2Fusr%2Finclude HTTP/1.1" 200 2500 "-" "Mozilla/5.0 AppleWebKit/537.36 (KHTML, like Gecko; compatible; ClaudeBot/1.0; +claudebot@anthropic.com)" 528 **0/528240**
216.73.216.210 - - [16/Mar/2026:11:06:44 -0700] "GET /detail/590597580.shtm?fileloc=%2F%2Fusr%2Finclude%2Fverto-module.h&path=%2F%2Fusr%2Finclude HTTP/1.1" 200 4404 "-" "Mozilla/5.0 AppleWebKit/537.36 (KHTML, like Gecko; compatible; ClaudeBot/1.0; +claudebot@anthropic.com)" 522 **0/522187**
74.7.227.169 - - [16/Mar/2026:11:06:44 -0700] "GET /detail/8787383.shtm?path=//proc/self/root/lib/.build-id/af HTTP/1.1" 200 3134 "http://www.golz.in/detail/8787383.shtm?path=//proc/self/root/lib/.build-id" "Mozilla/5.0 AppleWebKit/537.36 (KHTML, like Gecko; compatible; GPTBot/1.3; +https://openai.com/gptbot)" 482 **0/482241**
216.73.216.210 - - [16/Mar/2026:11:06:47 -0700] "GET /detail/1535633.shtm?fileloc=%2F%2Fusr%2Finclude%2Fncurses%2Fmenu.h&path=%2F%2Fusr%2Finclude%2Fncurses HTTP/1.1" 200 5287 "-" "Mozilla/5.0 AppleWebKit/537.36 (KHTML, like Gecko; compatible; ClaudeBot/1.0; +claudebot@anthropic.com)" 494 **0/494987**
74.7.227.169 - - [16/Mar/2026:11:06:48 -0700] "GET /detail/8787383.shtm?path=//proc/self/root/lib/.build-id/ee HTTP/1.1" 200 3089 "http://www.golz.in/detail/8787383.shtm?path=//proc/self/root/lib/.build-id" "Mozilla/5.0 AppleWebKit/537.36 (KHTML, like Gecko; compatible; GPTBot/1.3; +https://openai.com/gptbot)" 509 **0/509454**
216.73.216.210 - - [16/Mar/2026:11:06:50 -0700] "GET /detail/4163750565.shtm?fileloc=%2F%2Fusr%2Finclude%2Fcpuidle.h&path=%2F%2Fusr%2Finclude HTTP/1.1" 200 2500 "-" "Mozilla/5.0 AppleWebKit/537.36 (KHTML, like Gecko; compatible; ClaudeBot/1.0; +claudebot@anthropic.com)" 503 **0/503467**
74.7.227.169 - - [16/Mar/2026:11:06:51 -0700] "GET /detail/8787383.shtm?path=//proc/self/root/lib/.build-id/fa HTTP/1.1" 200 3349 "http://www.golz.in/detail/8787383.shtm?path=//proc/self/root/lib/.build-id" "Mozilla/5.0 AppleWebKit/537.36 (KHTML, like Gecko; compatible; GPTBot/1.3; +https://openai.com/gptbot)" 494 **0/494062**
216.73.216.210 - - [16/Mar/2026:11:06:53 -0700] "GET /detail/4163750565.shtm?fileloc=%2F%2Fusr%2Finclude%2Fncurses%2Fmenu.h&path=%2F%2Fusr%2Finclude%2Fncurses HTTP/1.1" 200 5287 "-" "Mozilla/5.0 AppleWebKit/537.36 (KHTML, like Gecko; compatible; ClaudeBot/1.0; +claudebot@anthropic.com)" 523 **0/523111**
74.7.227.169 - - [16/Mar/2026:11:06:54 -0700] "GET /detail/8787383.shtm?path=//proc/self/root/lib/.build-id/ce HTTP/1.1" 200 3419 "http://www.golz.in/detail/8787383.shtm?path=//proc/self/root/lib/.build-id" "Mozilla/5.0 AppleWebKit/537.36 (KHTML, like Gecko; compatible; GPTBot/1.3; +https://openai.com/gptbot)" 504 **0/504335**
216.73.216.210 - - [16/Mar/2026:11:06:56 -0700] "GET /detail/529445352.shtm?fileloc=%2F%2Fusr%2Finclude%2Fcursesw.h&path=%2F%2Fusr%2Finclude HTTP/1.1" 200 12922 "-" "Mozilla/5.0 AppleWebKit/537.36 (KHTML, like Gecko; compatible; ClaudeBot/1.0; +claudebot@anthropic.com)" 500 **0/500191**
74.7.227.169 - - [16/Mar/2026:11:06:57 -0700] "GET /detail/8787383.shtm?path=//proc/self/root/lib/.build-id/ed HTTP/1.1" 200 3142 "http://www.golz.in/detail/8787383.shtm?path=//proc/self/root/lib/.build-id" "Mozilla/5.0 AppleWebKit/537.36 (KHTML, like Gecko; compatible; GPTBot/1.3; +https://openai.com/gptbot)" 506 **0/506859**
216.73.216.210 - - [16/Mar/2026:11:06:59 -0700] "GET /detail/4084480401.shtm?path=%2F%2Fdev HTTP/1.1" 200 2669 "-" "Mozilla/5.0 AppleWebKit/537.36 (KHTML, like Gecko; compatible; ClaudeBot/1.0; +claudebot@anthropic.com)" 502 **0/502033**
74.7.227.169 - - [16/Mar/2026:11:07:00 -0700] "GET /detail/8787383.shtm?path=//proc/self/root/lib/.build-id/de HTTP/1.1" 200 3082 "http://www.golz.in/detail/8787383.shtm?path=//proc/self/root/lib/.build-id" "Mozilla/5.0 AppleWebKit/537.36 (KHTML, like Gecko; compatible; GPTBot/1.3; +https://openai.com/gptbot)" 499 **0/499099**
216.73.216.210 - - [16/Mar/2026:11:07:02 -0700] "GET /detail/590597580.shtm?fileloc=%2F%2Fusr%2Finclude%2Fgdbm.h&path=%2F%2Fusr%2Finclude HTTP/1.1" 200 5618 "-" "Mozilla/5.0 AppleWebKit/537.36 (KHTML, like Gecko; compatible; ClaudeBot/1.0; +claudebot@anthropic.com)" 530 **0/530670**
74.7.227.169 - - [16/Mar/2026:11:07:03 -0700] "GET /detail/8787383.shtm?path=//proc/self/root/lib/.build-id/be HTTP/1.1" 200 3177 "http://www.golz.in/detail/8787383.shtm?path=//proc/self/root/lib/.build-id" "Mozilla/5.0 AppleWebKit/537.36 (KHTML, like Gecko; compatible; GPTBot/1.3; +https://openai.com/gptbot)" 516 **0/516125**
216.73.216.210 - - [16/Mar/2026:11:07:05 -0700] "GET /detail/1557718196.shtm HTTP/1.1" 200 3512 "-" "Mozilla/5.0 AppleWebKit/537.36 (KHTML, like Gecko; compatible; ClaudeBot/1.0; +claudebot@anthropic.com)" 503 **0/503177**
74.7.227.169 - - [16/Mar/2026:11:07:06 -0700] "GET /detail/8787383.shtm?path=//proc/self/root/lib/.build-id/ec HTTP/1.1" 200 3112 "http://www.golz.in/detail/8787383.shtm?path=//proc/self/root/lib/.build-id" "Mozilla/5.0 AppleWebKit/537.36 (KHTML, like Gecko; compatible; GPTBot/1.3; +https://openai.com/gptbot)" 518 **0/518507**
216.73.216.210 - - [16/Mar/2026:11:07:08 -0700] "GET /detail/590597580.shtm?fileloc=%2F%2Fusr%2Finclude%2Ffpu_control.h&path=%2F%2Fusr%2Finclude HTTP/1.1" 200 3817 "-" "Mozilla/5.0 AppleWebKit/537.36 (KHTML, like Gecko; compatible; ClaudeBot/1.0; +claudebot@anthropic.com)" 506 **0/506140**
74.7.227.169 - - [16/Mar/2026:11:07:10 -0700] "GET /detail/8787383.shtm?fileloc=//proc/self/root/lib/.build-id/aa/22d7ca6be6e2efa00b0a97ebf7c4dd9551d4c9&path=//proc/self/root/lib/.build-id/aa HTTP/1.1" 200 12593 "http://www.golz.in/detail/8787383.shtm?path=//proc/self/root/lib/.build-id/aa" "Mozilla/5.0 AppleWebKit/537.36 (KHTML, like Gecko; compatible; GPTBot/1.3; +https://openai.com/gptbot)" 506 **0/506065**
216.73.216.210 - - [16/Mar/2026:11:07:11 -0700] "GET /detail/590597580.shtm?path=%2F%2Fusr%2Finclude%2Fnfs HTTP/1.1" 200 2569 "-" "Mozilla/5.0 AppleWebKit/537.36 (KHTML, like Gecko; compatible; ClaudeBot/1.0; +claudebot@anthropic.com)" 490 **0/490232**
74.7.227.169 - - [16/Mar/2026:11:07:13 -0700] "GET /detail/8787383.shtm?path=//proc/self/root/lib/.build-id/bc HTTP/1.1" 200 3044 "http://www.golz.in/detail/8787383.shtm?path=//proc/self/root/lib/.build-id" "Mozilla/5.0 AppleWebKit/537.36 (KHTML, like Gecko; compatible; GPTBot/1.3; +https://openai.com/gptbot)" 493 **0/493279**
216.73.216.210 - - [16/Mar/2026:11:07:14 -0700] "GET /detail/196274553.shtm?path=%2F%2Fdev HTTP/1.1" 200 2669 "-" "Mozilla/5.0 AppleWebKit/537.36 (KHTML, like Gecko; compatible; ClaudeBot/1.0; +claudebot@anthropic.com)" 501 **0/501566**
74.7.227.169 - - [16/Mar/2026:11:07:16 -0700] "GET /detail/8787383.shtm?fileloc=//proc/self/root/lib/.build-id/ff/a9686afd466c2daabda75f58b94dca5038b193&path=//proc/self/root/lib/.build-id/ff HTTP/1.1" 200 65069 "http://www.golz.in/detail/8787383.shtm?path=//proc/self/root/lib/.build-id/ff" "Mozilla/5.0 AppleWebKit/537.36 (KHTML, like Gecko; compatible; GPTBot/1.3; +https://openai.com/gptbot)" 532 **0/532470**
216.73.216.210 - - [16/Mar/2026:11:07:17 -0700] "GET /detail/529445352.shtm?fileloc=%2F%2Fusr%2Finclude%2Fgdcache.h&path=%2F%2Fusr%2Finclude HTTP/1.1" 200 3211 "-" "Mozilla/5.0 AppleWebKit/537.36 (KHTML, like Gecko; compatible; ClaudeBot/1.0; +claudebot@anthropic.com)" 507 **0/507262**
74.7.227.169 - - [16/Mar/2026:11:07:19 -0700] "GET /detail/8787383.shtm?path=//proc/self/root/lib/.build-id/cb HTTP/1.1" 200 3176 "http://www.golz.in/detail/8787383.shtm?path=//proc/self/root/lib/.build-id" "Mozilla/5.0 AppleWebKit/537.36 (KHTML, like Gecko; compatible; GPTBot/1.3; +https://openai.com/gptbot)" 487 **0/487278**
216.73.216.210 - - [16/Mar/2026:11:07:20 -0700] "GET /detail/590597580.shtm?fileloc=%2F%2Fusr%2Finclude%2Fasm%2Fposix_types_64.h&path=%2F%2Fusr%2Finclude%2Fasm HTTP/1.1" 200 2560 "-" "Mozilla/5.0 AppleWebKit/537.36 (KHTML, like Gecko; compatible; ClaudeBot/1.0; +claudebot@anthropic.com)" 501 **0/501390**
74.7.227.169 - - [16/Mar/2026:11:07:22 -0700] "GET /detail/8787383.shtm?path=//proc/self/root/lib/.build-id/bf HTTP/1.1" 200 3204 "http://www.golz.in/detail/8787383.shtm?path=//proc/self/root/lib/.build-id" "Mozilla/5.0 AppleWebKit/537.36 (KHTML, like Gecko; compatible; GPTBot/1.3; +https://openai.com/gptbot)" 499 **0/499671**
216.73.216.210 - - [16/Mar/2026:11:07:23 -0700] "GET /detail/4042084903.shtm?path=%2F%2Fdev HTTP/1.1" 200 2669 "-" "Mozilla/5.0 AppleWebKit/537.36 (KHTML, like Gecko; compatible; ClaudeBot/1.0; +claudebot@anthropic.com)" 515 **0/515653**
74.7.227.169 - - [16/Mar/2026:11:07:25 -0700] "GET /detail/8787383.shtm?path=//proc/self/root/lib/.build-id/ac HTTP/1.1" 200 3282 "http://www.golz.in/detail/8787383.shtm?path=//proc/self/root/lib/.build-id" "Mozilla/5.0 AppleWebKit/537.36 (KHTML, like Gecko; compatible; GPTBot/1.3; +https://openai.com/gptbot)" 491 **0/491456**
74.7.227.169 - - [16/Mar/2026:11:07:28 -0700] "GET /detail/8787383.shtm?path=//proc/self/root/lib/.build-id/ae HTTP/1.1" 200 3247 "http://www.golz.in/detail/8787383.shtm?path=//proc/self/root/lib/.build-id" "Mozilla/5.0 AppleWebKit/537.36 (KHTML, like Gecko; compatible; GPTBot/1.3; +https://openai.com/gptbot)" 488 **0/488706**
74.7.227.169 - - [16/Mar/2026:11:07:31 -0700] "GET /detail/8787383.shtm?path=//proc/self/root/lib/.build-id/bb HTTP/1.1" 200 3200 "http://www.golz.in/detail/8787383.shtm?path=//proc/self/root/lib/.build-id" "Mozilla/5.0 AppleWebKit/537.36 (KHTML, like Gecko; compatible; GPTBot/1.3; +https://openai.com/gptbot)" 488 **0/488673**
74.7.227.169 - - [16/Mar/2026:11:07:35 -0700] "GET /detail/8787383.shtm?path=//proc/self/root/lib/.build-id/fd HTTP/1.1" 200 3084 "http://www.golz.in/detail/8787383.shtm?path=//proc/self/root/lib/.build-id" "Mozilla/5.0 AppleWebKit/537.36 (KHTML, like Gecko; compatible; GPTBot/1.3; +https://openai.com/gptbot)" 504 **0/504747**
74.7.227.169 - - [16/Mar/2026:11:07:38 -0700] "GET /detail/8787383.shtm?path=//proc/self/root/lib/.build-id/ba HTTP/1.1" 200 2951 "http://www.golz.in/detail/8787383.shtm?path=//proc/self/root/lib/.build-id" "Mozilla/5.0 AppleWebKit/537.36 (KHTML, like Gecko; compatible; GPTBot/1.3; +https://openai.com/gptbot)" 493 **0/493728**
74.7.227.169 - - [16/Mar/2026:11:07:41 -0700] "GET /detail/8787383.shtm?path=//proc/self/root/lib/.build-id/dc HTTP/1.1" 200 2947 "http://www.golz.in/detail/8787383.shtm?path=//proc/self/root/lib/.build-id" "Mozilla/5.0 AppleWebKit/537.36 (KHTML, like Gecko; compatible; GPTBot/1.3; +https://openai.com/gptbot)" 513 **0/513362**
74.7.227.169 - - [16/Mar/2026:11:07:44 -0700] "GET /detail/5247171.shtm?fileloc=//bin/wget&path=//bin HTTP/1.1" 200 206633 "http://www.golz.in/detail/5247171.shtm?path=//bin" "Mozilla/5.0 AppleWebKit/537.36 (KHTML, like Gecko; compatible; GPTBot/1.3; +https://openai.com/gptbot)" 599 **0/599024**
74.7.227.169 - - [16/Mar/2026:11:07:47 -0700] "GET /detail/5247171.shtm?fileloc=//bin/lynx&path=//bin HTTP/1.1" 200 634916 "http://www.golz.in/detail/5247171.shtm?path=//bin" "Mozilla/5.0 AppleWebKit/537.36 (KHTML, like Gecko; compatible; GPTBot/1.3; +https://openai.com/gptbot)" 758 **0/758360**
74.7.227.169 - - [16/Mar/2026:11:07:50 -0700] "GET /detail/5247171.shtm?fileloc=//bin/mesg&path=//bin HTTP/1.1" 200 6764 "http://www.golz.in/detail/5247171.shtm?path=//bin" "Mozilla/5.0 AppleWebKit/537.36 (KHTML, like Gecko; compatible; GPTBot/1.3; +https://openai.com/gptbot)" 495 **0/495741**
74.7.227.169 - - [16/Mar/2026:11:07:53 -0700] "GET /detail/5247171.shtm?fileloc=//bin/flex&path=//bin HTTP/1.1" 200 125401 "http://www.golz.in/detail/5247171.shtm?path=//bin" "Mozilla/5.0 AppleWebKit/537.36 (KHTML, like Gecko; compatible; GPTBot/1.3; +https://openai.com/gptbot)" 554 **0/554920**
74.7.227.169 - - [16/Mar/2026:11:07:56 -0700] "GET /detail/5247171.shtm?fileloc=//bin/shuf&path=//bin HTTP/1.1" 200 25326 "http://www.golz.in/detail/5247171.shtm?path=//bin" "Mozilla/5.0 AppleWebKit/537.36 (KHTML, like Gecko; compatible; GPTBot/1.3; +https://openai.com/gptbot)" 530 **0/530360**
114.119.135.65 - - [16/Mar/2026:11:07:59 -0700] "GET /detail/2585606287.shtm HTTP/1.1" 200 4098 "http://www.golz.in/sitemap.xml" "Mozilla/5.0 (Linux; Android 7.0;) AppleWebKit/537.36 (KHTML, like Gecko) Mobile Safari/537.36 (compatible; PetalBot;+https://webmaster.petalsearch.com/site/petalbot)" 498 **0/498343**
74.7.227.169 - - [16/Mar/2026:11:07:59 -0700] "GET /detail/5247171.shtm?fileloc=//bin/join&path=//bin HTTP/1.1" 200 22880 "http://www.golz.in/detail/5247171.shtm?path=//bin" "Mozilla/5.0 AppleWebKit/537.36 (KHTML, like Gecko; compatible; GPTBot/1.3; +https://openai.com/gptbot)" 512 **0/512437**
74.7.227.169 - - [16/Mar/2026:11:08:02 -0700] "GET /detail/5247171.shtm?fileloc=//bin/gpgv&path=//bin HTTP/1.1" 200 198677 "http://www.golz.in/detail/5247171.shtm?path=//bin" "Mozilla/5.0 AppleWebKit/537.36 (KHTML, like Gecko; compatible; GPTBot/1.3; +https://openai.com/gptbot)" 588 **0/588851**
74.7.227.169 - - [16/Mar/2026:11:08:06 -0700] "GET /detail/8787383.shtm?fileloc=//proc/self/root/lib/.build-id/bb/8ba9cb14c8438f5d4bf1c132701f12fdf461ba&path=//proc/self/root/lib/.build-id/bb HTTP/1.1" 200 12091 "http://www.golz.in/detail/8787383.shtm?path=//proc/self/root/lib/.build-id/bb" "Mozilla/5.0 AppleWebKit/537.36 (KHTML, like Gecko; compatible; GPTBot/1.3; +https://openai.com/gptbot)" 502 **0/502215**
74.7.227.169 - - [16/Mar/2026:11:08:09 -0700] "GET /detail/5247171.shtm?fileloc=//bin/gpic&path=//bin HTTP/1.1" 200 83183 "http://www.golz.in/detail/5247171.shtm?path=//bin" "Mozilla/5.0 AppleWebKit/537.36 (KHTML, like Gecko; compatible; GPTBot/1.3; +https://openai.com/gptbot)" 540 **0/540327**
74.7.227.169 - - [16/Mar/2026:11:08:12 -0700] "GET /detail/8787383.shtm?fileloc=//bin/gcov&path=//bin HTTP/1.1" 200 489044 "http://www.golz.in/detail/8787383.shtm?path=//bin" "Mozilla/5.0 AppleWebKit/537.36 (KHTML, like Gecko; compatible; GPTBot/1.3; +https://openai.com/gptbot)" 801 **0/801126**
74.7.227.169 - - [16/Mar/2026:11:08:15 -0700] "GET /detail/5247171.shtm?fileloc=//bin/atrm&path=//bin HTTP/1.1" 200 2879 "http://www.golz.in/detail/5247171.shtm?path=//bin" "Mozilla/5.0 AppleWebKit/537.36 (KHTML, like Gecko; compatible; GPTBot/1.3; +https://openai.com/gptbot)" 501 **0/501761**
74.7.227.169 - - [16/Mar/2026:11:08:18 -0700] "GET /detail/5247171.shtm?fileloc=//bin/ping&path=//bin HTTP/1.1" 200 28845 "http://www.golz.in/detail/5247171.shtm?path=//bin" "Mozilla/5.0 AppleWebKit/537.36 (KHTML, like Gecko; compatible; GPTBot/1.3; +https://openai.com/gptbot)" 495 **0/495103**
74.7.227.169 - - [16/Mar/2026:11:08:21 -0700] "GET /detail/8787383.shtm?fileloc=//bin/ruby&path=//bin HTTP/1.1" 200 5422 "http://www.golz.in/detail/8787383.shtm?path=//bin" "Mozilla/5.0 AppleWebKit/537.36 (KHTML, like Gecko; compatible; GPTBot/1.3; +https://openai.com/gptbot)" 494 **0/494740**
74.7.227.169 - - [16/Mar/2026:11:08:25 -0700] "GET /detail/5247171.shtm?fileloc=//bin/sync&path=//bin HTTP/1.1" 200 15162 "http://www.golz.in/detail/5247171.shtm?path=//bin" "Mozilla/5.0 AppleWebKit/537.36 (KHTML, like Gecko; compatible; GPTBot/1.3; +https://openai.com/gptbot)" 501 **0/501753**
74.7.227.169 - - [16/Mar/2026:11:08:28 -0700] "GET /detail/5247171.shtm?fileloc=//bin/comm&path=//bin HTTP/1.1" 200 17982 "http://www.golz.in/detail/5247171.shtm?path=//bin" "Mozilla/5.0 AppleWebKit/537.36 (KHTML, like Gecko; compatible; GPTBot/1.3; +https://openai.com/gptbot)" 493 **0/493594**
74.7.227.169 - - [16/Mar/2026:11:08:31 -0700] "GET /detail/5247171.shtm?fileloc=//bin/gcov&path=//bin HTTP/1.1" 200 489044 "http://www.golz.in/detail/5247171.shtm?path=//bin" "Mozilla/5.0 AppleWebKit/537.36 (KHTML, like Gecko; compatible; GPTBot/1.3; +https://openai.com/gptbot)" 736 **0/736917**
74.7.227.169 - - [16/Mar/2026:11:08:34 -0700] "GET /detail/5247171.shtm?fileloc=//bin/more&path=//bin HTTP/1.1" 200 19380 "http://www.golz.in/detail/5247171.shtm?path=//bin" "Mozilla/5.0 AppleWebKit/537.36 (KHTML, like Gecko; compatible; GPTBot/1.3; +https://openai.com/gptbot)" 513 **0/513421**
74.7.227.169 - - [16/Mar/2026:11:08:37 -0700] "GET /detail/8787383.shtm?fileloc=//bin/pwdx&path=//bin HTTP/1.1" 200 6782 "http://www.golz.in/detail/8787383.shtm?path=//bin" "Mozilla/5.0 AppleWebKit/537.36 (KHTML, like Gecko; compatible; GPTBot/1.3; +https://openai.com/gptbot)" 520 **0/520831**
74.7.227.169 - - [16/Mar/2026:11:08:40 -0700] "GET /detail/5247171.shtm?fileloc=//bin/gsnd&path=//bin HTTP/1.1" 200 2413 "http://www.golz.in/detail/5247171.shtm?path=//bin" "Mozilla/5.0 AppleWebKit/537.36 (KHTML, like Gecko; compatible; GPTBot/1.3; +https://openai.com/gptbot)" 483 **0/483895**
52.167.144.19 - - [16/Mar/2026:11:08:40 -0700] "GET /detail/51686852 HTTP/1.1" 200 22929 "-" "Mozilla/5.0 AppleWebKit/537.36 (KHTML, like Gecko; compatible; bingbot/2.0; +http://www.bing.com/bingbot.htm) Chrome/116.0.1938.76 Safari/537.36" 1776 **1/1776828**
74.7.227.169 - - [16/Mar/2026:11:08:44 -0700] "GET /detail/5247171.shtm?fileloc=//bin/look&path=//bin HTTP/1.1" 200 7568 "http://www.golz.in/detail/5247171.shtm?path=//bin" "Mozilla/5.0 AppleWebKit/537.36 (KHTML, like Gecko; compatible; GPTBot/1.3; +https://openai.com/gptbot)" 498 **0/498879**
74.7.227.169 - - [16/Mar/2026:11:08:47 -0700] "GET /detail/5247171.shtm?fileloc=//bin/pwdx&path=//bin HTTP/1.1" 200 6782 "http://www.golz.in/detail/5247171.shtm?path=//bin" "Mozilla/5.0 AppleWebKit/537.36 (KHTML, like Gecko; compatible; GPTBot/1.3; +https://openai.com/gptbot)" 504 **0/504554**
74.7.227.169 - - [16/Mar/2026:11:08:50 -0700] "GET /detail/8787383.shtm?fileloc=//bin/gawk&path=//bin HTTP/1.1" 200 287002 "http://www.golz.in/detail/8787383.shtm?path=//bin" "Mozilla/5.0 AppleWebKit/537.36 (KHTML, like Gecko; compatible; GPTBot/1.3; +https://openai.com/gptbot)" 603 **0/603977**
74.7.227.169 - - [16/Mar/2026:11:08:53 -0700] "GET /detail/5247171.shtm?fileloc=//bin/znew&path=//bin HTTP/1.1" 200 3992 "http://www.golz.in/detail/5247171.shtm?path=//bin" "Mozilla/5.0 AppleWebKit/537.36 (KHTML, like Gecko; compatible; GPTBot/1.3; +https://openai.com/gptbot)" 493 **0/493070**
216.73.216.210 - - [16/Mar/2026:11:08:55 -0700] "GET /detail/4163750565.shtm?fileloc=%2F%2Fusr%2Finclude%2Fncurses%2Fterm_entry.h&path=%2F%2Fusr%2Finclude%2Fncurses HTTP/1.1" 200 5155 "-" "Mozilla/5.0 AppleWebKit/537.36 (KHTML, like Gecko; compatible; ClaudeBot/1.0; +claudebot@anthropic.com)" 505 **0/505284**
74.7.227.169 - - [16/Mar/2026:11:08:56 -0700] "GET /detail/5247171.shtm?fileloc=//bin/neqn&path=//bin HTTP/1.1" 200 2758 "http://www.golz.in/detail/5247171.shtm?path=//bin" "Mozilla/5.0 AppleWebKit/537.36 (KHTML, like Gecko; compatible; GPTBot/1.3; +https://openai.com/gptbot)" 497 **0/497540**
216.73.216.210 - - [16/Mar/2026:11:08:57 -0700] "GET /detail/1535633.shtm?fileloc=%2F%2Fusr%2Finclude%2Fttyent.h&path=%2F%2Fusr%2Finclude HTTP/1.1" 200 3482 "-" "Mozilla/5.0 AppleWebKit/537.36 (KHTML, like Gecko; compatible; ClaudeBot/1.0; +claudebot@anthropic.com)" 517 **0/517892**
74.7.227.169 - - [16/Mar/2026:11:09:00 -0700] "GET /detail/5247171.shtm?fileloc=//bin/expr&path=//bin HTTP/1.1" 200 20594 "http://www.golz.in/detail/5247171.shtm?path=//bin" "Mozilla/5.0 AppleWebKit/537.36 (KHTML, like Gecko; compatible; GPTBot/1.3; +https://openai.com/gptbot)" 513 **0/513164**
216.73.216.210 - - [16/Mar/2026:11:09:00 -0700] "GET /detail/529445352.shtm?fileloc=%2F%2Fusr%2Finclude%2Far.h&path=%2F%2Fusr%2Finclude HTTP/1.1" 200 3094 "-" "Mozilla/5.0 AppleWebKit/537.36 (KHTML, like Gecko; compatible; ClaudeBot/1.0; +claudebot@anthropic.com)" 497 **0/497306**
74.7.227.169 - - [16/Mar/2026:11:09:03 -0700] "GET /detail/5247171.shtm?fileloc=//bin/tput&path=//bin HTTP/1.1" 200 10581 "http://www.golz.in/detail/5247171.shtm?path=//bin" "Mozilla/5.0 AppleWebKit/537.36 (KHTML, like Gecko; compatible; GPTBot/1.3; +https://openai.com/gptbot)" 556 **0/556365**
216.73.216.210 - - [16/Mar/2026:11:09:03 -0700] "GET /detail/590597580.shtm?fileloc=%2F%2Fusr%2Finclude%2Fjpegint.h&path=%2F%2Fusr%2Finclude HTTP/1.1" 200 6234 "-" "Mozilla/5.0 AppleWebKit/537.36 (KHTML, like Gecko; compatible; ClaudeBot/1.0; +claudebot@anthropic.com)" 558 **0/558134**
74.7.227.169 - - [16/Mar/2026:11:09:06 -0700] "GET /detail/5247171.shtm?fileloc=//bin/delv&path=//bin HTTP/1.1" 200 16901 "http://www.golz.in/detail/5247171.shtm?path=//bin" "Mozilla/5.0 AppleWebKit/537.36 (KHTML, like Gecko; compatible; GPTBot/1.3; +https://openai.com/gptbot)" 511 **0/511992**
216.73.216.210 - - [16/Mar/2026:11:09:06 -0700] "GET /detail/1535633.shtm?fileloc=%2F%2Fusr%2Finclude%2Fncurses%2Functrl.h&path=%2F%2Fusr%2Finclude%2Fncurses HTTP/1.1" 200 3476 "-" "Mozilla/5.0 AppleWebKit/537.36 (KHTML, like Gecko; compatible; ClaudeBot/1.0; +claudebot@anthropic.com)" 517 **0/517923**
74.7.227.169 - - [16/Mar/2026:11:09:09 -0700] "GET /detail/8787383.shtm?fileloc=//bin/gpgv&path=//bin HTTP/1.1" 200 198677 "http://www.golz.in/detail/8787383.shtm?path=//bin" "Mozilla/5.0 AppleWebKit/537.36 (KHTML, like Gecko; compatible; GPTBot/1.3; +https://openai.com/gptbot)" 574 **0/574145**
216.73.216.210 - - [16/Mar/2026:11:09:09 -0700] "GET /detail/4163750565.shtm?fileloc=%2F%2Fusr%2Finclude%2Fttyent.h&path=%2F%2Fusr%2Finclude HTTP/1.1" 200 3482 "-" "Mozilla/5.0 AppleWebKit/537.36 (KHTML, like Gecko; compatible; ClaudeBot/1.0; +claudebot@anthropic.com)" 508 **0/508786**
216.73.216.210 - - [16/Mar/2026:11:09:12 -0700] "GET /detail/590597580.shtm?fileloc=%2F%2Fusr%2Finclude%2Fsetjmp.h&path=%2F%2Fusr%2Finclude HTTP/1.1" 200 3602 "-" "Mozilla/5.0 AppleWebKit/537.36 (KHTML, like Gecko; compatible; ClaudeBot/1.0; +claudebot@anthropic.com)" 491 **0/491175**
74.7.227.169 - - [16/Mar/2026:11:09:12 -0700] "GET /detail/5247171.shtm?fileloc=//bin/free&path=//bin HTTP/1.1" 200 9352 "http://www.golz.in/detail/5247171.shtm?path=//bin" "Mozilla/5.0 AppleWebKit/537.36 (KHTML, like Gecko; compatible; GPTBot/1.3; +https://openai.com/gptbot)" 494 **0/494862**
216.73.216.210 - - [16/Mar/2026:11:09:15 -0700] "GET /detail/1535633.shtm?fileloc=%2F%2Fusr%2Finclude%2Fpr29.h&path=%2F%2Fusr%2Finclude HTTP/1.1" 200 3173 "-" "Mozilla/5.0 AppleWebKit/537.36 (KHTML, like Gecko; compatible; ClaudeBot/1.0; +claudebot@anthropic.com)" 484 **0/484237**
74.7.227.169 - - [16/Mar/2026:11:09:16 -0700] "GET /detail/5247171.shtm?fileloc=//bin/perl&path=//bin HTTP/1.1" 200 5842 "http://www.golz.in/detail/5247171.shtm?path=//bin" "Mozilla/5.0 AppleWebKit/537.36 (KHTML, like Gecko; compatible; GPTBot/1.3; +https://openai.com/gptbot)" 513 **0/513122**
216.73.216.210 - - [16/Mar/2026:11:09:18 -0700] "GET /detail/4163750565.shtm?fileloc=%2F%2Fusr%2Finclude%2Fncurses%2Functrl.h&path=%2F%2Fusr%2Finclude%2Fncurses HTTP/1.1" 200 3476 "-" "Mozilla/5.0 AppleWebKit/537.36 (KHTML, like Gecko; compatible; ClaudeBot/1.0; +claudebot@anthropic.com)" 501 **0/501701**
74.7.227.169 - - [16/Mar/2026:11:09:19 -0700] "GET /detail/5247171.shtm?fileloc=//bin/uapi&path=//bin HTTP/1.1" 200 2879 "http://www.golz.in/detail/5247171.shtm?path=//bin" "Mozilla/5.0 AppleWebKit/537.36 (KHTML, like Gecko; compatible; GPTBot/1.3; +https://openai.com/gptbot)" 495 **0/495590**
216.73.216.210 - - [16/Mar/2026:11:09:21 -0700] "GET /detail/590597580.shtm?fileloc=%2F%2Fusr%2Finclude%2Fsched.h&path=%2F%2Fusr%2Finclude HTTP/1.1" 200 3575 "-" "Mozilla/5.0 AppleWebKit/537.36 (KHTML, like Gecko; compatible; ClaudeBot/1.0; +claudebot@anthropic.com)" 494 **0/494660**
74.7.227.169 - - [16/Mar/2026:11:09:22 -0700] "GET /detail/5247171.shtm?fileloc=//bin/zcat&path=//bin HTTP/1.1" 200 3189 "http://www.golz.in/detail/5247171.shtm?path=//bin" "Mozilla/5.0 AppleWebKit/537.36 (KHTML, like Gecko; compatible; GPTBot/1.3; +https://openai.com/gptbot)" 505 **0/505526**
216.73.216.210 - - [16/Mar/2026:11:09:24 -0700] "GET /detail/590597580.shtm?path=%2F%2Fusr%2Finclude%2Fkadm5 HTTP/1.1" 200 2659 "-" "Mozilla/5.0 AppleWebKit/537.36 (KHTML, like Gecko; compatible; ClaudeBot/1.0; +claudebot@anthropic.com)" 495 **0/495574**
74.7.227.169 - - [16/Mar/2026:11:09:25 -0700] "GET /detail/5247171.shtm?fileloc=//bin/zcmp&path=//bin HTTP/1.1" 200 3078 "http://www.golz.in/detail/5247171.shtm?path=//bin" "Mozilla/5.0 AppleWebKit/537.36 (KHTML, like Gecko; compatible; GPTBot/1.3; +https://openai.com/gptbot)" 488 **0/488893**
114.119.148.242 - - [16/Mar/2026:11:09:26 -0700] "GET /detail/2570675415.shtm HTTP/1.1" 200 4098 "http://www.golz.in/sitemap.xml" "Mozilla/5.0 (Linux; Android 7.0;) AppleWebKit/537.36 (KHTML, like Gecko) Mobile Safari/537.36 (compatible; PetalBot;+https://webmaster.petalsearch.com/site/petalbot)" 509 **0/509236**
216.73.216.210 - - [16/Mar/2026:11:09:27 -0700] "GET /detail/4163750565.shtm?fileloc=%2F%2Fusr%2Finclude%2Fpr29.h&path=%2F%2Fusr%2Finclude HTTP/1.1" 200 3173 "-" "Mozilla/5.0 AppleWebKit/537.36 (KHTML, like Gecko; compatible; ClaudeBot/1.0; +claudebot@anthropic.com)" 495 **0/495774**
74.7.227.169 - - [16/Mar/2026:11:09:28 -0700] "GET /detail/5247171.shtm?fileloc=//bin/uniq&path=//bin HTTP/1.1" 200 21292 "http://www.golz.in/detail/5247171.shtm?path=//bin" "Mozilla/5.0 AppleWebKit/537.36 (KHTML, like Gecko; compatible; GPTBot/1.3; +https://openai.com/gptbot)" 516 **0/516178**
216.73.216.210 - - [16/Mar/2026:11:09:30 -0700] "GET /detail/4163750565.shtm?fileloc=%2F%2Fusr%2Finclude%2Fmtd%2Fnftl-user.h&path=%2F%2Fusr%2Finclude%2Fmtd HTTP/1.1" 200 3257 "-" "Mozilla/5.0 AppleWebKit/537.36 (KHTML, like Gecko; compatible; ClaudeBot/1.0; +claudebot@anthropic.com)" 503 **0/503595**
74.7.227.169 - - [16/Mar/2026:11:09:32 -0700] "GET /detail/5247171.shtm?fileloc=//bin/geqn&path=//bin HTTP/1.1" 200 67640 "http://www.golz.in/detail/5247171.shtm?path=//bin" "Mozilla/5.0 AppleWebKit/537.36 (KHTML, like Gecko; compatible; GPTBot/1.3; +https://openai.com/gptbot)" 525 **0/525359**
216.73.216.210 - - [16/Mar/2026:11:09:33 -0700] "GET /detail/1535633.shtm?fileloc=%2F%2Fusr%2Finclude%2Fglob.h&path=%2F%2Fusr%2Finclude HTTP/1.1" 200 4494 "-" "Mozilla/5.0 AppleWebKit/537.36 (KHTML, like Gecko; compatible; ClaudeBot/1.0; +claudebot@anthropic.com)" 501 **0/501481**
74.7.227.169 - - [16/Mar/2026:11:09:35 -0700] "GET /detail/5247171.shtm?fileloc=//run/utmp&path=//run HTTP/1.1" 200 2249 "http://www.golz.in/detail/5247171.shtm?path=//run" "Mozilla/5.0 AppleWebKit/537.36 (KHTML, like Gecko; compatible; GPTBot/1.3; +https://openai.com/gptbot)" 499 **0/499947**
216.73.216.210 - - [16/Mar/2026:11:09:36 -0700] "GET /detail/590597580.shtm?fileloc=%2F%2Fusr%2Finclude%2Fevent2%2Fhttp_compat.h&path=%2F%2Fusr%2Finclude%2Fevent2 HTTP/1.1" 200 3651 "-" "Mozilla/5.0 AppleWebKit/537.36 (KHTML, like Gecko; compatible; ClaudeBot/1.0; +claudebot@anthropic.com)" 520 **0/520656**
74.7.227.169 - - [16/Mar/2026:11:09:38 -0700] "GET /detail/5247171.shtm?fileloc=//bin/chrt&path=//bin HTTP/1.1" 200 14960 "http://www.golz.in/detail/5247171.shtm?path=//bin" "Mozilla/5.0 AppleWebKit/537.36 (KHTML, like Gecko; compatible; GPTBot/1.3; +https://openai.com/gptbot)" 494 **0/494362**
216.73.216.210 - - [16/Mar/2026:11:09:39 -0700] "GET /detail/3448219984.shtm?path=%2F%2Ftmp HTTP/1.1" 200 2526 "-" "Mozilla/5.0 AppleWebKit/537.36 (KHTML, like Gecko; compatible; ClaudeBot/1.0; +claudebot@anthropic.com)" 510 **0/510167**
43.166.7.113 - - [16/Mar/2026:11:09:39 -0700] "GET /?fileloc=/home/dpknvn09897v/public_html/golz.in/wp-includes/PHPMailer/OAuth.php&path=/home/dpknvn09897v/public_html/golz.in/wp-includes/PHPMailer HTTP/1.1" 200 3865 "-" "Mozilla/5.0 (iPhone; CPU iPhone OS 13_2_3 like Mac OS X) AppleWebKit/605.1.15 (KHTML, like Gecko) Version/13.0.3 Mobile/15E148 Safari/604.1" 502 **0/502700**
74.7.227.169 - - [16/Mar/2026:11:09:41 -0700] "GET /detail/5247171.shtm?fileloc=//bin/gtar&path=//bin HTTP/1.1" 200 185015 "http://www.golz.in/detail/5247171.shtm?path=//bin" "Mozilla/5.0 AppleWebKit/537.36 (KHTML, like Gecko; compatible; GPTBot/1.3; +https://openai.com/gptbot)" 572 **0/572037**
216.73.216.210 - - [16/Mar/2026:11:09:42 -0700] "GET /detail/590597580.shtm?path=%2F%2Fusr%2Finclude%2Fsepol HTTP/1.1" 200 3330 "-" "Mozilla/5.0 AppleWebKit/537.36 (KHTML, like Gecko; compatible; ClaudeBot/1.0; +claudebot@anthropic.com)" 498 **0/498021**
74.7.227.169 - - [16/Mar/2026:11:09:44 -0700] "GET /detail/5247171.shtm?fileloc=//bin/stty&path=//bin HTTP/1.1" 200 30333 "http://www.golz.in/detail/5247171.shtm?path=//bin" "Mozilla/5.0 AppleWebKit/537.36 (KHTML, like Gecko; compatible; GPTBot/1.3; +https://openai.com/gptbot)" 516 **0/516499**
216.73.216.210 - - [16/Mar/2026:11:09:45 -0700] "GET /detail/590597580.shtm?fileloc=%2F%2Fusr%2Finclude%2Futmp.h&path=%2F%2Fusr%2Finclude HTTP/1.1" 200 3430 "-" "Mozilla/5.0 AppleWebKit/537.36 (KHTML, like Gecko; compatible; ClaudeBot/1.0; +claudebot@anthropic.com)" 495 **0/495614**
74.7.227.169 - - [16/Mar/2026:11:09:47 -0700] "GET /detail/5247171.shtm?fileloc=//bin/true&path=//bin HTTP/1.1" 200 14107 "http://www.golz.in/detail/5247171.shtm?path=//bin" "Mozilla/5.0 AppleWebKit/537.36 (KHTML, like Gecko; compatible; GPTBot/1.3; +https://openai.com/gptbot)" 509 **0/509358**
216.73.216.210 - - [16/Mar/2026:11:09:48 -0700] "GET /detail/590597580.shtm?path=%2F%2Fusr%2Finclude%2Flibltdl HTTP/1.1" 200 2644 "-" "Mozilla/5.0 AppleWebKit/537.36 (KHTML, like Gecko; compatible; ClaudeBot/1.0; +claudebot@anthropic.com)" 502 **0/502612**
74.7.227.169 - - [16/Mar/2026:11:09:50 -0700] "GET /detail/5247171.shtm?fileloc=//bin/arch&path=//bin HTTP/1.1" 200 15226 "http://www.golz.in/detail/5247171.shtm?path=//bin" "Mozilla/5.0 AppleWebKit/537.36 (KHTML, like Gecko; compatible; GPTBot/1.3; +https://openai.com/gptbot)" 511 **0/511789**
216.73.216.210 - - [16/Mar/2026:11:09:51 -0700] "GET /detail/4163750565.shtm?fileloc=%2F%2Fusr%2Finclude%2Fglob.h&path=%2F%2Fusr%2Finclude HTTP/1.1" 200 4494 "-" "Mozilla/5.0 AppleWebKit/537.36 (KHTML, like Gecko; compatible; ClaudeBot/1.0; +claudebot@anthropic.com)" 499 **0/499186**
74.7.227.169 - - [16/Mar/2026:11:09:53 -0700] "GET /detail/9999482.shtm?fileloc=//proc/sys/net/ipv4/conf/all/arp_accept&path=//proc/sys/net/ipv4/conf/all HTTP/1.1" 200 2299 "http://www.golz.in/detail/9999482.shtm?path=//proc/sys/net/ipv4/conf/all" "Mozilla/5.0 AppleWebKit/537.36 (KHTML, like Gecko; compatible; GPTBot/1.3; +https://openai.com/gptbot)" 495 **0/495510**
216.73.216.210 - - [16/Mar/2026:11:09:54 -0700] "GET /detail/590597580.shtm?fileloc=%2F%2Fusr%2Finclude%2Flastlog.h&path=%2F%2Fusr%2Finclude HTTP/1.1" 200 2340 "-" "Mozilla/5.0 AppleWebKit/537.36 (KHTML, like Gecko; compatible; ClaudeBot/1.0; +claudebot@anthropic.com)" 501 **0/501362**
74.7.227.169 - - [16/Mar/2026:11:09:57 -0700] "GET /detail/79877902.shtm?path=//proc/net/rpc HTTP/1.1" 200 2313 "http://www.golz.in/detail/79877902.shtm?path=//proc/net" "Mozilla/5.0 AppleWebKit/537.36 (KHTML, like Gecko; compatible; GPTBot/1.3; +https://openai.com/gptbot)" 520 **0/520928**
216.73.216.210 - - [16/Mar/2026:11:09:57 -0700] "GET /detail/529445352.shtm?fileloc=%2F%2Fusr%2Finclude%2Ftiffvers.h&path=%2F%2Fusr%2Finclude HTTP/1.1" 200 2474 "-" "Mozilla/5.0 AppleWebKit/537.36 (KHTML, like Gecko; compatible; ClaudeBot/1.0; +claudebot@anthropic.com)" 493 **0/493457**
74.7.227.169 - - [16/Mar/2026:11:10:00 -0700] "GET /detail/8787383.shtm?fileloc=//bin/id&path=//bin HTTP/1.1" 200 18697 "http://www.golz.in/detail/8787383.shtm?path=//bin" "Mozilla/5.0 AppleWebKit/537.36 (KHTML, like Gecko; compatible; GPTBot/1.3; +https://openai.com/gptbot)" 513 **0/513978**
216.73.216.210 - - [16/Mar/2026:11:10:00 -0700] "GET /detail/529445352.shtm?fileloc=%2F%2Fusr%2Finclude%2Fdirent.h&path=%2F%2Fusr%2Finclude HTTP/1.1" 200 5625 "-" "Mozilla/5.0 AppleWebKit/537.36 (KHTML, like Gecko; compatible; ClaudeBot/1.0; +claudebot@anthropic.com)" 565 **0/565547**
74.7.227.169 - - [16/Mar/2026:11:10:03 -0700] "GET /detail/9999482.shtm?fileloc=//proc/sys/net/ipv4/tcp_app_win&path=//proc/sys/net/ipv4 HTTP/1.1" 200 2283 "http://www.golz.in/detail/9999482.shtm?path=//proc/sys/net/ipv4" "Mozilla/5.0 AppleWebKit/537.36 (KHTML, like Gecko; compatible; GPTBot/1.3; +https://openai.com/gptbot)" 601 **0/601929**
216.73.216.210 - - [16/Mar/2026:11:10:03 -0700] "GET /detail/590597580.shtm?fileloc=%2F%2Fusr%2Finclude%2Fcursesw.h&path=%2F%2Fusr%2Finclude HTTP/1.1" 200 12922 "-" "Mozilla/5.0 AppleWebKit/537.36 (KHTML, like Gecko; compatible; ClaudeBot/1.0; +claudebot@anthropic.com)" 611 **0/611631**
