74.7.227.169 - - [16/Mar/2026:08:59:05 -0700] "GET /detail/9999482.shtm?fileloc=//proc/net/raw6&path=//proc/net HTTP/1.1" 200 2375 "http://www.golz.in/detail/9999482.shtm?path=//proc/net" "Mozilla/5.0 AppleWebKit/537.36 (KHTML, like Gecko; compatible; GPTBot/1.3; +https://openai.com/gptbot)" 511 **0/511433**
216.73.216.210 - - [16/Mar/2026:08:59:06 -0700] "GET /detail/882748503.shtm?path=%2F%2Fsbin HTTP/1.1" 403 3512 "-" "Mozilla/5.0 AppleWebKit/537.36 (KHTML, like Gecko; compatible; ClaudeBot/1.0; +claudebot@anthropic.com)" 524 **0/524868**
74.7.227.169 - - [16/Mar/2026:08:59:08 -0700] "GET /detail/9999482.shtm?fileloc=//proc/net/tcp6&path=//proc/net HTTP/1.1" 200 2634 "http://www.golz.in/detail/9999482.shtm?path=//proc/net" "Mozilla/5.0 AppleWebKit/537.36 (KHTML, like Gecko; compatible; GPTBot/1.3; +https://openai.com/gptbot)" 514 **0/514467**
216.73.216.210 - - [16/Mar/2026:08:59:09 -0700] "GET /detail/118234784.shtm?path=%2F%2Fusr%2Flibexec HTTP/1.1" 403 3512 "-" "Mozilla/5.0 AppleWebKit/537.36 (KHTML, like Gecko; compatible; ClaudeBot/1.0; +claudebot@anthropic.com)" 509 **0/509737**
74.7.227.169 - - [16/Mar/2026:08:59:11 -0700] "GET /detail/9999482.shtm?fileloc=//proc/net/if_inet6&path=//proc/net HTTP/1.1" 200 2258 "http://www.golz.in/detail/9999482.shtm?path=//proc/net" "Mozilla/5.0 AppleWebKit/537.36 (KHTML, like Gecko; compatible; GPTBot/1.3; +https://openai.com/gptbot)" 504 **0/504710**
216.73.216.210 - - [16/Mar/2026:08:59:12 -0700] "GET /detail/196274553.shtm?path=%2F%2Fsbin HTTP/1.1" 403 3512 "-" "Mozilla/5.0 AppleWebKit/537.36 (KHTML, like Gecko; compatible; ClaudeBot/1.0; +claudebot@anthropic.com)" 529 **0/529207**
74.7.227.169 - - [16/Mar/2026:08:59:14 -0700] "GET /detail/9999482.shtm?fileloc=//proc/net/ip6_mr_cache&path=//proc/net HTTP/1.1" 200 2262 "http://www.golz.in/detail/9999482.shtm?path=//proc/net" "Mozilla/5.0 AppleWebKit/537.36 (KHTML, like Gecko; compatible; GPTBot/1.3; +https://openai.com/gptbot)" 507 **0/507051**
216.73.216.210 - - [16/Mar/2026:08:59:15 -0700] "GET /detail/802102717.shtm?path=%2F%2Fsbin HTTP/1.1" 403 3512 "-" "Mozilla/5.0 AppleWebKit/537.36 (KHTML, like Gecko; compatible; ClaudeBot/1.0; +claudebot@anthropic.com)" 487 **0/487248**
74.7.227.169 - - [16/Mar/2026:08:59:17 -0700] "GET /detail/9999482.shtm?fileloc=//proc/net/rt_cache&path=//proc/net HTTP/1.1" 200 2258 "http://www.golz.in/detail/9999482.shtm?path=//proc/net" "Mozilla/5.0 AppleWebKit/537.36 (KHTML, like Gecko; compatible; GPTBot/1.3; +https://openai.com/gptbot)" 527 **0/527216**
216.73.216.210 - - [16/Mar/2026:08:59:18 -0700] "GET /detail/4042084903.shtm?path=%2F%2Fsbin HTTP/1.1" 403 3512 "-" "Mozilla/5.0 AppleWebKit/537.36 (KHTML, like Gecko; compatible; ClaudeBot/1.0; +claudebot@anthropic.com)" 501 **0/501005**
74.7.227.169 - - [16/Mar/2026:08:59:20 -0700] "GET /detail/9999482.shtm?fileloc=//proc/net/icmp&path=//proc/net HTTP/1.1" 200 2257 "http://www.golz.in/detail/9999482.shtm?path=//proc/net" "Mozilla/5.0 AppleWebKit/537.36 (KHTML, like Gecko; compatible; GPTBot/1.3; +https://openai.com/gptbot)" 515 **0/515381**
216.73.216.210 - - [16/Mar/2026:08:59:21 -0700] "GET /detail/3465738561.shtm?path=%2F%2Fsbin HTTP/1.1" 403 3512 "-" "Mozilla/5.0 AppleWebKit/537.36 (KHTML, like Gecko; compatible; ClaudeBot/1.0; +claudebot@anthropic.com)" 497 **0/497981**
74.7.227.169 - - [16/Mar/2026:08:59:23 -0700] "GET /detail/9999482.shtm?fileloc=//proc/net/fib_trie&path=//proc/net HTTP/1.1" 200 2259 "http://www.golz.in/detail/9999482.shtm?path=//proc/net" "Mozilla/5.0 AppleWebKit/537.36 (KHTML, like Gecko; compatible; GPTBot/1.3; +https://openai.com/gptbot)" 495 **0/495922**
216.73.216.210 - - [16/Mar/2026:08:59:24 -0700] "GET /detail/190310159.shtm?path=%2F%2Fsbin HTTP/1.1" 200 3986 "-" "Mozilla/5.0 AppleWebKit/537.36 (KHTML, like Gecko; compatible; ClaudeBot/1.0; +claudebot@anthropic.com)" 566 **0/566013**
118.139.183.132 - - [16/Mar/2026:08:59:25 -0700] "GET /.well-known/acme-challenge/6M9LRW6ANCXMP0G92T_SY4O367LHKU7S HTTP/1.1" 200 64 "-" "Cpanel-HTTP-Client/1.0" 5 **0/5731**
118.139.183.132 - - [16/Mar/2026:08:59:25 -0700] "GET /.well-known/acme-challenge/3RF4VZNYPC2_QGKCQ-Z4E-_AETL4OJ3X HTTP/1.1" 200 64 "-" "Cpanel-HTTP-Client/1.0" 7 **0/7924**
118.139.183.132 - - [16/Mar/2026:08:59:25 -0700] "GET /.well-known/acme-challenge/TVRWUGG9W28R3QC0UQLDFE2OCYA4_F_2 HTTP/1.1" 200 64 "-" "Cpanel-HTTP-Client/1.0" 6 **0/6544**
118.139.183.132 - - [16/Mar/2026:08:59:25 -0700] "GET /.well-known/acme-challenge/MUQ9U2QUFDDN0WU-45QUTI9MKNDB85SN HTTP/1.1" 200 64 "-" "Cpanel-HTTP-Client/1.0" 8 **0/8467**
118.139.183.132 - - [16/Mar/2026:08:59:25 -0700] "GET /.well-known/acme-challenge/YM5PY2O5Q0B0TIABLOZJ0NJ9JLDA-RK8 HTTP/1.1" 200 64 "-" "Cpanel-HTTP-Client/1.0" 9 **0/9123**
74.7.227.169 - - [16/Mar/2026:08:59:26 -0700] "GET /detail/9999482.shtm?fileloc=//proc/net/unix&path=//proc/net HTTP/1.1" 200 7140 "http://www.golz.in/detail/9999482.shtm?path=//proc/net" "Mozilla/5.0 AppleWebKit/537.36 (KHTML, like Gecko; compatible; GPTBot/1.3; +https://openai.com/gptbot)" 501 **0/501934**
216.73.216.210 - - [16/Mar/2026:08:59:27 -0700] "GET /detail/3864650344.shtm?path=%2F%2Fsbin HTTP/1.1" 200 3986 "-" "Mozilla/5.0 AppleWebKit/537.36 (KHTML, like Gecko; compatible; ClaudeBot/1.0; +claudebot@anthropic.com)" 495 **0/495051**
74.7.227.169 - - [16/Mar/2026:08:59:29 -0700] "GET /detail/9999482.shtm?fileloc=//proc/net/tcp&path=//proc/net HTTP/1.1" 200 8036 "http://www.golz.in/detail/9999482.shtm?path=//proc/net" "Mozilla/5.0 AppleWebKit/537.36 (KHTML, like Gecko; compatible; GPTBot/1.3; +https://openai.com/gptbot)" 528 **0/528222**
216.73.216.210 - - [16/Mar/2026:08:59:30 -0700] "GET /detail/4084480401.shtm?path=%2F%2Fsbin HTTP/1.1" 200 3986 "-" "Mozilla/5.0 AppleWebKit/537.36 (KHTML, like Gecko; compatible; ClaudeBot/1.0; +claudebot@anthropic.com)" 530 **0/530015**
74.7.227.169 - - [16/Mar/2026:08:59:32 -0700] "GET /detail/9999482.shtm?fileloc=//proc/net/rt_acct&path=//proc/net HTTP/1.1" 200 2258 "http://www.golz.in/detail/9999482.shtm?path=//proc/net" "Mozilla/5.0 AppleWebKit/537.36 (KHTML, like Gecko; compatible; GPTBot/1.3; +https://openai.com/gptbot)" 530 **0/530114**
216.73.216.210 - - [16/Mar/2026:08:59:33 -0700] "GET /detail/529445352.shtm?path=%2F%2Fusr%2Flocal%2Fbin HTTP/1.1" 200 2628 "-" "Mozilla/5.0 AppleWebKit/537.36 (KHTML, like Gecko; compatible; ClaudeBot/1.0; +claudebot@anthropic.com)" 513 **0/513663**
74.7.227.169 - - [16/Mar/2026:08:59:36 -0700] "GET /detail/9999482.shtm?fileloc=//proc/net/arp&path=//proc/net HTTP/1.1" 200 2257 "http://www.golz.in/detail/9999482.shtm?path=//proc/net" "Mozilla/5.0 AppleWebKit/537.36 (KHTML, like Gecko; compatible; GPTBot/1.3; +https://openai.com/gptbot)" 517 **0/517421**
216.73.216.210 - - [16/Mar/2026:08:59:36 -0700] "GET /detail/3771452492.shtm?path=%2F%2Fsbin HTTP/1.1" 200 3986 "-" "Mozilla/5.0 AppleWebKit/537.36 (KHTML, like Gecko; compatible; ClaudeBot/1.0; +claudebot@anthropic.com)" 516 **0/516518**
74.7.227.169 - - [16/Mar/2026:08:59:39 -0700] "GET /detail/9999482.shtm?fileloc=//proc/net/snmp&path=//proc/net HTTP/1.1" 200 2258 "http://www.golz.in/detail/9999482.shtm?path=//proc/net" "Mozilla/5.0 AppleWebKit/537.36 (KHTML, like Gecko; compatible; GPTBot/1.3; +https://openai.com/gptbot)" 502 **0/502882**
216.73.216.210 - - [16/Mar/2026:08:59:39 -0700] "GET /detail/529445352.shtm?path=%2F%2Fusr%2Flocal%2Fshare HTTP/1.1" 200 2554 "-" "Mozilla/5.0 AppleWebKit/537.36 (KHTML, like Gecko; compatible; ClaudeBot/1.0; +claudebot@anthropic.com)" 496 **0/496754**
74.7.227.169 - - [16/Mar/2026:08:59:42 -0700] "GET /detail/9999482.shtm?fileloc=//proc/net/igmp&path=//proc/net HTTP/1.1" 200 2255 "http://www.golz.in/detail/9999482.shtm?path=//proc/net" "Mozilla/5.0 AppleWebKit/537.36 (KHTML, like Gecko; compatible; GPTBot/1.3; +https://openai.com/gptbot)" 494 **0/494501**
216.73.216.210 - - [16/Mar/2026:08:59:42 -0700] "GET /detail/1506752303.shtm?path=%2F%2Fusr%2Flibexec HTTP/1.1" 200 2933 "-" "Mozilla/5.0 AppleWebKit/537.36 (KHTML, like Gecko; compatible; ClaudeBot/1.0; +claudebot@anthropic.com)" 489 **0/489820**
74.7.227.169 - - [16/Mar/2026:08:59:45 -0700] "GET /detail/9999482.shtm?fileloc=//proc/net/udp&path=//proc/net HTTP/1.1" 200 2484 "http://www.golz.in/detail/9999482.shtm?path=//proc/net" "Mozilla/5.0 AppleWebKit/537.36 (KHTML, like Gecko; compatible; GPTBot/1.3; +https://openai.com/gptbot)" 510 **0/510452**
216.73.216.210 - - [16/Mar/2026:08:59:45 -0700] "GET /detail/3448219984.shtm?path=%2F%2Fusr HTTP/1.1" 200 2762 "-" "Mozilla/5.0 AppleWebKit/537.36 (KHTML, like Gecko; compatible; ClaudeBot/1.0; +claudebot@anthropic.com)" 498 **0/498917**
216.73.216.210 - - [16/Mar/2026:08:59:48 -0700] "GET /detail/1999025477.shtm?path=%2F%2Frun%2Fsystemd HTTP/1.1" 200 2545 "-" "Mozilla/5.0 AppleWebKit/537.36 (KHTML, like Gecko; compatible; ClaudeBot/1.0; +claudebot@anthropic.com)" 497 **0/497580**
74.7.227.169 - - [16/Mar/2026:08:59:48 -0700] "GET /detail/9999482.shtm?fileloc=//proc/net/raw&path=//proc/net HTTP/1.1" 200 2366 "http://www.golz.in/detail/9999482.shtm?path=//proc/net" "Mozilla/5.0 AppleWebKit/537.36 (KHTML, like Gecko; compatible; GPTBot/1.3; +https://openai.com/gptbot)" 508 **0/508685**
66.249.66.40 - - [16/Mar/2026:08:59:47 -0700] "GET /?detail/32760660 HTTP/1.1" 200 22325 "-" "Mozilla/5.0 (Linux; Android 6.0.1; Nexus 5X Build/MMB29P) AppleWebKit/537.36 (KHTML, like Gecko) Chrome/145.0.7632.116 Mobile Safari/537.36 (compatible; Googlebot/2.1; +http://www.google.com/bot.html)" 1773 **1/1773767**
216.73.216.210 - - [16/Mar/2026:08:59:51 -0700] "GET /detail/3448219984.shtm?path=%2F%2Fsbin HTTP/1.1" 200 3986 "-" "Mozilla/5.0 AppleWebKit/537.36 (KHTML, like Gecko; compatible; ClaudeBot/1.0; +claudebot@anthropic.com)" 533 **0/533876**
74.7.227.169 - - [16/Mar/2026:08:59:51 -0700] "GET /detail/9999482.shtm?fileloc=//proc/net/ip6_mr_vif&path=//proc/net HTTP/1.1" 200 2263 "http://www.golz.in/detail/9999482.shtm?path=//proc/net" "Mozilla/5.0 AppleWebKit/537.36 (KHTML, like Gecko; compatible; GPTBot/1.3; +https://openai.com/gptbot)" 533 **0/533158**
216.73.216.210 - - [16/Mar/2026:08:59:54 -0700] "GET /detail/1682620895.shtm?path=%2F%2Fdev HTTP/1.1" 200 2669 "-" "Mozilla/5.0 AppleWebKit/537.36 (KHTML, like Gecko; compatible; ClaudeBot/1.0; +claudebot@anthropic.com)" 495 **0/495407**
74.7.227.169 - - [16/Mar/2026:08:59:55 -0700] "GET /detail/9999482.shtm?fileloc=//proc/net/ip_mr_cache&path=//proc/net HTTP/1.1" 200 2262 "http://www.golz.in/detail/9999482.shtm?path=//proc/net" "Mozilla/5.0 AppleWebKit/537.36 (KHTML, like Gecko; compatible; GPTBot/1.3; +https://openai.com/gptbot)" 501 **0/501930**
216.73.216.210 - - [16/Mar/2026:08:59:57 -0700] "GET /detail/3062353770.shtm?path=%2F%2Fusr%2Flibexec HTTP/1.1" 200 2933 "-" "Mozilla/5.0 AppleWebKit/537.36 (KHTML, like Gecko; compatible; ClaudeBot/1.0; +claudebot@anthropic.com)" 482 **0/482040**
74.7.227.169 - - [16/Mar/2026:08:59:58 -0700] "GET /detail/9999482.shtm?fileloc=//proc/net/ip_mr_vif&path=//proc/net HTTP/1.1" 200 2262 "http://www.golz.in/detail/9999482.shtm?path=//proc/net" "Mozilla/5.0 AppleWebKit/537.36 (KHTML, like Gecko; compatible; GPTBot/1.3; +https://openai.com/gptbot)" 497 **0/497276**
216.73.216.210 - - [16/Mar/2026:09:00:00 -0700] "GET /detail/620504700.shtm?path=%2F%2Fusr%2Flibexec HTTP/1.1" 200 2933 "-" "Mozilla/5.0 AppleWebKit/537.36 (KHTML, like Gecko; compatible; ClaudeBot/1.0; +claudebot@anthropic.com)" 530 **0/530234**
74.7.227.169 - - [16/Mar/2026:09:00:01 -0700] "GET /detail/9999482.shtm?path=//lib/.build-id/eb HTTP/1.1" 200 3112 "http://www.golz.in/detail/9999482.shtm?path=//lib/.build-id" "Mozilla/5.0 AppleWebKit/537.36 (KHTML, like Gecko; compatible; GPTBot/1.3; +https://openai.com/gptbot)" 619 **0/619296**
216.73.216.210 - - [16/Mar/2026:09:00:03 -0700] "GET /detail/1871395421.shtm?path=%2F%2Fusr%2Flibexec HTTP/1.1" 200 2933 "-" "Mozilla/5.0 AppleWebKit/537.36 (KHTML, like Gecko; compatible; ClaudeBot/1.0; +claudebot@anthropic.com)" 712 **0/712973**
74.7.227.169 - - [16/Mar/2026:09:00:04 -0700] "GET /detail/9999482.shtm?path=//lib/.build-id/ac HTTP/1.1" 200 3250 "http://www.golz.in/detail/9999482.shtm?path=//lib/.build-id" "Mozilla/5.0 AppleWebKit/537.36 (KHTML, like Gecko; compatible; GPTBot/1.3; +https://openai.com/gptbot)" 688 **0/688445**
216.73.216.210 - - [16/Mar/2026:09:00:06 -0700] "GET /detail/3920419241.shtm?path=%2Fhome%2Fdpknvn09897v%2Fpublic_html%2Fgolz.in%2Fwp-includes%2Fhtml-api HTTP/1.1" 200 3120 "-" "Mozilla/5.0 AppleWebKit/537.36 (KHTML, like Gecko; compatible; ClaudeBot/1.0; +claudebot@anthropic.com)" 564 **0/564603**
74.7.227.169 - - [16/Mar/2026:09:00:07 -0700] "GET /detail/9999482.shtm?path=//lib/.build-id/bc HTTP/1.1" 200 3016 "http://www.golz.in/detail/9999482.shtm?path=//lib/.build-id" "Mozilla/5.0 AppleWebKit/537.36 (KHTML, like Gecko; compatible; GPTBot/1.3; +https://openai.com/gptbot)" 575 **0/575677**
74.7.227.169 - - [16/Mar/2026:09:00:10 -0700] "GET /detail/9999482.shtm?path=//lib/.build-id/be HTTP/1.1" 200 3153 "http://www.golz.in/detail/9999482.shtm?path=//lib/.build-id" "Mozilla/5.0 AppleWebKit/537.36 (KHTML, like Gecko; compatible; GPTBot/1.3; +https://openai.com/gptbot)" 557 **0/557024**
74.7.227.169 - - [16/Mar/2026:09:00:14 -0700] "GET /detail/9999482.shtm?path=//lib/.build-id/ec HTTP/1.1" 200 3086 "http://www.golz.in/detail/9999482.shtm?path=//lib/.build-id" "Mozilla/5.0 AppleWebKit/537.36 (KHTML, like Gecko; compatible; GPTBot/1.3; +https://openai.com/gptbot)" 504 **0/504750**
74.7.227.169 - - [16/Mar/2026:09:00:17 -0700] "GET /detail/9999482.shtm?path=//lib/.build-id/ef HTTP/1.1" 200 3255 "http://www.golz.in/detail/9999482.shtm?path=//lib/.build-id" "Mozilla/5.0 AppleWebKit/537.36 (KHTML, like Gecko; compatible; GPTBot/1.3; +https://openai.com/gptbot)" 514 **0/514733**
66.249.71.70 - - [16/Mar/2026:09:00:17 -0700] "GET /?detail/146238340 HTTP/1.1" 200 22601 "-" "Mozilla/5.0 (Linux; Android 6.0.1; Nexus 5X Build/MMB29P) AppleWebKit/537.36 (KHTML, like Gecko) Chrome/145.0.7632.116 Mobile Safari/537.36 (compatible; Googlebot/2.1; +http://www.google.com/bot.html)" 1820 **1/1820957**
74.7.227.169 - - [16/Mar/2026:09:00:20 -0700] "GET /detail/9999482.shtm?path=//lib/.build-id/dd HTTP/1.1" 200 3111 "http://www.golz.in/detail/9999482.shtm?path=//lib/.build-id" "Mozilla/5.0 AppleWebKit/537.36 (KHTML, like Gecko; compatible; GPTBot/1.3; +https://openai.com/gptbot)" 494 **0/494582**
74.7.227.169 - - [16/Mar/2026:09:00:23 -0700] "GET /detail/9999482.shtm?path=//lib/.build-id/af HTTP/1.1" 200 3107 "http://www.golz.in/detail/9999482.shtm?path=//lib/.build-id" "Mozilla/5.0 AppleWebKit/537.36 (KHTML, like Gecko; compatible; GPTBot/1.3; +https://openai.com/gptbot)" 521 **0/521615**
74.7.227.169 - - [16/Mar/2026:09:00:26 -0700] "GET /detail/9999482.shtm?path=//lib/.build-id/ca HTTP/1.1" 200 3180 "http://www.golz.in/detail/9999482.shtm?path=//lib/.build-id" "Mozilla/5.0 AppleWebKit/537.36 (KHTML, like Gecko; compatible; GPTBot/1.3; +https://openai.com/gptbot)" 497 **0/497832**
74.7.227.169 - - [16/Mar/2026:09:00:29 -0700] "GET /detail/9999482.shtm?path=//lib/.build-id/fe HTTP/1.1" 200 3266 "http://www.golz.in/detail/9999482.shtm?path=//lib/.build-id" "Mozilla/5.0 AppleWebKit/537.36 (KHTML, like Gecko; compatible; GPTBot/1.3; +https://openai.com/gptbot)" 515 **0/515897**
66.249.71.69 - - [16/Mar/2026:09:00:31 -0700] "GET /?detail/263587050 HTTP/1.1" 200 22485 "-" "Mozilla/5.0 (Linux; Android 6.0.1; Nexus 5X Build/MMB29P) AppleWebKit/537.36 (KHTML, like Gecko) Chrome/145.0.7632.116 Mobile Safari/537.36 (compatible; Googlebot/2.1; +http://www.google.com/bot.html)" 1801 **1/1801208**
74.7.227.169 - - [16/Mar/2026:09:00:32 -0700] "GET /detail/9999482.shtm?path=//lib/.build-id/fb HTTP/1.1" 200 2907 "http://www.golz.in/detail/9999482.shtm?path=//lib/.build-id" "Mozilla/5.0 AppleWebKit/537.36 (KHTML, like Gecko; compatible; GPTBot/1.3; +https://openai.com/gptbot)" 489 **0/489373**
74.7.227.169 - - [16/Mar/2026:09:00:35 -0700] "GET /detail/9999482.shtm?path=//lib/.build-id/ea HTTP/1.1" 200 3249 "http://www.golz.in/detail/9999482.shtm?path=//lib/.build-id" "Mozilla/5.0 AppleWebKit/537.36 (KHTML, like Gecko; compatible; GPTBot/1.3; +https://openai.com/gptbot)" 502 **0/502615**
74.7.227.169 - - [16/Mar/2026:09:00:39 -0700] "GET /detail/9999482.shtm?path=//lib/.build-id/ed HTTP/1.1" 200 3117 "http://www.golz.in/detail/9999482.shtm?path=//lib/.build-id" "Mozilla/5.0 AppleWebKit/537.36 (KHTML, like Gecko; compatible; GPTBot/1.3; +https://openai.com/gptbot)" 527 **0/527153**
74.7.227.169 - - [16/Mar/2026:09:00:42 -0700] "GET /detail/9999482.shtm?path=//lib/.build-id/bd HTTP/1.1" 200 3120 "http://www.golz.in/detail/9999482.shtm?path=//lib/.build-id" "Mozilla/5.0 AppleWebKit/537.36 (KHTML, like Gecko; compatible; GPTBot/1.3; +https://openai.com/gptbot)" 502 **0/502897**
74.7.227.169 - - [16/Mar/2026:09:00:45 -0700] "GET /detail/9999482.shtm?path=//lib/.build-id/ba HTTP/1.1" 200 2915 "http://www.golz.in/detail/9999482.shtm?path=//lib/.build-id" "Mozilla/5.0 AppleWebKit/537.36 (KHTML, like Gecko; compatible; GPTBot/1.3; +https://openai.com/gptbot)" 495 **0/495596**
74.7.227.169 - - [16/Mar/2026:09:00:48 -0700] "GET /detail/9999482.shtm?path=//lib/.build-id/db HTTP/1.1" 200 3388 "http://www.golz.in/detail/9999482.shtm?path=//lib/.build-id" "Mozilla/5.0 AppleWebKit/537.36 (KHTML, like Gecko; compatible; GPTBot/1.3; +https://openai.com/gptbot)" 498 **0/498722**
114.119.148.242 - - [16/Mar/2026:09:00:51 -0700] "GET /detail/2771257405.shtm HTTP/1.1" 200 4098 "http://www.golz.in/sitemap.xml" "Mozilla/5.0 (Linux; Android 7.0;) AppleWebKit/537.36 (KHTML, like Gecko) Mobile Safari/537.36 (compatible; PetalBot;+https://webmaster.petalsearch.com/site/petalbot)" 501 **0/501306**
74.7.227.169 - - [16/Mar/2026:09:00:51 -0700] "GET /detail/9999482.shtm?fileloc=//lib/.build-id/ef/2153d8623ba670c3f2cd68ea70a6e3a0f1db0e&path=//lib/.build-id/ef HTTP/1.1" 200 11915 "http://www.golz.in/detail/9999482.shtm?path=//lib/.build-id/ef" "Mozilla/5.0 AppleWebKit/537.36 (KHTML, like Gecko; compatible; GPTBot/1.3; +https://openai.com/gptbot)" 516 **0/516727**
74.7.227.169 - - [16/Mar/2026:09:00:54 -0700] "GET /detail/9999482.shtm?path=//lib/.build-id/ce HTTP/1.1" 200 3398 "http://www.golz.in/detail/9999482.shtm?path=//lib/.build-id" "Mozilla/5.0 AppleWebKit/537.36 (KHTML, like Gecko; compatible; GPTBot/1.3; +https://openai.com/gptbot)" 501 **0/501659**
74.7.227.169 - - [16/Mar/2026:09:00:58 -0700] "GET /detail/9999482.shtm?fileloc=//lib/.build-id/af/e1699864bbaa02c49317b8cbd480a3e9747c2d&path=//lib/.build-id/af HTTP/1.1" 200 7056 "http://www.golz.in/detail/9999482.shtm?path=//lib/.build-id/af" "Mozilla/5.0 AppleWebKit/537.36 (KHTML, like Gecko; compatible; GPTBot/1.3; +https://openai.com/gptbot)" 499 **0/499766**
74.7.227.169 - - [16/Mar/2026:09:01:01 -0700] "GET /detail/9999482.shtm?path=//lib/.build-id/ab HTTP/1.1" 200 3262 "http://www.golz.in/detail/9999482.shtm?path=//lib/.build-id" "Mozilla/5.0 AppleWebKit/537.36 (KHTML, like Gecko; compatible; GPTBot/1.3; +https://openai.com/gptbot)" 528 **0/528325**
74.7.227.169 - - [16/Mar/2026:09:01:04 -0700] "GET /detail/9999482.shtm?path=//lib/.build-id/bf HTTP/1.1" 200 3183 "http://www.golz.in/detail/9999482.shtm?path=//lib/.build-id" "Mozilla/5.0 AppleWebKit/537.36 (KHTML, like Gecko; compatible; GPTBot/1.3; +https://openai.com/gptbot)" 524 **0/524378**
74.7.227.169 - - [16/Mar/2026:09:01:07 -0700] "GET /detail/9999482.shtm?path=//lib/.build-id/ff HTTP/1.1" 200 3305 "http://www.golz.in/detail/9999482.shtm?path=//lib/.build-id" "Mozilla/5.0 AppleWebKit/537.36 (KHTML, like Gecko; compatible; GPTBot/1.3; +https://openai.com/gptbot)" 518 **0/518713**
74.7.227.169 - - [16/Mar/2026:09:01:10 -0700] "GET /detail/9999482.shtm?path=//lib/.build-id/df HTTP/1.1" 200 3273 "http://www.golz.in/detail/9999482.shtm?path=//lib/.build-id" "Mozilla/5.0 AppleWebKit/537.36 (KHTML, like Gecko; compatible; GPTBot/1.3; +https://openai.com/gptbot)" 516 **0/516232**
74.7.227.169 - - [16/Mar/2026:09:01:13 -0700] "GET /detail/9999482.shtm?path=//lib/.build-id/fc HTTP/1.1" 200 3196 "http://www.golz.in/detail/9999482.shtm?path=//lib/.build-id" "Mozilla/5.0 AppleWebKit/537.36 (KHTML, like Gecko; compatible; GPTBot/1.3; +https://openai.com/gptbot)" 501 **0/501637**
74.7.227.169 - - [16/Mar/2026:09:01:16 -0700] "GET /detail/9999482.shtm?path=//lib/.build-id/fa HTTP/1.1" 200 3324 "http://www.golz.in/detail/9999482.shtm?path=//lib/.build-id" "Mozilla/5.0 AppleWebKit/537.36 (KHTML, like Gecko; compatible; GPTBot/1.3; +https://openai.com/gptbot)" 505 **0/505744**
66.249.66.1 - - [16/Mar/2026:09:01:16 -0700] "GET /?detail/274393200 HTTP/1.1" 200 21338 "-" "Mozilla/5.0 (Linux; Android 6.0.1; Nexus 5X Build/MMB29P) AppleWebKit/537.36 (KHTML, like Gecko) Chrome/145.0.7632.116 Mobile Safari/537.36 (compatible; Googlebot/2.1; +http://www.google.com/bot.html)" 1782 **1/1782323**
74.7.227.169 - - [16/Mar/2026:09:01:20 -0700] "GET /detail/9999482.shtm?path=//lib/.build-id/cc HTTP/1.1" 200 3308 "http://www.golz.in/detail/9999482.shtm?path=//lib/.build-id" "Mozilla/5.0 AppleWebKit/537.36 (KHTML, like Gecko; compatible; GPTBot/1.3; +https://openai.com/gptbot)" 501 **0/501377**
74.7.227.169 - - [16/Mar/2026:09:01:23 -0700] "GET /detail/9999482.shtm?path=//lib/.build-id/fd HTTP/1.1" 200 3060 "http://www.golz.in/detail/9999482.shtm?path=//lib/.build-id" "Mozilla/5.0 AppleWebKit/537.36 (KHTML, like Gecko; compatible; GPTBot/1.3; +https://openai.com/gptbot)" 501 **0/501544**
74.7.227.169 - - [16/Mar/2026:09:01:26 -0700] "GET /detail/9999482.shtm?path=//lib/.build-id/cb HTTP/1.1" 200 3150 "http://www.golz.in/detail/9999482.shtm?path=//lib/.build-id" "Mozilla/5.0 AppleWebKit/537.36 (KHTML, like Gecko; compatible; GPTBot/1.3; +https://openai.com/gptbot)" 494 **0/494504**
74.7.227.169 - - [16/Mar/2026:09:01:29 -0700] "GET /detail/9999482.shtm?path=//lib/.build-id/dc HTTP/1.1" 200 2910 "http://www.golz.in/detail/9999482.shtm?path=//lib/.build-id" "Mozilla/5.0 AppleWebKit/537.36 (KHTML, like Gecko; compatible; GPTBot/1.3; +https://openai.com/gptbot)" 497 **0/497370**
74.7.227.169 - - [16/Mar/2026:09:01:33 -0700] "GET /detail/9999482.shtm?path=//lib/.build-id/cf HTTP/1.1" 200 3016 "http://www.golz.in/detail/9999482.shtm?path=//lib/.build-id" "Mozilla/5.0 AppleWebKit/537.36 (KHTML, like Gecko; compatible; GPTBot/1.3; +https://openai.com/gptbot)" 512 **0/512534**
74.7.227.169 - - [16/Mar/2026:09:01:36 -0700] "GET /detail/9999482.shtm?path=//lib/.build-id/ee HTTP/1.1" 200 3062 "http://www.golz.in/detail/9999482.shtm?path=//lib/.build-id" "Mozilla/5.0 AppleWebKit/537.36 (KHTML, like Gecko; compatible; GPTBot/1.3; +https://openai.com/gptbot)" 501 **0/501722**
74.7.227.169 - - [16/Mar/2026:09:01:39 -0700] "GET /detail/9999482.shtm?path=//lib/.build-id/cd HTTP/1.1" 200 3224 "http://www.golz.in/detail/9999482.shtm?path=//lib/.build-id" "Mozilla/5.0 AppleWebKit/537.36 (KHTML, like Gecko; compatible; GPTBot/1.3; +https://openai.com/gptbot)" 490 **0/490462**
74.7.227.169 - - [16/Mar/2026:09:01:42 -0700] "GET /detail/9999482.shtm?path=//lib/.build-id/de HTTP/1.1" 200 3057 "http://www.golz.in/detail/9999482.shtm?path=//lib/.build-id" "Mozilla/5.0 AppleWebKit/537.36 (KHTML, like Gecko; compatible; GPTBot/1.3; +https://openai.com/gptbot)" 497 **0/497900**
74.7.227.169 - - [16/Mar/2026:09:01:45 -0700] "GET /detail/9999482.shtm?path=//lib/.build-id/bb HTTP/1.1" 200 3177 "http://www.golz.in/detail/9999482.shtm?path=//lib/.build-id" "Mozilla/5.0 AppleWebKit/537.36 (KHTML, like Gecko; compatible; GPTBot/1.3; +https://openai.com/gptbot)" 509 **0/509255**
74.7.227.169 - - [16/Mar/2026:09:01:48 -0700] "GET /detail/9999482.shtm?path=//lib/.build-id/ae HTTP/1.1" 200 3223 "http://www.golz.in/detail/9999482.shtm?path=//lib/.build-id" "Mozilla/5.0 AppleWebKit/537.36 (KHTML, like Gecko; compatible; GPTBot/1.3; +https://openai.com/gptbot)" 528 **0/528516**
74.7.227.169 - - [16/Mar/2026:09:01:52 -0700] "GET /detail/9999482.shtm?fileloc=//lib/.build-id/fa/14a9e6e0b693f85a0be4d3ae7fee211f6733a5&path=//lib/.build-id/fa HTTP/1.1" 200 5782 "http://www.golz.in/detail/9999482.shtm?path=//lib/.build-id/fa" "Mozilla/5.0 AppleWebKit/537.36 (KHTML, like Gecko; compatible; GPTBot/1.3; +https://openai.com/gptbot)" 504 **0/504899**
74.7.227.169 - - [16/Mar/2026:09:01:55 -0700] "GET /detail/9999482.shtm?path=//proc/net/dev_snmp6 HTTP/1.1" 200 2321 "http://www.golz.in/detail/9999482.shtm?path=//proc/net" "Mozilla/5.0 AppleWebKit/537.36 (KHTML, like Gecko; compatible; GPTBot/1.3; +https://openai.com/gptbot)" 500 **0/500019**
74.7.227.169 - - [16/Mar/2026:09:01:58 -0700] "GET /detail/9999482.shtm?fileloc=//proc/net/dev&path=//proc/net HTTP/1.1" 200 2422 "http://www.golz.in/detail/9999482.shtm?path=//proc/net" "Mozilla/5.0 AppleWebKit/537.36 (KHTML, like Gecko; compatible; GPTBot/1.3; +https://openai.com/gptbot)" 502 **0/502786**
66.249.66.195 - - [16/Mar/2026:09:01:58 -0700] "GET /?detail/892794024 HTTP/1.1" 200 22315 "-" "Mozilla/5.0 (Linux; Android 6.0.1; Nexus 5X Build/MMB29P) AppleWebKit/537.36 (KHTML, like Gecko) Chrome/145.0.7632.116 Mobile Safari/537.36 (compatible; Googlebot/2.1; +http://www.google.com/bot.html)" 2012 **2/2012510**
74.7.227.169 - - [16/Mar/2026:09:02:01 -0700] "GET /detail/9999482.shtm?path=//proc/net/stat HTTP/1.1" 200 2316 "http://www.golz.in/detail/9999482.shtm?path=//proc/net" "Mozilla/5.0 AppleWebKit/537.36 (KHTML, like Gecko; compatible; GPTBot/1.3; +https://openai.com/gptbot)" 543 **0/543121**
74.7.227.169 - - [16/Mar/2026:09:02:04 -0700] "GET /detail/5247171.shtm?path=//lib/.build-id/2b HTTP/1.1" 200 3215 "http://www.golz.in/detail/5247171.shtm?path=//lib/.build-id" "Mozilla/5.0 AppleWebKit/537.36 (KHTML, like Gecko; compatible; GPTBot/1.3; +https://openai.com/gptbot)" 534 **0/534138**
74.7.227.169 - - [16/Mar/2026:09:02:08 -0700] "GET /detail/5247171.shtm?path=//lib/.build-id/1a HTTP/1.1" 200 3227 "http://www.golz.in/detail/5247171.shtm?path=//lib/.build-id" "Mozilla/5.0 AppleWebKit/537.36 (KHTML, like Gecko; compatible; GPTBot/1.3; +https://openai.com/gptbot)" 492 **0/492218**
74.7.227.169 - - [16/Mar/2026:09:02:11 -0700] "GET /detail/5247171.shtm?path=//lib/.build-id/4a HTTP/1.1" 200 3553 "http://www.golz.in/detail/5247171.shtm?path=//lib/.build-id" "Mozilla/5.0 AppleWebKit/537.36 (KHTML, like Gecko; compatible; GPTBot/1.3; +https://openai.com/gptbot)" 531 **0/531070**
74.7.227.169 - - [16/Mar/2026:09:02:14 -0700] "GET /detail/9999482.shtm?fileloc=//lib/.build-id/cd/7e4f64e6ebdfb3c66eb156c01d1ab546ef3791&path=//lib/.build-id/cd HTTP/1.1" 200 47848 "http://www.golz.in/detail/9999482.shtm?path=//lib/.build-id/cd" "Mozilla/5.0 AppleWebKit/537.36 (KHTML, like Gecko; compatible; GPTBot/1.3; +https://openai.com/gptbot)" 524 **0/524282**
114.119.132.68 - - [16/Mar/2026:09:02:17 -0700] "GET /detail/2766668601.shtm HTTP/1.1" 200 4098 "http://www.golz.in/sitemap.xml" "Mozilla/5.0 (Linux; Android 7.0;) AppleWebKit/537.36 (KHTML, like Gecko) Mobile Safari/537.36 (compatible; PetalBot;+https://webmaster.petalsearch.com/site/petalbot)" 499 **0/499392**
74.7.227.169 - - [16/Mar/2026:09:02:17 -0700] "GET /detail/5247171.shtm?path=//lib/.build-id/d9 HTTP/1.1" 200 3306 "http://www.golz.in/detail/5247171.shtm?path=//lib/.build-id" "Mozilla/5.0 AppleWebKit/537.36 (KHTML, like Gecko; compatible; GPTBot/1.3; +https://openai.com/gptbot)" 495 **0/495040**
74.7.227.169 - - [16/Mar/2026:09:02:20 -0700] "GET /detail/5247171.shtm?path=//lib/.build-id/d4 HTTP/1.1" 200 3201 "http://www.golz.in/detail/5247171.shtm?path=//lib/.build-id" "Mozilla/5.0 AppleWebKit/537.36 (KHTML, like Gecko; compatible; GPTBot/1.3; +https://openai.com/gptbot)" 494 **0/494022**
74.7.227.169 - - [16/Mar/2026:09:02:23 -0700] "GET /detail/5247171.shtm?path=//lib/.build-id/e2 HTTP/1.1" 200 3149 "http://www.golz.in/detail/5247171.shtm?path=//lib/.build-id" "Mozilla/5.0 AppleWebKit/537.36 (KHTML, like Gecko; compatible; GPTBot/1.3; +https://openai.com/gptbot)" 493 **0/493721**
74.7.227.169 - - [16/Mar/2026:09:02:26 -0700] "GET /detail/5247171.shtm?path=//lib/.build-id/2a HTTP/1.1" 200 3204 "http://www.golz.in/detail/5247171.shtm?path=//lib/.build-id" "Mozilla/5.0 AppleWebKit/537.36 (KHTML, like Gecko; compatible; GPTBot/1.3; +https://openai.com/gptbot)" 506 **0/506784**
74.7.227.169 - - [16/Mar/2026:09:02:30 -0700] "GET /detail/5247171.shtm?path=//lib/.build-id/b4 HTTP/1.1" 200 3361 "http://www.golz.in/detail/5247171.shtm?path=//lib/.build-id" "Mozilla/5.0 AppleWebKit/537.36 (KHTML, like Gecko; compatible; GPTBot/1.3; +https://openai.com/gptbot)" 520 **0/520053**
74.7.227.169 - - [16/Mar/2026:09:02:33 -0700] "GET /detail/5247171.shtm?path=//lib/.build-id/e5 HTTP/1.1" 200 3155 "http://www.golz.in/detail/5247171.shtm?path=//lib/.build-id" "Mozilla/5.0 AppleWebKit/537.36 (KHTML, like Gecko; compatible; GPTBot/1.3; +https://openai.com/gptbot)" 510 **0/510617**
74.7.227.169 - - [16/Mar/2026:09:02:36 -0700] "GET /detail/5247171.shtm?path=//lib/.build-id/b2 HTTP/1.1" 200 3346 "http://www.golz.in/detail/5247171.shtm?path=//lib/.build-id" "Mozilla/5.0 AppleWebKit/537.36 (KHTML, like Gecko; compatible; GPTBot/1.3; +https://openai.com/gptbot)" 498 **0/498958**
74.7.227.169 - - [16/Mar/2026:09:02:39 -0700] "GET /detail/5247171.shtm?path=//lib/.build-id/e1 HTTP/1.1" 200 3302 "http://www.golz.in/detail/5247171.shtm?path=//lib/.build-id" "Mozilla/5.0 AppleWebKit/537.36 (KHTML, like Gecko; compatible; GPTBot/1.3; +https://openai.com/gptbot)" 509 **0/509157**
74.7.227.169 - - [16/Mar/2026:09:02:42 -0700] "GET /detail/5247171.shtm?path=//lib/.build-id/2e HTTP/1.1" 200 3060 "http://www.golz.in/detail/5247171.shtm?path=//lib/.build-id" "Mozilla/5.0 AppleWebKit/537.36 (KHTML, like Gecko; compatible; GPTBot/1.3; +https://openai.com/gptbot)" 498 **0/498266**
74.7.227.169 - - [16/Mar/2026:09:02:45 -0700] "GET /detail/5247171.shtm?path=//lib/.build-id/d7 HTTP/1.1" 200 3158 "http://www.golz.in/detail/5247171.shtm?path=//lib/.build-id" "Mozilla/5.0 AppleWebKit/537.36 (KHTML, like Gecko; compatible; GPTBot/1.3; +https://openai.com/gptbot)" 523 **0/523774**
74.7.227.169 - - [16/Mar/2026:09:02:48 -0700] "GET /detail/5247171.shtm?path=//lib/.build-id/d0 HTTP/1.1" 200 3014 "http://www.golz.in/detail/5247171.shtm?path=//lib/.build-id" "Mozilla/5.0 AppleWebKit/537.36 (KHTML, like Gecko; compatible; GPTBot/1.3; +https://openai.com/gptbot)" 499 **0/499819**
74.7.227.169 - - [16/Mar/2026:09:02:52 -0700] "GET /detail/5247171.shtm?path=//lib/.build-id/d5 HTTP/1.1" 200 3310 "http://www.golz.in/detail/5247171.shtm?path=//lib/.build-id" "Mozilla/5.0 AppleWebKit/537.36 (KHTML, like Gecko; compatible; GPTBot/1.3; +https://openai.com/gptbot)" 499 **0/499427**
74.7.227.169 - - [16/Mar/2026:09:02:55 -0700] "GET /detail/5247171.shtm?path=//lib/.build-id/d6 HTTP/1.1" 200 3222 "http://www.golz.in/detail/5247171.shtm?path=//lib/.build-id" "Mozilla/5.0 AppleWebKit/537.36 (KHTML, like Gecko; compatible; GPTBot/1.3; +https://openai.com/gptbot)" 502 **0/502536**
74.7.227.169 - - [16/Mar/2026:09:02:58 -0700] "GET /detail/5247171.shtm?path=//lib/.build-id/1e HTTP/1.1" 200 2818 "http://www.golz.in/detail/5247171.shtm?path=//lib/.build-id" "Mozilla/5.0 AppleWebKit/537.36 (KHTML, like Gecko; compatible; GPTBot/1.3; +https://openai.com/gptbot)" 485 **0/485521**
74.7.227.169 - - [16/Mar/2026:09:03:01 -0700] "GET /detail/5247171.shtm?path=//lib/.build-id/a4 HTTP/1.1" 200 3022 "http://www.golz.in/detail/5247171.shtm?path=//lib/.build-id" "Mozilla/5.0 AppleWebKit/537.36 (KHTML, like Gecko; compatible; GPTBot/1.3; +https://openai.com/gptbot)" 559 **0/559862**
66.249.66.15 - - [16/Mar/2026:09:03:02 -0700] "GET /?detail/100583799 HTTP/1.1" 200 23769 "-" "Mozilla/5.0 (Linux; Android 6.0.1; Nexus 5X Build/MMB29P) AppleWebKit/537.36 (KHTML, like Gecko) Chrome/145.0.7632.116 Mobile Safari/537.36 (compatible; Googlebot/2.1; +http://www.google.com/bot.html)" 1806 **1/1806047**
66.249.66.1 - - [16/Mar/2026:09:03:02 -0700] "GET /?detail/812887765 HTTP/1.1" 200 21961 "-" "Mozilla/5.0 (Linux; Android 6.0.1; Nexus 5X Build/MMB29P) AppleWebKit/537.36 (KHTML, like Gecko) Chrome/145.0.7632.116 Mobile Safari/537.36 (compatible; Googlebot/2.1; +http://www.google.com/bot.html)" 1826 **1/1826841**
74.7.227.169 - - [16/Mar/2026:09:03:04 -0700] "GET /detail/5247171.shtm?path=//lib/.build-id/e4 HTTP/1.1" 200 3208 "http://www.golz.in/detail/5247171.shtm?path=//lib/.build-id" "Mozilla/5.0 AppleWebKit/537.36 (KHTML, like Gecko; compatible; GPTBot/1.3; +https://openai.com/gptbot)" 497 **0/497509**
74.7.227.169 - - [16/Mar/2026:09:03:08 -0700] "GET /detail/5247171.shtm?path=//lib/.build-id/a2 HTTP/1.1" 200 3390 "http://www.golz.in/detail/5247171.shtm?path=//lib/.build-id" "Mozilla/5.0 AppleWebKit/537.36 (KHTML, like Gecko; compatible; GPTBot/1.3; +https://openai.com/gptbot)" 505 **0/505797**
216.73.216.210 - - [16/Mar/2026:09:03:08 -0700] "GET /detail/2430878061.shtm?fileloc=%2Fhome%2Fdpknvn09897v%2Fpublic_html%2Fgolz.in%2Fwp-includes%2Fclass-wp-customize-section.php&path=%2Fhome%2Fdpknvn09897v%2Fpublic_html%2Fgolz.in%2Fwp-includes HTTP/1.1" 200 5415 "-" "Mozilla/5.0 AppleWebKit/537.36 (KHTML, like Gecko; compatible; ClaudeBot/1.0; +claudebot@anthropic.com)" 529 **0/529422**
216.73.216.210 - - [16/Mar/2026:09:03:11 -0700] "GET /detail/1330693350.shtm?path=%2F HTTP/1.1" 200 2831 "-" "Mozilla/5.0 AppleWebKit/537.36 (KHTML, like Gecko; compatible; ClaudeBot/1.0; +claudebot@anthropic.com)" 494 **0/494741**
74.7.227.169 - - [16/Mar/2026:09:03:11 -0700] "GET /detail/5247171.shtm?path=//lib/.build-id/4e HTTP/1.1" 200 3021 "http://www.golz.in/detail/5247171.shtm?path=//lib/.build-id" "Mozilla/5.0 AppleWebKit/537.36 (KHTML, like Gecko; compatible; GPTBot/1.3; +https://openai.com/gptbot)" 513 **0/513904**
216.73.216.210 - - [16/Mar/2026:09:03:14 -0700] "GET /detail/3019776469.shtm?fileloc=%2Fhome%2Fdpknvn09897v%2Fpublic_html%2Fgolz.in%2Fwp-includes%2Fclass-wp-customize-section.php&path=%2Fhome%2Fdpknvn09897v%2Fpublic_html%2Fgolz.in%2Fwp-includes HTTP/1.1" 200 5415 "-" "Mozilla/5.0 AppleWebKit/537.36 (KHTML, like Gecko; compatible; ClaudeBot/1.0; +claudebot@anthropic.com)" 503 **0/503686**
74.7.227.169 - - [16/Mar/2026:09:03:14 -0700] "GET /detail/5247171.shtm?path=//lib/.build-id/0d HTTP/1.1" 200 3156 "http://www.golz.in/detail/5247171.shtm?path=//lib/.build-id" "Mozilla/5.0 AppleWebKit/537.36 (KHTML, like Gecko; compatible; GPTBot/1.3; +https://openai.com/gptbot)" 528 **0/528892**
216.73.216.210 - - [16/Mar/2026:09:03:17 -0700] "GET /detail/1529023175.shtm?fileloc=%2Fhome%2Fdpknvn09897v%2Fpublic_html%2Fgolz.in%2Fwp-includes%2Fcss%2Fcustomize-preview-rtl.css&path=%2Fhome%2Fdpknvn09897v%2Fpublic_html%2Fgolz.in%2Fwp-includes%2Fcss HTTP/1.1" 200 3204 "-" "Mozilla/5.0 AppleWebKit/537.36 (KHTML, like Gecko; compatible; ClaudeBot/1.0; +claudebot@anthropic.com)" 503 **0/503775**
74.7.227.169 - - [16/Mar/2026:09:03:17 -0700] "GET /detail/5247171.shtm?path=//lib/.build-id/4d HTTP/1.1" 200 2964 "http://www.golz.in/detail/5247171.shtm?path=//lib/.build-id" "Mozilla/5.0 AppleWebKit/537.36 (KHTML, like Gecko; compatible; GPTBot/1.3; +https://openai.com/gptbot)" 486 **0/486939**
74.7.227.169 - - [16/Mar/2026:09:03:20 -0700] "GET /detail/5247171.shtm?path=//lib/.build-id/a5 HTTP/1.1" 200 3099 "http://www.golz.in/detail/5247171.shtm?path=//lib/.build-id" "Mozilla/5.0 AppleWebKit/537.36 (KHTML, like Gecko; compatible; GPTBot/1.3; +https://openai.com/gptbot)" 495 **0/495549**
74.7.227.169 - - [16/Mar/2026:09:03:24 -0700] "GET /detail/5247171.shtm?path=//lib/.build-id/4b HTTP/1.1" 200 3387 "http://www.golz.in/detail/5247171.shtm?path=//lib/.build-id" "Mozilla/5.0 AppleWebKit/537.36 (KHTML, like Gecko; compatible; GPTBot/1.3; +https://openai.com/gptbot)" 500 **0/500327**
66.249.66.14 - - [16/Mar/2026:09:03:25 -0700] "GET /?detail/516993698 HTTP/1.1" 200 22289 "-" "Mozilla/5.0 (Linux; Android 6.0.1; Nexus 5X Build/MMB29P) AppleWebKit/537.36 (KHTML, like Gecko) Chrome/145.0.7632.116 Mobile Safari/537.36 (compatible; Googlebot/2.1; +http://www.google.com/bot.html)" 1822 **1/1822144**
74.7.227.169 - - [16/Mar/2026:09:03:27 -0700] "GET /detail/5247171.shtm?path=//lib/.build-id/7a HTTP/1.1" 200 3335 "http://www.golz.in/detail/5247171.shtm?path=//lib/.build-id" "Mozilla/5.0 AppleWebKit/537.36 (KHTML, like Gecko; compatible; GPTBot/1.3; +https://openai.com/gptbot)" 493 **0/493868**
66.249.71.69 - - [16/Mar/2026:09:03:28 -0700] "GET /?detail/845931743 HTTP/1.1" 200 21829 "-" "Mozilla/5.0 (Linux; Android 6.0.1; Nexus 5X Build/MMB29P) AppleWebKit/537.36 (KHTML, like Gecko) Chrome/145.0.7632.116 Mobile Safari/537.36 (compatible; Googlebot/2.1; +http://www.google.com/bot.html)" 1826 **1/1826431**
74.7.227.169 - - [16/Mar/2026:09:03:30 -0700] "GET /detail/5247171.shtm?path=//lib/.build-id/a7 HTTP/1.1" 200 3210 "http://www.golz.in/detail/5247171.shtm?path=//lib/.build-id" "Mozilla/5.0 AppleWebKit/537.36 (KHTML, like Gecko; compatible; GPTBot/1.3; +https://openai.com/gptbot)" 512 **0/512241**
74.7.227.169 - - [16/Mar/2026:09:03:33 -0700] "GET /detail/5247171.shtm?path=//lib/.build-id/7b HTTP/1.1" 200 3420 "http://www.golz.in/detail/5247171.shtm?path=//lib/.build-id" "Mozilla/5.0 AppleWebKit/537.36 (KHTML, like Gecko; compatible; GPTBot/1.3; +https://openai.com/gptbot)" 503 **0/503555**
74.7.227.169 - - [16/Mar/2026:09:03:37 -0700] "GET /detail/5247171.shtm?path=//lib/.build-id/9d HTTP/1.1" 200 3216 "http://www.golz.in/detail/5247171.shtm?path=//lib/.build-id" "Mozilla/5.0 AppleWebKit/537.36 (KHTML, like Gecko; compatible; GPTBot/1.3; +https://openai.com/gptbot)" 504 **0/504236**
74.7.227.169 - - [16/Mar/2026:09:03:40 -0700] "GET /detail/5247171.shtm?path=//lib/.build-id/5b HTTP/1.1" 200 3221 "http://www.golz.in/detail/5247171.shtm?path=//lib/.build-id" "Mozilla/5.0 AppleWebKit/537.36 (KHTML, like Gecko; compatible; GPTBot/1.3; +https://openai.com/gptbot)" 520 **0/520153**
216.73.216.210 - - [16/Mar/2026:09:03:41 -0700] "GET /detail/1707497784.shtm?path=%2Fhome HTTP/1.1" 200 2530 "-" "Mozilla/5.0 AppleWebKit/537.36 (KHTML, like Gecko; compatible; ClaudeBot/1.0; +claudebot@anthropic.com)" 501 **0/501728**
74.7.227.169 - - [16/Mar/2026:09:03:43 -0700] "GET /detail/5247171.shtm?path=//lib/.build-id/7e HTTP/1.1" 200 3311 "http://www.golz.in/detail/5247171.shtm?path=//lib/.build-id" "Mozilla/5.0 AppleWebKit/537.36 (KHTML, like Gecko; compatible; GPTBot/1.3; +https://openai.com/gptbot)" 493 **0/493506**
74.7.227.169 - - [16/Mar/2026:09:03:46 -0700] "GET /detail/5247171.shtm?path=//lib/.build-id/3d HTTP/1.1" 200 2961 "http://www.golz.in/detail/5247171.shtm?path=//lib/.build-id" "Mozilla/5.0 AppleWebKit/537.36 (KHTML, like Gecko; compatible; GPTBot/1.3; +https://openai.com/gptbot)" 498 **0/498660**
74.7.227.169 - - [16/Mar/2026:09:03:49 -0700] "GET /detail/5247171.shtm?path=//lib/.build-id/b5 HTTP/1.1" 200 3059 "http://www.golz.in/detail/5247171.shtm?path=//lib/.build-id" "Mozilla/5.0 AppleWebKit/537.36 (KHTML, like Gecko; compatible; GPTBot/1.3; +https://openai.com/gptbot)" 486 **0/486470**
74.7.227.169 - - [16/Mar/2026:09:03:52 -0700] "GET /detail/5247171.shtm?path=//lib/.build-id/1d HTTP/1.1" 200 3107 "http://www.golz.in/detail/5247171.shtm?path=//lib/.build-id" "Mozilla/5.0 AppleWebKit/537.36 (KHTML, like Gecko; compatible; GPTBot/1.3; +https://openai.com/gptbot)" 515 **0/515829**
74.7.227.169 - - [16/Mar/2026:09:03:56 -0700] "GET /detail/5247171.shtm?path=//lib/.build-id/d3 HTTP/1.1" 200 3315 "http://www.golz.in/detail/5247171.shtm?path=//lib/.build-id" "Mozilla/5.0 AppleWebKit/537.36 (KHTML, like Gecko; compatible; GPTBot/1.3; +https://openai.com/gptbot)" 494 **0/494154**
74.7.227.169 - - [16/Mar/2026:09:03:59 -0700] "GET /detail/5247171.shtm?path=//lib/.build-id/d8 HTTP/1.1" 200 3310 "http://www.golz.in/detail/5247171.shtm?path=//lib/.build-id" "Mozilla/5.0 AppleWebKit/537.36 (KHTML, like Gecko; compatible; GPTBot/1.3; +https://openai.com/gptbot)" 504 **0/504075**
74.7.227.169 - - [16/Mar/2026:09:04:02 -0700] "GET /detail/5247171.shtm?path=//lib/.build-id/5d HTTP/1.1" 200 3057 "http://www.golz.in/detail/5247171.shtm?path=//lib/.build-id" "Mozilla/5.0 AppleWebKit/537.36 (KHTML, like Gecko; compatible; GPTBot/1.3; +https://openai.com/gptbot)" 533 **0/533063**
74.7.227.169 - - [16/Mar/2026:09:04:05 -0700] "GET /detail/5247171.shtm?path=//lib/.build-id/5a HTTP/1.1" 200 3242 "http://www.golz.in/detail/5247171.shtm?path=//lib/.build-id" "Mozilla/5.0 AppleWebKit/537.36 (KHTML, like Gecko; compatible; GPTBot/1.3; +https://openai.com/gptbot)" 497 **0/497232**
74.7.227.169 - - [16/Mar/2026:09:04:08 -0700] "GET /detail/5247171.shtm?path=//lib/.build-id/a1 HTTP/1.1" 200 3222 "http://www.golz.in/detail/5247171.shtm?path=//lib/.build-id" "Mozilla/5.0 AppleWebKit/537.36 (KHTML, like Gecko; compatible; GPTBot/1.3; +https://openai.com/gptbot)" 494 **0/494663**
66.249.71.69 - - [16/Mar/2026:09:04:09 -0700] "GET /?detail/527278098 HTTP/1.1" 200 21959 "-" "Mozilla/5.0 (Linux; Android 6.0.1; Nexus 5X Build/MMB29P) AppleWebKit/537.36 (KHTML, like Gecko) Chrome/145.0.7632.116 Mobile Safari/537.36 (compatible; Googlebot/2.1; +http://www.google.com/bot.html)" 1799 **1/1799639**
74.7.227.169 - - [16/Mar/2026:09:04:11 -0700] "GET /detail/5247171.shtm?path=//lib/.build-id/2d HTTP/1.1" 200 3216 "http://www.golz.in/detail/5247171.shtm?path=//lib/.build-id" "Mozilla/5.0 AppleWebKit/537.36 (KHTML, like Gecko; compatible; GPTBot/1.3; +https://openai.com/gptbot)" 505 **0/505891**
74.7.227.169 - - [16/Mar/2026:09:04:15 -0700] "GET /detail/5247171.shtm?path=//lib/.build-id/d2 HTTP/1.1" 200 3008 "http://www.golz.in/detail/5247171.shtm?path=//lib/.build-id" "Mozilla/5.0 AppleWebKit/537.36 (KHTML, like Gecko; compatible; GPTBot/1.3; +https://openai.com/gptbot)" 494 **0/494379**
74.7.227.169 - - [16/Mar/2026:09:04:18 -0700] "GET /detail/5247171.shtm?path=//lib/.build-id/8d HTTP/1.1" 200 3355 "http://www.golz.in/detail/5247171.shtm?path=//lib/.build-id" "Mozilla/5.0 AppleWebKit/537.36 (KHTML, like Gecko; compatible; GPTBot/1.3; +https://openai.com/gptbot)" 497 **0/497984**
74.7.227.169 - - [16/Mar/2026:09:04:21 -0700] "GET /detail/5247171.shtm?path=//lib/.build-id/e7 HTTP/1.1" 200 3011 "http://www.golz.in/detail/5247171.shtm?path=//lib/.build-id" "Mozilla/5.0 AppleWebKit/537.36 (KHTML, like Gecko; compatible; GPTBot/1.3; +https://openai.com/gptbot)" 499 **0/499572**
74.7.227.169 - - [16/Mar/2026:09:04:24 -0700] "GET /detail/5247171.shtm?fileloc=//lib/.build-id/b5/8dfd078a17f4daf2ea1689451837b15271b238&path=//lib/.build-id/b5 HTTP/1.1" 200 15184 "http://www.golz.in/detail/5247171.shtm?path=//lib/.build-id/b5" "Mozilla/5.0 AppleWebKit/537.36 (KHTML, like Gecko; compatible; GPTBot/1.3; +https://openai.com/gptbot)" 499 **0/499058**
74.7.227.169 - - [16/Mar/2026:09:04:27 -0700] "GET /detail/5247171.shtm?path=//lib/.build-id/d1 HTTP/1.1" 200 2911 "http://www.golz.in/detail/5247171.shtm?path=//lib/.build-id" "Mozilla/5.0 AppleWebKit/537.36 (KHTML, like Gecko; compatible; GPTBot/1.3; +https://openai.com/gptbot)" 512 **0/512257**
74.7.227.169 - - [16/Mar/2026:09:04:30 -0700] "GET /detail/8787383.shtm?path=//opt HTTP/1.1" 200 2784 "http://www.golz.in/detail/8787383.shtm?path=/" "Mozilla/5.0 AppleWebKit/537.36 (KHTML, like Gecko; compatible; GPTBot/1.3; +https://openai.com/gptbot)" 503 **0/503973**
74.7.227.169 - - [16/Mar/2026:09:04:34 -0700] "GET /detail/8787383.shtm?path=//lib HTTP/1.1" 200 3559 "http://www.golz.in/detail/8787383.shtm?path=/" "Mozilla/5.0 AppleWebKit/537.36 (KHTML, like Gecko; compatible; GPTBot/1.3; +https://openai.com/gptbot)" 504 **0/504817**
74.7.227.169 - - [16/Mar/2026:09:04:37 -0700] "GET /detail/8787383.shtm?path=//tmp HTTP/1.1" 200 2526 "http://www.golz.in/detail/8787383.shtm?path=/" "Mozilla/5.0 AppleWebKit/537.36 (KHTML, like Gecko; compatible; GPTBot/1.3; +https://openai.com/gptbot)" 525 **0/525175**
74.7.227.169 - - [16/Mar/2026:09:04:40 -0700] "GET /detail/8787383.shtm?path=//etc HTTP/1.1" 200 4624 "http://www.golz.in/detail/8787383.shtm?path=/" "Mozilla/5.0 AppleWebKit/537.36 (KHTML, like Gecko; compatible; GPTBot/1.3; +https://openai.com/gptbot)" 513 **0/513519**
66.249.66.14 - - [16/Mar/2026:09:04:40 -0700] "GET /?detail/945778874 HTTP/1.1" 200 21957 "-" "Mozilla/5.0 (Linux; Android 6.0.1; Nexus 5X Build/MMB29P) AppleWebKit/537.36 (KHTML, like Gecko) Chrome/145.0.7632.116 Mobile Safari/537.36 (compatible; Googlebot/2.1; +http://www.google.com/bot.html)" 1856 **1/1856966**
74.7.227.169 - - [16/Mar/2026:09:04:43 -0700] "GET /detail/5247171.shtm?path=//lib/.build-id/5c HTTP/1.1" 200 2858 "http://www.golz.in/detail/5247171.shtm?path=//lib/.build-id" "Mozilla/5.0 AppleWebKit/537.36 (KHTML, like Gecko; compatible; GPTBot/1.3; +https://openai.com/gptbot)" 503 **0/503409**
74.7.227.169 - - [16/Mar/2026:09:04:46 -0700] "GET /detail/5247171.shtm?path=//lib/.build-id/f4 HTTP/1.1" 200 3220 "http://www.golz.in/detail/5247171.shtm?path=//lib/.build-id" "Mozilla/5.0 AppleWebKit/537.36 (KHTML, like Gecko; compatible; GPTBot/1.3; +https://openai.com/gptbot)" 510 **0/510090**
74.7.227.169 - - [16/Mar/2026:09:04:49 -0700] "GET /detail/5247171.shtm?path=//lib/.build-id/a8 HTTP/1.1" 200 3309 "http://www.golz.in/detail/5247171.shtm?path=//lib/.build-id" "Mozilla/5.0 AppleWebKit/537.36 (KHTML, like Gecko; compatible; GPTBot/1.3; +https://openai.com/gptbot)" 500 **0/500870**
74.7.227.169 - - [16/Mar/2026:09:04:52 -0700] "GET /detail/5247171.shtm?path=//lib/.build-id/b6 HTTP/1.1" 200 3215 "http://www.golz.in/detail/5247171.shtm?path=//lib/.build-id" "Mozilla/5.0 AppleWebKit/537.36 (KHTML, like Gecko; compatible; GPTBot/1.3; +https://openai.com/gptbot)" 508 **0/508407**
74.7.227.169 - - [16/Mar/2026:09:04:55 -0700] "GET /detail/5247171.shtm?path=//lib/.build-id/7f HTTP/1.1" 200 3188 "http://www.golz.in/detail/5247171.shtm?path=//lib/.build-id" "Mozilla/5.0 AppleWebKit/537.36 (KHTML, like Gecko; compatible; GPTBot/1.3; +https://openai.com/gptbot)" 520 **0/520251**
66.249.71.69 - - [16/Mar/2026:09:04:54 -0700] "GET /?detail/807513390 HTTP/1.1" 200 21968 "-" "Mozilla/5.0 (Linux; Android 6.0.1; Nexus 5X Build/MMB29P) AppleWebKit/537.36 (KHTML, like Gecko) Chrome/145.0.7632.116 Mobile Safari/537.36 (compatible; Googlebot/2.1; +http://www.google.com/bot.html)" 1846 **1/1846723**
74.7.227.169 - - [16/Mar/2026:09:04:59 -0700] "GET /detail/5247171.shtm?path=//lib/.build-id/9b HTTP/1.1" 200 3153 "http://www.golz.in/detail/5247171.shtm?path=//lib/.build-id" "Mozilla/5.0 AppleWebKit/537.36 (KHTML, like Gecko; compatible; GPTBot/1.3; +https://openai.com/gptbot)" 514 **0/514058**
74.7.227.169 - - [16/Mar/2026:09:05:02 -0700] "GET /detail/5247171.shtm?path=//lib/.build-id/1c HTTP/1.1" 200 3102 "http://www.golz.in/detail/5247171.shtm?path=//lib/.build-id" "Mozilla/5.0 AppleWebKit/537.36 (KHTML, like Gecko; compatible; GPTBot/1.3; +https://openai.com/gptbot)" 743 **0/743954**
74.7.227.169 - - [16/Mar/2026:09:05:05 -0700] "GET /detail/5247171.shtm?path=//lib/.build-id/a9 HTTP/1.1" 200 3062 "http://www.golz.in/detail/5247171.shtm?path=//lib/.build-id" "Mozilla/5.0 AppleWebKit/537.36 (KHTML, like Gecko; compatible; GPTBot/1.3; +https://openai.com/gptbot)" 540 **0/540500**
74.7.227.169 - - [16/Mar/2026:09:05:08 -0700] "GET /detail/8787383.shtm?path=//lib/.build-id HTTP/1.1" 200 4594 "http://www.golz.in/detail/8787383.shtm?path=//lib" "Mozilla/5.0 AppleWebKit/537.36 (KHTML, like Gecko; compatible; GPTBot/1.3; +https://openai.com/gptbot)" 530 **0/530800**
74.7.227.169 - - [16/Mar/2026:09:05:11 -0700] "GET /detail/5247171.shtm?path=//lib/.build-id/c4 HTTP/1.1" 200 3103 "http://www.golz.in/detail/5247171.shtm?path=//lib/.build-id" "Mozilla/5.0 AppleWebKit/537.36 (KHTML, like Gecko; compatible; GPTBot/1.3; +https://openai.com/gptbot)" 540 **0/540914**
114.119.135.65 - - [16/Mar/2026:09:05:11 -0700] "GET /detail/2764244403.shtm HTTP/1.1" 200 4098 "http://www.golz.in/sitemap.xml" "Mozilla/5.0 (Linux; Android 7.0;) AppleWebKit/537.36 (KHTML, like Gecko) Mobile Safari/537.36 (compatible; PetalBot;+https://webmaster.petalsearch.com/site/petalbot)" 515 **0/515666**
74.7.227.169 - - [16/Mar/2026:09:05:14 -0700] "GET /detail/5247171.shtm?path=//lib/.build-id/b3 HTTP/1.1" 200 3066 "http://www.golz.in/detail/5247171.shtm?path=//lib/.build-id" "Mozilla/5.0 AppleWebKit/537.36 (KHTML, like Gecko; compatible; GPTBot/1.3; +https://openai.com/gptbot)" 522 **0/522173**
74.7.227.169 - - [16/Mar/2026:09:05:17 -0700] "GET /detail/5247171.shtm?path=//lib/.build-id/a6 HTTP/1.1" 200 3152 "http://www.golz.in/detail/5247171.shtm?path=//lib/.build-id" "Mozilla/5.0 AppleWebKit/537.36 (KHTML, like Gecko; compatible; GPTBot/1.3; +https://openai.com/gptbot)" 503 **0/503659**
74.7.227.169 - - [16/Mar/2026:09:05:20 -0700] "GET /detail/5247171.shtm?path=//lib/.build-id/9e HTTP/1.1" 200 3018 "http://www.golz.in/detail/5247171.shtm?path=//lib/.build-id" "Mozilla/5.0 AppleWebKit/537.36 (KHTML, like Gecko; compatible; GPTBot/1.3; +https://openai.com/gptbot)" 526 **0/526982**
74.7.227.169 - - [16/Mar/2026:09:05:23 -0700] "GET /detail/5247171.shtm?path=//lib/.build-id/6a HTTP/1.1" 200 3274 "http://www.golz.in/detail/5247171.shtm?path=//lib/.build-id" "Mozilla/5.0 AppleWebKit/537.36 (KHTML, like Gecko; compatible; GPTBot/1.3; +https://openai.com/gptbot)" 508 **0/508779**
74.7.227.169 - - [16/Mar/2026:09:05:26 -0700] "GET /detail/5247171.shtm?path=//lib/.build-id/f8 HTTP/1.1" 200 3062 "http://www.golz.in/detail/5247171.shtm?path=//lib/.build-id" "Mozilla/5.0 AppleWebKit/537.36 (KHTML, like Gecko; compatible; GPTBot/1.3; +https://openai.com/gptbot)" 493 **0/493285**
74.7.227.169 - - [16/Mar/2026:09:05:30 -0700] "GET /detail/5247171.shtm?path=//lib/.build-id/c2 HTTP/1.1" 200 3064 "http://www.golz.in/detail/5247171.shtm?path=//lib/.build-id" "Mozilla/5.0 AppleWebKit/537.36 (KHTML, like Gecko; compatible; GPTBot/1.3; +https://openai.com/gptbot)" 497 **0/497513**
74.7.227.169 - - [16/Mar/2026:09:05:33 -0700] "GET /detail/5247171.shtm?path=//lib/.build-id/f3 HTTP/1.1" 200 2965 "http://www.golz.in/detail/5247171.shtm?path=//lib/.build-id" "Mozilla/5.0 AppleWebKit/537.36 (KHTML, like Gecko; compatible; GPTBot/1.3; +https://openai.com/gptbot)" 527 **0/527017**
