216.73.216.210 - - [16/Mar/2026:08:11:24 -0700] "GET /detail/1535633.shtm?fileloc=%2F%2Fusr%2Finclude%2Fgpgrt.h&path=%2F%2Fusr%2Finclude HTTP/1.1" 200 17504 "-" "Mozilla/5.0 AppleWebKit/537.36 (KHTML, like Gecko; compatible; ClaudeBot/1.0; +claudebot@anthropic.com)" 512 **0/512022**
216.73.216.210 - - [16/Mar/2026:08:11:27 -0700] "GET /detail/1581037676.shtm?fileloc=%2Fhome%2Fdpknvn09897v%2Fpublic_html%2Fwp-includes%2Fclass-wp-theme.php&path=%2Fhome%2Fdpknvn09897v%2Fpublic_html%2Fwp-includes HTTP/1.1" 200 16292 "-" "Mozilla/5.0 AppleWebKit/537.36 (KHTML, like Gecko; compatible; ClaudeBot/1.0; +claudebot@anthropic.com)" 520 **0/520753**
216.73.216.210 - - [16/Mar/2026:08:11:30 -0700] "GET /detail/2823825434.shtm?path=%2Fhome%2Fdpknvn09897v%2Fpublic_html%2Fgolz.in%2Fwp-includes%2Finteractivity-api HTTP/1.1" 200 2724 "-" "Mozilla/5.0 AppleWebKit/537.36 (KHTML, like Gecko; compatible; ClaudeBot/1.0; +claudebot@anthropic.com)" 496 **0/496831**
66.249.71.69 - - [16/Mar/2026:08:11:27 -0700] "GET /?detail/379529861 HTTP/1.1" 200 22808 "-" "Mozilla/5.0 (Linux; Android 6.0.1; Nexus 5X Build/MMB29P) AppleWebKit/537.36 (KHTML, like Gecko) Chrome/145.0.7632.116 Mobile Safari/537.36 (compatible; Googlebot/2.1; +http://www.google.com/bot.html)" 5791 **5/5791494**
216.73.216.210 - - [16/Mar/2026:08:11:33 -0700] "GET /detail/3048635013.shtm?fileloc=%2Fhome%2Fdpknvn09897v%2Fpublic_html%2Fwp-includes%2Fclass-phpass.php&path=%2Fhome%2Fdpknvn09897v%2Fpublic_html%2Fwp-includes HTTP/1.1" 200 4657 "-" "Mozilla/5.0 AppleWebKit/537.36 (KHTML, like Gecko; compatible; ClaudeBot/1.0; +claudebot@anthropic.com)" 506 **0/506059**
66.249.71.69 - - [16/Mar/2026:08:11:34 -0700] "GET /detail/183118600.shtm HTTP/1.1" 200 21960 "-" "Mozilla/5.0 (Linux; Android 6.0.1; Nexus 5X Build/MMB29P) AppleWebKit/537.36 (KHTML, like Gecko) Chrome/145.0.7632.116 Mobile Safari/537.36 (compatible; GoogleOther)" 1818 **1/1818573**
216.73.216.210 - - [16/Mar/2026:08:11:36 -0700] "GET /detail/3048635013.shtm?fileloc=%2Fhome%2Fdpknvn09897v%2Fpublic_html%2Fwp-includes%2Fclass-wp-metadata-lazyloader.php&path=%2Fhome%2Fdpknvn09897v%2Fpublic_html%2Fwp-includes HTTP/1.1" 200 4140 "-" "Mozilla/5.0 AppleWebKit/537.36 (KHTML, like Gecko; compatible; ClaudeBot/1.0; +claudebot@anthropic.com)" 505 **0/505638**
216.73.216.210 - - [16/Mar/2026:08:11:39 -0700] "GET /detail/417335005.shtm?path=%2F%2Fproc HTTP/1.1" 200 4059 "-" "Mozilla/5.0 AppleWebKit/537.36 (KHTML, like Gecko; compatible; ClaudeBot/1.0; +claudebot@anthropic.com)" 507 **0/507045**
216.73.216.210 - - [16/Mar/2026:08:11:42 -0700] "GET /detail/1581037676.shtm?path=%2Fhome%2Fdpknvn09897v%2Fpublic_html%2Fwp-includes%2Fstyle-engine HTTP/1.1" 200 2742 "-" "Mozilla/5.0 AppleWebKit/537.36 (KHTML, like Gecko; compatible; ClaudeBot/1.0; +claudebot@anthropic.com)" 515 **0/515466**
216.73.216.210 - - [16/Mar/2026:08:11:45 -0700] "GET /detail/3048635013.shtm?fileloc=%2Fhome%2Fdpknvn09897v%2Fpublic_html%2Fwp-includes%2Fclass.wp-dependencies.php&path=%2Fhome%2Fdpknvn09897v%2Fpublic_html%2Fwp-includes HTTP/1.1" 200 2455 "-" "Mozilla/5.0 AppleWebKit/537.36 (KHTML, like Gecko; compatible; ClaudeBot/1.0; +claudebot@anthropic.com)" 496 **0/496800**
216.73.216.210 - - [16/Mar/2026:08:11:48 -0700] "GET /detail/4163750565.shtm?path=%2Fhome%2Fdpknvn09897v%2Fpublic_html%2Fwp-includes%2Fwidgets HTTP/1.1" 200 3173 "-" "Mozilla/5.0 AppleWebKit/537.36 (KHTML, like Gecko; compatible; ClaudeBot/1.0; +claudebot@anthropic.com)" 497 **0/497363**
216.73.216.210 - - [16/Mar/2026:08:11:51 -0700] "GET /detail/1581037676.shtm?fileloc=%2Fhome%2Fdpknvn09897v%2Fpublic_html%2Fwp-includes%2Fclass-wp.php&path=%2Fhome%2Fdpknvn09897v%2Fpublic_html%2Fwp-includes HTTP/1.1" 200 9522 "-" "Mozilla/5.0 AppleWebKit/537.36 (KHTML, like Gecko; compatible; ClaudeBot/1.0; +claudebot@anthropic.com)" 501 **0/501422**
216.73.216.210 - - [16/Mar/2026:08:11:54 -0700] "GET /detail/4163750565.shtm?fileloc=%2Fhome%2Fdpknvn09897v%2Fpublic_html%2Fwp-includes%2Fblock-template-utils.php&path=%2Fhome%2Fdpknvn09897v%2Fpublic_html%2Fwp-includes HTTP/1.1" 200 13858 "-" "Mozilla/5.0 AppleWebKit/537.36 (KHTML, like Gecko; compatible; ClaudeBot/1.0; +claudebot@anthropic.com)" 518 **0/518698**
216.73.216.210 - - [16/Mar/2026:08:11:57 -0700] "GET /detail/4128106262.shtm?fileloc=%2Fhome%2Fdpknvn09897v%2Fpublic_html%2Fwp-includes%2Frss-functions.php&path=%2Fhome%2Fdpknvn09897v%2Fpublic_html%2Fwp-includes HTTP/1.1" 200 2442 "-" "Mozilla/5.0 AppleWebKit/537.36 (KHTML, like Gecko; compatible; ClaudeBot/1.0; +claudebot@anthropic.com)" 501 **0/501625**
66.249.66.195 - - [16/Mar/2026:08:11:59 -0700] "GET /?detail/321795693 HTTP/1.1" 200 22379 "-" "Mozilla/5.0 (Linux; Android 6.0.1; Nexus 5X Build/MMB29P) AppleWebKit/537.36 (KHTML, like Gecko) Chrome/145.0.7632.116 Mobile Safari/537.36 (compatible; Googlebot/2.1; +http://www.google.com/bot.html)" 1799 **1/1799948**
216.73.216.210 - - [16/Mar/2026:08:12:00 -0700] "GET /detail/3048635013.shtm?path=%2Fhome%2Fdpknvn09897v%2Fpublic_html%2Fwp-includes%2Fwidgets HTTP/1.1" 200 3173 "-" "Mozilla/5.0 AppleWebKit/537.36 (KHTML, like Gecko; compatible; ClaudeBot/1.0; +claudebot@anthropic.com)" 509 **0/509546**
216.73.216.210 - - [16/Mar/2026:08:12:03 -0700] "GET /detail/4163750565.shtm?fileloc=%2Fhome%2Fdpknvn09897v%2Fpublic_html%2Fwp-includes%2Fclass-wp-admin-bar.php&path=%2Fhome%2Fdpknvn09897v%2Fpublic_html%2Fwp-includes HTTP/1.1" 200 7151 "-" "Mozilla/5.0 AppleWebKit/537.36 (KHTML, like Gecko; compatible; ClaudeBot/1.0; +claudebot@anthropic.com)" 507 **0/507900**
216.73.216.210 - - [16/Mar/2026:08:12:06 -0700] "GET /detail/783353745.shtm?path=%2F%2Fproc HTTP/1.1" 200 4088 "-" "Mozilla/5.0 AppleWebKit/537.36 (KHTML, like Gecko; compatible; ClaudeBot/1.0; +claudebot@anthropic.com)" 505 **0/505257**
216.73.216.210 - - [16/Mar/2026:08:12:09 -0700] "GET /detail/590597580.shtm?fileloc=%2F%2Fusr%2Fsbin%2Fcracklib-packer&path=%2F%2Fusr%2Fsbin HTTP/1.1" 200 5906 "-" "Mozilla/5.0 AppleWebKit/537.36 (KHTML, like Gecko; compatible; ClaudeBot/1.0; +claudebot@anthropic.com)" 501 **0/501618**
216.73.216.210 - - [16/Mar/2026:08:12:12 -0700] "GET /detail/590597580.shtm?fileloc=%2Fhome%2Fdpknvn09897v%2Fpublic_html%2Fgolz.in%2Fwp-includes%2Fclass-wp-script-modules.php&path=%2Fhome%2Fdpknvn09897v%2Fpublic_html%2Fgolz.in%2Fwp-includes HTTP/1.1" 200 9836 "-" "Mozilla/5.0 AppleWebKit/537.36 (KHTML, like Gecko; compatible; ClaudeBot/1.0; +claudebot@anthropic.com)" 537 **0/537663**
216.73.216.210 - - [16/Mar/2026:08:12:15 -0700] "GET /detail/4128106262.shtm?fileloc=%2Fhome%2Fdpknvn09897v%2Fpublic_html%2Fwp-includes%2Fshortcodes.php&path=%2Fhome%2Fdpknvn09897v%2Fpublic_html%2Fwp-includes HTTP/1.1" 200 8721 "-" "Mozilla/5.0 AppleWebKit/537.36 (KHTML, like Gecko; compatible; ClaudeBot/1.0; +claudebot@anthropic.com)" 512 **0/512892**
216.73.216.210 - - [16/Mar/2026:08:12:18 -0700] "GET /detail/1581037676.shtm?fileloc=%2Fhome%2Fdpknvn09897v%2Fpublic_html%2Fwp-includes%2Ftemplate-loader.php&path=%2Fhome%2Fdpknvn09897v%2Fpublic_html%2Fwp-includes HTTP/1.1" 200 3320 "-" "Mozilla/5.0 AppleWebKit/537.36 (KHTML, like Gecko; compatible; ClaudeBot/1.0; +claudebot@anthropic.com)" 498 **0/498163**
216.73.216.210 - - [16/Mar/2026:08:12:21 -0700] "GET /detail/4163750565.shtm?fileloc=%2F%2Fusr%2Finclude%2Fpcre2posix.h&path=%2F%2Fusr%2Finclude HTTP/1.1" 200 4499 "-" "Mozilla/5.0 AppleWebKit/537.36 (KHTML, like Gecko; compatible; ClaudeBot/1.0; +claudebot@anthropic.com)" 509 **0/509896**
216.73.216.210 - - [16/Mar/2026:08:12:24 -0700] "GET /detail/3048635013.shtm?fileloc=%2Fhome%2Fdpknvn09897v%2Fpublic_html%2Fwp-includes%2Fclass-requests.php&path=%2Fhome%2Fdpknvn09897v%2Fpublic_html%2Fwp-includes HTTP/1.1" 200 3067 "-" "Mozilla/5.0 AppleWebKit/537.36 (KHTML, like Gecko; compatible; ClaudeBot/1.0; +claudebot@anthropic.com)" 515 **0/515154**
66.249.66.163 - - [16/Mar/2026:08:12:26 -0700] "GET /detail/1261098991.shtm HTTP/1.1" 200 22629 "-" "Mozilla/5.0 (Linux; Android 6.0.1; Nexus 5X Build/MMB29P) AppleWebKit/537.36 (KHTML, like Gecko) Chrome/145.0.7632.116 Mobile Safari/537.36 (compatible; GoogleOther)" 1782 **1/1782816**
216.73.216.210 - - [16/Mar/2026:08:12:27 -0700] "GET /detail/3646549809.shtm?path=%2F%2Fproc HTTP/1.1" 200 4056 "-" "Mozilla/5.0 AppleWebKit/537.36 (KHTML, like Gecko; compatible; ClaudeBot/1.0; +claudebot@anthropic.com)" 523 **0/523183**
216.73.216.210 - - [16/Mar/2026:08:12:30 -0700] "GET /detail/529445352.shtm?fileloc=%2F%2Fusr%2Fsbin%2Fdnssec-checkds&path=%2F%2Fusr%2Fsbin HTTP/1.1" 200 2680 "-" "Mozilla/5.0 AppleWebKit/537.36 (KHTML, like Gecko; compatible; ClaudeBot/1.0; +claudebot@anthropic.com)" 511 **0/511280**
216.73.216.210 - - [16/Mar/2026:08:12:33 -0700] "GET /detail/1581037676.shtm?fileloc=%2Fhome%2Fdpknvn09897v%2Fpublic_html%2Fwp-includes%2Fblock-patterns.php&path=%2Fhome%2Fdpknvn09897v%2Fpublic_html%2Fwp-includes HTTP/1.1" 200 5270 "-" "Mozilla/5.0 AppleWebKit/537.36 (KHTML, like Gecko; compatible; ClaudeBot/1.0; +claudebot@anthropic.com)" 512 **0/512094**
66.249.66.195 - - [16/Mar/2026:08:12:35 -0700] "GET /?detail/794586545 HTTP/1.1" 200 22572 "-" "Mozilla/5.0 (Linux; Android 6.0.1; Nexus 5X Build/MMB29P) AppleWebKit/537.36 (KHTML, like Gecko) Chrome/145.0.7632.116 Mobile Safari/537.36 (compatible; Googlebot/2.1; +http://www.google.com/bot.html)" 1804 **1/1804585**
216.73.216.210 - - [16/Mar/2026:08:12:36 -0700] "GET /detail/297044949.shtm?path=%2F%2Fproc HTTP/1.1" 403 3512 "-" "Mozilla/5.0 AppleWebKit/537.36 (KHTML, like Gecko; compatible; ClaudeBot/1.0; +claudebot@anthropic.com)" 535 **0/535812**
216.73.216.210 - - [16/Mar/2026:08:12:40 -0700] "GET /detail/3048635013.shtm?fileloc=%2Fhome%2Fdpknvn09897v%2Fpublic_html%2Fwp-includes%2Fclass-IXR.php&path=%2Fhome%2Fdpknvn09897v%2Fpublic_html%2Fwp-includes HTTP/1.1" 403 3512 "-" "Mozilla/5.0 AppleWebKit/537.36 (KHTML, like Gecko; compatible; ClaudeBot/1.0; +claudebot@anthropic.com)" 500 **0/500659**
216.73.216.210 - - [16/Mar/2026:08:12:42 -0700] "GET /detail/4163750565.shtm?path=%2Fhome%2Fdpknvn09897v%2Fpublic_html%2Fwp-includes%2FRequests HTTP/1.1" 403 3512 "-" "Mozilla/5.0 AppleWebKit/537.36 (KHTML, like Gecko; compatible; ClaudeBot/1.0; +claudebot@anthropic.com)" 510 **0/510215**
216.73.216.210 - - [16/Mar/2026:08:12:46 -0700] "GET /detail/4163750565.shtm?fileloc=%2Fhome%2Fdpknvn09897v%2Fpublic_html%2Fwp-includes%2Ffunctions.wp-styles.php&path=%2Fhome%2Fdpknvn09897v%2Fpublic_html%2Fwp-includes HTTP/1.1" 403 3512 "-" "Mozilla/5.0 AppleWebKit/537.36 (KHTML, like Gecko; compatible; ClaudeBot/1.0; +claudebot@anthropic.com)" 510 **0/510133**
216.73.216.210 - - [16/Mar/2026:08:12:48 -0700] "GET /detail/4128106262.shtm?fileloc=%2Fhome%2Fdpknvn09897v%2Fpublic_html%2Fwp-includes%2Fembed.php&path=%2Fhome%2Fdpknvn09897v%2Fpublic_html%2Fwp-includes HTTP/1.1" 403 3512 "-" "Mozilla/5.0 AppleWebKit/537.36 (KHTML, like Gecko; compatible; ClaudeBot/1.0; +claudebot@anthropic.com)" 524 **0/524683**
216.73.216.210 - - [16/Mar/2026:08:12:51 -0700] "GET /detail/1581037676.shtm?fileloc=%2Fhome%2Fdpknvn09897v%2Fpublic_html%2Fwp-includes%2Ffeed-rss.php&path=%2Fhome%2Fdpknvn09897v%2Fpublic_html%2Fwp-includes HTTP/1.1" 403 3512 "-" "Mozilla/5.0 AppleWebKit/537.36 (KHTML, like Gecko; compatible; ClaudeBot/1.0; +claudebot@anthropic.com)" 504 **0/504744**
216.73.216.210 - - [16/Mar/2026:08:12:54 -0700] "GET /detail/1535633.shtm?path=%2F%2Fbin HTTP/1.1" 403 3512 "-" "Mozilla/5.0 AppleWebKit/537.36 (KHTML, like Gecko; compatible; ClaudeBot/1.0; +claudebot@anthropic.com)" 495 **0/495570**
216.73.216.210 - - [16/Mar/2026:08:12:58 -0700] "GET /detail/2063924343.shtm?path=%2Fhome%2Fdpknvn09897v%2Fpublic_html%2Fgolz.in%2Fwp-includes%2Finteractivity-api HTTP/1.1" 403 3512 "-" "Mozilla/5.0 AppleWebKit/537.36 (KHTML, like Gecko; compatible; ClaudeBot/1.0; +claudebot@anthropic.com)" 502 **0/502821**
216.73.216.210 - - [16/Mar/2026:08:13:00 -0700] "GET /detail/3048635013.shtm?path=%2Fhome%2Fdpknvn09897v%2Fpublic_html%2Fwp-includes%2FRequests HTTP/1.1" 403 3512 "-" "Mozilla/5.0 AppleWebKit/537.36 (KHTML, like Gecko; compatible; ClaudeBot/1.0; +claudebot@anthropic.com)" 515 **0/515446**
216.73.216.210 - - [16/Mar/2026:08:13:03 -0700] "GET /detail/4128106262.shtm?path=%2Fhome%2Fdpknvn09897v%2Fpublic_html%2Fwp-includes%2Fstyle-engine HTTP/1.1" 403 3512 "-" "Mozilla/5.0 AppleWebKit/537.36 (KHTML, like Gecko; compatible; ClaudeBot/1.0; +claudebot@anthropic.com)" 513 **0/513921**
216.73.216.210 - - [16/Mar/2026:08:13:06 -0700] "GET /detail/590597580.shtm?fileloc=%2F%2Fusr%2Finclude%2Fidn-free.h&path=%2F%2Fusr%2Finclude HTTP/1.1" 403 3512 "-" "Mozilla/5.0 AppleWebKit/537.36 (KHTML, like Gecko; compatible; ClaudeBot/1.0; +claudebot@anthropic.com)" 507 **0/507779**
216.73.216.210 - - [16/Mar/2026:08:13:10 -0700] "GET /detail/1218419464.shtm?path=%2F%2Froot HTTP/1.1" 403 3512 "-" "Mozilla/5.0 AppleWebKit/537.36 (KHTML, like Gecko; compatible; ClaudeBot/1.0; +claudebot@anthropic.com)" 505 **0/505458**
216.73.216.210 - - [16/Mar/2026:08:13:12 -0700] "GET /detail/3048635013.shtm?fileloc=%2Fhome%2Fdpknvn09897v%2Fpublic_html%2Fwp-includes%2Fclass-wp-block-patterns-registry.php&path=%2Fhome%2Fdpknvn09897v%2Fpublic_html%2Fwp-includes HTTP/1.1" 403 3512 "-" "Mozilla/5.0 AppleWebKit/537.36 (KHTML, like Gecko; compatible; ClaudeBot/1.0; +claudebot@anthropic.com)" 541 **0/541834**
216.73.216.210 - - [16/Mar/2026:08:13:15 -0700] "GET /detail/4128106262.shtm?fileloc=%2Fhome%2Fdpknvn09897v%2Fpublic_html%2Fwp-includes%2Fclass-wp-image-editor-imagick.php&path=%2Fhome%2Fdpknvn09897v%2Fpublic_html%2Fwp-includes HTTP/1.1" 403 3512 "-" "Mozilla/5.0 AppleWebKit/537.36 (KHTML, like Gecko; compatible; ClaudeBot/1.0; +claudebot@anthropic.com)" 515 **0/515189**
216.73.216.210 - - [16/Mar/2026:08:13:18 -0700] "GET /detail/4128106262.shtm?fileloc=%2Fhome%2Fdpknvn09897v%2Fpublic_html%2Fwp-includes%2Fclass-wp-application-passwords.php&path=%2Fhome%2Fdpknvn09897v%2Fpublic_html%2Fwp-includes HTTP/1.1" 200 4878 "-" "Mozilla/5.0 AppleWebKit/537.36 (KHTML, like Gecko; compatible; ClaudeBot/1.0; +claudebot@anthropic.com)" 515 **0/515807**
216.73.216.210 - - [16/Mar/2026:08:13:21 -0700] "GET /detail/3048635013.shtm?fileloc=%2Fhome%2Fdpknvn09897v%2Fpublic_html%2Fwp-includes%2Fembed-template.php&path=%2Fhome%2Fdpknvn09897v%2Fpublic_html%2Fwp-includes HTTP/1.1" 200 2451 "-" "Mozilla/5.0 AppleWebKit/537.36 (KHTML, like Gecko; compatible; ClaudeBot/1.0; +claudebot@anthropic.com)" 502 **0/502700**
66.249.66.197 - - [16/Mar/2026:08:13:23 -0700] "GET /detail/4000075033.shtm HTTP/1.1" 200 22548 "-" "Mozilla/5.0 (Linux; Android 6.0.1; Nexus 5X Build/MMB29P) AppleWebKit/537.36 (KHTML, like Gecko) Chrome/145.0.7632.116 Mobile Safari/537.36 (compatible; GoogleOther)" 1817 **1/1817962**
216.73.216.210 - - [16/Mar/2026:08:13:24 -0700] "GET /detail/4163750565.shtm?fileloc=%2Fhome%2Fdpknvn09897v%2Fpublic_html%2Fwp-includes%2Fms-functions.php&path=%2Fhome%2Fdpknvn09897v%2Fpublic_html%2Fwp-includes HTTP/1.1" 200 21506 "-" "Mozilla/5.0 AppleWebKit/537.36 (KHTML, like Gecko; compatible; ClaudeBot/1.0; +claudebot@anthropic.com)" 516 **0/516206**
216.73.216.210 - - [16/Mar/2026:08:13:27 -0700] "GET /detail/1581037676.shtm?fileloc=%2Fhome%2Fdpknvn09897v%2Fpublic_html%2Fwp-includes%2Fclass-oembed.php&path=%2Fhome%2Fdpknvn09897v%2Fpublic_html%2Fwp-includes HTTP/1.1" 200 2490 "-" "Mozilla/5.0 AppleWebKit/537.36 (KHTML, like Gecko; compatible; ClaudeBot/1.0; +claudebot@anthropic.com)" 528 **0/528167**
216.73.216.210 - - [16/Mar/2026:08:13:30 -0700] "GET /detail/529445352.shtm?fileloc=%2Fhome%2Fdpknvn09897v%2Fpublic_html%2Fgolz.in%2Fwp-includes%2Fclass-wp-script-modules.php&path=%2Fhome%2Fdpknvn09897v%2Fpublic_html%2Fgolz.in%2Fwp-includes HTTP/1.1" 200 9836 "-" "Mozilla/5.0 AppleWebKit/537.36 (KHTML, like Gecko; compatible; ClaudeBot/1.0; +claudebot@anthropic.com)" 494 **0/494746**
216.73.216.210 - - [16/Mar/2026:08:13:33 -0700] "GET /detail/4128106262.shtm?fileloc=%2Fhome%2Fdpknvn09897v%2Fpublic_html%2Fwp-includes%2Fclass-wp.php&path=%2Fhome%2Fdpknvn09897v%2Fpublic_html%2Fwp-includes HTTP/1.1" 200 9522 "-" "Mozilla/5.0 AppleWebKit/537.36 (KHTML, like Gecko; compatible; ClaudeBot/1.0; +claudebot@anthropic.com)" 495 **0/495621**
216.73.216.210 - - [16/Mar/2026:08:13:36 -0700] "GET /detail/4128106262.shtm?fileloc=%2Fhome%2Fdpknvn09897v%2Fpublic_html%2Fwp-includes%2Fclass-wp-theme.php&path=%2Fhome%2Fdpknvn09897v%2Fpublic_html%2Fwp-includes HTTP/1.1" 200 16292 "-" "Mozilla/5.0 AppleWebKit/537.36 (KHTML, like Gecko; compatible; ClaudeBot/1.0; +claudebot@anthropic.com)" 513 **0/513806**
216.73.216.210 - - [16/Mar/2026:08:13:39 -0700] "GET /detail/4163750565.shtm?path=%2F%2Fbin HTTP/1.1" 200 14505 "-" "Mozilla/5.0 AppleWebKit/537.36 (KHTML, like Gecko; compatible; ClaudeBot/1.0; +claudebot@anthropic.com)" 514 **0/514956**
216.73.216.210 - - [16/Mar/2026:08:13:42 -0700] "GET /detail/1581037676.shtm?fileloc=%2Fhome%2Fdpknvn09897v%2Fpublic_html%2Fwp-includes%2Fclass-wp-block-editor-context.php&path=%2Fhome%2Fdpknvn09897v%2Fpublic_html%2Fwp-includes HTTP/1.1" 200 2774 "-" "Mozilla/5.0 AppleWebKit/537.36 (KHTML, like Gecko; compatible; ClaudeBot/1.0; +claudebot@anthropic.com)" 504 **0/504030**
216.73.216.210 - - [16/Mar/2026:08:13:45 -0700] "GET /detail/529445352.shtm?fileloc=%2F%2Fusr%2Fsbin%2Fcracklib-packer&path=%2F%2Fusr%2Fsbin HTTP/1.1" 200 5906 "-" "Mozilla/5.0 AppleWebKit/537.36 (KHTML, like Gecko; compatible; ClaudeBot/1.0; +claudebot@anthropic.com)" 498 **0/498927**
216.73.216.210 - - [16/Mar/2026:08:13:48 -0700] "GET /detail/4128106262.shtm?fileloc=%2Fhome%2Fdpknvn09897v%2Fpublic_html%2Fwp-includes%2Ftemplate-loader.php&path=%2Fhome%2Fdpknvn09897v%2Fpublic_html%2Fwp-includes HTTP/1.1" 200 3320 "-" "Mozilla/5.0 AppleWebKit/537.36 (KHTML, like Gecko; compatible; ClaudeBot/1.0; +claudebot@anthropic.com)" 497 **0/497551**
216.73.216.210 - - [16/Mar/2026:08:13:51 -0700] "GET /detail/241276052.shtm?path=%2Fhome%2Fdpknvn09897v%2Fpublic_html%2Fgolz.in%2Fwp-includes%2Finteractivity-api HTTP/1.1" 200 2724 "-" "Mozilla/5.0 AppleWebKit/537.36 (KHTML, like Gecko; compatible; ClaudeBot/1.0; +claudebot@anthropic.com)" 523 **0/523070**
216.73.216.210 - - [16/Mar/2026:08:13:54 -0700] "GET /detail/1535633.shtm?path=%2F%2Fusr%2Flocal HTTP/1.1" 200 2675 "-" "Mozilla/5.0 AppleWebKit/537.36 (KHTML, like Gecko; compatible; ClaudeBot/1.0; +claudebot@anthropic.com)" 499 **0/499243**
216.73.216.210 - - [16/Mar/2026:08:13:57 -0700] "GET /detail/1581037676.shtm?fileloc=%2Fhome%2Fdpknvn09897v%2Fpublic_html%2Fwp-includes%2Fclass-wp-hook.php&path=%2Fhome%2Fdpknvn09897v%2Fpublic_html%2Fwp-includes HTTP/1.1" 200 6015 "-" "Mozilla/5.0 AppleWebKit/537.36 (KHTML, like Gecko; compatible; ClaudeBot/1.0; +claudebot@anthropic.com)" 515 **0/515443**
114.119.143.213 - - [16/Mar/2026:08:14:00 -0700] "GET /detail/2859475719.shtm HTTP/1.1" 200 4098 "http://www.golz.in/sitemap.xml" "Mozilla/5.0 (Linux; Android 7.0;) AppleWebKit/537.36 (KHTML, like Gecko) Mobile Safari/537.36 (compatible; PetalBot;+https://webmaster.petalsearch.com/site/petalbot)" 512 **0/512611**
216.73.216.210 - - [16/Mar/2026:08:14:00 -0700] "GET /detail/4163750565.shtm?fileloc=%2Fhome%2Fdpknvn09897v%2Fpublic_html%2Fwp-includes%2Ffunctions.php&path=%2Fhome%2Fdpknvn09897v%2Fpublic_html%2Fwp-includes HTTP/1.1" 200 70522 "-" "Mozilla/5.0 AppleWebKit/537.36 (KHTML, like Gecko; compatible; ClaudeBot/1.0; +claudebot@anthropic.com)" 605 **0/605254**
216.73.216.210 - - [16/Mar/2026:08:14:03 -0700] "GET /detail/4163750565.shtm?fileloc=%2Fhome%2Fdpknvn09897v%2Fpublic_html%2Fwp-includes%2Frest-api.php&path=%2Fhome%2Fdpknvn09897v%2Fpublic_html%2Fwp-includes HTTP/1.1" 200 22796 "-" "Mozilla/5.0 AppleWebKit/537.36 (KHTML, like Gecko; compatible; ClaudeBot/1.0; +claudebot@anthropic.com)" 519 **0/519515**
216.73.216.210 - - [16/Mar/2026:08:14:06 -0700] "GET /detail/4128106262.shtm?fileloc=%2Fhome%2Fdpknvn09897v%2Fpublic_html%2Fwp-includes%2Ffeed-rss.php&path=%2Fhome%2Fdpknvn09897v%2Fpublic_html%2Fwp-includes HTTP/1.1" 200 2824 "-" "Mozilla/5.0 AppleWebKit/537.36 (KHTML, like Gecko; compatible; ClaudeBot/1.0; +claudebot@anthropic.com)" 496 **0/496317**
66.249.66.41 - - [16/Mar/2026:08:14:06 -0700] "GET /?detail/249339415 HTTP/1.1" 200 21623 "-" "Mozilla/5.0 (Linux; Android 6.0.1; Nexus 5X Build/MMB29P) AppleWebKit/537.36 (KHTML, like Gecko) Chrome/145.0.7632.116 Mobile Safari/537.36 (compatible; Googlebot/2.1; +http://www.google.com/bot.html)" 1784 **1/1784723**
66.249.66.78 - - [16/Mar/2026:08:14:07 -0700] "GET /?detail/492731543 HTTP/1.1" 200 22209 "-" "Mozilla/5.0 (Linux; Android 6.0.1; Nexus 5X Build/MMB29P) AppleWebKit/537.36 (KHTML, like Gecko) Chrome/145.0.7632.116 Mobile Safari/537.36 (compatible; Googlebot/2.1; +http://www.google.com/bot.html)" 1778 **1/1778777**
66.249.71.69 - - [16/Mar/2026:08:14:25 -0700] "GET /detail/1766391577.shtm HTTP/1.1" 200 22230 "-" "Mozilla/5.0 (Linux; Android 6.0.1; Nexus 5X Build/MMB29P) AppleWebKit/537.36 (KHTML, like Gecko) Chrome/145.0.7632.116 Mobile Safari/537.36 (compatible; GoogleOther)" 1825 **1/1825068**
114.119.132.68 - - [16/Mar/2026:08:14:38 -0700] "GET /detail/2858263620.shtm HTTP/1.1" 200 4098 "http://www.golz.in/sitemap.xml" "Mozilla/5.0 (Linux; Android 7.0;) AppleWebKit/537.36 (KHTML, like Gecko) Mobile Safari/537.36 (compatible; PetalBot;+https://webmaster.petalsearch.com/site/petalbot)" 487 **0/487318**
185.94.192.68 - - [16/Mar/2026:08:14:46 -0700] "POST /xmlrpc.php HTTP/1.1" 200 59502 "-" "Mozilla/5.0 (Macintosh; Intel Mac OS X 10_15_7) AppleWebKit/537.36 (KHTML, like Gecko) Chrome/131.0.0.0 Safari/537.36" 40 **0/40826**
66.249.71.70 - - [16/Mar/2026:08:15:38 -0700] "GET /?detail/722683820 HTTP/1.1" 200 21519 "-" "Mozilla/5.0 (Linux; Android 6.0.1; Nexus 5X Build/MMB29P) AppleWebKit/537.36 (KHTML, like Gecko) Chrome/145.0.7632.116 Mobile Safari/537.36 (compatible; Googlebot/2.1; +http://www.google.com/bot.html)" 1791 **1/1791984**
106.219.163.172 - - [16/Mar/2026:08:15:44 -0700] "GET / HTTP/1.1" 200 3512 "-" "Mozilla/5.0 (Macintosh; Intel Mac OS X 12_5) AppleWebKit/537.36 (KHTML, like Gecko) Chrome/114.0.0.0 Safari/537.36 Edg/114.0.1264.71" 508 **0/508795**
66.249.66.78 - - [16/Mar/2026:08:16:11 -0700] "GET /?detail/338624588 HTTP/1.1" 200 22294 "-" "Mozilla/5.0 (Linux; Android 6.0.1; Nexus 5X Build/MMB29P) AppleWebKit/537.36 (KHTML, like Gecko) Chrome/145.0.7632.116 Mobile Safari/537.36 (compatible; Googlebot/2.1; +http://www.google.com/bot.html)" 2169 **2/2169617**
66.249.75.227 - - [16/Mar/2026:08:16:41 -0700] "GET /detail/2809449784.shtm HTTP/1.1" 200 22028 "-" "Mozilla/5.0 (Linux; Android 6.0.1; Nexus 5X Build/MMB29P) AppleWebKit/537.36 (KHTML, like Gecko) Chrome/145.0.7632.116 Mobile Safari/537.36 (compatible; GoogleOther)" 1875 **1/1875373**
66.249.66.164 - - [16/Mar/2026:08:17:12 -0700] "GET /?detail/133822440 HTTP/1.1" 200 22377 "-" "Mozilla/5.0 (Linux; Android 6.0.1; Nexus 5X Build/MMB29P) AppleWebKit/537.36 (KHTML, like Gecko) Chrome/145.0.7632.116 Mobile Safari/537.36 (compatible; Googlebot/2.1; +http://www.google.com/bot.html)" 1794 **1/1794104**
66.249.71.69 - - [16/Mar/2026:08:17:13 -0700] "GET /?detail/189744092 HTTP/1.1" 200 21793 "-" "Mozilla/5.0 (Linux; Android 6.0.1; Nexus 5X Build/MMB29P) AppleWebKit/537.36 (KHTML, like Gecko) Chrome/145.0.7632.116 Mobile Safari/537.36 (compatible; Googlebot/2.1; +http://www.google.com/bot.html)" 1829 **1/1829271**
66.249.71.69 - - [16/Mar/2026:08:17:15 -0700] "GET /?detail/875775009 HTTP/1.1" 200 23495 "-" "Mozilla/5.0 (Linux; Android 6.0.1; Nexus 5X Build/MMB29P) AppleWebKit/537.36 (KHTML, like Gecko) Chrome/145.0.7632.116 Mobile Safari/537.36 (compatible; Googlebot/2.1; +http://www.google.com/bot.html)" 1847 **1/1847706**
66.249.66.196 - - [16/Mar/2026:08:17:22 -0700] "GET /detail/1800888298.shtm HTTP/1.1" 200 22496 "-" "Mozilla/5.0 (Linux; Android 6.0.1; Nexus 5X Build/MMB29P) AppleWebKit/537.36 (KHTML, like Gecko) Chrome/145.0.7632.116 Mobile Safari/537.36 (compatible; GoogleOther)" 1788 **1/1788867**
66.249.66.195 - - [16/Mar/2026:08:17:46 -0700] "GET /?detail/23090497 HTTP/1.1" 200 22268 "-" "Mozilla/5.0 (Linux; Android 6.0.1; Nexus 5X Build/MMB29P) AppleWebKit/537.36 (KHTML, like Gecko) Chrome/145.0.7632.116 Mobile Safari/537.36 (compatible; Googlebot/2.1; +http://www.google.com/bot.html)" 1811 **1/1811427**
66.249.71.70 - - [16/Mar/2026:08:18:05 -0700] "GET /detail/1979703664.shtm HTTP/1.1" 200 21466 "-" "Mozilla/5.0 (Linux; Android 6.0.1; Nexus 5X Build/MMB29P) AppleWebKit/537.36 (KHTML, like Gecko) Chrome/145.0.7632.116 Mobile Safari/537.36 (compatible; GoogleOther)" 1795 **1/1795139**
66.249.71.205 - - [16/Mar/2026:08:18:16 -0700] "GET /?detail/479403213 HTTP/1.1" 200 21949 "-" "Mozilla/5.0 (Linux; Android 6.0.1; Nexus 5X Build/MMB29P) AppleWebKit/537.36 (KHTML, like Gecko) Chrome/145.0.7632.116 Mobile Safari/537.36 (compatible; Googlebot/2.1; +http://www.google.com/bot.html)" 1839 **1/1839599**
114.119.135.65 - - [16/Mar/2026:08:18:18 -0700] "GET /detail/2852462749.shtm HTTP/1.1" 200 4098 "http://www.golz.in/sitemap.xml" "Mozilla/5.0 (Linux; Android 7.0;) AppleWebKit/537.36 (KHTML, like Gecko) Mobile Safari/537.36 (compatible; PetalBot;+https://webmaster.petalsearch.com/site/petalbot)" 504 **0/504791**
66.249.66.40 - - [16/Mar/2026:08:18:19 -0700] "GET /detail/4260292886.shtm HTTP/1.1" 200 21795 "-" "Mozilla/5.0 (Linux; Android 6.0.1; Nexus 5X Build/MMB29P) AppleWebKit/537.36 (KHTML, like Gecko) Chrome/145.0.7632.116 Mobile Safari/537.36 (compatible; GoogleOther)" 1875 **1/1875381**
66.249.66.39 - - [16/Mar/2026:08:19:00 -0700] "GET /?detail/392814878 HTTP/1.1" 200 22875 "-" "Mozilla/5.0 (Linux; Android 6.0.1; Nexus 5X Build/MMB29P) AppleWebKit/537.36 (KHTML, like Gecko) Chrome/145.0.7632.116 Mobile Safari/537.36 (compatible; Googlebot/2.1; +http://www.google.com/bot.html)" 1843 **1/1843984**
66.249.71.70 - - [16/Mar/2026:08:19:44 -0700] "GET /?detail/927937949 HTTP/1.1" 200 22184 "-" "Mozilla/5.0 (Linux; Android 6.0.1; Nexus 5X Build/MMB29P) AppleWebKit/537.36 (KHTML, like Gecko) Chrome/145.0.7632.116 Mobile Safari/537.36 (compatible; Googlebot/2.1; +http://www.google.com/bot.html)" 1792 **1/1792767**
66.249.71.70 - - [16/Mar/2026:08:20:27 -0700] "GET /?detail/604164166 HTTP/1.1" 200 22121 "-" "Mozilla/5.0 (Linux; Android 6.0.1; Nexus 5X Build/MMB29P) AppleWebKit/537.36 (KHTML, like Gecko) Chrome/145.0.7632.116 Mobile Safari/537.36 (compatible; Googlebot/2.1; +http://www.google.com/bot.html)" 1833 **1/1833292**
66.249.66.15 - - [16/Mar/2026:08:21:11 -0700] "GET /?detail/905573470 HTTP/1.1" 200 21501 "-" "Mozilla/5.0 (Linux; Android 6.0.1; Nexus 5X Build/MMB29P) AppleWebKit/537.36 (KHTML, like Gecko) Chrome/145.0.7632.116 Mobile Safari/537.36 (compatible; Googlebot/2.1; +http://www.google.com/bot.html)" 1767 **1/1767557**
66.249.71.69 - - [16/Mar/2026:08:21:55 -0700] "GET /?detail/752800042 HTTP/1.1" 200 22271 "-" "Mozilla/5.0 (Linux; Android 6.0.1; Nexus 5X Build/MMB29P) AppleWebKit/537.36 (KHTML, like Gecko) Chrome/145.0.7632.116 Mobile Safari/537.36 (compatible; Googlebot/2.1; +http://www.google.com/bot.html)" 1802 **1/1802411**
66.249.71.71 - - [16/Mar/2026:08:22:06 -0700] "GET /?detail/444196872 HTTP/1.1" 200 22230 "-" "Mozilla/5.0 (Linux; Android 6.0.1; Nexus 5X Build/MMB29P) AppleWebKit/537.36 (KHTML, like Gecko) Chrome/145.0.7632.116 Mobile Safari/537.36 (compatible; Googlebot/2.1; +http://www.google.com/bot.html)" 5584 **5/5584284**
66.249.71.71 - - [16/Mar/2026:08:23:05 -0700] "GET /?detail/696531099 HTTP/1.1" 200 22777 "-" "Mozilla/5.0 (Linux; Android 6.0.1; Nexus 5X Build/MMB29P) AppleWebKit/537.36 (KHTML, like Gecko) Chrome/145.0.7632.116 Mobile Safari/537.36 (compatible; Googlebot/2.1; +http://www.google.com/bot.html)" 1787 **1/1787025**
114.119.132.68 - - [16/Mar/2026:08:23:06 -0700] "GET /detail/2837531877.shtm HTTP/1.1" 200 4098 "http://www.golz.in/sitemap.xml" "Mozilla/5.0 (Linux; Android 7.0;) AppleWebKit/537.36 (KHTML, like Gecko) Mobile Safari/537.36 (compatible; PetalBot;+https://webmaster.petalsearch.com/site/petalbot)" 483 **0/483088**
66.249.66.164 - - [16/Mar/2026:08:23:36 -0700] "GET /?detail/97244119 HTTP/1.1" 200 21198 "-" "Mozilla/5.0 (Linux; Android 6.0.1; Nexus 5X Build/MMB29P) AppleWebKit/537.36 (KHTML, like Gecko) Chrome/145.0.7632.116 Mobile Safari/537.36 (compatible; Googlebot/2.1; +http://www.google.com/bot.html)" 1905 **1/1905297**
66.249.71.173 - - [16/Mar/2026:08:23:39 -0700] "GET /?detail/117344139 HTTP/1.1" 200 23158 "-" "Mozilla/5.0 (Linux; Android 6.0.1; Nexus 5X Build/MMB29P) AppleWebKit/537.36 (KHTML, like Gecko) Chrome/145.0.7632.116 Mobile Safari/537.36 (compatible; Googlebot/2.1; +http://www.google.com/bot.html)" 1812 **1/1812646**
66.249.71.205 - - [16/Mar/2026:08:24:06 -0700] "GET /?detail/12385945 HTTP/1.1" 200 21938 "-" "Mozilla/5.0 (Linux; Android 6.0.1; Nexus 5X Build/MMB29P) AppleWebKit/537.36 (KHTML, like Gecko) Chrome/145.0.7632.116 Mobile Safari/537.36 (compatible; Googlebot/2.1; +http://www.google.com/bot.html)" 1799 **1/1799152**
114.119.143.213 - - [16/Mar/2026:08:24:25 -0700] "GET /detail/2837368370.shtm HTTP/1.1" 200 4098 "http://www.golz.in/sitemap.xml" "Mozilla/5.0 (Linux; Android 7.0;) AppleWebKit/537.36 (KHTML, like Gecko) Mobile Safari/537.36 (compatible; PetalBot;+https://webmaster.petalsearch.com/site/petalbot)" 502 **0/502991**
66.249.66.14 - - [16/Mar/2026:08:24:57 -0700] "GET /?detail/476114467 HTTP/1.1" 200 23928 "-" "Mozilla/5.0 (Linux; Android 6.0.1; Nexus 5X Build/MMB29P) AppleWebKit/537.36 (KHTML, like Gecko) Chrome/145.0.7632.116 Mobile Safari/537.36 (compatible; Googlebot/2.1; +http://www.google.com/bot.html)" 1802 **1/1802091**
216.73.216.210 - - [16/Mar/2026:08:25:29 -0700] "GET /detail/4163750565.shtm?fileloc=%2F%2Fusr%2Finclude%2Fjson-c%2Fbits.h&path=%2F%2Fusr%2Finclude%2Fjson-c HTTP/1.1" 200 2651 "-" "Mozilla/5.0 AppleWebKit/537.36 (KHTML, like Gecko; compatible; ClaudeBot/1.0; +claudebot@anthropic.com)" 677 **0/677341**
216.73.216.210 - - [16/Mar/2026:08:25:32 -0700] "GET /detail/1535633.shtm?fileloc=%2F%2Fusr%2Finclude%2Fjson-c%2Fbits.h&path=%2F%2Fusr%2Finclude%2Fjson-c HTTP/1.1" 200 2651 "-" "Mozilla/5.0 AppleWebKit/537.36 (KHTML, like Gecko; compatible; ClaudeBot/1.0; +claudebot@anthropic.com)" 777 **0/777819**
216.73.216.210 - - [16/Mar/2026:08:25:35 -0700] "GET /detail/590597580.shtm?fileloc=%2F%2Fusr%2Finclude%2Fasm%2Fsocket.h&path=%2F%2Fusr%2Finclude%2Fasm HTTP/1.1" 200 2294 "-" "Mozilla/5.0 AppleWebKit/537.36 (KHTML, like Gecko; compatible; ClaudeBot/1.0; +claudebot@anthropic.com)" 589 **0/589336**
216.73.216.210 - - [16/Mar/2026:08:25:38 -0700] "GET /detail/529445352.shtm?path=%2F%2Fusr%2Finclude%2Flinux%2Fhdlc HTTP/1.1" 200 2582 "-" "Mozilla/5.0 AppleWebKit/537.36 (KHTML, like Gecko; compatible; ClaudeBot/1.0; +claudebot@anthropic.com)" 673 **0/673384**
216.73.216.210 - - [16/Mar/2026:08:25:41 -0700] "GET /detail/590597580.shtm?fileloc=%2F%2Fusr%2Finclude%2Fasm%2Fparam.h&path=%2F%2Fusr%2Finclude%2Fasm HTTP/1.1" 200 2294 "-" "Mozilla/5.0 AppleWebKit/537.36 (KHTML, like Gecko; compatible; ClaudeBot/1.0; +claudebot@anthropic.com)" 675 **0/675804**
114.119.143.213 - - [16/Mar/2026:08:25:55 -0700] "GET /detail/2914423267.shtm HTTP/1.1" 200 4098 "http://www.golz.in/sitemap.xml" "Mozilla/5.0 (Linux; Android 7.0;) AppleWebKit/537.36 (KHTML, like Gecko) Mobile Safari/537.36 (compatible; PetalBot;+https://webmaster.petalsearch.com/site/petalbot)" 587 **0/587354**
66.249.71.71 - - [16/Mar/2026:08:25:58 -0700] "GET /?detail/28620349 HTTP/1.1" 200 22478 "-" "Mozilla/5.0 (Linux; Android 6.0.1; Nexus 5X Build/MMB29P) AppleWebKit/537.36 (KHTML, like Gecko) Chrome/145.0.7632.116 Mobile Safari/537.36 (compatible; Googlebot/2.1; +http://www.google.com/bot.html)" 1932 **1/1932025**
66.249.66.78 - - [16/Mar/2026:08:25:58 -0700] "GET /?detail/331362688 HTTP/1.1" 200 21537 "-" "Mozilla/5.0 (Linux; Android 6.0.1; Nexus 5X Build/MMB29P) AppleWebKit/537.36 (KHTML, like Gecko) Chrome/145.0.7632.116 Mobile Safari/537.36 (compatible; Googlebot/2.1; +http://www.google.com/bot.html)" 1826 **1/1826956**
66.249.66.196 - - [16/Mar/2026:08:26:20 -0700] "GET /?detail/335670351 HTTP/1.1" 200 22686 "-" "Mozilla/5.0 (Linux; Android 6.0.1; Nexus 5X Build/MMB29P) AppleWebKit/537.36 (KHTML, like Gecko) Chrome/145.0.7632.116 Mobile Safari/537.36 (compatible; Googlebot/2.1; +http://www.google.com/bot.html)" 1831 **1/1831346**
66.249.66.164 - - [16/Mar/2026:08:27:01 -0700] "GET /?detail/113669806 HTTP/1.1" 200 22305 "-" "Mozilla/5.0 (Linux; Android 6.0.1; Nexus 5X Build/MMB29P) AppleWebKit/537.36 (KHTML, like Gecko) Chrome/145.0.7632.116 Mobile Safari/537.36 (compatible; Googlebot/2.1; +http://www.google.com/bot.html)" 1805 **1/1805802**
114.119.143.213 - - [16/Mar/2026:08:27:16 -0700] "GET /detail/2877339638.shtm HTTP/1.1" 200 4098 "http://www.golz.in/sitemap.xml" "Mozilla/5.0 (Linux; Android 7.0;) AppleWebKit/537.36 (KHTML, like Gecko) Mobile Safari/537.36 (compatible; PetalBot;+https://webmaster.petalsearch.com/site/petalbot)" 552 **0/552929**
66.249.66.163 - - [16/Mar/2026:08:27:45 -0700] "GET /?detail/188258247 HTTP/1.1" 200 21930 "-" "Mozilla/5.0 (Linux; Android 6.0.1; Nexus 5X Build/MMB29P) AppleWebKit/537.36 (KHTML, like Gecko) Chrome/145.0.7632.116 Mobile Safari/537.36 (compatible; Googlebot/2.1; +http://www.google.com/bot.html)" 1815 **1/1815895**
66.249.71.174 - - [16/Mar/2026:08:28:40 -0700] "GET /?detail/348896506 HTTP/1.1" 200 22141 "-" "Mozilla/5.0 (Linux; Android 6.0.1; Nexus 5X Build/MMB29P) AppleWebKit/537.36 (KHTML, like Gecko) Chrome/145.0.7632.116 Mobile Safari/537.36 (compatible; Googlebot/2.1; +http://www.google.com/bot.html)" 1806 **1/1806399**
114.119.130.26 - - [16/Mar/2026:08:29:23 -0700] "GET /detail/2859639242.shtm HTTP/1.1" 200 4098 "http://www.golz.in/sitemap.xml" "Mozilla/5.0 (Linux; Android 7.0;) AppleWebKit/537.36 (KHTML, like Gecko) Mobile Safari/537.36 (compatible; PetalBot;+https://webmaster.petalsearch.com/site/petalbot)" 491 **0/491731**
66.249.66.196 - - [16/Mar/2026:08:29:41 -0700] "GET /?detail/729570905 HTTP/1.1" 200 23513 "-" "Mozilla/5.0 (Linux; Android 6.0.1; Nexus 5X Build/MMB29P) AppleWebKit/537.36 (KHTML, like Gecko) Chrome/145.0.7632.116 Mobile Safari/537.36 (compatible; Googlebot/2.1; +http://www.google.com/bot.html)" 1805 **1/1805397**
66.249.71.35 - - [16/Mar/2026:08:30:12 -0700] "GET /?detail/28445516 HTTP/1.1" 200 21766 "-" "Mozilla/5.0 (Linux; Android 6.0.1; Nexus 5X Build/MMB29P) AppleWebKit/537.36 (KHTML, like Gecko) Chrome/145.0.7632.116 Mobile Safari/537.36 (compatible; Googlebot/2.1; +http://www.google.com/bot.html)" 1808 **1/1808445**
66.249.66.14 - - [16/Mar/2026:08:30:44 -0700] "GET /?detail/716146559 HTTP/1.1" 200 21723 "-" "Mozilla/5.0 (Linux; Android 6.0.1; Nexus 5X Build/MMB29P) AppleWebKit/537.36 (KHTML, like Gecko) Chrome/145.0.7632.116 Mobile Safari/537.36 (compatible; Googlebot/2.1; +http://www.google.com/bot.html)" 1783 **1/1783262**
66.249.66.195 - - [16/Mar/2026:08:31:45 -0700] "GET /?detail/742449714 HTTP/1.1" 200 21591 "-" "Mozilla/5.0 (Linux; Android 6.0.1; Nexus 5X Build/MMB29P) AppleWebKit/537.36 (KHTML, like Gecko) Chrome/145.0.7632.116 Mobile Safari/537.36 (compatible; Googlebot/2.1; +http://www.google.com/bot.html)" 1807 **1/1807785**
66.249.71.71 - - [16/Mar/2026:08:32:16 -0700] "GET /?detail/922428320 HTTP/1.1" 200 21514 "-" "Mozilla/5.0 (Linux; Android 6.0.1; Nexus 5X Build/MMB29P) AppleWebKit/537.36 (KHTML, like Gecko) Chrome/145.0.7632.116 Mobile Safari/537.36 (compatible; Googlebot/2.1; +http://www.google.com/bot.html)" 1803 **1/1803191**
66.249.71.69 - - [16/Mar/2026:08:32:16 -0700] "GET /?detail/910588449 HTTP/1.1" 200 22347 "-" "Mozilla/5.0 (Linux; Android 6.0.1; Nexus 5X Build/MMB29P) AppleWebKit/537.36 (KHTML, like Gecko) Chrome/145.0.7632.116 Mobile Safari/537.36 (compatible; Googlebot/2.1; +http://www.google.com/bot.html)" 1758 **1/1758231**
66.249.71.69 - - [16/Mar/2026:08:32:51 -0700] "GET /?detail/674609158 HTTP/1.1" 200 22206 "-" "Mozilla/5.0 (Linux; Android 6.0.1; Nexus 5X Build/MMB29P) AppleWebKit/537.36 (KHTML, like Gecko) Chrome/145.0.7632.116 Mobile Safari/537.36 (compatible; Googlebot/2.1; +http://www.google.com/bot.html)" 1801 **1/1801163**
66.249.71.69 - - [16/Mar/2026:08:33:52 -0700] "GET /?detail/486995739 HTTP/1.1" 200 21900 "-" "Mozilla/5.0 (Linux; Android 6.0.1; Nexus 5X Build/MMB29P) AppleWebKit/537.36 (KHTML, like Gecko) Chrome/145.0.7632.116 Mobile Safari/537.36 (compatible; Googlebot/2.1; +http://www.google.com/bot.html)" 1814 **1/1814364**
114.119.135.65 - - [16/Mar/2026:08:34:04 -0700] "GET /detail/2836156271.shtm HTTP/1.1" 200 4098 "http://www.golz.in/sitemap.xml" "Mozilla/5.0 (Linux; Android 7.0;) AppleWebKit/537.36 (KHTML, like Gecko) Mobile Safari/537.36 (compatible; PetalBot;+https://webmaster.petalsearch.com/site/petalbot)" 505 **0/505585**
66.249.66.163 - - [16/Mar/2026:08:34:24 -0700] "GET /?detail/164266286 HTTP/1.1" 200 21947 "-" "Mozilla/5.0 (Linux; Android 6.0.1; Nexus 5X Build/MMB29P) AppleWebKit/537.36 (KHTML, like Gecko) Chrome/145.0.7632.116 Mobile Safari/537.36 (compatible; Googlebot/2.1; +http://www.google.com/bot.html)" 1800 **1/1800889**
216.73.216.210 - - [16/Mar/2026:08:34:44 -0700] "GET /detail/4163750565.shtm?path=%2F%2Fusr%2Finclude%2Fncursesw HTTP/1.1" 200 3092 "-" "Mozilla/5.0 AppleWebKit/537.36 (KHTML, like Gecko; compatible; ClaudeBot/1.0; +claudebot@anthropic.com)" 528 **0/528390**
216.73.216.210 - - [16/Mar/2026:08:34:47 -0700] "GET /detail/4163750565.shtm?fileloc=%2F%2Fusr%2Finclude%2Fncurses%2Fform.h&path=%2F%2Fusr%2Finclude%2Fncurses HTTP/1.1" 200 6687 "-" "Mozilla/5.0 AppleWebKit/537.36 (KHTML, like Gecko; compatible; ClaudeBot/1.0; +claudebot@anthropic.com)" 506 **0/506976**
216.73.216.210 - - [16/Mar/2026:08:34:50 -0700] "GET /detail/590597580.shtm?fileloc=%2F%2Fusr%2Finclude%2Fendian.h&path=%2F%2Fusr%2Finclude HTTP/1.1" 200 3341 "-" "Mozilla/5.0 AppleWebKit/537.36 (KHTML, like Gecko; compatible; ClaudeBot/1.0; +claudebot@anthropic.com)" 505 **0/505336**
216.73.216.210 - - [16/Mar/2026:08:34:53 -0700] "GET /detail/2309212399.shtm HTTP/1.1" 200 3512 "-" "Mozilla/5.0 AppleWebKit/537.36 (KHTML, like Gecko; compatible; ClaudeBot/1.0; +claudebot@anthropic.com)" 504 **0/504365**
216.73.216.210 - - [16/Mar/2026:08:34:56 -0700] "GET /detail/529445352.shtm?fileloc=%2F%2Fusr%2Finclude%2Fsearch.h&path=%2F%2Fusr%2Finclude HTTP/1.1" 200 4214 "-" "Mozilla/5.0 AppleWebKit/537.36 (KHTML, like Gecko; compatible; ClaudeBot/1.0; +claudebot@anthropic.com)" 542 **0/542672**
66.249.66.39 - - [16/Mar/2026:08:34:56 -0700] "GET /?detail/938870309 HTTP/1.1" 200 22041 "-" "Mozilla/5.0 (Linux; Android 6.0.1; Nexus 5X Build/MMB29P) AppleWebKit/537.36 (KHTML, like Gecko) Chrome/145.0.7632.116 Mobile Safari/537.36 (compatible; Googlebot/2.1; +http://www.google.com/bot.html)" 1834 **1/1834130**
216.73.216.210 - - [16/Mar/2026:08:34:59 -0700] "GET /detail/3577062155.shtm HTTP/1.1" 200 3512 "-" "Mozilla/5.0 AppleWebKit/537.36 (KHTML, like Gecko; compatible; ClaudeBot/1.0; +claudebot@anthropic.com)" 496 **0/496466**
216.73.216.210 - - [16/Mar/2026:08:35:02 -0700] "GET /detail/590597580.shtm?path=%2F%2Fusr%2Flibexec%2Futempter HTTP/1.1" 200 2578 "-" "Mozilla/5.0 AppleWebKit/537.36 (KHTML, like Gecko; compatible; ClaudeBot/1.0; +claudebot@anthropic.com)" 716 **0/716675**
216.73.216.210 - - [16/Mar/2026:08:35:05 -0700] "GET /detail/3571097745.shtm HTTP/1.1" 200 3512 "-" "Mozilla/5.0 AppleWebKit/537.36 (KHTML, like Gecko; compatible; ClaudeBot/1.0; +claudebot@anthropic.com)" 573 **0/573769**
216.73.216.210 - - [16/Mar/2026:08:35:08 -0700] "GET /detail/529445352.shtm?fileloc=%2F%2Fusr%2Finclude%2Futime.h&path=%2F%2Fusr%2Finclude HTTP/1.1" 200 3006 "-" "Mozilla/5.0 AppleWebKit/537.36 (KHTML, like Gecko; compatible; ClaudeBot/1.0; +claudebot@anthropic.com)" 541 **0/541130**
216.73.216.210 - - [16/Mar/2026:08:35:11 -0700] "GET /detail/590597580.shtm?fileloc=%2F%2Fusr%2Finclude%2FFlexLexer.h&path=%2F%2Fusr%2Finclude HTTP/1.1" 200 4607 "-" "Mozilla/5.0 AppleWebKit/537.36 (KHTML, like Gecko; compatible; ClaudeBot/1.0; +claudebot@anthropic.com)" 523 **0/523459**
216.73.216.210 - - [16/Mar/2026:08:35:14 -0700] "GET /detail/529445352.shtm?fileloc=%2F%2Fusr%2Fsbin%2Funix_update&path=%2F%2Fusr%2Fsbin HTTP/1.1" 200 2261 "-" "Mozilla/5.0 AppleWebKit/537.36 (KHTML, like Gecko; compatible; ClaudeBot/1.0; +claudebot@anthropic.com)" 514 **0/514308**
216.73.216.210 - - [16/Mar/2026:08:35:17 -0700] "GET /detail/590597580.shtm?fileloc=%2F%2Fusr%2Finclude%2Fasm%2Fmtrr.h&path=%2F%2Fusr%2Finclude%2Fasm HTTP/1.1" 200 3766 "-" "Mozilla/5.0 AppleWebKit/537.36 (KHTML, like Gecko; compatible; ClaudeBot/1.0; +claudebot@anthropic.com)" 526 **0/526232**
114.119.132.68 - - [16/Mar/2026:08:35:24 -0700] "GET /detail/283123259.shtm HTTP/1.1" 200 4098 "http://www.golz.in/sitemap.xml" "Mozilla/5.0 (Linux; Android 7.0;) AppleWebKit/537.36 (KHTML, like Gecko) Mobile Safari/537.36 (compatible; PetalBot;+https://webmaster.petalsearch.com/site/petalbot)" 522 **0/522264**
66.249.71.69 - - [16/Mar/2026:08:35:28 -0700] "GET /?detail/144805555 HTTP/1.1" 200 22109 "-" "Mozilla/5.0 (Linux; Android 6.0.1; Nexus 5X Build/MMB29P) AppleWebKit/537.36 (KHTML, like Gecko) Chrome/145.0.7632.116 Mobile Safari/537.36 (compatible; Googlebot/2.1; +http://www.google.com/bot.html)" 1914 **1/1914693**
66.249.66.195 - - [16/Mar/2026:08:35:28 -0700] "GET /?detail/364273262 HTTP/1.1" 200 22091 "-" "Mozilla/5.0 (Linux; Android 6.0.1; Nexus 5X Build/MMB29P) AppleWebKit/537.36 (KHTML, like Gecko) Chrome/145.0.7632.116 Mobile Safari/537.36 (compatible; Googlebot/2.1; +http://www.google.com/bot.html)" 1797 **1/1797384**
66.249.66.41 - - [16/Mar/2026:08:36:01 -0700] "GET /?detail/870412190 HTTP/1.1" 200 22937 "-" "Mozilla/5.0 (Linux; Android 6.0.1; Nexus 5X Build/MMB29P) AppleWebKit/537.36 (KHTML, like Gecko) Chrome/145.0.7632.116 Mobile Safari/537.36 (compatible; Googlebot/2.1; +http://www.google.com/bot.html)" 1851 **1/1851403**
66.249.66.77 - - [16/Mar/2026:08:36:41 -0700] "GET /?detail/950115841 HTTP/1.1" 200 21640 "-" "Mozilla/5.0 (Linux; Android 6.0.1; Nexus 5X Build/MMB29P) AppleWebKit/537.36 (KHTML, like Gecko) Chrome/145.0.7632.116 Mobile Safari/537.36 (compatible; Googlebot/2.1; +http://www.google.com/bot.html)" 1780 **1/1780482**
66.249.66.195 - - [16/Mar/2026:08:36:41 -0700] "GET /?detail/107290337 HTTP/1.1" 200 22157 "-" "Mozilla/5.0 (Linux; Android 6.0.1; Nexus 5X Build/MMB29P) AppleWebKit/537.36 (KHTML, like Gecko) Chrome/145.0.7632.116 Mobile Safari/537.36 (compatible; Googlebot/2.1; +http://www.google.com/bot.html)" 2651 **2/2651165**
66.249.71.69 - - [16/Mar/2026:08:36:58 -0700] "GET /?detail/850687271 HTTP/1.1" 200 21998 "-" "Mozilla/5.0 (Linux; Android 6.0.1; Nexus 5X Build/MMB29P) AppleWebKit/537.36 (KHTML, like Gecko) Chrome/145.0.7632.159 Mobile Safari/537.36 (compatible; Googlebot/2.1; +http://www.google.com/bot.html)" 6132 **6/6132933**
66.249.66.39 - - [16/Mar/2026:08:37:15 -0700] "GET /?detail/624587940 HTTP/1.1" 200 22311 "-" "Mozilla/5.0 (Linux; Android 6.0.1; Nexus 5X Build/MMB29P) AppleWebKit/537.36 (KHTML, like Gecko) Chrome/145.0.7632.116 Mobile Safari/537.36 (compatible; Googlebot/2.1; +http://www.google.com/bot.html)" 1872 **1/1872768**
114.119.130.26 - - [16/Mar/2026:08:37:25 -0700] "GET /detail/281911144.shtm HTTP/1.1" 200 4098 "http://www.golz.in/sitemap.xml" "Mozilla/5.0 (Linux; Android 7.0;) AppleWebKit/537.36 (KHTML, like Gecko) Mobile Safari/537.36 (compatible; PetalBot;+https://webmaster.petalsearch.com/site/petalbot)" 524 **0/524988**
66.249.71.69 - - [16/Mar/2026:08:38:16 -0700] "GET /?detail/457578584 HTTP/1.1" 200 21527 "-" "Mozilla/5.0 (Linux; Android 6.0.1; Nexus 5X Build/MMB29P) AppleWebKit/537.36 (KHTML, like Gecko) Chrome/145.0.7632.116 Mobile Safari/537.36 (compatible; Googlebot/2.1; +http://www.google.com/bot.html)" 1808 **1/1808742**
66.249.66.14 - - [16/Mar/2026:08:38:48 -0700] "GET /?detail/925702374 HTTP/1.1" 200 22242 "-" "Mozilla/5.0 (Linux; Android 6.0.1; Nexus 5X Build/MMB29P) AppleWebKit/537.36 (KHTML, like Gecko) Chrome/145.0.7632.116 Mobile Safari/537.36 (compatible; Googlebot/2.1; +http://www.google.com/bot.html)" 1794 **1/1794351**
66.249.66.39 - - [16/Mar/2026:08:39:23 -0700] "GET /?detail/406048023 HTTP/1.1" 200 22400 "-" "Mozilla/5.0 (Linux; Android 6.0.1; Nexus 5X Build/MMB29P) AppleWebKit/537.36 (KHTML, like Gecko) Chrome/145.0.7632.116 Mobile Safari/537.36 (compatible; Googlebot/2.1; +http://www.google.com/bot.html)" 1808 **1/1808529**
66.249.66.14 - - [16/Mar/2026:08:39:25 -0700] "GET /?detail/772754843 HTTP/1.1" 200 22021 "-" "Mozilla/5.0 (Linux; Android 6.0.1; Nexus 5X Build/MMB29P) AppleWebKit/537.36 (KHTML, like Gecko) Chrome/145.0.7632.116 Mobile Safari/537.36 (compatible; Googlebot/2.1; +http://www.google.com/bot.html)" 1799 **1/1799511**
66.249.66.195 - - [16/Mar/2026:08:39:43 -0700] "GET /?detail/816386037 HTTP/1.1" 200 21950 "-" "Mozilla/5.0 (Linux; Android 6.0.1; Nexus 5X Build/MMB29P) AppleWebKit/537.36 (KHTML, like Gecko) Chrome/145.0.7632.116 Mobile Safari/537.36 (compatible; Googlebot/2.1; +http://www.google.com/bot.html)" 1789 **1/1789946**
66.249.66.14 - - [16/Mar/2026:08:40:08 -0700] "GET /?detail/525373771 HTTP/1.1" 200 22133 "-" "Mozilla/5.0 (Linux; Android 6.0.1; Nexus 5X Build/MMB29P) AppleWebKit/537.36 (KHTML, like Gecko) Chrome/145.0.7632.116 Mobile Safari/537.36 (compatible; Googlebot/2.1; +http://www.google.com/bot.html)" 1817 **1/1817597**
66.249.66.195 - - [16/Mar/2026:08:40:51 -0700] "GET /?detail/520008223 HTTP/1.1" 200 21772 "-" "Mozilla/5.0 (Linux; Android 6.0.1; Nexus 5X Build/MMB29P) AppleWebKit/537.36 (KHTML, like Gecko) Chrome/145.0.7632.116 Mobile Safari/537.36 (compatible; Googlebot/2.1; +http://www.google.com/bot.html)" 1845 **1/1845847**
66.249.71.69 - - [16/Mar/2026:08:41:36 -0700] "GET /?detail/245249049 HTTP/1.1" 200 22154 "-" "Mozilla/5.0 (Linux; Android 6.0.1; Nexus 5X Build/MMB29P) AppleWebKit/537.36 (KHTML, like Gecko) Chrome/145.0.7632.116 Mobile Safari/537.36 (compatible; Googlebot/2.1; +http://www.google.com/bot.html)" 1797 **1/1797176**
114.119.132.68 - - [16/Mar/2026:08:41:49 -0700] "GET /detail/2808900576.shtm HTTP/1.1" 200 4098 "http://www.golz.in/sitemap.xml" "Mozilla/5.0 (Linux; Android 7.0;) AppleWebKit/537.36 (KHTML, like Gecko) Mobile Safari/537.36 (compatible; PetalBot;+https://webmaster.petalsearch.com/site/petalbot)" 523 **0/523953**
216.73.216.210 - - [16/Mar/2026:08:42:04 -0700] "GET /detail/2167258620.shtm?fileloc=%2Fhome%2Fdpknvn09897v%2Fpublic_html%2Fgolz.in%2Fwp-includes%2Finteractivity-api%2Finteractivity-api.php&path=%2Fhome%2Fdpknvn09897v%2Fpublic_html%2Fgolz.in%2Fwp-includes%2Finteractivity-api HTTP/1.1" 200 3656 "-" "Mozilla/5.0 AppleWebKit/537.36 (KHTML, like Gecko; compatible; ClaudeBot/1.0; +claudebot@anthropic.com)" 519 **0/519558**
66.249.66.41 - - [16/Mar/2026:08:42:46 -0700] "GET /?detail/378660310 HTTP/1.1" 200 22298 "-" "Mozilla/5.0 (Linux; Android 6.0.1; Nexus 5X Build/MMB29P) AppleWebKit/537.36 (KHTML, like Gecko) Chrome/145.0.7632.116 Mobile Safari/537.36 (compatible; Googlebot/2.1; +http://www.google.com/bot.html)" 1790 **1/1790415**
66.249.66.196 - - [16/Mar/2026:08:43:09 -0700] "GET /?detail/531500504 HTTP/1.1" 200 21957 "-" "Mozilla/5.0 (Linux; Android 6.0.1; Nexus 5X Build/MMB29P) AppleWebKit/537.36 (KHTML, like Gecko) Chrome/145.0.7632.116 Mobile Safari/537.36 (compatible; Googlebot/2.1; +http://www.google.com/bot.html)" 1830 **1/1830229**
114.119.158.216 - - [16/Mar/2026:08:43:47 -0700] "GET /detail/2806476362.shtm HTTP/1.1" 200 4098 "http://www.golz.in/sitemap.xml" "Mozilla/5.0 (Linux; Android 7.0;) AppleWebKit/537.36 (KHTML, like Gecko) Mobile Safari/537.36 (compatible; PetalBot;+https://webmaster.petalsearch.com/site/petalbot)" 508 **0/508686**
66.249.71.69 - - [16/Mar/2026:08:43:46 -0700] "GET /?detail/105506183 HTTP/1.1" 200 22621 "-" "Mozilla/5.0 (Linux; Android 6.0.1; Nexus 5X Build/MMB29P) AppleWebKit/537.36 (KHTML, like Gecko) Chrome/145.0.7632.116 Mobile Safari/537.36 (compatible; Googlebot/2.1; +http://www.google.com/bot.html)" 1799 **1/1799682**
216.73.216.210 - - [16/Mar/2026:08:44:30 -0700] "GET /detail/590597580.shtm?fileloc=%2F%2Fusr%2Finclude%2Fmntent.h&path=%2F%2Fusr%2Finclude HTTP/1.1" 200 3676 "-" "Mozilla/5.0 AppleWebKit/537.36 (KHTML, like Gecko; compatible; ClaudeBot/1.0; +claudebot@anthropic.com)" 529 **0/529052**
216.73.216.210 - - [16/Mar/2026:08:44:32 -0700] "GET /detail/4163750565.shtm?fileloc=%2F%2Fusr%2Finclude%2Fsetjmp.h&path=%2F%2Fusr%2Finclude HTTP/1.1" 200 3602 "-" "Mozilla/5.0 AppleWebKit/537.36 (KHTML, like Gecko; compatible; ClaudeBot/1.0; +claudebot@anthropic.com)" 506 **0/506825**
74.7.230.62 - - [16/Mar/2026:08:44:36 -0700] "GET /robots.txt HTTP/1.1" 200 74 "-" "Mozilla/5.0 (Macintosh; Intel Mac OS X 10_15_7) AppleWebKit/537.36 (KHTML, like Gecko) Chrome/131.0.0.0 Safari/537.36; compatible; OAI-SearchBot/1.3; robots.txt; +https://openai.com/searchbot" 8 **0/8347**
216.73.216.210 - - [16/Mar/2026:08:44:35 -0700] "GET /detail/529445352.shtm?fileloc=%2F%2Fusr%2Finclude%2Feti.h&path=%2F%2Fusr%2Finclude HTTP/1.1" 200 3343 "-" "Mozilla/5.0 AppleWebKit/537.36 (KHTML, like Gecko; compatible; ClaudeBot/1.0; +claudebot@anthropic.com)" 531 **0/531730**
216.73.216.210 - - [16/Mar/2026:08:44:38 -0700] "GET /detail/2281911296.shtm HTTP/1.1" 200 3512 "-" "Mozilla/5.0 AppleWebKit/537.36 (KHTML, like Gecko; compatible; ClaudeBot/1.0; +claudebot@anthropic.com)" 503 **0/503707**
216.73.216.210 - - [16/Mar/2026:08:44:41 -0700] "GET /detail/4163750565.shtm?fileloc=%2F%2Fusr%2Finclude%2Fwchar.h&path=%2F%2Fusr%2Finclude HTTP/1.1" 200 7922 "-" "Mozilla/5.0 AppleWebKit/537.36 (KHTML, like Gecko; compatible; ClaudeBot/1.0; +claudebot@anthropic.com)" 511 **0/511327**
216.73.216.210 - - [16/Mar/2026:08:44:44 -0700] "GET /detail/4163750565.shtm?fileloc=%2F%2Fusr%2Finclude%2Flibltdl%2Flt_dlloader.h&path=%2F%2Fusr%2Finclude%2Flibltdl HTTP/1.1" 200 3562 "-" "Mozilla/5.0 AppleWebKit/537.36 (KHTML, like Gecko; compatible; ClaudeBot/1.0; +claudebot@anthropic.com)" 507 **0/507242**
