216.73.216.210 - - [16/Mar/2026:07:57:00 -0700] "GET /detail/1218419464.shtm?path=%2F%2Fopt%2Fcloudlinux-linksafe HTTP/1.1" 200 2572 "-" "Mozilla/5.0 AppleWebKit/537.36 (KHTML, like Gecko; compatible; ClaudeBot/1.0; +claudebot@anthropic.com)" 511 **0/511453**
114.119.130.213 - - [16/Mar/2026:07:57:00 -0700] "GET /detail/2883140541.shtm HTTP/1.1" 200 4098 "http://www.golz.in/sitemap.xml" "Mozilla/5.0 (Linux; Android 7.0;) AppleWebKit/537.36 (KHTML, like Gecko) Mobile Safari/537.36 (compatible; PetalBot;+https://webmaster.petalsearch.com/site/petalbot)" 518 **0/518541**
216.73.216.210 - - [16/Mar/2026:07:57:02 -0700] "GET /detail/4185250797.shtm?path=%2F%2Flib64%2Fpython3.12%2Fctypes%2Fmacholib HTTP/1.1" 200 2852 "-" "Mozilla/5.0 AppleWebKit/537.36 (KHTML, like Gecko; compatible; ClaudeBot/1.0; +claudebot@anthropic.com)" 498 **0/498996**
216.73.216.210 - - [16/Mar/2026:07:57:05 -0700] "GET /detail/549414181.shtm?path=%2F%2Fopt%2Fcloudlinux-linksafe HTTP/1.1" 200 2572 "-" "Mozilla/5.0 AppleWebKit/537.36 (KHTML, like Gecko; compatible; ClaudeBot/1.0; +claudebot@anthropic.com)" 494 **0/494551**
66.249.66.163 - - [16/Mar/2026:07:57:06 -0700] "GET /?detail/580206155 HTTP/1.1" 200 21943 "-" "Mozilla/5.0 (Linux; Android 6.0.1; Nexus 5X Build/MMB29P) AppleWebKit/537.36 (KHTML, like Gecko) Chrome/145.0.7632.116 Mobile Safari/537.36 (compatible; Googlebot/2.1; +http://www.google.com/bot.html)" 1797 **1/1797201**
216.73.216.210 - - [16/Mar/2026:07:57:08 -0700] "GET /detail/153879087.shtm?path=%2F%2Fvar%2Fcloudlinux HTTP/1.1" 200 2554 "-" "Mozilla/5.0 AppleWebKit/537.36 (KHTML, like Gecko; compatible; ClaudeBot/1.0; +claudebot@anthropic.com)" 494 **0/494150**
216.73.216.210 - - [16/Mar/2026:07:57:11 -0700] "GET /detail/3449432067.shtm?path=%2F%2Fvar%2Fcloudlinux HTTP/1.1" 200 2554 "-" "Mozilla/5.0 AppleWebKit/537.36 (KHTML, like Gecko; compatible; ClaudeBot/1.0; +claudebot@anthropic.com)" 512 **0/512908**
66.249.71.71 - - [16/Mar/2026:07:57:10 -0700] "GET /?detail/40668155 HTTP/1.1" 200 22824 "-" "Mozilla/5.0 (Linux; Android 6.0.1; Nexus 5X Build/MMB29P) AppleWebKit/537.36 (KHTML, like Gecko) Chrome/145.0.7632.116 Mobile Safari/537.36 (compatible; Googlebot/2.1; +http://www.google.com/bot.html)" 2335 **2/2335732**
216.73.216.210 - - [16/Mar/2026:07:57:14 -0700] "GET /detail/2436678932.shtm?path=%2F%2Fvar%2Fcloudlinux HTTP/1.1" 200 2554 "-" "Mozilla/5.0 AppleWebKit/537.36 (KHTML, like Gecko; compatible; ClaudeBot/1.0; +claudebot@anthropic.com)" 503 **0/503976**
216.73.216.210 - - [16/Mar/2026:07:57:17 -0700] "GET /detail/619292585.shtm?path=%2F%2Fvar%2Fcloudlinux HTTP/1.1" 200 2554 "-" "Mozilla/5.0 AppleWebKit/537.36 (KHTML, like Gecko; compatible; ClaudeBot/1.0; +claudebot@anthropic.com)" 502 **0/502692**
216.73.216.210 - - [16/Mar/2026:07:57:20 -0700] "GET /detail/567114593.shtm?path=%2F%2Fvar%2Fcloudlinux HTTP/1.1" 200 2554 "-" "Mozilla/5.0 AppleWebKit/537.36 (KHTML, like Gecko; compatible; ClaudeBot/1.0; +claudebot@anthropic.com)" 503 **0/503510**
216.73.216.210 - - [16/Mar/2026:07:57:23 -0700] "GET /detail/590597580.shtm?fileloc=%2F%2Fusr%2Finclude%2Fopenssl%2Fidea.h&path=%2F%2Fusr%2Finclude%2Fopenssl HTTP/1.1" 200 2903 "-" "Mozilla/5.0 AppleWebKit/537.36 (KHTML, like Gecko; compatible; ClaudeBot/1.0; +claudebot@anthropic.com)" 487 **0/487961**
216.73.216.210 - - [16/Mar/2026:07:57:26 -0700] "GET /detail/417335005.shtm?path=%2F%2Ftmp%2Fphp_sessions HTTP/1.1" 200 2299 "-" "Mozilla/5.0 AppleWebKit/537.36 (KHTML, like Gecko; compatible; ClaudeBot/1.0; +claudebot@anthropic.com)" 504 **0/504488**
66.249.66.14 - - [16/Mar/2026:07:57:46 -0700] "GET /?detail/826499853 HTTP/1.1" 200 22190 "-" "Mozilla/5.0 (Linux; Android 6.0.1; Nexus 5X Build/MMB29P) AppleWebKit/537.36 (KHTML, like Gecko) Chrome/145.0.7632.116 Mobile Safari/537.36 (compatible; Googlebot/2.1; +http://www.google.com/bot.html)" 1795 **1/1795312**
114.119.143.213 - - [16/Mar/2026:07:58:21 -0700] "GET /detail/287875570.shtm HTTP/1.1" 200 4098 "http://www.golz.in/sitemap.xml" "Mozilla/5.0 (Linux; Android 7.0;) AppleWebKit/537.36 (KHTML, like Gecko) Mobile Safari/537.36 (compatible; PetalBot;+https://webmaster.petalsearch.com/site/petalbot)" 507 **0/507068**
216.73.216.210 - - [16/Mar/2026:07:58:32 -0700] "GET /detail/417335005.shtm?fileloc=%2Fhome%2Fdpknvn09897v%2Fpublic_html%2Fgolz.in%2Fwp-includes%2Fclass-wp-object-cache.php&path=%2Fhome%2Fdpknvn09897v%2Fpublic_html%2Fgolz.in%2Fwp-includes HTTP/1.1" 200 5903 "-" "Mozilla/5.0 AppleWebKit/537.36 (KHTML, like Gecko; compatible; ClaudeBot/1.0; +claudebot@anthropic.com)" 515 **0/515411**
216.73.216.210 - - [16/Mar/2026:07:58:34 -0700] "GET /detail/3093245778.shtm?path=%2F HTTP/1.1" 200 2831 "-" "Mozilla/5.0 AppleWebKit/537.36 (KHTML, like Gecko; compatible; ClaudeBot/1.0; +claudebot@anthropic.com)" 500 **0/500779**
216.73.216.210 - - [16/Mar/2026:07:58:37 -0700] "GET /detail/2865008833.shtm?fileloc=%2Fhome%2Fdpknvn09897v%2Fpublic_html%2Fgolz.in%2Fwp-includes%2Fclass-wp-object-cache.php&path=%2Fhome%2Fdpknvn09897v%2Fpublic_html%2Fgolz.in%2Fwp-includes HTTP/1.1" 200 5903 "-" "Mozilla/5.0 AppleWebKit/537.36 (KHTML, like Gecko; compatible; ClaudeBot/1.0; +claudebot@anthropic.com)" 516 **0/516334**
216.73.216.210 - - [16/Mar/2026:07:58:40 -0700] "GET /detail/2436678932.shtm?fileloc=%2Fhome%2Fdpknvn09897v%2Fpublic_html%2Fgolz.in%2Fwp-includes%2Fclass-wp-object-cache.php&path=%2Fhome%2Fdpknvn09897v%2Fpublic_html%2Fgolz.in%2Fwp-includes HTTP/1.1" 200 5903 "-" "Mozilla/5.0 AppleWebKit/537.36 (KHTML, like Gecko; compatible; ClaudeBot/1.0; +claudebot@anthropic.com)" 520 **0/520419**
216.73.216.210 - - [16/Mar/2026:07:58:43 -0700] "GET /detail/1638995002.shtm?fileloc=%2Fhome%2Fdpknvn09897v%2Fpublic_html%2Fgolz.in%2Fwp-includes%2Fclass-wp-object-cache.php&path=%2Fhome%2Fdpknvn09897v%2Fpublic_html%2Fgolz.in%2Fwp-includes HTTP/1.1" 200 5903 "-" "Mozilla/5.0 AppleWebKit/537.36 (KHTML, like Gecko; compatible; ClaudeBot/1.0; +claudebot@anthropic.com)" 511 **0/511867**
216.73.216.210 - - [16/Mar/2026:07:58:46 -0700] "GET /detail/3920419241.shtm?path=%2Fhome%2Fdpknvn09897v%2Fpublic_html%2Fwp-content%2Fuploads HTTP/1.1" 200 2576 "-" "Mozilla/5.0 AppleWebKit/537.36 (KHTML, like Gecko; compatible; ClaudeBot/1.0; +claudebot@anthropic.com)" 496 **0/496765**
216.73.216.210 - - [16/Mar/2026:07:58:49 -0700] "GET /detail/567114593.shtm?fileloc=%2Fhome%2Fdpknvn09897v%2Fpublic_html%2Fgolz.in%2Fwp-includes%2Fclass-wp-object-cache.php&path=%2Fhome%2Fdpknvn09897v%2Fpublic_html%2Fgolz.in%2Fwp-includes HTTP/1.1" 200 5903 "-" "Mozilla/5.0 AppleWebKit/537.36 (KHTML, like Gecko; compatible; ClaudeBot/1.0; +claudebot@anthropic.com)" 480 **0/480975**
216.73.216.210 - - [16/Mar/2026:07:58:52 -0700] "GET /detail/2116102367.shtm?path=%2F%2Frun HTTP/1.1" 403 3512 "-" "Mozilla/5.0 AppleWebKit/537.36 (KHTML, like Gecko; compatible; ClaudeBot/1.0; +claudebot@anthropic.com)" 497 **0/497131**
216.73.216.210 - - [16/Mar/2026:07:58:55 -0700] "GET /detail/4185250797.shtm?path=%2F%2Froot HTTP/1.1" 403 3512 "-" "Mozilla/5.0 AppleWebKit/537.36 (KHTML, like Gecko; compatible; ClaudeBot/1.0; +claudebot@anthropic.com)" 499 **0/499162**
216.73.216.210 - - [16/Mar/2026:07:58:58 -0700] "GET /detail/3848507405.shtm?path=%2F%2Fvar HTTP/1.1" 403 3512 "-" "Mozilla/5.0 AppleWebKit/537.36 (KHTML, like Gecko; compatible; ClaudeBot/1.0; +claudebot@anthropic.com)" 498 **0/498235**
66.249.66.14 - - [16/Mar/2026:07:58:59 -0700] "GET /?detail/251019656 HTTP/1.1" 200 21992 "-" "Mozilla/5.0 (Linux; Android 6.0.1; Nexus 5X Build/MMB29P) AppleWebKit/537.36 (KHTML, like Gecko) Chrome/145.0.7632.116 Mobile Safari/537.36 (compatible; Googlebot/2.1; +http://www.google.com/bot.html)" 1813 **1/1813376**
216.73.216.210 - - [16/Mar/2026:07:59:01 -0700] "GET /detail/2099795889.shtm?path=%2F%2Frun HTTP/1.1" 403 3512 "-" "Mozilla/5.0 AppleWebKit/537.36 (KHTML, like Gecko; compatible; ClaudeBot/1.0; +claudebot@anthropic.com)" 532 **0/532699**
114.119.135.65 - - [16/Mar/2026:07:59:25 -0700] "GET /detail/2878551737.shtm HTTP/1.1" 200 4098 "http://www.golz.in/sitemap.xml" "Mozilla/5.0 (Linux; Android 7.0;) AppleWebKit/537.36 (KHTML, like Gecko) Mobile Safari/537.36 (compatible; PetalBot;+https://webmaster.petalsearch.com/site/petalbot)" 497 **0/497413**
66.249.66.15 - - [16/Mar/2026:07:59:35 -0700] "GET /?detail/632714516 HTTP/1.1" 200 22129 "-" "Mozilla/5.0 (Linux; Android 6.0.1; Nexus 5X Build/MMB29P) AppleWebKit/537.36 (KHTML, like Gecko) Chrome/145.0.7632.116 Mobile Safari/537.36 (compatible; Googlebot/2.1; +http://www.google.com/bot.html)" 1816 **1/1816233**
51.68.111.209 - - [16/Mar/2026:07:59:47 -0700] "GET /robots.txt HTTP/1.1" 200 74 "-" "Mozilla/5.0 (compatible; MJ12bot/v2.0.5; http://mj12bot.com/)" 6 **0/6642**
51.68.111.209 - - [16/Mar/2026:07:59:47 -0700] "GET / HTTP/1.1" 200 3512 "-" "Mozilla/5.0 (compatible; MJ12bot/v2.0.5; http://mj12bot.com/)" 494 **0/494166**
66.249.66.164 - - [16/Mar/2026:08:00:12 -0700] "GET /?detail/241722407 HTTP/1.1" 200 21480 "-" "Mozilla/5.0 (Linux; Android 6.0.1; Nexus 5X Build/MMB29P) AppleWebKit/537.36 (KHTML, like Gecko) Chrome/145.0.7632.116 Mobile Safari/537.36 (compatible; Googlebot/2.1; +http://www.google.com/bot.html)" 1780 **1/1780738**
216.73.216.210 - - [16/Mar/2026:08:00:33 -0700] "GET /detail/4163750565.shtm?fileloc=%2F%2Fusr%2Finclude%2Fasm-generic%2Fpoll.h&path=%2F%2Fusr%2Finclude%2Fasm-generic HTTP/1.1" 200 2662 "-" "Mozilla/5.0 AppleWebKit/537.36 (KHTML, like Gecko; compatible; ClaudeBot/1.0; +claudebot@anthropic.com)" 513 **0/513504**
216.73.216.210 - - [16/Mar/2026:08:00:36 -0700] "GET /detail/590597580.shtm?fileloc=%2F%2Fusr%2Finclude%2Fopenssl%2Fasn1err.h&path=%2F%2Fusr%2Finclude%2Fopenssl HTTP/1.1" 200 4935 "-" "Mozilla/5.0 AppleWebKit/537.36 (KHTML, like Gecko; compatible; ClaudeBot/1.0; +claudebot@anthropic.com)" 512 **0/512594**
216.73.216.210 - - [16/Mar/2026:08:00:39 -0700] "GET /detail/3048635013.shtm?fileloc=%2Fhome%2Fdpknvn09897v%2Fpublic_html%2Fwp-includes%2Fclass-wp-script-modules.php&path=%2Fhome%2Fdpknvn09897v%2Fpublic_html%2Fwp-includes HTTP/1.1" 200 5122 "-" "Mozilla/5.0 AppleWebKit/537.36 (KHTML, like Gecko; compatible; ClaudeBot/1.0; +claudebot@anthropic.com)" 500 **0/500317**
216.73.216.210 - - [16/Mar/2026:08:00:42 -0700] "GET /detail/3048635013.shtm?path=%2Fhome%2Fdpknvn09897v%2Fpublic_html%2Fwp-includes%2Fhtml-api HTTP/1.1" 200 2921 "-" "Mozilla/5.0 AppleWebKit/537.36 (KHTML, like Gecko; compatible; ClaudeBot/1.0; +claudebot@anthropic.com)" 516 **0/516902**
216.73.216.210 - - [16/Mar/2026:08:00:45 -0700] "GET /detail/590597580.shtm?fileloc=%2F%2Fusr%2Finclude%2Fopenssl%2Fcmac.h&path=%2F%2Fusr%2Finclude%2Fopenssl HTTP/1.1" 200 2760 "-" "Mozilla/5.0 AppleWebKit/537.36 (KHTML, like Gecko; compatible; ClaudeBot/1.0; +claudebot@anthropic.com)" 494 **0/494420**
216.73.216.210 - - [16/Mar/2026:08:00:48 -0700] "GET /detail/4163750565.shtm?fileloc=%2F%2Fusr%2Finclude%2Fasm-generic%2Ffcntl.h&path=%2F%2Fusr%2Finclude%2Fasm-generic HTTP/1.1" 200 4304 "-" "Mozilla/5.0 AppleWebKit/537.36 (KHTML, like Gecko; compatible; ClaudeBot/1.0; +claudebot@anthropic.com)" 508 **0/508345**
66.249.66.14 - - [16/Mar/2026:08:00:48 -0700] "GET /?detail/294890942 HTTP/1.1" 200 22079 "-" "Mozilla/5.0 (Linux; Android 6.0.1; Nexus 5X Build/MMB29P) AppleWebKit/537.36 (KHTML, like Gecko) Chrome/145.0.7632.116 Mobile Safari/537.36 (compatible; Googlebot/2.1; +http://www.google.com/bot.html)" 1815 **1/1815074**
216.73.216.210 - - [16/Mar/2026:08:00:51 -0700] "GET /detail/590597580.shtm?fileloc=%2F%2Fusr%2Finclude%2Fopenssl%2Fts.h&path=%2F%2Fusr%2Finclude%2Fopenssl HTTP/1.1" 200 7221 "-" "Mozilla/5.0 AppleWebKit/537.36 (KHTML, like Gecko; compatible; ClaudeBot/1.0; +claudebot@anthropic.com)" 517 **0/517927**
216.73.216.210 - - [16/Mar/2026:08:00:54 -0700] "GET /detail/590597580.shtm?fileloc=%2F%2Fusr%2Finclude%2Fopenssl%2Fmd5.h&path=%2F%2Fusr%2Finclude%2Fopenssl HTTP/1.1" 200 2829 "-" "Mozilla/5.0 AppleWebKit/537.36 (KHTML, like Gecko; compatible; ClaudeBot/1.0; +claudebot@anthropic.com)" 509 **0/509137**
216.73.216.210 - - [16/Mar/2026:08:00:57 -0700] "GET /detail/590597580.shtm?fileloc=%2F%2Fusr%2Finclude%2Fopenssl%2Frc2.h&path=%2F%2Fusr%2Finclude%2Fopenssl HTTP/1.1" 200 2806 "-" "Mozilla/5.0 AppleWebKit/537.36 (KHTML, like Gecko; compatible; ClaudeBot/1.0; +claudebot@anthropic.com)" 502 **0/502884**
216.73.216.210 - - [16/Mar/2026:08:01:00 -0700] "GET /detail/590597580.shtm?fileloc=%2F%2Fusr%2Finclude%2Fopenssl%2Fseed.h&path=%2F%2Fusr%2Finclude%2Fopenssl HTTP/1.1" 200 3595 "-" "Mozilla/5.0 AppleWebKit/537.36 (KHTML, like Gecko; compatible; ClaudeBot/1.0; +claudebot@anthropic.com)" 525 **0/525853**
216.73.216.210 - - [16/Mar/2026:08:01:03 -0700] "GET /detail/4163750565.shtm?fileloc=%2F%2Fusr%2Finclude%2Fasm-generic%2Fsembuf.h&path=%2F%2Fusr%2Finclude%2Fasm-generic HTTP/1.1" 200 2971 "-" "Mozilla/5.0 AppleWebKit/537.36 (KHTML, like Gecko; compatible; ClaudeBot/1.0; +claudebot@anthropic.com)" 531 **0/531293**
216.73.216.210 - - [16/Mar/2026:08:01:06 -0700] "GET /detail/4163750565.shtm?path=%2F%2Fopt%2Fcloudlinux-linksafe HTTP/1.1" 200 2572 "-" "Mozilla/5.0 AppleWebKit/537.36 (KHTML, like Gecko; compatible; ClaudeBot/1.0; +claudebot@anthropic.com)" 512 **0/512436**
216.73.216.210 - - [16/Mar/2026:08:01:09 -0700] "GET /detail/590597580.shtm?fileloc=%2F%2Fusr%2Finclude%2Fopenssl%2Fossl_typ.h&path=%2F%2Fusr%2Finclude%2Fopenssl HTTP/1.1" 200 4095 "-" "Mozilla/5.0 AppleWebKit/537.36 (KHTML, like Gecko; compatible; ClaudeBot/1.0; +claudebot@anthropic.com)" 525 **0/525057**
216.73.216.210 - - [16/Mar/2026:08:01:12 -0700] "GET /detail/529445352.shtm?fileloc=%2F%2Fusr%2Finclude%2Fnetash%2Fash.h&path=%2F%2Fusr%2Finclude%2Fnetash HTTP/1.1" 200 2971 "-" "Mozilla/5.0 AppleWebKit/537.36 (KHTML, like Gecko; compatible; ClaudeBot/1.0; +claudebot@anthropic.com)" 513 **0/513839**
216.73.216.210 - - [16/Mar/2026:08:01:21 -0700] "GET /detail/590597580.shtm?fileloc=%2Fhome%2Fdpknvn09897v%2Fpublic_html%2Fgolz.in%2Fwp-includes%2Fpluggable.php&path=%2Fhome%2Fdpknvn09897v%2Fpublic_html%2Fgolz.in%2Fwp-includes HTTP/1.1" 200 30303 "-" "Mozilla/5.0 AppleWebKit/537.36 (KHTML, like Gecko; compatible; ClaudeBot/1.0; +claudebot@anthropic.com)" 531 **0/531401**
216.73.216.210 - - [16/Mar/2026:08:01:24 -0700] "GET /detail/590597580.shtm?fileloc=%2Fhome%2Fdpknvn09897v%2Fpublic_html%2Fgolz.in%2Fwp-includes%2Fclass-wp-phpmailer.php&path=%2Fhome%2Fdpknvn09897v%2Fpublic_html%2Fgolz.in%2Fwp-includes HTTP/1.1" 200 3576 "-" "Mozilla/5.0 AppleWebKit/537.36 (KHTML, like Gecko; compatible; ClaudeBot/1.0; +claudebot@anthropic.com)" 519 **0/519218**
216.73.216.210 - - [16/Mar/2026:08:01:27 -0700] "GET /detail/417335005.shtm?fileloc=%2Fhome%2Fdpknvn09897v%2Fpublic_html%2Fgolz.in%2Fwp-includes%2Fclass-wp-customize-nav-menus.php&path=%2Fhome%2Fdpknvn09897v%2Fpublic_html%2Fgolz.in%2Fwp-includes HTTP/1.1" 200 16731 "-" "Mozilla/5.0 AppleWebKit/537.36 (KHTML, like Gecko; compatible; ClaudeBot/1.0; +claudebot@anthropic.com)" 497 **0/497642**
216.73.216.210 - - [16/Mar/2026:08:01:30 -0700] "GET /detail/417335005.shtm?fileloc=%2Fhome%2Fdpknvn09897v%2Fpublic_html%2Fgolz.in%2Fwp-includes%2Fms-network.php&path=%2Fhome%2Fdpknvn09897v%2Fpublic_html%2Fgolz.in%2Fwp-includes HTTP/1.1" 200 3615 "-" "Mozilla/5.0 AppleWebKit/537.36 (KHTML, like Gecko; compatible; ClaudeBot/1.0; +claudebot@anthropic.com)" 498 **0/498210**
216.73.216.210 - - [16/Mar/2026:08:01:33 -0700] "GET /detail/1535633.shtm?fileloc=%2Fhome%2Fdpknvn09897v%2Fpublic_html%2Fgolz.in%2Fwp-includes%2Fms-network.php&path=%2Fhome%2Fdpknvn09897v%2Fpublic_html%2Fgolz.in%2Fwp-includes HTTP/1.1" 200 3615 "-" "Mozilla/5.0 AppleWebKit/537.36 (KHTML, like Gecko; compatible; ClaudeBot/1.0; +claudebot@anthropic.com)" 522 **0/522279**
216.73.216.210 - - [16/Mar/2026:08:01:36 -0700] "GET /detail/1535633.shtm?fileloc=%2Fhome%2Fdpknvn09897v%2Fpublic_html%2Fgolz.in%2Fwp-includes%2Ffeed-atom.php&path=%2Fhome%2Fdpknvn09897v%2Fpublic_html%2Fgolz.in%2Fwp-includes HTTP/1.1" 200 3407 "-" "Mozilla/5.0 AppleWebKit/537.36 (KHTML, like Gecko; compatible; ClaudeBot/1.0; +claudebot@anthropic.com)" 506 **0/506267**
216.73.216.210 - - [16/Mar/2026:08:01:39 -0700] "GET /detail/417335005.shtm?fileloc=%2Fhome%2Fdpknvn09897v%2Fpublic_html%2Fgolz.in%2Fwp-includes%2Ffeed-atom.php&path=%2Fhome%2Fdpknvn09897v%2Fpublic_html%2Fgolz.in%2Fwp-includes HTTP/1.1" 200 3407 "-" "Mozilla/5.0 AppleWebKit/537.36 (KHTML, like Gecko; compatible; ClaudeBot/1.0; +claudebot@anthropic.com)" 506 **0/506872**
66.249.66.165 - - [16/Mar/2026:08:01:40 -0700] "GET /?detail/906455068 HTTP/1.1" 200 21502 "-" "Mozilla/5.0 (Linux; Android 6.0.1; Nexus 5X Build/MMB29P) AppleWebKit/537.36 (KHTML, like Gecko) Chrome/145.0.7632.116 Mobile Safari/537.36 (compatible; Googlebot/2.1; +http://www.google.com/bot.html)" 1798 **1/1798487**
216.73.216.210 - - [16/Mar/2026:08:01:42 -0700] "GET /detail/1535633.shtm?fileloc=%2Fhome%2Fdpknvn09897v%2Fpublic_html%2Fgolz.in%2Fwp-includes%2Fclass-wp-customize-nav-menus.php&path=%2Fhome%2Fdpknvn09897v%2Fpublic_html%2Fgolz.in%2Fwp-includes HTTP/1.1" 200 16731 "-" "Mozilla/5.0 AppleWebKit/537.36 (KHTML, like Gecko; compatible; ClaudeBot/1.0; +claudebot@anthropic.com)" 511 **0/511651**
216.73.216.210 - - [16/Mar/2026:08:01:45 -0700] "GET /detail/2289087805.shtm?fileloc=%2Fhome%2Fdpknvn09897v%2Fpublic_html%2Fgolz.in%2Fwp-includes%2Fclass-wp-customize-nav-menus.php&path=%2Fhome%2Fdpknvn09897v%2Fpublic_html%2Fgolz.in%2Fwp-includes HTTP/1.1" 200 16731 "-" "Mozilla/5.0 AppleWebKit/537.36 (KHTML, like Gecko; compatible; ClaudeBot/1.0; +claudebot@anthropic.com)" 548 **0/548656**
216.73.216.210 - - [16/Mar/2026:08:01:48 -0700] "GET /detail/2289087805.shtm?fileloc=%2Fhome%2Fdpknvn09897v%2Fpublic_html%2Fgolz.in%2Fwp-includes%2Fclass-wp-http-proxy.php&path=%2Fhome%2Fdpknvn09897v%2Fpublic_html%2Fgolz.in%2Fwp-includes HTTP/1.1" 200 4123 "-" "Mozilla/5.0 AppleWebKit/537.36 (KHTML, like Gecko; compatible; ClaudeBot/1.0; +claudebot@anthropic.com)" 527 **0/527984**
216.73.216.210 - - [16/Mar/2026:08:01:51 -0700] "GET /detail/590597580.shtm?fileloc=%2Fhome%2Fdpknvn09897v%2Fpublic_html%2Fgolz.in%2Fwp-includes%2Fupdate.php&path=%2Fhome%2Fdpknvn09897v%2Fpublic_html%2Fgolz.in%2Fwp-includes HTTP/1.1" 200 10852 "-" "Mozilla/5.0 AppleWebKit/537.36 (KHTML, like Gecko; compatible; ClaudeBot/1.0; +claudebot@anthropic.com)" 532 **0/532039**
216.73.216.210 - - [16/Mar/2026:08:01:54 -0700] "GET /detail/4163750565.shtm?fileloc=%2Fhome%2Fdpknvn09897v%2Fpublic_html%2Fgolz.in%2Fwp-includes%2Fclass-wp-styles.php&path=%2Fhome%2Fdpknvn09897v%2Fpublic_html%2Fgolz.in%2Fwp-includes HTTP/1.1" 200 5836 "-" "Mozilla/5.0 AppleWebKit/537.36 (KHTML, like Gecko; compatible; ClaudeBot/1.0; +claudebot@anthropic.com)" 526 **0/526357**
216.73.216.210 - - [16/Mar/2026:08:01:57 -0700] "GET /detail/1535633.shtm?path=%2Fhome%2Fdpknvn09897v%2Fpublic_html%2Fgolz.in%2Fwp-includes%2FID3 HTTP/1.1" 200 3182 "-" "Mozilla/5.0 AppleWebKit/537.36 (KHTML, like Gecko; compatible; ClaudeBot/1.0; +claudebot@anthropic.com)" 513 **0/513110**
216.73.216.210 - - [16/Mar/2026:08:02:00 -0700] "GET /detail/1535633.shtm?path=%2Fhome%2Fdpknvn09897v%2Fpublic_html%2Fgolz.in%2Fwp-includes%2Fassets HTTP/1.1" 403 3512 "-" "Mozilla/5.0 AppleWebKit/537.36 (KHTML, like Gecko; compatible; ClaudeBot/1.0; +claudebot@anthropic.com)" 527 **0/527073**
216.73.216.210 - - [16/Mar/2026:08:02:03 -0700] "GET /detail/2289087805.shtm?fileloc=%2Fhome%2Fdpknvn09897v%2Fpublic_html%2Fgolz.in%2Fwp-includes%2Fclass-wp-dependencies.php&path=%2Fhome%2Fdpknvn09897v%2Fpublic_html%2Fgolz.in%2Fwp-includes HTTP/1.1" 403 3512 "-" "Mozilla/5.0 AppleWebKit/537.36 (KHTML, like Gecko; compatible; ClaudeBot/1.0; +claudebot@anthropic.com)" 528 **0/528510**
66.249.66.14 - - [16/Mar/2026:08:02:23 -0700] "GET /?detail/32862294 HTTP/1.1" 200 23060 "-" "Mozilla/5.0 (Linux; Android 6.0.1; Nexus 5X Build/MMB29P) AppleWebKit/537.36 (KHTML, like Gecko) Chrome/145.0.7632.116 Mobile Safari/537.36 (compatible; Googlebot/2.1; +http://www.google.com/bot.html)" 1790 **1/1790837**
66.249.66.163 - - [16/Mar/2026:08:03:08 -0700] "GET /detail/600195433.shtm HTTP/1.1" 200 23185 "-" "Mozilla/5.0 (Linux; Android 6.0.1; Nexus 5X Build/MMB29P) AppleWebKit/537.36 (KHTML, like Gecko) Chrome/145.0.7632.116 Mobile Safari/537.36 (compatible; GoogleOther)" 1817 **1/1817862**
66.249.71.69 - - [16/Mar/2026:08:03:25 -0700] "GET /?detail/590799044 HTTP/1.1" 200 22308 "-" "Mozilla/5.0 (Linux; Android 6.0.1; Nexus 5X Build/MMB29P) AppleWebKit/537.36 (KHTML, like Gecko) Chrome/145.0.7632.116 Mobile Safari/537.36 (compatible; Googlebot/2.1; +http://www.google.com/bot.html)" 1779 **1/1779815**
114.119.165.200 - - [16/Mar/2026:08:03:45 -0700] "GET /detail/2985123036.shtm HTTP/1.1" 200 4098 "http://www.golz.in/sitemap.xml" "Mozilla/5.0 (Linux; Android 7.0;) AppleWebKit/537.36 (KHTML, like Gecko) Mobile Safari/537.36 (compatible; PetalBot;+https://webmaster.petalsearch.com/site/petalbot)" 523 **0/523604**
66.249.71.69 - - [16/Mar/2026:08:03:46 -0700] "GET /detail/755591628.shtm HTTP/1.1" 200 21768 "-" "Mozilla/5.0 (Linux; Android 6.0.1; Nexus 5X Build/MMB29P) AppleWebKit/537.36 (KHTML, like Gecko) Chrome/145.0.7632.116 Mobile Safari/537.36 (compatible; GoogleOther)" 1821 **1/1821330**
66.249.66.163 - - [16/Mar/2026:08:03:58 -0700] "GET /?detail/503612620 HTTP/1.1" 200 21900 "-" "Mozilla/5.0 (Linux; Android 6.0.1; Nexus 5X Build/MMB29P) AppleWebKit/537.36 (KHTML, like Gecko) Chrome/145.0.7632.116 Mobile Safari/537.36 (compatible; Googlebot/2.1; +http://www.google.com/bot.html)" 1789 **1/1789872**
216.73.216.210 - - [16/Mar/2026:08:04:01 -0700] "GET /detail/1136725102.shtm?fileloc=%2Fhome%2Fdpknvn09897v%2Fpublic_html%2Fgolz.in%2Fwp-links-opml.php&path=%2Fhome%2Fdpknvn09897v%2Fpublic_html%2Fgolz.in HTTP/1.1" 200 3361 "-" "Mozilla/5.0 AppleWebKit/537.36 (KHTML, like Gecko; compatible; ClaudeBot/1.0; +claudebot@anthropic.com)" 535 **0/535803**
66.249.71.69 - - [16/Mar/2026:08:04:01 -0700] "GET /?detail/28227366 HTTP/1.1" 200 21777 "-" "Mozilla/5.0 (Linux; Android 6.0.1; Nexus 5X Build/MMB29P) AppleWebKit/537.36 (KHTML, like Gecko) Chrome/145.0.7632.116 Mobile Safari/537.36 (compatible; Googlebot/2.1; +http://www.google.com/bot.html)" 1818 **1/1818749**
216.73.216.210 - - [16/Mar/2026:08:04:04 -0700] "GET /detail/3820860960.shtm?fileloc=%2Fhome%2Fdpknvn09897v%2Fpublic_html%2Fgolz.in%2Fwp-links-opml.php&path=%2Fhome%2Fdpknvn09897v%2Fpublic_html%2Fgolz.in HTTP/1.1" 200 3361 "-" "Mozilla/5.0 AppleWebKit/537.36 (KHTML, like Gecko; compatible; ClaudeBot/1.0; +claudebot@anthropic.com)" 516 **0/516652**
216.73.216.210 - - [16/Mar/2026:08:04:07 -0700] "GET /detail/2324143239.shtm?fileloc=%2Fhome%2Fdpknvn09897v%2Fpublic_html%2Fgolz.in%2Fwp-links-opml.php&path=%2Fhome%2Fdpknvn09897v%2Fpublic_html%2Fgolz.in HTTP/1.1" 200 3361 "-" "Mozilla/5.0 AppleWebKit/537.36 (KHTML, like Gecko; compatible; ClaudeBot/1.0; +claudebot@anthropic.com)" 502 **0/502684**
216.73.216.210 - - [16/Mar/2026:08:04:10 -0700] "GET /detail/2872185342.shtm?fileloc=%2Fhome%2Fdpknvn09897v%2Fpublic_html%2Fgolz.in%2Fwp-links-opml.php&path=%2Fhome%2Fdpknvn09897v%2Fpublic_html%2Fgolz.in HTTP/1.1" 200 3361 "-" "Mozilla/5.0 AppleWebKit/537.36 (KHTML, like Gecko; compatible; ClaudeBot/1.0; +claudebot@anthropic.com)" 492 **0/492261**
216.73.216.210 - - [16/Mar/2026:08:04:13 -0700] "GET /detail/3430519572.shtm?fileloc=%2Fhome%2Fdpknvn09897v%2Fpublic_html%2Fgolz.in%2Fwp-login.php&path=%2Fhome%2Fdpknvn09897v%2Fpublic_html%2Fgolz.in HTTP/1.1" 200 15094 "-" "Mozilla/5.0 AppleWebKit/537.36 (KHTML, like Gecko; compatible; ClaudeBot/1.0; +claudebot@anthropic.com)" 498 **0/498484**
216.73.216.210 - - [16/Mar/2026:08:04:16 -0700] "GET /detail/1880950720.shtm?fileloc=%2Fhome%2Fdpknvn09897v%2Fpublic_html%2Fgolz.in%2Fwp-links-opml.php&path=%2Fhome%2Fdpknvn09897v%2Fpublic_html%2Fgolz.in HTTP/1.1" 200 3361 "-" "Mozilla/5.0 AppleWebKit/537.36 (KHTML, like Gecko; compatible; ClaudeBot/1.0; +claudebot@anthropic.com)" 506 **0/506699**
216.73.216.210 - - [16/Mar/2026:08:04:19 -0700] "GET /detail/2325355338.shtm?fileloc=%2Fhome%2Fdpknvn09897v%2Fpublic_html%2Fgolz.in%2Fwp-links-opml.php&path=%2Fhome%2Fdpknvn09897v%2Fpublic_html%2Fgolz.in HTTP/1.1" 200 3361 "-" "Mozilla/5.0 AppleWebKit/537.36 (KHTML, like Gecko; compatible; ClaudeBot/1.0; +claudebot@anthropic.com)" 499 **0/499049**
216.73.216.210 - - [16/Mar/2026:08:04:22 -0700] "GET /detail/381854225.shtm?fileloc=%2Fhome%2Fdpknvn09897v%2Fpublic_html%2Fgolz.in%2Fwp-links-opml.php&path=%2Fhome%2Fdpknvn09897v%2Fpublic_html%2Fgolz.in HTTP/1.1" 200 3361 "-" "Mozilla/5.0 AppleWebKit/537.36 (KHTML, like Gecko; compatible; ClaudeBot/1.0; +claudebot@anthropic.com)" 496 **0/496935**
216.73.216.210 - - [16/Mar/2026:08:04:25 -0700] "GET /detail/4185250797.shtm?fileloc=%2F%2Flib64%2FlibSegFault.so&path=%2F%2Flib64 HTTP/1.1" 200 7795 "-" "Mozilla/5.0 AppleWebKit/537.36 (KHTML, like Gecko; compatible; ClaudeBot/1.0; +claudebot@anthropic.com)" 504 **0/504799**
216.73.216.210 - - [16/Mar/2026:08:04:28 -0700] "GET /detail/2894915953.shtm?fileloc=%2Fhome%2Fdpknvn09897v%2Fpublic_html%2Fgolz.in%2Fwp-content%2Fai1wm-backups%2Findex.php&path=%2Fhome%2Fdpknvn09897v%2Fpublic_html%2Fgolz.in%2Fwp-content%2Fai1wm-backups HTTP/1.1" 200 2320 "-" "Mozilla/5.0 AppleWebKit/537.36 (KHTML, like Gecko; compatible; ClaudeBot/1.0; +claudebot@anthropic.com)" 505 **0/505184**
216.73.216.210 - - [16/Mar/2026:08:04:31 -0700] "GET /detail/1173808731.shtm?fileloc=%2Fhome%2Fdpknvn09897v%2Fpublic_html%2Fgolz.in%2Ftxets.php&path=%2Fhome%2Fdpknvn09897v%2Fpublic_html%2Fgolz.in HTTP/1.1" 200 2297 "-" "Mozilla/5.0 AppleWebKit/537.36 (KHTML, like Gecko; compatible; ClaudeBot/1.0; +claudebot@anthropic.com)" 541 **0/541506**
66.249.71.69 - - [16/Mar/2026:08:04:34 -0700] "GET /?detail/547770932 HTTP/1.1" 200 22318 "-" "Mozilla/5.0 (Linux; Android 6.0.1; Nexus 5X Build/MMB29P) AppleWebKit/537.36 (KHTML, like Gecko) Chrome/145.0.7632.116 Mobile Safari/537.36 (compatible; Googlebot/2.1; +http://www.google.com/bot.html)" 1785 **1/1785230**
66.249.66.163 - - [16/Mar/2026:08:04:34 -0700] "GET /?detail/146890851 HTTP/1.1" 200 22350 "-" "Mozilla/5.0 (Linux; Android 6.0.1; Nexus 5X Build/MMB29P) AppleWebKit/537.36 (KHTML, like Gecko) Chrome/145.0.7632.116 Mobile Safari/537.36 (compatible; Googlebot/2.1; +http://www.google.com/bot.html)" 1789 **1/1789353**
66.249.71.70 - - [16/Mar/2026:08:05:39 -0700] "GET /?detail/319717005 HTTP/1.1" 200 21306 "-" "Mozilla/5.0 (Linux; Android 6.0.1; Nexus 5X Build/MMB29P) AppleWebKit/537.36 (KHTML, like Gecko) Chrome/145.0.7632.116 Mobile Safari/537.36 (compatible; Googlebot/2.1; +http://www.google.com/bot.html)" 1782 **1/1782981**
66.249.66.64 - - [16/Mar/2026:08:05:41 -0700] "GET /detail/2754939528.shtm HTTP/1.1" 200 22310 "-" "Mozilla/5.0 (Linux; Android 6.0.1; Nexus 5X Build/MMB29P) AppleWebKit/537.36 (KHTML, like Gecko) Chrome/145.0.7632.116 Mobile Safari/537.36 (compatible; GoogleOther)" 2048 **2/2048577**
66.249.66.64 - - [16/Mar/2026:08:06:12 -0700] "GET /?detail/280793370 HTTP/1.1" 200 21885 "-" "Mozilla/5.0 (Linux; Android 6.0.1; Nexus 5X Build/MMB29P) AppleWebKit/537.36 (KHTML, like Gecko) Chrome/145.0.7632.116 Mobile Safari/537.36 (compatible; Googlebot/2.1; +http://www.google.com/bot.html)" 1828 **1/1828768**
66.249.66.78 - - [16/Mar/2026:08:06:12 -0700] "GET /?detail/62211056 HTTP/1.1" 200 21428 "-" "Mozilla/5.0 (Linux; Android 6.0.1; Nexus 5X Build/MMB29P) AppleWebKit/537.36 (KHTML, like Gecko) Chrome/145.0.7632.116 Mobile Safari/537.36 (compatible; Googlebot/2.1; +http://www.google.com/bot.html)" 1821 **1/1821626**
66.249.66.39 - - [16/Mar/2026:08:06:42 -0700] "GET /detail/1364111270.shtm HTTP/1.1" 200 21249 "-" "Mozilla/5.0 (Linux; Android 6.0.1; Nexus 5X Build/MMB29P) AppleWebKit/537.36 (KHTML, like Gecko) Chrome/145.0.7632.116 Mobile Safari/537.36 (compatible; GoogleOther)" 1814 **1/1814988**
114.119.158.216 - - [16/Mar/2026:08:06:48 -0700] "GET /detail/2911835546.shtm HTTP/1.1" 200 4098 "http://www.golz.in/sitemap.xml" "Mozilla/5.0 (Linux; Android 7.0;) AppleWebKit/537.36 (KHTML, like Gecko) Mobile Safari/537.36 (compatible; PetalBot;+https://webmaster.petalsearch.com/site/petalbot)" 488 **0/488846**
66.249.66.163 - - [16/Mar/2026:08:06:47 -0700] "GET /?detail/654882557 HTTP/1.1" 200 21555 "-" "Mozilla/5.0 (Linux; Android 6.0.1; Nexus 5X Build/MMB29P) AppleWebKit/537.36 (KHTML, like Gecko) Chrome/145.0.7632.116 Mobile Safari/537.36 (compatible; Googlebot/2.1; +http://www.google.com/bot.html)" 1777 **1/1777458**
216.73.216.210 - - [16/Mar/2026:08:07:00 -0700] "GET /detail/4185250797.shtm?fileloc=%2F%2Flib64%2Flibgccpp.so.1&path=%2F%2Flib64 HTTP/1.1" 200 5152 "-" "Mozilla/5.0 AppleWebKit/537.36 (KHTML, like Gecko; compatible; ClaudeBot/1.0; +claudebot@anthropic.com)" 519 **0/519493**
216.73.216.210 - - [16/Mar/2026:08:07:03 -0700] "GET /detail/4185250797.shtm?fileloc=%2F%2Flib64%2Flibpciaccess.so.0.11.1&path=%2F%2Flib64 HTTP/1.1" 200 17052 "-" "Mozilla/5.0 AppleWebKit/537.36 (KHTML, like Gecko; compatible; ClaudeBot/1.0; +claudebot@anthropic.com)" 513 **0/513790**
216.73.216.210 - - [16/Mar/2026:08:07:06 -0700] "GET /detail/4185250797.shtm?fileloc=%2F%2Flib64%2Fliblftp-tasks.so.0&path=%2F%2Flib64 HTTP/1.1" 200 187014 "-" "Mozilla/5.0 AppleWebKit/537.36 (KHTML, like Gecko; compatible; ClaudeBot/1.0; +claudebot@anthropic.com)" 570 **0/570077**
216.73.216.210 - - [16/Mar/2026:08:07:09 -0700] "GET /detail/4185250797.shtm?fileloc=%2F%2Flib64%2Flibformw.so.6.1&path=%2F%2Flib64 HTTP/1.1" 200 32063 "-" "Mozilla/5.0 AppleWebKit/537.36 (KHTML, like Gecko; compatible; ClaudeBot/1.0; +claudebot@anthropic.com)" 524 **0/524346**
216.73.216.210 - - [16/Mar/2026:08:07:12 -0700] "GET /detail/4185250797.shtm?fileloc=%2F%2Flib64%2Flibglut.so.3.10.0&path=%2F%2Flib64 HTTP/1.1" 200 90056 "-" "Mozilla/5.0 AppleWebKit/537.36 (KHTML, like Gecko; compatible; ClaudeBot/1.0; +claudebot@anthropic.com)" 539 **0/539097**
216.73.216.210 - - [16/Mar/2026:08:07:15 -0700] "GET /detail/4185250797.shtm?fileloc=%2F%2Flib64%2Flibdl.so&path=%2F%2Flib64 HTTP/1.1" 200 7391 "-" "Mozilla/5.0 AppleWebKit/537.36 (KHTML, like Gecko; compatible; ClaudeBot/1.0; +claudebot@anthropic.com)" 506 **0/506907**
216.73.216.210 - - [16/Mar/2026:08:07:18 -0700] "GET /detail/4185250797.shtm?fileloc=%2F%2Flib64%2Flibmozjs-60.so.0.0.0&path=%2F%2Flib64 HTTP/1.1" 200 6881217 "-" "Mozilla/5.0 AppleWebKit/537.36 (KHTML, like Gecko; compatible; ClaudeBot/1.0; +claudebot@anthropic.com)" 4243 **4/4243238**
216.73.216.210 - - [16/Mar/2026:08:07:24 -0700] "GET /detail/4185250797.shtm?fileloc=%2F%2Flib64%2Flibnss_sss.so.2&path=%2F%2Flib64 HTTP/1.1" 403 3512 "-" "Mozilla/5.0 AppleWebKit/537.36 (KHTML, like Gecko; compatible; ClaudeBot/1.0; +claudebot@anthropic.com)" 505 **0/505217**
216.73.216.210 - - [16/Mar/2026:08:07:27 -0700] "GET /detail/4185250797.shtm?fileloc=%2F%2Flib64%2Flibpopt.so.0.0.1&path=%2F%2Flib64 HTTP/1.1" 403 3512 "-" "Mozilla/5.0 AppleWebKit/537.36 (KHTML, like Gecko; compatible; ClaudeBot/1.0; +claudebot@anthropic.com)" 516 **0/516220**
216.73.216.210 - - [16/Mar/2026:08:07:30 -0700] "GET /detail/4185250797.shtm?fileloc=%2F%2Flib64%2Fliblber-2.4.so.2&path=%2F%2Flib64 HTTP/1.1" 403 3512 "-" "Mozilla/5.0 AppleWebKit/537.36 (KHTML, like Gecko; compatible; ClaudeBot/1.0; +claudebot@anthropic.com)" 515 **0/515204**
216.73.216.210 - - [16/Mar/2026:08:07:33 -0700] "GET /detail/4185250797.shtm?fileloc=%2F%2Flib64%2Fliborc-0.4.so.0.28.0&path=%2F%2Flib64 HTTP/1.1" 403 3512 "-" "Mozilla/5.0 AppleWebKit/537.36 (KHTML, like Gecko; compatible; ClaudeBot/1.0; +claudebot@anthropic.com)" 507 **0/507154**
114.119.165.200 - - [16/Mar/2026:08:07:35 -0700] "GET /detail/2888334263.shtm HTTP/1.1" 200 4098 "http://www.golz.in/sitemap.xml" "Mozilla/5.0 (Linux; Android 7.0;) AppleWebKit/537.36 (KHTML, like Gecko) Mobile Safari/537.36 (compatible; PetalBot;+https://webmaster.petalsearch.com/site/petalbot)" 501 **0/501681**
216.73.216.210 - - [16/Mar/2026:08:07:36 -0700] "GET /detail/4185250797.shtm?fileloc=%2F%2Flib64%2Flibwebpdemux.so&path=%2F%2Flib64 HTTP/1.1" 403 3512 "-" "Mozilla/5.0 AppleWebKit/537.36 (KHTML, like Gecko; compatible; ClaudeBot/1.0; +claudebot@anthropic.com)" 508 **0/508344**
216.73.216.210 - - [16/Mar/2026:08:07:39 -0700] "GET /detail/4185250797.shtm?fileloc=%2F%2Flib64%2Flibgdbm.so.6.0.0&path=%2F%2Flib64 HTTP/1.1" 403 3512 "-" "Mozilla/5.0 AppleWebKit/537.36 (KHTML, like Gecko; compatible; ClaudeBot/1.0; +claudebot@anthropic.com)" 528 **0/528696**
66.249.66.41 - - [16/Mar/2026:08:07:39 -0700] "GET /detail/3208706281.shtm HTTP/1.1" 200 21890 "-" "Mozilla/5.0 (Linux; Android 6.0.1; Nexus 5X Build/MMB29P) AppleWebKit/537.36 (KHTML, like Gecko) Chrome/145.0.7632.116 Mobile Safari/537.36 (compatible; GoogleOther)" 1793 **1/1793204**
216.73.216.210 - - [16/Mar/2026:08:07:42 -0700] "GET /detail/4185250797.shtm?fileloc=%2F%2Flib64%2Flibevent_extra.so&path=%2F%2Flib64 HTTP/1.1" 403 3512 "-" "Mozilla/5.0 AppleWebKit/537.36 (KHTML, like Gecko; compatible; ClaudeBot/1.0; +claudebot@anthropic.com)" 500 **0/500093**
66.249.66.163 - - [16/Mar/2026:08:07:50 -0700] "GET /?detail/378298760 HTTP/1.1" 200 23156 "-" "Mozilla/5.0 (Linux; Android 6.0.1; Nexus 5X Build/MMB29P) AppleWebKit/537.36 (KHTML, like Gecko) Chrome/145.0.7632.116 Mobile Safari/537.36 (compatible; Googlebot/2.1; +http://www.google.com/bot.html)" 1821 **1/1821699**
66.249.66.195 - - [16/Mar/2026:08:07:53 -0700] "GET /?detail/908804707 HTTP/1.1" 200 22080 "-" "Mozilla/5.0 (Linux; Android 6.0.1; Nexus 5X Build/MMB29P) AppleWebKit/537.36 (KHTML, like Gecko) Chrome/145.0.7632.116 Mobile Safari/537.36 (compatible; Googlebot/2.1; +http://www.google.com/bot.html)" 1777 **1/1777120**
66.249.66.15 - - [16/Mar/2026:08:08:14 -0700] "GET /?detail/805493406 HTTP/1.1" 200 21836 "-" "Mozilla/5.0 (Linux; Android 6.0.1; Nexus 5X Build/MMB29P) AppleWebKit/537.36 (KHTML, like Gecko) Chrome/145.0.7632.116 Mobile Safari/537.36 (compatible; Googlebot/2.1; +http://www.google.com/bot.html)" 1974 **1/1974475**
113.188.195.154 - - [16/Mar/2026:08:08:22 -0700] "GET /nutrition-for-young-moms/ HTTP/1.1" 200 4098 "-" "Mozilla/5.0 (Windows; U; Windows NT 5.1; en-US) AppleWebKit/532.0 (KHTML, like Gecko) Chrome/4.0.211.7 Safari/532.0" 537 **0/537941**
216.73.216.210 - - [16/Mar/2026:08:08:46 -0700] "GET /detail/1535633.shtm?path=%2F%2Fusr%2Finclude%2Flinux HTTP/1.1" 200 16236 "-" "Mozilla/5.0 AppleWebKit/537.36 (KHTML, like Gecko; compatible; ClaudeBot/1.0; +claudebot@anthropic.com)" 557 **0/557234**
216.73.216.210 - - [16/Mar/2026:08:08:49 -0700] "GET /detail/1535633.shtm?fileloc=%2F%2Fusr%2Finclude%2Fbits%2Fstab.def&path=%2F%2Fusr%2Finclude%2Fbits HTTP/1.1" 200 5465 "-" "Mozilla/5.0 AppleWebKit/537.36 (KHTML, like Gecko; compatible; ClaudeBot/1.0; +claudebot@anthropic.com)" 505 **0/505399**
66.249.66.77 - - [16/Mar/2026:08:08:49 -0700] "GET /?detail/293683381 HTTP/1.1" 200 22005 "-" "Mozilla/5.0 (Linux; Android 6.0.1; Nexus 5X Build/MMB29P) AppleWebKit/537.36 (KHTML, like Gecko) Chrome/145.0.7632.116 Mobile Safari/537.36 (compatible; Googlebot/2.1; +http://www.google.com/bot.html)" 1796 **1/1796435**
216.73.216.210 - - [16/Mar/2026:08:08:52 -0700] "GET /detail/1535633.shtm?fileloc=%2F%2Fusr%2Finclude%2Fbits%2Ftypes%2F__fpos_t.h&path=%2F%2Fusr%2Finclude%2Fbits%2Ftypes HTTP/1.1" 200 2478 "-" "Mozilla/5.0 AppleWebKit/537.36 (KHTML, like Gecko; compatible; ClaudeBot/1.0; +claudebot@anthropic.com)" 496 **0/496840**
216.73.216.210 - - [16/Mar/2026:08:08:55 -0700] "GET /detail/529445352.shtm?fileloc=%2F%2Fusr%2Finclude%2Fsecurity%2Fpam_modules.h&path=%2F%2Fusr%2Finclude%2Fsecurity HTTP/1.1" 200 4215 "-" "Mozilla/5.0 AppleWebKit/537.36 (KHTML, like Gecko; compatible; ClaudeBot/1.0; +claudebot@anthropic.com)" 494 **0/494673**
216.73.216.210 - - [16/Mar/2026:08:08:58 -0700] "GET /detail/1535633.shtm?fileloc=%2F%2Fusr%2Finclude%2Fbits%2Fstdint-intn.h&path=%2F%2Fusr%2Finclude%2Fbits HTTP/1.1" 200 2784 "-" "Mozilla/5.0 AppleWebKit/537.36 (KHTML, like Gecko; compatible; ClaudeBot/1.0; +claudebot@anthropic.com)" 500 **0/500477**
114.119.135.65 - - [16/Mar/2026:08:08:59 -0700] "GET /detail/2887122164.shtm HTTP/1.1" 200 4098 "http://www.golz.in/sitemap.xml" "Mozilla/5.0 (Linux; Android 7.0;) AppleWebKit/537.36 (KHTML, like Gecko) Mobile Safari/537.36 (compatible; PetalBot;+https://webmaster.petalsearch.com/site/petalbot)" 509 **0/509476**
216.73.216.210 - - [16/Mar/2026:08:09:01 -0700] "GET /detail/1535633.shtm?fileloc=%2F%2Fusr%2Finclude%2Fbits%2Fxopen_lim.h&path=%2F%2Fusr%2Finclude%2Fbits HTTP/1.1" 200 3709 "-" "Mozilla/5.0 AppleWebKit/537.36 (KHTML, like Gecko; compatible; ClaudeBot/1.0; +claudebot@anthropic.com)" 537 **0/537666**
216.73.216.210 - - [16/Mar/2026:08:09:04 -0700] "GET /detail/1535633.shtm?fileloc=%2F%2Fusr%2Finclude%2Fbits%2Fuio_lim.h&path=%2F%2Fusr%2Finclude%2Fbits HTTP/1.1" 200 2968 "-" "Mozilla/5.0 AppleWebKit/537.36 (KHTML, like Gecko; compatible; ClaudeBot/1.0; +claudebot@anthropic.com)" 517 **0/517177**
216.73.216.210 - - [16/Mar/2026:08:09:07 -0700] "GET /detail/590597580.shtm?fileloc=%2F%2Fusr%2Finclude%2Fmqueue.h&path=%2F%2Fusr%2Finclude HTTP/1.1" 200 3629 "-" "Mozilla/5.0 AppleWebKit/537.36 (KHTML, like Gecko; compatible; ClaudeBot/1.0; +claudebot@anthropic.com)" 525 **0/525901**
216.73.216.210 - - [16/Mar/2026:08:09:10 -0700] "GET /detail/529445352.shtm?fileloc=%2F%2Fusr%2Finclude%2Fsys%2Fuser.h&path=%2F%2Fusr%2Finclude%2Fsys HTTP/1.1" 200 3547 "-" "Mozilla/5.0 AppleWebKit/537.36 (KHTML, like Gecko; compatible; ClaudeBot/1.0; +claudebot@anthropic.com)" 504 **0/504663**
216.73.216.210 - - [16/Mar/2026:08:09:13 -0700] "GET /detail/4163750565.shtm?fileloc=%2F%2Fusr%2Finclude%2Fobstack.h&path=%2F%2Fusr%2Finclude HTTP/1.1" 200 8058 "-" "Mozilla/5.0 AppleWebKit/537.36 (KHTML, like Gecko; compatible; ClaudeBot/1.0; +claudebot@anthropic.com)" 504 **0/504676**
216.73.216.210 - - [16/Mar/2026:08:09:16 -0700] "GET /detail/590597580.shtm?fileloc=%2F%2Fusr%2Finclude%2Fopenssl%2Fobj_mac.h&path=%2F%2Fusr%2Finclude%2Fopenssl HTTP/1.1" 200 32132 "-" "Mozilla/5.0 AppleWebKit/537.36 (KHTML, like Gecko; compatible; ClaudeBot/1.0; +claudebot@anthropic.com)" 515 **0/515271**
216.73.216.210 - - [16/Mar/2026:08:09:19 -0700] "GET /detail/590597580.shtm?fileloc=%2F%2Fusr%2Finclude%2Fstdlib.h&path=%2F%2Fusr%2Finclude HTTP/1.1" 200 10222 "-" "Mozilla/5.0 AppleWebKit/537.36 (KHTML, like Gecko; compatible; ClaudeBot/1.0; +claudebot@anthropic.com)" 516 **0/516416**
216.73.216.210 - - [16/Mar/2026:08:09:22 -0700] "GET /detail/590597580.shtm?fileloc=%2F%2Fusr%2Finclude%2Fgd_errors.h&path=%2F%2Fusr%2Finclude HTTP/1.1" 200 2816 "-" "Mozilla/5.0 AppleWebKit/537.36 (KHTML, like Gecko; compatible; ClaudeBot/1.0; +claudebot@anthropic.com)" 509 **0/509491**
216.73.216.210 - - [16/Mar/2026:08:09:25 -0700] "GET /detail/1535633.shtm?fileloc=%2F%2Fusr%2Finclude%2Fbits%2Fmathcalls-helper-functions.h&path=%2F%2Fusr%2Finclude%2Fbits HTTP/1.1" 200 2938 "-" "Mozilla/5.0 AppleWebKit/537.36 (KHTML, like Gecko; compatible; ClaudeBot/1.0; +claudebot@anthropic.com)" 518 **0/518289**
216.73.216.210 - - [16/Mar/2026:08:09:28 -0700] "GET /detail/529445352.shtm?fileloc=%2F%2Fusr%2Finclude%2Fsecurity%2Fpam_modutil.h&path=%2F%2Fusr%2Finclude%2Fsecurity HTTP/1.1" 200 4079 "-" "Mozilla/5.0 AppleWebKit/537.36 (KHTML, like Gecko; compatible; ClaudeBot/1.0; +claudebot@anthropic.com)" 493 **0/493376**
66.249.66.14 - - [16/Mar/2026:08:09:29 -0700] "GET /?detail/615293040 HTTP/1.1" 200 21085 "-" "Mozilla/5.0 (Linux; Android 6.0.1; Nexus 5X Build/MMB29P) AppleWebKit/537.36 (KHTML, like Gecko) Chrome/145.0.7632.159 Mobile Safari/537.36 (compatible; Googlebot/2.1; +http://www.google.com/bot.html)" 1803 **1/1803870**
216.73.216.210 - - [16/Mar/2026:08:09:31 -0700] "GET /detail/1535633.shtm?fileloc=%2F%2Fusr%2Finclude%2Fbits%2Finotify.h&path=%2F%2Fusr%2Finclude%2Fbits HTTP/1.1" 200 2810 "-" "Mozilla/5.0 AppleWebKit/537.36 (KHTML, like Gecko; compatible; ClaudeBot/1.0; +claudebot@anthropic.com)" 508 **0/508419**
66.249.66.14 - - [16/Mar/2026:08:09:34 -0700] "GET /detail/3966384686.shtm HTTP/1.1" 200 21848 "-" "Mozilla/5.0 (Linux; Android 6.0.1; Nexus 5X Build/MMB29P) AppleWebKit/537.36 (KHTML, like Gecko) Chrome/145.0.7632.116 Mobile Safari/537.36 (compatible; GoogleOther)" 2477 **2/2477386**
66.249.71.69 - - [16/Mar/2026:08:09:52 -0700] "GET /?detail/458864724 HTTP/1.1" 200 21754 "-" "Mozilla/5.0 (Linux; Android 6.0.1; Nexus 5X Build/MMB29P) AppleWebKit/537.36 (KHTML, like Gecko) Chrome/145.0.7632.116 Mobile Safari/537.36 (compatible; Googlebot/2.1; +http://www.google.com/bot.html)" 1815 **1/1815575**
216.73.216.210 - - [16/Mar/2026:08:10:00 -0700] "GET /detail/1581037676.shtm?path=%2Fhome%2Fdpknvn09897v%2Fpublic_html%2Fwp-includes%2Fcss HTTP/1.1" 200 3606 "-" "Mozilla/5.0 AppleWebKit/537.36 (KHTML, like Gecko; compatible; ClaudeBot/1.0; +claudebot@anthropic.com)" 571 **0/571478**
216.73.216.210 - - [16/Mar/2026:08:10:03 -0700] "GET /detail/590597580.shtm?fileloc=%2F%2Fusr%2Finclude%2Fgdfontg.h&path=%2F%2Fusr%2Finclude HTTP/1.1" 200 2617 "-" "Mozilla/5.0 AppleWebKit/537.36 (KHTML, like Gecko; compatible; ClaudeBot/1.0; +claudebot@anthropic.com)" 542 **0/542049**
216.73.216.210 - - [16/Mar/2026:08:10:06 -0700] "GET /detail/4128106262.shtm?fileloc=%2Fhome%2Fdpknvn09897v%2Fpublic_html%2Fwp-includes%2Fclass-wp-query.php&path=%2Fhome%2Fdpknvn09897v%2Fpublic_html%2Fwp-includes HTTP/1.1" 200 32271 "-" "Mozilla/5.0 AppleWebKit/537.36 (KHTML, like Gecko; compatible; ClaudeBot/1.0; +claudebot@anthropic.com)" 598 **0/598622**
216.73.216.210 - - [16/Mar/2026:08:10:09 -0700] "GET /detail/529445352.shtm?fileloc=%2F%2Fusr%2Finclude%2Fjconfig-64.h&path=%2F%2Fusr%2Finclude HTTP/1.1" 200 3195 "-" "Mozilla/5.0 AppleWebKit/537.36 (KHTML, like Gecko; compatible; ClaudeBot/1.0; +claudebot@anthropic.com)" 509 **0/509747**
216.73.216.210 - - [16/Mar/2026:08:10:12 -0700] "GET /detail/297044949.shtm?path=%2F%2Fusr HTTP/1.1" 200 2762 "-" "Mozilla/5.0 AppleWebKit/537.36 (KHTML, like Gecko; compatible; ClaudeBot/1.0; +claudebot@anthropic.com)" 516 **0/516217**
216.73.216.210 - - [16/Mar/2026:08:10:15 -0700] "GET /detail/4163750565.shtm?fileloc=%2F%2Fusr%2Finclude%2Flibintl.h&path=%2F%2Fusr%2Finclude HTTP/1.1" 200 3681 "-" "Mozilla/5.0 AppleWebKit/537.36 (KHTML, like Gecko; compatible; ClaudeBot/1.0; +claudebot@anthropic.com)" 517 **0/517918**
216.73.216.210 - - [16/Mar/2026:08:10:18 -0700] "GET /detail/590597580.shtm?path=%2F%2Fusr%2Flib%2Fmodprobe.d HTTP/1.1" 200 2624 "-" "Mozilla/5.0 AppleWebKit/537.36 (KHTML, like Gecko; compatible; ClaudeBot/1.0; +claudebot@anthropic.com)" 514 **0/514747**
216.73.216.210 - - [16/Mar/2026:08:10:21 -0700] "GET /detail/417335005.shtm?path=%2F%2Fsbin HTTP/1.1" 403 3512 "-" "Mozilla/5.0 AppleWebKit/537.36 (KHTML, like Gecko; compatible; ClaudeBot/1.0; +claudebot@anthropic.com)" 519 **0/519756**
216.73.216.210 - - [16/Mar/2026:08:10:24 -0700] "GET /detail/529445352.shtm?fileloc=%2F%2Fusr%2Finclude%2Fwctype.h&path=%2F%2Fusr%2Finclude HTTP/1.1" 403 3512 "-" "Mozilla/5.0 AppleWebKit/537.36 (KHTML, like Gecko; compatible; ClaudeBot/1.0; +claudebot@anthropic.com)" 517 **0/517642**
66.249.66.64 - - [16/Mar/2026:08:10:25 -0700] "GET /?detail/732287354 HTTP/1.1" 200 22176 "-" "Mozilla/5.0 (Linux; Android 6.0.1; Nexus 5X Build/MMB29P) AppleWebKit/537.36 (KHTML, like Gecko) Chrome/145.0.7632.116 Mobile Safari/537.36 (compatible; Googlebot/2.1; +http://www.google.com/bot.html)" 1831 **1/1831150**
216.73.216.210 - - [16/Mar/2026:08:10:27 -0700] "GET /detail/783353745.shtm?path=%2F%2Fsbin HTTP/1.1" 403 3512 "-" "Mozilla/5.0 AppleWebKit/537.36 (KHTML, like Gecko; compatible; ClaudeBot/1.0; +claudebot@anthropic.com)" 503 **0/503961**
216.73.216.210 - - [16/Mar/2026:08:10:30 -0700] "GET /detail/590597580.shtm?fileloc=%2F%2Fusr%2Finclude%2Fieee754.h&path=%2F%2Fusr%2Finclude HTTP/1.1" 403 3512 "-" "Mozilla/5.0 AppleWebKit/537.36 (KHTML, like Gecko; compatible; ClaudeBot/1.0; +claudebot@anthropic.com)" 521 **0/521769**
216.73.216.210 - - [16/Mar/2026:08:10:33 -0700] "GET /detail/590597580.shtm?fileloc=%2F%2Fusr%2Finclude%2Fidn-int.h&path=%2F%2Fusr%2Finclude HTTP/1.1" 403 3512 "-" "Mozilla/5.0 AppleWebKit/537.36 (KHTML, like Gecko; compatible; ClaudeBot/1.0; +claudebot@anthropic.com)" 505 **0/505177**
66.249.71.69 - - [16/Mar/2026:08:10:35 -0700] "GET /detail/2375009894.shtm HTTP/1.1" 200 23985 "-" "Mozilla/5.0 (Linux; Android 6.0.1; Nexus 5X Build/MMB29P) AppleWebKit/537.36 (KHTML, like Gecko) Chrome/145.0.7632.116 Mobile Safari/537.36 (compatible; GoogleOther)" 1794 **1/1794058**
216.73.216.210 - - [16/Mar/2026:08:10:36 -0700] "GET /detail/1535633.shtm?path=%2F%2Frun%2Fconsole HTTP/1.1" 403 3512 "-" "Mozilla/5.0 AppleWebKit/537.36 (KHTML, like Gecko; compatible; ClaudeBot/1.0; +claudebot@anthropic.com)" 504 **0/504351**
216.73.216.210 - - [16/Mar/2026:08:10:39 -0700] "GET /detail/1581037676.shtm?fileloc=%2Fhome%2Fdpknvn09897v%2Fpublic_html%2Fwp-includes%2Fwidgets%2Fclass-wp-widget-links.php&path=%2Fhome%2Fdpknvn09897v%2Fpublic_html%2Fwp-includes%2Fwidgets HTTP/1.1" 403 3512 "-" "Mozilla/5.0 AppleWebKit/537.36 (KHTML, like Gecko; compatible; ClaudeBot/1.0; +claudebot@anthropic.com)" 498 **0/498898**
216.73.216.210 - - [16/Mar/2026:08:10:42 -0700] "GET /detail/4163750565.shtm?path=%2F%2Frun%2Fconsole HTTP/1.1" 403 3512 "-" "Mozilla/5.0 AppleWebKit/537.36 (KHTML, like Gecko; compatible; ClaudeBot/1.0; +claudebot@anthropic.com)" 493 **0/493876**
216.73.216.210 - - [16/Mar/2026:08:10:45 -0700] "GET /detail/3646549809.shtm?path=%2F%2Fsbin HTTP/1.1" 403 3512 "-" "Mozilla/5.0 AppleWebKit/537.36 (KHTML, like Gecko; compatible; ClaudeBot/1.0; +claudebot@anthropic.com)" 507 **0/507261**
216.73.216.210 - - [16/Mar/2026:08:10:48 -0700] "GET /detail/297044949.shtm?path=%2F%2Fsbin HTTP/1.1" 403 3512 "-" "Mozilla/5.0 AppleWebKit/537.36 (KHTML, like Gecko; compatible; ClaudeBot/1.0; +claudebot@anthropic.com)" 508 **0/508127**
216.73.216.210 - - [16/Mar/2026:08:10:50 -0700] "GET /robots.txt HTTP/1.1" 200 74 "-" "Mozilla/5.0 AppleWebKit/537.36 (KHTML, like Gecko; compatible; ClaudeBot/1.0; +claudebot@anthropic.com)" 4 **0/4490**
216.73.216.210 - - [16/Mar/2026:08:10:51 -0700] "GET /detail/3048635013.shtm?fileloc=%2Fhome%2Fdpknvn09897v%2Fpublic_html%2Fwp-includes%2Fclass-wp-feed-cache.php&path=%2Fhome%2Fdpknvn09897v%2Fpublic_html%2Fwp-includes HTTP/1.1" 403 3512 "-" "Mozilla/5.0 AppleWebKit/537.36 (KHTML, like Gecko; compatible; ClaudeBot/1.0; +claudebot@anthropic.com)" 507 **0/507437**
114.119.165.200 - - [16/Mar/2026:08:10:54 -0700] "GET /detail/286663471.shtm HTTP/1.1" 200 4098 "http://www.golz.in/sitemap.xml" "Mozilla/5.0 (Linux; Android 7.0;) AppleWebKit/537.36 (KHTML, like Gecko) Mobile Safari/537.36 (compatible; PetalBot;+https://webmaster.petalsearch.com/site/petalbot)" 493 **0/493352**
216.73.216.210 - - [16/Mar/2026:08:10:54 -0700] "GET /detail/590597580.shtm?fileloc=%2F%2Fusr%2Finclude%2Fgdfontl.h&path=%2F%2Fusr%2Finclude HTTP/1.1" 403 3512 "-" "Mozilla/5.0 AppleWebKit/537.36 (KHTML, like Gecko; compatible; ClaudeBot/1.0; +claudebot@anthropic.com)" 499 **0/499556**
216.73.216.210 - - [16/Mar/2026:08:10:57 -0700] "GET /detail/1581037676.shtm?fileloc=%2Fhome%2Fdpknvn09897v%2Fpublic_html%2Fwp-includes%2Fclass-wp-block-bindings-source.php&path=%2Fhome%2Fdpknvn09897v%2Fpublic_html%2Fwp-includes HTTP/1.1" 403 3512 "-" "Mozilla/5.0 AppleWebKit/537.36 (KHTML, like Gecko; compatible; ClaudeBot/1.0; +claudebot@anthropic.com)" 486 **0/486138**
216.73.216.210 - - [16/Mar/2026:08:11:00 -0700] "GET /detail/590597580.shtm?fileloc=%2F%2Fusr%2Finclude%2Fjpeglib.h&path=%2F%2Fusr%2Finclude HTTP/1.1" 403 3512 "-" "Mozilla/5.0 AppleWebKit/537.36 (KHTML, like Gecko; compatible; ClaudeBot/1.0; +claudebot@anthropic.com)" 528 **0/528537**
216.73.216.210 - - [16/Mar/2026:08:11:03 -0700] "GET /detail/4163750565.shtm?fileloc=%2Fhome%2Fdpknvn09897v%2Fpublic_html%2Fwp-includes%2Fclass-wp-term-query.php&path=%2Fhome%2Fdpknvn09897v%2Fpublic_html%2Fwp-includes HTTP/1.1" 200 11452 "-" "Mozilla/5.0 AppleWebKit/537.36 (KHTML, like Gecko; compatible; ClaudeBot/1.0; +claudebot@anthropic.com)" 529 **0/529026**
216.73.216.210 - - [16/Mar/2026:08:11:06 -0700] "GET /detail/1535633.shtm?fileloc=%2F%2Fusr%2Fsbin%2Fsasldblistusers2&path=%2F%2Fusr%2Fsbin HTTP/1.1" 200 9569 "-" "Mozilla/5.0 AppleWebKit/537.36 (KHTML, like Gecko; compatible; ClaudeBot/1.0; +claudebot@anthropic.com)" 509 **0/509176**
216.73.216.210 - - [16/Mar/2026:08:11:09 -0700] "GET /detail/529445352.shtm?fileloc=%2F%2Fusr%2Fsbin%2Faccessdb&path=%2F%2Fusr%2Fsbin HTTP/1.1" 200 6314 "-" "Mozilla/5.0 AppleWebKit/537.36 (KHTML, like Gecko; compatible; ClaudeBot/1.0; +claudebot@anthropic.com)" 501 **0/501894**
216.73.216.210 - - [16/Mar/2026:08:11:12 -0700] "GET /detail/4163750565.shtm?fileloc=%2Fhome%2Fdpknvn09897v%2Fpublic_html%2Fwp-includes%2Fclass-wp-customize-widgets.php&path=%2Fhome%2Fdpknvn09897v%2Fpublic_html%2Fwp-includes HTTP/1.1" 200 18351 "-" "Mozilla/5.0 AppleWebKit/537.36 (KHTML, like Gecko; compatible; ClaudeBot/1.0; +claudebot@anthropic.com)" 512 **0/512379**
216.73.216.210 - - [16/Mar/2026:08:11:15 -0700] "GET /detail/4128106262.shtm?fileloc=%2Fhome%2Fdpknvn09897v%2Fpublic_html%2Fwp-includes%2Fclass-wp-customize-control.php&path=%2Fhome%2Fdpknvn09897v%2Fpublic_html%2Fwp-includes HTTP/1.1" 200 7946 "-" "Mozilla/5.0 AppleWebKit/537.36 (KHTML, like Gecko; compatible; ClaudeBot/1.0; +claudebot@anthropic.com)" 508 **0/508139**
216.73.216.210 - - [16/Mar/2026:08:11:18 -0700] "GET /detail/4163750565.shtm?fileloc=%2F%2Fusr%2Finclude%2Fasm-generic%2Fsignal-defs.h&path=%2F%2Fusr%2Finclude%2Fasm-generic HTTP/1.1" 200 2588 "-" "Mozilla/5.0 AppleWebKit/537.36 (KHTML, like Gecko; compatible; ClaudeBot/1.0; +claudebot@anthropic.com)" 505 **0/505043**
216.73.216.210 - - [16/Mar/2026:08:11:21 -0700] "GET /detail/1535633.shtm?fileloc=%2F%2Fusr%2Finclude%2Ffnmatch.h&path=%2F%2Fusr%2Finclude HTTP/1.1" 200 3355 "-" "Mozilla/5.0 AppleWebKit/537.36 (KHTML, like Gecko; compatible; ClaudeBot/1.0; +claudebot@anthropic.com)" 497 **0/497232**
