74.7.227.169 - - [16/Mar/2026:11:10:06 -0700] "GET /detail/9999482.shtm?fileloc=//proc/sys/net/ipv4/ip_no_pmtu_disc&path=//proc/sys/net/ipv4 HTTP/1.1" 200 2288 "http://www.golz.in/detail/9999482.shtm?path=//proc/sys/net/ipv4" "Mozilla/5.0 AppleWebKit/537.36 (KHTML, like Gecko; compatible; GPTBot/1.3; +https://openai.com/gptbot)" 519 **0/519713**
216.73.216.210 - - [16/Mar/2026:11:10:06 -0700] "GET /detail/1535633.shtm?fileloc=%2F%2Fusr%2Finclude%2Fulimit.h&path=%2F%2Fusr%2Finclude HTTP/1.1" 200 3028 "-" "Mozilla/5.0 AppleWebKit/537.36 (KHTML, like Gecko; compatible; ClaudeBot/1.0; +claudebot@anthropic.com)" 533 **0/533716**
216.73.216.210 - - [16/Mar/2026:11:10:09 -0700] "GET /detail/529445352.shtm?path=%2F%2Fusr%2Finclude%2Flzma HTTP/1.1" 200 2976 "-" "Mozilla/5.0 AppleWebKit/537.36 (KHTML, like Gecko; compatible; ClaudeBot/1.0; +claudebot@anthropic.com)" 513 **0/513690**
74.7.227.169 - - [16/Mar/2026:11:10:09 -0700] "GET /detail/8787383.shtm?fileloc=//bin/sync&path=//bin HTTP/1.1" 200 15162 "http://www.golz.in/detail/8787383.shtm?path=//bin" "Mozilla/5.0 AppleWebKit/537.36 (KHTML, like Gecko; compatible; GPTBot/1.3; +https://openai.com/gptbot)" 560 **0/560152**
216.73.216.210 - - [16/Mar/2026:11:10:12 -0700] "GET /detail/590597580.shtm?fileloc=%2F%2Fusr%2Finclude%2Fbsock%2Fbsock_addrinfo.h&path=%2F%2Fusr%2Finclude%2Fbsock HTTP/1.1" 200 3834 "-" "Mozilla/5.0 AppleWebKit/537.36 (KHTML, like Gecko; compatible; ClaudeBot/1.0; +claudebot@anthropic.com)" 506 **0/506891**
74.7.227.169 - - [16/Mar/2026:11:10:13 -0700] "GET /detail/5247171.shtm?fileloc=//bin/tail&path=//bin HTTP/1.1" 200 31360 "http://www.golz.in/detail/5247171.shtm?path=//bin" "Mozilla/5.0 AppleWebKit/537.36 (KHTML, like Gecko; compatible; GPTBot/1.3; +https://openai.com/gptbot)" 497 **0/497954**
216.73.216.210 - - [16/Mar/2026:11:10:15 -0700] "GET /detail/4163750565.shtm?fileloc=%2F%2Fusr%2Finclude%2Fulimit.h&path=%2F%2Fusr%2Finclude HTTP/1.1" 200 3028 "-" "Mozilla/5.0 AppleWebKit/537.36 (KHTML, like Gecko; compatible; ClaudeBot/1.0; +claudebot@anthropic.com)" 491 **0/491516**
74.7.227.169 - - [16/Mar/2026:11:10:16 -0700] "GET /detail/5247171.shtm?fileloc=//bin/stat&path=//bin HTTP/1.1" 200 37182 "http://www.golz.in/detail/5247171.shtm?path=//bin" "Mozilla/5.0 AppleWebKit/537.36 (KHTML, like Gecko; compatible; GPTBot/1.3; +https://openai.com/gptbot)" 508 **0/508610**
66.249.66.1 - - [16/Mar/2026:11:10:17 -0700] "GET /?detail/524374999 HTTP/1.1" 200 22040 "-" "Mozilla/5.0 (Linux; Android 6.0.1; Nexus 5X Build/MMB29P) AppleWebKit/537.36 (KHTML, like Gecko) Chrome/145.0.7632.116 Mobile Safari/537.36 (compatible; Googlebot/2.1; +http://www.google.com/bot.html)" 1812 **1/1812577**
216.73.216.210 - - [16/Mar/2026:11:10:18 -0700] "GET /detail/590597580.shtm?fileloc=%2F%2Fusr%2Finclude%2Ftld.h&path=%2F%2Fusr%2Finclude HTTP/1.1" 200 3873 "-" "Mozilla/5.0 AppleWebKit/537.36 (KHTML, like Gecko; compatible; ClaudeBot/1.0; +claudebot@anthropic.com)" 502 **0/502640**
74.7.227.169 - - [16/Mar/2026:11:10:19 -0700] "GET /detail/8787383.shtm?fileloc=//bin/make&path=//bin HTTP/1.1" 200 100391 "http://www.golz.in/detail/8787383.shtm?path=//bin" "Mozilla/5.0 AppleWebKit/537.36 (KHTML, like Gecko; compatible; GPTBot/1.3; +https://openai.com/gptbot)" 571 **0/571186**
216.73.216.210 - - [16/Mar/2026:11:10:21 -0700] "GET /detail/295669343.shtm HTTP/1.1" 200 3512 "-" "Mozilla/5.0 AppleWebKit/537.36 (KHTML, like Gecko; compatible; ClaudeBot/1.0; +claudebot@anthropic.com)" 491 **0/491588**
74.7.227.169 - - [16/Mar/2026:11:10:22 -0700] "GET /detail/8787383.shtm?fileloc=//bin/gsnd&path=//bin HTTP/1.1" 200 2413 "http://www.golz.in/detail/8787383.shtm?path=//bin" "Mozilla/5.0 AppleWebKit/537.36 (KHTML, like Gecko; compatible; GPTBot/1.3; +https://openai.com/gptbot)" 494 **0/494937**
216.73.216.210 - - [16/Mar/2026:11:10:24 -0700] "GET /detail/529445352.shtm?path=%2F%2Fusr%2Flib%2FNetworkManager HTTP/1.1" 200 2657 "-" "Mozilla/5.0 AppleWebKit/537.36 (KHTML, like Gecko; compatible; ClaudeBot/1.0; +claudebot@anthropic.com)" 503 **0/503230**
74.7.227.169 - - [16/Mar/2026:11:10:25 -0700] "GET /detail/8787383.shtm?fileloc=//bin/atrm&path=//bin HTTP/1.1" 200 2879 "http://www.golz.in/detail/8787383.shtm?path=//bin" "Mozilla/5.0 AppleWebKit/537.36 (KHTML, like Gecko; compatible; GPTBot/1.3; +https://openai.com/gptbot)" 548 **0/548177**
66.249.66.163 - - [16/Mar/2026:11:10:26 -0700] "GET /detail/3559747080.shtm HTTP/1.1" 200 22413 "-" "Mozilla/5.0 (Linux; Android 6.0.1; Nexus 5X Build/MMB29P) AppleWebKit/537.36 (KHTML, like Gecko) Chrome/145.0.7632.116 Mobile Safari/537.36 (compatible; GoogleOther)" 1871 **1/1871906**
216.73.216.210 - - [16/Mar/2026:11:10:28 -0700] "GET /detail/529445352.shtm?fileloc=%2F%2Fusr%2Finclude%2Fgssrpc%2Frename.h&path=%2F%2Fusr%2Finclude%2Fgssrpc HTTP/1.1" 403 3512 "-" "Mozilla/5.0 AppleWebKit/537.36 (KHTML, like Gecko; compatible; ClaudeBot/1.0; +claudebot@anthropic.com)" 506 **0/506717**
74.7.227.169 - - [16/Mar/2026:11:10:28 -0700] "GET /detail/8787383.shtm?fileloc=//bin/gpic&path=//bin HTTP/1.1" 200 83183 "http://www.golz.in/detail/8787383.shtm?path=//bin" "Mozilla/5.0 AppleWebKit/537.36 (KHTML, like Gecko; compatible; GPTBot/1.3; +https://openai.com/gptbot)" 551 **0/551697**
216.73.216.210 - - [16/Mar/2026:11:10:31 -0700] "GET /detail/4163750565.shtm?fileloc=%2F%2Fusr%2Finclude%2Fncursesw%2Fcursslk.h&path=%2F%2Fusr%2Finclude%2Fncursesw HTTP/1.1" 403 3512 "-" "Mozilla/5.0 AppleWebKit/537.36 (KHTML, like Gecko; compatible; ClaudeBot/1.0; +claudebot@anthropic.com)" 527 **0/527757**
74.7.227.169 - - [16/Mar/2026:11:10:31 -0700] "GET /detail/5247171.shtm?fileloc=//bin/mail&path=//bin HTTP/1.1" 200 174095 "http://www.golz.in/detail/5247171.shtm?path=//bin" "Mozilla/5.0 AppleWebKit/537.36 (KHTML, like Gecko; compatible; GPTBot/1.3; +https://openai.com/gptbot)" 579 **0/579962**
216.73.216.210 - - [16/Mar/2026:11:10:34 -0700] "GET /detail/529445352.shtm?fileloc=%2F%2Fusr%2Finclude%2Fxcb%2Fxf86dri.h&path=%2F%2Fusr%2Finclude%2Fxcb HTTP/1.1" 403 3512 "-" "Mozilla/5.0 AppleWebKit/537.36 (KHTML, like Gecko; compatible; ClaudeBot/1.0; +claudebot@anthropic.com)" 484 **0/484287**
74.7.227.169 - - [16/Mar/2026:11:10:34 -0700] "GET /detail/8787383.shtm?fileloc=//bin/look&path=//bin HTTP/1.1" 200 7568 "http://www.golz.in/detail/8787383.shtm?path=//bin" "Mozilla/5.0 AppleWebKit/537.36 (KHTML, like Gecko; compatible; GPTBot/1.3; +https://openai.com/gptbot)" 498 **0/498927**
216.73.216.210 - - [16/Mar/2026:11:10:37 -0700] "GET /detail/529445352.shtm?fileloc=%2F%2Fusr%2Finclude%2Fgssrpc%2Fpmap_rmt.h&path=%2F%2Fusr%2Finclude%2Fgssrpc HTTP/1.1" 403 3512 "-" "Mozilla/5.0 AppleWebKit/537.36 (KHTML, like Gecko; compatible; ClaudeBot/1.0; +claudebot@anthropic.com)" 498 **0/498847**
74.7.227.169 - - [16/Mar/2026:11:10:38 -0700] "GET /detail/8787383.shtm?fileloc=//bin/zcat&path=//bin HTTP/1.1" 200 3189 "http://www.golz.in/detail/8787383.shtm?path=//bin" "Mozilla/5.0 AppleWebKit/537.36 (KHTML, like Gecko; compatible; GPTBot/1.3; +https://openai.com/gptbot)" 517 **0/517685**
216.73.216.210 - - [16/Mar/2026:11:10:40 -0700] "GET /detail/590597580.shtm?fileloc=%2F%2Fusr%2Finclude%2FX11%2FXw32defs.h&path=%2F%2Fusr%2Finclude%2FX11 HTTP/1.1" 403 3512 "-" "Mozilla/5.0 AppleWebKit/537.36 (KHTML, like Gecko; compatible; ClaudeBot/1.0; +claudebot@anthropic.com)" 508 **0/508965**
74.7.227.169 - - [16/Mar/2026:11:10:41 -0700] "GET /detail/8787383.shtm?fileloc=//bin/flex&path=//bin HTTP/1.1" 200 125401 "http://www.golz.in/detail/8787383.shtm?path=//bin" "Mozilla/5.0 AppleWebKit/537.36 (KHTML, like Gecko; compatible; GPTBot/1.3; +https://openai.com/gptbot)" 572 **0/572526**
216.73.216.210 - - [16/Mar/2026:11:10:43 -0700] "GET /detail/529445352.shtm?fileloc=%2F%2Fusr%2Finclude%2Fxcb%2Fxproto.h&path=%2F%2Fusr%2Finclude%2Fxcb HTTP/1.1" 403 3512 "-" "Mozilla/5.0 AppleWebKit/537.36 (KHTML, like Gecko; compatible; ClaudeBot/1.0; +claudebot@anthropic.com)" 500 **0/500967**
74.7.227.169 - - [16/Mar/2026:11:10:44 -0700] "GET /detail/8787383.shtm?fileloc=//bin/shuf&path=//bin HTTP/1.1" 200 25326 "http://www.golz.in/detail/8787383.shtm?path=//bin" "Mozilla/5.0 AppleWebKit/537.36 (KHTML, like Gecko; compatible; GPTBot/1.3; +https://openai.com/gptbot)" 523 **0/523965**
216.73.216.210 - - [16/Mar/2026:11:10:46 -0700] "GET /detail/4163750565.shtm?fileloc=%2F%2Fusr%2Finclude%2Fncursesw%2Fcursesapp.h&path=%2F%2Fusr%2Finclude%2Fncursesw HTTP/1.1" 403 3512 "-" "Mozilla/5.0 AppleWebKit/537.36 (KHTML, like Gecko; compatible; ClaudeBot/1.0; +claudebot@anthropic.com)" 503 **0/503516**
74.7.227.169 - - [16/Mar/2026:11:10:47 -0700] "GET /detail/8787383.shtm?fileloc=//bin/arch&path=//bin HTTP/1.1" 200 15226 "http://www.golz.in/detail/8787383.shtm?path=//bin" "Mozilla/5.0 AppleWebKit/537.36 (KHTML, like Gecko; compatible; GPTBot/1.3; +https://openai.com/gptbot)" 556 **0/556002**
216.73.216.210 - - [16/Mar/2026:11:10:49 -0700] "GET /detail/590597580.shtm?fileloc=%2F%2Fusr%2Finclude%2FX11%2FXwinsock.h&path=%2F%2Fusr%2Finclude%2FX11 HTTP/1.1" 403 3512 "-" "Mozilla/5.0 AppleWebKit/537.36 (KHTML, like Gecko; compatible; ClaudeBot/1.0; +claudebot@anthropic.com)" 490 **0/490739**
74.7.227.169 - - [16/Mar/2026:11:10:50 -0700] "GET /detail/8787383.shtm?fileloc=//bin/chrt&path=//bin HTTP/1.1" 200 14960 "http://www.golz.in/detail/8787383.shtm?path=//bin" "Mozilla/5.0 AppleWebKit/537.36 (KHTML, like Gecko; compatible; GPTBot/1.3; +https://openai.com/gptbot)" 499 **0/499425**
216.73.216.210 - - [16/Mar/2026:11:10:52 -0700] "GET /detail/590597580.shtm?fileloc=%2F%2Fusr%2Finclude%2FX11%2FXos_r.h&path=%2F%2Fusr%2Finclude%2FX11 HTTP/1.1" 403 3512 "-" "Mozilla/5.0 AppleWebKit/537.36 (KHTML, like Gecko; compatible; ClaudeBot/1.0; +claudebot@anthropic.com)" 492 **0/492726**
74.7.227.169 - - [16/Mar/2026:11:10:53 -0700] "GET /detail/8787383.shtm?fileloc=//bin/more&path=//bin HTTP/1.1" 200 19380 "http://www.golz.in/detail/8787383.shtm?path=//bin" "Mozilla/5.0 AppleWebKit/537.36 (KHTML, like Gecko; compatible; GPTBot/1.3; +https://openai.com/gptbot)" 501 **0/501913**
216.73.216.210 - - [16/Mar/2026:11:10:55 -0700] "GET /detail/529445352.shtm?fileloc=%2F%2Fusr%2Finclude%2Fxcb%2Fxevie.h&path=%2F%2Fusr%2Finclude%2Fxcb HTTP/1.1" 403 3512 "-" "Mozilla/5.0 AppleWebKit/537.36 (KHTML, like Gecko; compatible; ClaudeBot/1.0; +claudebot@anthropic.com)" 524 **0/524138**
74.7.227.169 - - [16/Mar/2026:11:10:56 -0700] "GET /detail/5247171.shtm?fileloc=//bin/test&path=//bin HTTP/1.1" 200 22351 "http://www.golz.in/detail/5247171.shtm?path=//bin" "Mozilla/5.0 AppleWebKit/537.36 (KHTML, like Gecko; compatible; GPTBot/1.3; +https://openai.com/gptbot)" 488 **0/488524**
74.7.227.169 - - [16/Mar/2026:11:11:00 -0700] "GET /detail/8787383.shtm?fileloc=//bin/perl&path=//bin HTTP/1.1" 200 5842 "http://www.golz.in/detail/8787383.shtm?path=//bin" "Mozilla/5.0 AppleWebKit/537.36 (KHTML, like Gecko; compatible; GPTBot/1.3; +https://openai.com/gptbot)" 490 **0/490073**
74.7.227.169 - - [16/Mar/2026:11:11:03 -0700] "GET /detail/5247171.shtm?fileloc=//bin/tset&path=//bin HTTP/1.1" 200 11630 "http://www.golz.in/detail/5247171.shtm?path=//bin" "Mozilla/5.0 AppleWebKit/537.36 (KHTML, like Gecko; compatible; GPTBot/1.3; +https://openai.com/gptbot)" 523 **0/523623**
74.7.227.169 - - [16/Mar/2026:11:11:06 -0700] "GET /detail/5247171.shtm?fileloc=//bin/file&path=//bin HTTP/1.1" 200 10630 "http://www.golz.in/detail/5247171.shtm?path=//bin" "Mozilla/5.0 AppleWebKit/537.36 (KHTML, like Gecko; compatible; GPTBot/1.3; +https://openai.com/gptbot)" 530 **0/530048**
74.7.227.169 - - [16/Mar/2026:11:11:09 -0700] "GET /detail/8787383.shtm?fileloc=//bin/delv&path=//bin HTTP/1.1" 200 16901 "http://www.golz.in/detail/8787383.shtm?path=//bin" "Mozilla/5.0 AppleWebKit/537.36 (KHTML, like Gecko; compatible; GPTBot/1.3; +https://openai.com/gptbot)" 499 **0/499190**
74.7.227.169 - - [16/Mar/2026:11:11:12 -0700] "GET /detail/8787383.shtm?fileloc=//bin/free&path=//bin HTTP/1.1" 200 9352 "http://www.golz.in/detail/8787383.shtm?path=//bin" "Mozilla/5.0 AppleWebKit/537.36 (KHTML, like Gecko; compatible; GPTBot/1.3; +https://openai.com/gptbot)" 501 **0/501693**
74.7.227.169 - - [16/Mar/2026:11:11:15 -0700] "GET /detail/5247171.shtm?path=//lib/tuned/epyc-eda HTTP/1.1" 200 2578 "http://www.golz.in/detail/5247171.shtm?path=//lib/tuned" "Mozilla/5.0 AppleWebKit/537.36 (KHTML, like Gecko; compatible; GPTBot/1.3; +https://openai.com/gptbot)" 496 **0/496186**
114.119.135.65 - - [16/Mar/2026:11:11:17 -0700] "GET /detail/2563498906.shtm HTTP/1.1" 200 4098 "http://www.golz.in/sitemap.xml" "Mozilla/5.0 (Linux; Android 7.0;) AppleWebKit/537.36 (KHTML, like Gecko) Mobile Safari/537.36 (compatible; PetalBot;+https://webmaster.petalsearch.com/site/petalbot)" 503 **0/503802**
74.7.227.169 - - [16/Mar/2026:11:11:18 -0700] "GET /detail/5247171.shtm?path=//usr/lib/modprobe.d HTTP/1.1" 200 2624 "http://www.golz.in/detail/5247171.shtm?path=//usr/lib" "Mozilla/5.0 AppleWebKit/537.36 (KHTML, like Gecko; compatible; GPTBot/1.3; +https://openai.com/gptbot)" 505 **0/505117**
74.7.227.169 - - [16/Mar/2026:11:11:21 -0700] "GET /detail/5247171.shtm?path=//proc/bus/input HTTP/1.1" 200 2599 "http://www.golz.in/detail/5247171.shtm?path=//proc/bus" "Mozilla/5.0 AppleWebKit/537.36 (KHTML, like Gecko; compatible; GPTBot/1.3; +https://openai.com/gptbot)" 509 **0/509147**
74.7.227.169 - - [16/Mar/2026:11:11:25 -0700] "GET /detail/9999482.shtm?fileloc=//bin/tr&path=//bin HTTP/1.1" 200 22214 "http://www.golz.in/detail/9999482.shtm?path=//bin" "Mozilla/5.0 AppleWebKit/537.36 (KHTML, like Gecko; compatible; GPTBot/1.3; +https://openai.com/gptbot)" 515 **0/515040**
74.7.227.169 - - [16/Mar/2026:11:11:28 -0700] "GET /detail/9999482.shtm?fileloc=//bin/ex&path=//bin HTTP/1.1" 200 485658 "http://www.golz.in/detail/9999482.shtm?path=//bin" "Mozilla/5.0 AppleWebKit/537.36 (KHTML, like Gecko; compatible; GPTBot/1.3; +https://openai.com/gptbot)" 677 **0/677985**
74.7.227.169 - - [16/Mar/2026:11:11:31 -0700] "GET /detail/9999482.shtm?fileloc=//bin/ul&path=//bin HTTP/1.1" 200 9566 "http://www.golz.in/detail/9999482.shtm?path=//bin" "Mozilla/5.0 AppleWebKit/537.36 (KHTML, like Gecko; compatible; GPTBot/1.3; +https://openai.com/gptbot)" 497 **0/497326**
74.7.227.169 - - [16/Mar/2026:11:11:34 -0700] "GET /detail/9999482.shtm?fileloc=//bin/ar&path=//bin HTTP/1.1" 200 26548 "http://www.golz.in/detail/9999482.shtm?path=//bin" "Mozilla/5.0 AppleWebKit/537.36 (KHTML, like Gecko; compatible; GPTBot/1.3; +https://openai.com/gptbot)" 494 **0/494888**
74.7.227.169 - - [16/Mar/2026:11:11:37 -0700] "GET /detail/9999482.shtm?path=//proc/sys/debug HTTP/1.1" 200 2620 "http://www.golz.in/detail/9999482.shtm?path=//proc/sys" "Mozilla/5.0 AppleWebKit/537.36 (KHTML, like Gecko; compatible; GPTBot/1.3; +https://openai.com/gptbot)" 510 **0/510057**
74.7.227.169 - - [16/Mar/2026:11:11:41 -0700] "GET /detail/8787383.shtm?path=//var/run/cagefs HTTP/1.1" 200 2560 "http://www.golz.in/detail/8787383.shtm?path=//var/run" "Mozilla/5.0 AppleWebKit/537.36 (KHTML, like Gecko; compatible; GPTBot/1.3; +https://openai.com/gptbot)" 492 **0/492761**
74.7.227.169 - - [16/Mar/2026:11:11:44 -0700] "GET /detail/5247171.shtm?path=//lib/debug/sbin HTTP/1.1" 200 2315 "http://www.golz.in/detail/5247171.shtm?path=//lib/debug" "Mozilla/5.0 AppleWebKit/537.36 (KHTML, like Gecko; compatible; GPTBot/1.3; +https://openai.com/gptbot)" 495 **0/495244**
74.7.227.169 - - [16/Mar/2026:11:11:47 -0700] "GET /detail/5247171.shtm?path=//opt/alt/cyrus-sasl HTTP/1.1" 200 2657 "http://www.golz.in/detail/5247171.shtm?path=//opt/alt" "Mozilla/5.0 AppleWebKit/537.36 (KHTML, like Gecko; compatible; GPTBot/1.3; +https://openai.com/gptbot)" 503 **0/503920**
74.7.227.169 - - [16/Mar/2026:11:11:50 -0700] "GET /detail/5247171.shtm?path=//proc/self/task HTTP/1.1" 200 2555 "http://www.golz.in/detail/5247171.shtm?path=//proc/self" "Mozilla/5.0 AppleWebKit/537.36 (KHTML, like Gecko; compatible; GPTBot/1.3; +https://openai.com/gptbot)" 501 **0/501914**
74.7.227.169 - - [16/Mar/2026:11:11:53 -0700] "GET /detail/5247171.shtm?path=//proc/self/root HTTP/1.1" 200 2864 "http://www.golz.in/detail/5247171.shtm?path=//proc/self" "Mozilla/5.0 AppleWebKit/537.36 (KHTML, like Gecko; compatible; GPTBot/1.3; +https://openai.com/gptbot)" 505 **0/505203**
74.7.227.169 - - [16/Mar/2026:11:11:56 -0700] "GET /detail/5247171.shtm?path=//usr/lib/locale HTTP/1.1" 200 3487 "http://www.golz.in/detail/5247171.shtm?path=//usr/lib" "Mozilla/5.0 AppleWebKit/537.36 (KHTML, like Gecko; compatible; GPTBot/1.3; +https://openai.com/gptbot)" 498 **0/498591**
74.7.227.169 - - [16/Mar/2026:11:11:59 -0700] "GET /detail/5247171.shtm?path=//lib/modules-load.d HTTP/1.1" 200 2310 "http://www.golz.in/detail/5247171.shtm?path=//lib" "Mozilla/5.0 AppleWebKit/537.36 (KHTML, like Gecko; compatible; GPTBot/1.3; +https://openai.com/gptbot)" 492 **0/492937**
74.7.227.169 - - [16/Mar/2026:11:12:02 -0700] "GET /detail/8787383.shtm?path=//proc/sys/debug HTTP/1.1" 200 2620 "http://www.golz.in/detail/8787383.shtm?path=//proc/sys" "Mozilla/5.0 AppleWebKit/537.36 (KHTML, like Gecko; compatible; GPTBot/1.3; +https://openai.com/gptbot)" 499 **0/499396**
74.7.227.169 - - [16/Mar/2026:11:12:05 -0700] "GET /detail/5247171.shtm?path=//lib/modprobe.d HTTP/1.1" 200 2613 "http://www.golz.in/detail/5247171.shtm?path=//lib" "Mozilla/5.0 AppleWebKit/537.36 (KHTML, like Gecko; compatible; GPTBot/1.3; +https://openai.com/gptbot)" 507 **0/507598**
74.7.227.169 - - [16/Mar/2026:11:12:08 -0700] "GET /detail/5247171.shtm?path=//var/run/screen HTTP/1.1" 200 2303 "http://www.golz.in/detail/5247171.shtm?path=//var/run" "Mozilla/5.0 AppleWebKit/537.36 (KHTML, like Gecko; compatible; GPTBot/1.3; +https://openai.com/gptbot)" 498 **0/498544**
74.7.227.169 - - [16/Mar/2026:11:12:11 -0700] "GET /detail/5247171.shtm?path=//usr/lib/dracut HTTP/1.1" 200 2897 "http://www.golz.in/detail/5247171.shtm?path=//usr/lib" "Mozilla/5.0 AppleWebKit/537.36 (KHTML, like Gecko; compatible; GPTBot/1.3; +https://openai.com/gptbot)" 483 **0/483452**
66.249.66.78 - - [16/Mar/2026:11:12:10 -0700] "GET /?detail/683808191 HTTP/1.1" 200 21573 "-" "Mozilla/5.0 (Linux; Android 6.0.1; Nexus 5X Build/MMB29P) AppleWebKit/537.36 (KHTML, like Gecko) Chrome/145.0.7632.116 Mobile Safari/537.36 (compatible; Googlebot/2.1; +http://www.google.com/bot.html)" 1793 **1/1793691**
74.7.227.169 - - [16/Mar/2026:11:12:14 -0700] "GET /detail/5247171.shtm?path=//var/spool/cron HTTP/1.1" 200 2305 "http://www.golz.in/detail/5247171.shtm?path=//var/spool" "Mozilla/5.0 AppleWebKit/537.36 (KHTML, like Gecko; compatible; GPTBot/1.3; +https://openai.com/gptbot)" 493 **0/493795**
74.7.227.169 - - [16/Mar/2026:11:12:18 -0700] "GET /detail/5247171.shtm?path=//usr/lib/tmpfiles.d HTTP/1.1" 200 3476 "http://www.golz.in/detail/5247171.shtm?path=//usr/lib" "Mozilla/5.0 AppleWebKit/537.36 (KHTML, like Gecko; compatible; GPTBot/1.3; +https://openai.com/gptbot)" 502 **0/502178**
66.249.71.70 - - [16/Mar/2026:11:12:18 -0700] "GET / HTTP/1.1" 200 21614 "-" "Mozilla/5.0 (Linux; Android 6.0.1; Nexus 5X Build/MMB29P) AppleWebKit/537.36 (KHTML, like Gecko) Chrome/145.0.7632.116 Mobile Safari/537.36 (compatible; Googlebot/2.1; +http://www.google.com/bot.html)" 1811 **1/1811193**
74.7.227.169 - - [16/Mar/2026:11:12:21 -0700] "GET /detail/5247171.shtm?path=//lib/sysusers.d HTTP/1.1" 200 2661 "http://www.golz.in/detail/5247171.shtm?path=//lib" "Mozilla/5.0 AppleWebKit/537.36 (KHTML, like Gecko; compatible; GPTBot/1.3; +https://openai.com/gptbot)" 518 **0/518385**
74.7.227.169 - - [16/Mar/2026:11:12:24 -0700] "GET /detail/5247171.shtm?path=//opt/alt/zeromq/usr HTTP/1.1" 200 2619 "http://www.golz.in/detail/5247171.shtm?path=//opt/alt/zeromq" "Mozilla/5.0 AppleWebKit/537.36 (KHTML, like Gecko; compatible; GPTBot/1.3; +https://openai.com/gptbot)" 509 **0/509762**
74.7.227.169 - - [16/Mar/2026:11:12:27 -0700] "GET /detail/5247171.shtm?path=//proc/self/root/etc HTTP/1.1" 200 4652 "http://www.golz.in/detail/5247171.shtm?path=//proc/self/root" "Mozilla/5.0 AppleWebKit/537.36 (KHTML, like Gecko; compatible; GPTBot/1.3; +https://openai.com/gptbot)" 495 **0/495132**
74.7.227.169 - - [16/Mar/2026:11:12:30 -0700] "GET /detail/5247171.shtm?path=//usr/lib/locale/de_AT.utf8 HTTP/1.1" 200 3007 "http://www.golz.in/detail/5247171.shtm?path=//usr/lib/locale" "Mozilla/5.0 AppleWebKit/537.36 (KHTML, like Gecko; compatible; GPTBot/1.3; +https://openai.com/gptbot)" 513 **0/513305**
74.7.227.169 - - [16/Mar/2026:11:12:33 -0700] "GET /detail/5247171.shtm?path=//proc/self/root/tmp HTTP/1.1" 200 2555 "http://www.golz.in/detail/5247171.shtm?path=//proc/self/root" "Mozilla/5.0 AppleWebKit/537.36 (KHTML, like Gecko; compatible; GPTBot/1.3; +https://openai.com/gptbot)" 504 **0/504036**
74.7.227.169 - - [16/Mar/2026:11:12:36 -0700] "GET /detail/5247171.shtm?path=//proc/self/root/opt HTTP/1.1" 200 2811 "http://www.golz.in/detail/5247171.shtm?path=//proc/self/root" "Mozilla/5.0 AppleWebKit/537.36 (KHTML, like Gecko; compatible; GPTBot/1.3; +https://openai.com/gptbot)" 496 **0/496441**
74.7.227.169 - - [16/Mar/2026:11:12:39 -0700] "GET /detail/5247171.shtm?path=//proc/self/root/run HTTP/1.1" 200 2861 "http://www.golz.in/detail/5247171.shtm?path=//proc/self/root" "Mozilla/5.0 AppleWebKit/537.36 (KHTML, like Gecko; compatible; GPTBot/1.3; +https://openai.com/gptbot)" 509 **0/509363**
114.119.130.26 - - [16/Mar/2026:11:12:40 -0700] "GET /detail/2540995538.shtm HTTP/1.1" 200 4098 "http://www.golz.in/sitemap.xml" "Mozilla/5.0 (Linux; Android 7.0;) AppleWebKit/537.36 (KHTML, like Gecko) Mobile Safari/537.36 (compatible; PetalBot;+https://webmaster.petalsearch.com/site/petalbot)" 508 **0/508028**
74.7.227.169 - - [16/Mar/2026:11:12:42 -0700] "GET /detail/5247171.shtm?path=//proc/self/root/bin HTTP/1.1" 200 14535 "http://www.golz.in/detail/5247171.shtm?path=//proc/self/root" "Mozilla/5.0 AppleWebKit/537.36 (KHTML, like Gecko; compatible; GPTBot/1.3; +https://openai.com/gptbot)" 533 **0/533263**
74.7.227.169 - - [16/Mar/2026:11:12:45 -0700] "GET /detail/5247171.shtm?path=//proc/self/root/var HTTP/1.1" 200 2908 "http://www.golz.in/detail/5247171.shtm?path=//proc/self/root" "Mozilla/5.0 AppleWebKit/537.36 (KHTML, like Gecko; compatible; GPTBot/1.3; +https://openai.com/gptbot)" 504 **0/504486**
74.7.227.169 - - [16/Mar/2026:11:12:49 -0700] "GET /detail/5247171.shtm?path=//proc/self/root/usr HTTP/1.1" 200 2793 "http://www.golz.in/detail/5247171.shtm?path=//proc/self/root" "Mozilla/5.0 AppleWebKit/537.36 (KHTML, like Gecko; compatible; GPTBot/1.3; +https://openai.com/gptbot)" 495 **0/495963**
74.7.227.169 - - [16/Mar/2026:11:12:52 -0700] "GET /detail/5247171.shtm?path=//usr/lib/kernel HTTP/1.1" 200 2556 "http://www.golz.in/detail/5247171.shtm?path=//usr/lib" "Mozilla/5.0 AppleWebKit/537.36 (KHTML, like Gecko; compatible; GPTBot/1.3; +https://openai.com/gptbot)" 506 **0/506765**
74.7.227.169 - - [16/Mar/2026:11:12:55 -0700] "GET /detail/5247171.shtm?path=//proc/self/root/lib HTTP/1.1" 200 3599 "http://www.golz.in/detail/5247171.shtm?path=//proc/self/root" "Mozilla/5.0 AppleWebKit/537.36 (KHTML, like Gecko; compatible; GPTBot/1.3; +https://openai.com/gptbot)" 518 **0/518980**
74.7.227.169 - - [16/Mar/2026:11:12:58 -0700] "GET /detail/8787383.shtm?path=//proc/self/root/lib/.build-id/fc HTTP/1.1" 200 3199 "http://www.golz.in/detail/8787383.shtm?path=//proc/self/root/lib/.build-id" "Mozilla/5.0 AppleWebKit/537.36 (KHTML, like Gecko; compatible; GPTBot/1.3; +https://openai.com/gptbot)" 494 **0/494260**
74.7.227.169 - - [16/Mar/2026:11:13:01 -0700] "GET /detail/5247171.shtm?path=//proc/self/root/etc/skel HTTP/1.1" 200 2659 "http://www.golz.in/detail/5247171.shtm?path=//proc/self/root/etc" "Mozilla/5.0 AppleWebKit/537.36 (KHTML, like Gecko; compatible; GPTBot/1.3; +https://openai.com/gptbot)" 540 **0/540700**
74.7.227.169 - - [16/Mar/2026:11:13:04 -0700] "GET /detail/5247171.shtm?path=//proc/self/root/etc/mail HTTP/1.1" 200 2574 "http://www.golz.in/detail/5247171.shtm?path=//proc/self/root/etc" "Mozilla/5.0 AppleWebKit/537.36 (KHTML, like Gecko; compatible; GPTBot/1.3; +https://openai.com/gptbot)" 505 **0/505822**
74.7.227.169 - - [16/Mar/2026:11:13:08 -0700] "GET /detail/8787383.shtm?path=//proc/self/root/lib/.build-id/cf HTTP/1.1" 200 3042 "http://www.golz.in/detail/8787383.shtm?path=//proc/self/root/lib/.build-id" "Mozilla/5.0 AppleWebKit/537.36 (KHTML, like Gecko; compatible; GPTBot/1.3; +https://openai.com/gptbot)" 520 **0/520915**
74.7.227.169 - - [16/Mar/2026:11:13:11 -0700] "GET /detail/9999482.shtm?path=//var/run/cagefs HTTP/1.1" 200 2560 "http://www.golz.in/detail/9999482.shtm?path=//var/run" "Mozilla/5.0 AppleWebKit/537.36 (KHTML, like Gecko; compatible; GPTBot/1.3; +https://openai.com/gptbot)" 503 **0/503482**
74.7.227.169 - - [16/Mar/2026:11:13:14 -0700] "GET /detail/9999482.shtm?path=//proc/bus/input HTTP/1.1" 200 2599 "http://www.golz.in/detail/9999482.shtm?path=//proc/bus" "Mozilla/5.0 AppleWebKit/537.36 (KHTML, like Gecko; compatible; GPTBot/1.3; +https://openai.com/gptbot)" 490 **0/490928**
74.7.227.169 - - [16/Mar/2026:11:13:17 -0700] "GET /detail/5247171.shtm?fileloc=//proc/self/root/bin/printenv&path=//proc/self/root/bin HTTP/1.1" 200 14716 "http://www.golz.in/detail/5247171.shtm?path=//proc/self/root/bin" "Mozilla/5.0 AppleWebKit/537.36 (KHTML, like Gecko; compatible; GPTBot/1.3; +https://openai.com/gptbot)" 502 **0/502963**
74.7.227.169 - - [16/Mar/2026:11:13:20 -0700] "GET /detail/5247171.shtm?fileloc=//proc/self/root/bin/cp&path=//proc/self/root/bin HTTP/1.1" 200 61954 "http://www.golz.in/detail/5247171.shtm?path=//proc/self/root/bin" "Mozilla/5.0 AppleWebKit/537.36 (KHTML, like Gecko; compatible; GPTBot/1.3; +https://openai.com/gptbot)" 522 **0/522948**
74.7.227.169 - - [16/Mar/2026:11:13:23 -0700] "GET /detail/5247171.shtm?fileloc=//proc/self/root/bin/objcopy&path=//proc/self/root/bin HTTP/1.1" 200 95294 "http://www.golz.in/detail/5247171.shtm?path=//proc/self/root/bin" "Mozilla/5.0 AppleWebKit/537.36 (KHTML, like Gecko; compatible; GPTBot/1.3; +https://openai.com/gptbot)" 568 **0/568472**
74.7.227.169 - - [16/Mar/2026:11:13:26 -0700] "GET /detail/5247171.shtm?fileloc=//proc/self/root/bin/mariadb-binlog&path=//proc/self/root/bin HTTP/1.1" 200 738105 "http://www.golz.in/detail/5247171.shtm?path=//proc/self/root/bin" "Mozilla/5.0 AppleWebKit/537.36 (KHTML, like Gecko; compatible; GPTBot/1.3; +https://openai.com/gptbot)" 908 **0/908693**
114.119.143.213 - - [16/Mar/2026:11:13:27 -0700] "GET /detail/2499812155.shtm HTTP/1.1" 200 4098 "http://www.golz.in/sitemap.xml" "Mozilla/5.0 (Linux; Android 7.0;) AppleWebKit/537.36 (KHTML, like Gecko) Mobile Safari/537.36 (compatible; PetalBot;+https://webmaster.petalsearch.com/site/petalbot)" 514 **0/514459**
74.7.227.169 - - [16/Mar/2026:11:13:29 -0700] "GET /detail/5247171.shtm?fileloc=//proc/self/root/bin/dnstap-read&path=//proc/self/root/bin HTTP/1.1" 200 8239 "http://www.golz.in/detail/5247171.shtm?path=//proc/self/root/bin" "Mozilla/5.0 AppleWebKit/537.36 (KHTML, like Gecko; compatible; GPTBot/1.3; +https://openai.com/gptbot)" 506 **0/506867**
74.7.227.169 - - [16/Mar/2026:11:13:32 -0700] "GET /detail/5247171.shtm?fileloc=//proc/self/root/bin/fc-match&path=//proc/self/root/bin HTTP/1.1" 200 6992 "http://www.golz.in/detail/5247171.shtm?path=//proc/self/root/bin" "Mozilla/5.0 AppleWebKit/537.36 (KHTML, like Gecko; compatible; GPTBot/1.3; +https://openai.com/gptbot)" 541 **0/541892**
74.7.227.169 - - [16/Mar/2026:11:13:36 -0700] "GET /detail/5247171.shtm?path=//proc/self/root/var/www HTTP/1.1" 200 2601 "http://www.golz.in/detail/5247171.shtm?path=//proc/self/root/var" "Mozilla/5.0 AppleWebKit/537.36 (KHTML, like Gecko; compatible; GPTBot/1.3; +https://openai.com/gptbot)" 515 **0/515432**
74.7.227.169 - - [16/Mar/2026:11:13:39 -0700] "GET /detail/5247171.shtm?path=//proc/self/root/var/php HTTP/1.1" 200 2572 "http://www.golz.in/detail/5247171.shtm?path=//proc/self/root/var" "Mozilla/5.0 AppleWebKit/537.36 (KHTML, like Gecko; compatible; GPTBot/1.3; +https://openai.com/gptbot)" 519 **0/519796**
74.7.227.169 - - [16/Mar/2026:11:13:42 -0700] "GET /detail/9999482.shtm?path=//proc/self/root/bin HTTP/1.1" 200 14535 "http://www.golz.in/detail/9999482.shtm?path=//proc/self/root" "Mozilla/5.0 AppleWebKit/537.36 (KHTML, like Gecko; compatible; GPTBot/1.3; +https://openai.com/gptbot)" 519 **0/519376**
74.7.227.169 - - [16/Mar/2026:11:13:45 -0700] "GET /detail/79877902.shtm?fileloc=//bin/ptx&path=//bin HTTP/1.1" 200 32256 "http://www.golz.in/detail/79877902.shtm?path=//bin" "Mozilla/5.0 AppleWebKit/537.36 (KHTML, like Gecko; compatible; GPTBot/1.3; +https://openai.com/gptbot)" 510 **0/510483**
74.7.227.169 - - [16/Mar/2026:11:13:48 -0700] "GET /detail/5247171.shtm?fileloc=//bin/h2xs&path=//bin HTTP/1.1" 200 23023 "http://www.golz.in/detail/5247171.shtm?path=//bin" "Mozilla/5.0 AppleWebKit/537.36 (KHTML, like Gecko; compatible; GPTBot/1.3; +https://openai.com/gptbot)" 505 **0/505144**
74.7.227.169 - - [16/Mar/2026:11:13:51 -0700] "GET /detail/79877902.shtm?fileloc=//bin/gem&path=//bin HTTP/1.1" 200 2553 "http://www.golz.in/detail/79877902.shtm?path=//bin" "Mozilla/5.0 AppleWebKit/537.36 (KHTML, like Gecko; compatible; GPTBot/1.3; +https://openai.com/gptbot)" 494 **0/494531**
74.7.227.169 - - [16/Mar/2026:11:13:54 -0700] "GET /detail/79877902.shtm?fileloc=//bin/dig&path=//bin HTTP/1.1" 200 61022 "http://www.golz.in/detail/79877902.shtm?path=//bin" "Mozilla/5.0 AppleWebKit/537.36 (KHTML, like Gecko; compatible; GPTBot/1.3; +https://openai.com/gptbot)" 504 **0/504814**
74.7.227.169 - - [16/Mar/2026:11:13:57 -0700] "GET /detail/79877902.shtm?fileloc=//bin/awk&path=//bin HTTP/1.1" 200 287002 "http://www.golz.in/detail/79877902.shtm?path=//bin" "Mozilla/5.0 AppleWebKit/537.36 (KHTML, like Gecko; compatible; GPTBot/1.3; +https://openai.com/gptbot)" 593 **0/593576**
74.7.227.169 - - [16/Mar/2026:11:14:01 -0700] "GET /detail/79877902.shtm?fileloc=//bin/dir&path=//bin HTTP/1.1" 200 57498 "http://www.golz.in/detail/79877902.shtm?path=//bin" "Mozilla/5.0 AppleWebKit/537.36 (KHTML, like Gecko; compatible; GPTBot/1.3; +https://openai.com/gptbot)" 562 **0/562619**
74.7.227.169 - - [16/Mar/2026:11:14:04 -0700] "GET /detail/79877902.shtm?fileloc=//bin/zip&path=//bin HTTP/1.1" 200 92344 "http://www.golz.in/detail/79877902.shtm?path=//bin" "Mozilla/5.0 AppleWebKit/537.36 (KHTML, like Gecko; compatible; GPTBot/1.3; +https://openai.com/gptbot)" 561 **0/561191**
74.7.227.169 - - [16/Mar/2026:11:14:07 -0700] "GET /detail/79877902.shtm?fileloc=//bin/lex&path=//bin HTTP/1.1" 200 125410 "http://www.golz.in/detail/79877902.shtm?path=//bin" "Mozilla/5.0 AppleWebKit/537.36 (KHTML, like Gecko; compatible; GPTBot/1.3; +https://openai.com/gptbot)" 556 **0/556883**
74.7.227.169 - - [16/Mar/2026:11:14:10 -0700] "GET /detail/79877902.shtm?fileloc=//bin/cmp&path=//bin HTTP/1.1" 200 22485 "http://www.golz.in/detail/79877902.shtm?path=//bin" "Mozilla/5.0 AppleWebKit/537.36 (KHTML, like Gecko; compatible; GPTBot/1.3; +https://openai.com/gptbot)" 512 **0/512548**
74.7.227.169 - - [16/Mar/2026:11:14:13 -0700] "GET /detail/79877902.shtm?fileloc=//bin/tar&path=//bin HTTP/1.1" 200 185026 "http://www.golz.in/detail/79877902.shtm?path=//bin" "Mozilla/5.0 AppleWebKit/537.36 (KHTML, like Gecko; compatible; GPTBot/1.3; +https://openai.com/gptbot)" 581 **0/581677**
74.7.227.169 - - [16/Mar/2026:11:14:16 -0700] "GET /detail/9999482.shtm?fileloc=//proc/self/root/bin/mariadb-show&path=//proc/self/root/bin HTTP/1.1" 200 623853 "http://www.golz.in/detail/9999482.shtm?path=//proc/self/root/bin" "Mozilla/5.0 AppleWebKit/537.36 (KHTML, like Gecko; compatible; GPTBot/1.3; +https://openai.com/gptbot)" 891 **0/891434**
74.7.227.169 - - [16/Mar/2026:11:14:19 -0700] "GET /detail/9999482.shtm?fileloc=//proc/self/root/bin/run-with-aspell&path=//proc/self/root/bin HTTP/1.1" 200 2326 "http://www.golz.in/detail/9999482.shtm?path=//proc/self/root/bin" "Mozilla/5.0 AppleWebKit/537.36 (KHTML, like Gecko; compatible; GPTBot/1.3; +https://openai.com/gptbot)" 507 **0/507251**
66.249.66.1 - - [16/Mar/2026:11:14:20 -0700] "GET /?detail/932524416 HTTP/1.1" 200 22199 "-" "Mozilla/5.0 (Linux; Android 6.0.1; Nexus 5X Build/MMB29P) AppleWebKit/537.36 (KHTML, like Gecko) Chrome/145.0.7632.116 Mobile Safari/537.36 (compatible; Googlebot/2.1; +http://www.google.com/bot.html)" 1761 **1/1761888**
74.7.227.169 - - [16/Mar/2026:11:14:23 -0700] "GET /detail/9999482.shtm?fileloc=//proc/self/root/bin/split&path=//proc/self/root/bin HTTP/1.1" 200 24990 "http://www.golz.in/detail/9999482.shtm?path=//proc/self/root/bin" "Mozilla/5.0 AppleWebKit/537.36 (KHTML, like Gecko; compatible; GPTBot/1.3; +https://openai.com/gptbot)" 522 **0/522609**
74.7.227.169 - - [16/Mar/2026:11:14:26 -0700] "GET /detail/9999482.shtm?fileloc=//proc/self/root/bin/dnstap-read&path=//proc/self/root/bin HTTP/1.1" 200 8239 "http://www.golz.in/detail/9999482.shtm?path=//proc/self/root/bin" "Mozilla/5.0 AppleWebKit/537.36 (KHTML, like Gecko; compatible; GPTBot/1.3; +https://openai.com/gptbot)" 504 **0/504509**
74.7.227.169 - - [16/Mar/2026:11:14:29 -0700] "GET /detail/79877902.shtm?fileloc=//bin/cut&path=//bin HTTP/1.1" 200 21027 "http://www.golz.in/detail/79877902.shtm?path=//bin" "Mozilla/5.0 AppleWebKit/537.36 (KHTML, like Gecko; compatible; GPTBot/1.3; +https://openai.com/gptbot)" 523 **0/523958**
74.7.227.169 - - [16/Mar/2026:11:14:32 -0700] "GET /detail/79877902.shtm?fileloc=//bin/rvi&path=//bin HTTP/1.1" 200 485658 "http://www.golz.in/detail/79877902.shtm?path=//bin" "Mozilla/5.0 AppleWebKit/537.36 (KHTML, like Gecko; compatible; GPTBot/1.3; +https://openai.com/gptbot)" 688 **0/688157**
74.7.227.169 - - [16/Mar/2026:11:14:36 -0700] "GET /detail/79877902.shtm?fileloc=//bin/gcc&path=//bin HTTP/1.1" 200 438837 "http://www.golz.in/detail/79877902.shtm?path=//bin" "Mozilla/5.0 AppleWebKit/537.36 (KHTML, like Gecko; compatible; GPTBot/1.3; +https://openai.com/gptbot)" 669 **0/669123**
74.7.227.169 - - [16/Mar/2026:11:14:39 -0700] "GET /detail/79877902.shtm?fileloc=//bin/atq&path=//bin HTTP/1.1" 200 2876 "http://www.golz.in/detail/79877902.shtm?path=//bin" "Mozilla/5.0 AppleWebKit/537.36 (KHTML, like Gecko; compatible; GPTBot/1.3; +https://openai.com/gptbot)" 497 **0/497496**
74.7.227.169 - - [16/Mar/2026:11:14:42 -0700] "GET /detail/79877902.shtm?fileloc=//bin/scp&path=//bin HTTP/1.1" 200 43728 "http://www.golz.in/detail/79877902.shtm?path=//bin" "Mozilla/5.0 AppleWebKit/537.36 (KHTML, like Gecko; compatible; GPTBot/1.3; +https://openai.com/gptbot)" 498 **0/498276**
74.7.227.169 - - [16/Mar/2026:11:14:45 -0700] "GET /detail/79877902.shtm?fileloc=//bin/yes&path=//bin HTTP/1.1" 200 14909 "http://www.golz.in/detail/79877902.shtm?path=//bin" "Mozilla/5.0 AppleWebKit/537.36 (KHTML, like Gecko; compatible; GPTBot/1.3; +https://openai.com/gptbot)" 495 **0/495452**
74.7.227.169 - - [16/Mar/2026:11:14:48 -0700] "GET /detail/79877902.shtm?fileloc=//bin/raw&path=//bin HTTP/1.1" 200 7543 "http://www.golz.in/detail/79877902.shtm?path=//bin" "Mozilla/5.0 AppleWebKit/537.36 (KHTML, like Gecko; compatible; GPTBot/1.3; +https://openai.com/gptbot)" 513 **0/513539**
74.7.227.169 - - [16/Mar/2026:11:14:51 -0700] "GET /detail/79877902.shtm?fileloc=//bin/vim&path=//bin HTTP/1.1" 200 1269477 "http://www.golz.in/detail/79877902.shtm?path=//bin" "Mozilla/5.0 AppleWebKit/537.36 (KHTML, like Gecko; compatible; GPTBot/1.3; +https://openai.com/gptbot)" 1060 **1/1060996**
114.119.158.216 - - [16/Mar/2026:11:14:52 -0700] "GET /detail/2494011252.shtm HTTP/1.1" 200 4098 "http://www.golz.in/sitemap.xml" "Mozilla/5.0 (Linux; Android 7.0;) AppleWebKit/537.36 (KHTML, like Gecko) Mobile Safari/537.36 (compatible; PetalBot;+https://webmaster.petalsearch.com/site/petalbot)" 491 **0/491279**
74.7.227.169 - - [16/Mar/2026:11:14:54 -0700] "GET /detail/79877902.shtm?fileloc=//bin/rev&path=//bin HTTP/1.1" 200 6806 "http://www.golz.in/detail/79877902.shtm?path=//bin" "Mozilla/5.0 AppleWebKit/537.36 (KHTML, like Gecko; compatible; GPTBot/1.3; +https://openai.com/gptbot)" 497 **0/497325**
74.7.227.169 - - [16/Mar/2026:11:14:57 -0700] "GET /detail/79877902.shtm?fileloc=//bin/env&path=//bin HTTP/1.1" 200 17625 "http://www.golz.in/detail/79877902.shtm?path=//bin" "Mozilla/5.0 AppleWebKit/537.36 (KHTML, like Gecko; compatible; GPTBot/1.3; +https://openai.com/gptbot)" 508 **0/508810**
74.7.227.169 - - [16/Mar/2026:11:15:00 -0700] "GET /detail/79877902.shtm?fileloc=//bin/sum&path=//bin HTTP/1.1" 200 18954 "http://www.golz.in/detail/79877902.shtm?path=//bin" "Mozilla/5.0 AppleWebKit/537.36 (KHTML, like Gecko; compatible; GPTBot/1.3; +https://openai.com/gptbot)" 513 **0/513341**
74.7.227.169 - - [16/Mar/2026:11:15:03 -0700] "GET /detail/79877902.shtm?fileloc=//bin/who&path=//bin HTTP/1.1" 200 23380 "http://www.golz.in/detail/79877902.shtm?path=//bin" "Mozilla/5.0 AppleWebKit/537.36 (KHTML, like Gecko; compatible; GPTBot/1.3; +https://openai.com/gptbot)" 554 **0/554667**
74.7.227.169 - - [16/Mar/2026:11:15:06 -0700] "GET /detail/79877902.shtm?fileloc=//bin/xxd&path=//bin HTTP/1.1" 200 10020 "http://www.golz.in/detail/79877902.shtm?path=//bin" "Mozilla/5.0 AppleWebKit/537.36 (KHTML, like Gecko; compatible; GPTBot/1.3; +https://openai.com/gptbot)" 514 **0/514790**
74.7.227.169 - - [16/Mar/2026:11:15:10 -0700] "GET /detail/79877902.shtm?fileloc=//bin/pwd&path=//bin HTTP/1.1" 200 16063 "http://www.golz.in/detail/79877902.shtm?path=//bin" "Mozilla/5.0 AppleWebKit/537.36 (KHTML, like Gecko; compatible; GPTBot/1.3; +https://openai.com/gptbot)" 513 **0/513182**
74.7.227.169 - - [16/Mar/2026:11:15:13 -0700] "GET /detail/79877902.shtm?fileloc=//bin/gpg&path=//bin HTTP/1.1" 200 448764 "http://www.golz.in/detail/79877902.shtm?path=//bin" "Mozilla/5.0 AppleWebKit/537.36 (KHTML, like Gecko; compatible; GPTBot/1.3; +https://openai.com/gptbot)" 790 **0/790355**
74.7.227.169 - - [16/Mar/2026:11:15:16 -0700] "GET /detail/79877902.shtm?fileloc=//bin/eqn&path=//bin HTTP/1.1" 200 67644 "http://www.golz.in/detail/79877902.shtm?path=//bin" "Mozilla/5.0 AppleWebKit/537.36 (KHTML, like Gecko; compatible; GPTBot/1.3; +https://openai.com/gptbot)" 538 **0/538069**
74.7.227.169 - - [16/Mar/2026:11:15:19 -0700] "GET /detail/79877902.shtm?fileloc=//bin/seq&path=//bin HTTP/1.1" 200 22252 "http://www.golz.in/detail/79877902.shtm?path=//bin" "Mozilla/5.0 AppleWebKit/537.36 (KHTML, like Gecko; compatible; GPTBot/1.3; +https://openai.com/gptbot)" 506 **0/506310**
74.7.227.169 - - [16/Mar/2026:11:15:22 -0700] "GET /detail/5247171.shtm?path=//proc/self/root/usr/sbin HTTP/1.1" 200 4029 "http://www.golz.in/detail/5247171.shtm?path=//proc/self/root/usr" "Mozilla/5.0 AppleWebKit/537.36 (KHTML, like Gecko; compatible; GPTBot/1.3; +https://openai.com/gptbot)" 493 **0/493448**
74.7.227.169 - - [16/Mar/2026:11:15:25 -0700] "GET /detail/5247171.shtm?path=//proc/self/root/lib/gems HTTP/1.1" 200 2571 "http://www.golz.in/detail/5247171.shtm?path=//proc/self/root/lib" "Mozilla/5.0 AppleWebKit/537.36 (KHTML, like Gecko; compatible; GPTBot/1.3; +https://openai.com/gptbot)" 502 **0/502173**
74.7.227.169 - - [16/Mar/2026:11:15:28 -0700] "GET /detail/5247171.shtm?path=//opt/alt/cyrus-sasl/sbin HTTP/1.1" 200 2778 "http://www.golz.in/detail/5247171.shtm?path=//opt/alt/cyrus-sasl" "Mozilla/5.0 AppleWebKit/537.36 (KHTML, like Gecko; compatible; GPTBot/1.3; +https://openai.com/gptbot)" 517 **0/517869**
74.7.227.169 - - [16/Mar/2026:11:15:31 -0700] "GET /detail/5247171.shtm?path=//proc/self/root/lib/exim HTTP/1.1" 200 2572 "http://www.golz.in/detail/5247171.shtm?path=//proc/self/root/lib" "Mozilla/5.0 AppleWebKit/537.36 (KHTML, like Gecko; compatible; GPTBot/1.3; +https://openai.com/gptbot)" 502 **0/502486**
74.7.227.169 - - [16/Mar/2026:11:15:35 -0700] "GET /detail/5247171.shtm?path=//proc/self/root/run/nscd HTTP/1.1" 200 2588 "http://www.golz.in/detail/5247171.shtm?path=//proc/self/root/run" "Mozilla/5.0 AppleWebKit/537.36 (KHTML, like Gecko; compatible; GPTBot/1.3; +https://openai.com/gptbot)" 494 **0/494036**
74.7.227.169 - - [16/Mar/2026:11:15:38 -0700] "GET /detail/5247171.shtm?path=//etc/cl.php.d HTTP/1.1" 200 2708 "http://www.golz.in/detail/5247171.shtm?path=//etc" "Mozilla/5.0 AppleWebKit/537.36 (KHTML, like Gecko; compatible; GPTBot/1.3; +https://openai.com/gptbot)" 494 **0/494186**
74.7.227.169 - - [16/Mar/2026:11:15:41 -0700] "GET /detail/8787383.shtm?path=//proc/self/root/var/www/html HTTP/1.1" 200 3056 "http://www.golz.in/detail/8787383.shtm?path=//proc/self/root/var/www" "Mozilla/5.0 AppleWebKit/537.36 (KHTML, like Gecko; compatible; GPTBot/1.3; +https://openai.com/gptbot)" 510 **0/510727**
74.7.227.169 - - [16/Mar/2026:11:15:44 -0700] "GET /detail/9999482.shtm?path=//proc/self/root/var/www/html HTTP/1.1" 200 3056 "http://www.golz.in/detail/9999482.shtm?path=//proc/self/root/var/www" "Mozilla/5.0 AppleWebKit/537.36 (KHTML, like Gecko; compatible; GPTBot/1.3; +https://openai.com/gptbot)" 496 **0/496447**
74.7.227.169 - - [16/Mar/2026:11:15:47 -0700] "GET /detail/5247171.shtm?path=//proc/sys/net/ipv4 HTTP/1.1" 200 5591 "http://www.golz.in/detail/5247171.shtm?path=//proc/sys/net" "Mozilla/5.0 AppleWebKit/537.36 (KHTML, like Gecko; compatible; GPTBot/1.3; +https://openai.com/gptbot)" 502 **0/502447**
74.7.227.169 - - [16/Mar/2026:11:15:50 -0700] "GET /detail/5247171.shtm?path=//proc/sys/net/ipv6 HTTP/1.1" 200 3424 "http://www.golz.in/detail/5247171.shtm?path=//proc/sys/net" "Mozilla/5.0 AppleWebKit/537.36 (KHTML, like Gecko; compatible; GPTBot/1.3; +https://openai.com/gptbot)" 498 **0/498609**
74.7.227.169 - - [16/Mar/2026:11:15:53 -0700] "GET /detail/8787383.shtm?path=//proc/net/dev_snmp6 HTTP/1.1" 200 2321 "http://www.golz.in/detail/8787383.shtm?path=//proc/net" "Mozilla/5.0 AppleWebKit/537.36 (KHTML, like Gecko; compatible; GPTBot/1.3; +https://openai.com/gptbot)" 499 **0/499377**
74.7.227.169 - - [16/Mar/2026:11:15:56 -0700] "GET /detail/8787383.shtm?path=//proc/self/root/lib/udev HTTP/1.1" 200 3048 "http://www.golz.in/detail/8787383.shtm?path=//proc/self/root/lib" "Mozilla/5.0 AppleWebKit/537.36 (KHTML, like Gecko; compatible; GPTBot/1.3; +https://openai.com/gptbot)" 497 **0/497040**
74.7.227.169 - - [16/Mar/2026:11:15:59 -0700] "GET /detail/8787383.shtm?path=//proc/self/root/run/dbus HTTP/1.1" 200 2334 "http://www.golz.in/detail/8787383.shtm?path=//proc/self/root/run" "Mozilla/5.0 AppleWebKit/537.36 (KHTML, like Gecko; compatible; GPTBot/1.3; +https://openai.com/gptbot)" 490 **0/490049**
74.7.227.169 - - [16/Mar/2026:11:16:03 -0700] "GET /detail/8787383.shtm?path=//opt/alt/cyrus-sasl/sbin HTTP/1.1" 200 2778 "http://www.golz.in/detail/8787383.shtm?path=//opt/alt/cyrus-sasl" "Mozilla/5.0 AppleWebKit/537.36 (KHTML, like Gecko; compatible; GPTBot/1.3; +https://openai.com/gptbot)" 535 **0/535928**
74.7.227.169 - - [16/Mar/2026:11:16:06 -0700] "GET /detail/8787383.shtm?path=//proc/self/root/lib/grub HTTP/1.1" 200 2574 "http://www.golz.in/detail/8787383.shtm?path=//proc/self/root/lib" "Mozilla/5.0 AppleWebKit/537.36 (KHTML, like Gecko; compatible; GPTBot/1.3; +https://openai.com/gptbot)" 503 **0/503583**
74.7.227.169 - - [16/Mar/2026:11:16:09 -0700] "GET /detail/8787383.shtm?path=//proc/self/root/usr/sbin HTTP/1.1" 200 4029 "http://www.golz.in/detail/8787383.shtm?path=//proc/self/root/usr" "Mozilla/5.0 AppleWebKit/537.36 (KHTML, like Gecko; compatible; GPTBot/1.3; +https://openai.com/gptbot)" 519 **0/519453**
74.7.227.169 - - [16/Mar/2026:11:16:12 -0700] "GET /detail/8787383.shtm?path=//usr/local/bin HTTP/1.1" 200 2628 "http://www.golz.in/detail/8787383.shtm?path=//usr/local" "Mozilla/5.0 AppleWebKit/537.36 (KHTML, like Gecko; compatible; GPTBot/1.3; +https://openai.com/gptbot)" 497 **0/497324**
74.7.227.169 - - [16/Mar/2026:11:16:16 -0700] "GET /detail/8787383.shtm?fileloc=//proc/self/root/var/www/html/404.shtml&path=//proc/self/root/var/www/html HTTP/1.1" 200 3013 "http://www.golz.in/detail/8787383.shtm?path=//proc/self/root/var/www/html" "Mozilla/5.0 AppleWebKit/537.36 (KHTML, like Gecko; compatible; GPTBot/1.3; +https://openai.com/gptbot)" 494 **0/494387**
74.7.227.169 - - [16/Mar/2026:11:16:19 -0700] "GET /detail/5247171.shtm?path=//etc/cl.python HTTP/1.1" 200 2608 "http://www.golz.in/detail/5247171.shtm?path=//etc" "Mozilla/5.0 AppleWebKit/537.36 (KHTML, like Gecko; compatible; GPTBot/1.3; +https://openai.com/gptbot)" 508 **0/508923**
114.119.130.26 - - [16/Mar/2026:11:16:21 -0700] "GET /detail/2463940625.shtm HTTP/1.1" 200 4098 "http://www.golz.in/sitemap.xml" "Mozilla/5.0 (Linux; Android 7.0;) AppleWebKit/537.36 (KHTML, like Gecko) Mobile Safari/537.36 (compatible; PetalBot;+https://webmaster.petalsearch.com/site/petalbot)" 508 **0/508836**
74.7.227.169 - - [16/Mar/2026:11:16:22 -0700] "GET /detail/5247171.shtm?fileloc=//proc/sys/net/ipv4/tcp_timestamps&path=//proc/sys/net/ipv4 HTTP/1.1" 200 2282 "http://www.golz.in/detail/5247171.shtm?path=//proc/sys/net/ipv4" "Mozilla/5.0 AppleWebKit/537.36 (KHTML, like Gecko; compatible; GPTBot/1.3; +https://openai.com/gptbot)" 491 **0/491099**
74.7.227.169 - - [16/Mar/2026:11:16:25 -0700] "GET /detail/5247171.shtm?fileloc=//proc/sys/net/ipv4/tcp_l3mdev_accept&path=//proc/sys/net/ipv4 HTTP/1.1" 200 2289 "http://www.golz.in/detail/5247171.shtm?path=//proc/sys/net/ipv4" "Mozilla/5.0 AppleWebKit/537.36 (KHTML, like Gecko; compatible; GPTBot/1.3; +https://openai.com/gptbot)" 491 **0/491330**
74.7.227.169 - - [16/Mar/2026:11:16:28 -0700] "GET /detail/5247171.shtm?fileloc=//proc/sys/net/ipv6/ip6frag_high_thresh&path=//proc/sys/net/ipv6 HTTP/1.1" 200 2294 "http://www.golz.in/detail/5247171.shtm?path=//proc/sys/net/ipv6" "Mozilla/5.0 AppleWebKit/537.36 (KHTML, like Gecko; compatible; GPTBot/1.3; +https://openai.com/gptbot)" 508 **0/508865**
74.7.227.169 - - [16/Mar/2026:11:16:32 -0700] "GET /detail/5247171.shtm?fileloc=//proc/sys/net/ipv4/udp_l3mdev_accept&path=//proc/sys/net/ipv4 HTTP/1.1" 200 2289 "http://www.golz.in/detail/5247171.shtm?path=//proc/sys/net/ipv4" "Mozilla/5.0 AppleWebKit/537.36 (KHTML, like Gecko; compatible; GPTBot/1.3; +https://openai.com/gptbot)" 496 **0/496808**
74.7.227.169 - - [16/Mar/2026:11:16:35 -0700] "GET /detail/5247171.shtm?fileloc=//proc/sys/net/ipv6/ip6frag_low_thresh&path=//proc/sys/net/ipv6 HTTP/1.1" 200 2292 "http://www.golz.in/detail/5247171.shtm?path=//proc/sys/net/ipv6" "Mozilla/5.0 AppleWebKit/537.36 (KHTML, like Gecko; compatible; GPTBot/1.3; +https://openai.com/gptbot)" 519 **0/519596**
74.7.227.169 - - [16/Mar/2026:11:16:38 -0700] "GET /detail/5247171.shtm?fileloc=//proc/sys/net/ipv4/ipfrag_high_thresh&path=//proc/sys/net/ipv4 HTTP/1.1" 200 2293 "http://www.golz.in/detail/5247171.shtm?path=//proc/sys/net/ipv4" "Mozilla/5.0 AppleWebKit/537.36 (KHTML, like Gecko; compatible; GPTBot/1.3; +https://openai.com/gptbot)" 521 **0/521083**
74.7.227.169 - - [16/Mar/2026:11:16:41 -0700] "GET /detail/5247171.shtm?fileloc=//proc/sys/net/ipv4/tcp_fastopen_key&path=//proc/sys/net/ipv4 HTTP/1.1" 200 2284 "http://www.golz.in/detail/5247171.shtm?path=//proc/sys/net/ipv4" "Mozilla/5.0 AppleWebKit/537.36 (KHTML, like Gecko; compatible; GPTBot/1.3; +https://openai.com/gptbot)" 486 **0/486233**
74.7.227.169 - - [16/Mar/2026:11:16:44 -0700] "GET /detail/5247171.shtm?fileloc=//proc/sys/net/ipv4/tcp_probe_interval&path=//proc/sys/net/ipv4 HTTP/1.1" 200 2288 "http://www.golz.in/detail/5247171.shtm?path=//proc/sys/net/ipv4" "Mozilla/5.0 AppleWebKit/537.36 (KHTML, like Gecko; compatible; GPTBot/1.3; +https://openai.com/gptbot)" 509 **0/509288**
74.7.227.169 - - [16/Mar/2026:11:16:47 -0700] "GET /detail/5247171.shtm?fileloc=//proc/sys/net/ipv4/tcp_notsent_lowat&path=//proc/sys/net/ipv4 HTTP/1.1" 200 2294 "http://www.golz.in/detail/5247171.shtm?path=//proc/sys/net/ipv4" "Mozilla/5.0 AppleWebKit/537.36 (KHTML, like Gecko; compatible; GPTBot/1.3; +https://openai.com/gptbot)" 500 **0/500624**
74.7.227.169 - - [16/Mar/2026:11:16:51 -0700] "GET /detail/5247171.shtm?fileloc=//proc/sys/net/ipv4/tcp_early_retrans&path=//proc/sys/net/ipv4 HTTP/1.1" 200 2285 "http://www.golz.in/detail/5247171.shtm?path=//proc/sys/net/ipv4" "Mozilla/5.0 AppleWebKit/537.36 (KHTML, like Gecko; compatible; GPTBot/1.3; +https://openai.com/gptbot)" 521 **0/521877**
74.7.227.169 - - [16/Mar/2026:11:16:54 -0700] "GET /detail/5247171.shtm?fileloc=//proc/sys/net/ipv4/inet_peer_threshold&path=//proc/sys/net/ipv4 HTTP/1.1" 200 2290 "http://www.golz.in/detail/5247171.shtm?path=//proc/sys/net/ipv4" "Mozilla/5.0 AppleWebKit/537.36 (KHTML, like Gecko; compatible; GPTBot/1.3; +https://openai.com/gptbot)" 489 **0/489801**
74.7.227.169 - - [16/Mar/2026:11:16:57 -0700] "GET /detail/5247171.shtm?fileloc=//proc/sys/net/ipv4/tcp_keepalive_intvl&path=//proc/sys/net/ipv4 HTTP/1.1" 200 2289 "http://www.golz.in/detail/5247171.shtm?path=//proc/sys/net/ipv4" "Mozilla/5.0 AppleWebKit/537.36 (KHTML, like Gecko; compatible; GPTBot/1.3; +https://openai.com/gptbot)" 533 **0/533544**
74.7.227.169 - - [16/Mar/2026:11:17:00 -0700] "GET /detail/5247171.shtm?fileloc=//proc/sys/net/ipv4/inet_peer_minttl&path=//proc/sys/net/ipv4 HTTP/1.1" 200 2288 "http://www.golz.in/detail/5247171.shtm?path=//proc/sys/net/ipv4" "Mozilla/5.0 AppleWebKit/537.36 (KHTML, like Gecko; compatible; GPTBot/1.3; +https://openai.com/gptbot)" 495 **0/495638**
74.7.227.169 - - [16/Mar/2026:11:17:03 -0700] "GET /detail/5247171.shtm?fileloc=//proc/sys/net/ipv4/tcp_reordering&path=//proc/sys/net/ipv4 HTTP/1.1" 200 2284 "http://www.golz.in/detail/5247171.shtm?path=//proc/sys/net/ipv4" "Mozilla/5.0 AppleWebKit/537.36 (KHTML, like Gecko; compatible; GPTBot/1.3; +https://openai.com/gptbot)" 519 **0/519385**
74.7.227.169 - - [16/Mar/2026:11:17:06 -0700] "GET /detail/5247171.shtm?fileloc=//proc/sys/net/ipv4/tcp_recovery&path=//proc/sys/net/ipv4 HTTP/1.1" 200 2282 "http://www.golz.in/detail/5247171.shtm?path=//proc/sys/net/ipv4" "Mozilla/5.0 AppleWebKit/537.36 (KHTML, like Gecko; compatible; GPTBot/1.3; +https://openai.com/gptbot)" 497 **0/497636**
