74.7.227.169 - - [16/Mar/2026:08:52:48 -0700] "GET /detail/8787383.shtm?fileloc=//proc/net/sockstat6&path=//proc/net HTTP/1.1" 200 2262 "http://www.golz.in/detail/8787383.shtm?path=//proc/net" "Mozilla/5.0 AppleWebKit/537.36 (KHTML, like Gecko; compatible; GPTBot/1.3; +https://openai.com/gptbot)" 520 **0/520354**
216.73.216.210 - - [16/Mar/2026:08:52:50 -0700] "GET /detail/1535633.shtm?fileloc=%2F%2Fusr%2Finclude%2Fbits%2Ftimerfd.h&path=%2F%2Fusr%2Finclude%2Fbits HTTP/1.1" 200 2826 "-" "Mozilla/5.0 AppleWebKit/537.36 (KHTML, like Gecko; compatible; ClaudeBot/1.0; +claudebot@anthropic.com)" 507 **0/507003**
74.7.227.169 - - [16/Mar/2026:08:52:51 -0700] "GET /detail/8787383.shtm?fileloc=//proc/net/udplite6&path=//proc/net HTTP/1.1" 200 2263 "http://www.golz.in/detail/8787383.shtm?path=//proc/net" "Mozilla/5.0 AppleWebKit/537.36 (KHTML, like Gecko; compatible; GPTBot/1.3; +https://openai.com/gptbot)" 494 **0/494580**
216.73.216.210 - - [16/Mar/2026:08:52:53 -0700] "GET /detail/1535633.shtm?fileloc=%2F%2Fusr%2Finclude%2Fbits%2Ftypes%2Fstruct_itimerspec.h&path=%2F%2Fusr%2Finclude%2Fbits%2Ftypes HTTP/1.1" 200 2410 "-" "Mozilla/5.0 AppleWebKit/537.36 (KHTML, like Gecko; compatible; ClaudeBot/1.0; +claudebot@anthropic.com)" 517 **0/517078**
74.7.227.169 - - [16/Mar/2026:08:52:54 -0700] "GET /detail/8787383.shtm?fileloc=//proc/net/anycast6&path=//proc/net HTTP/1.1" 200 2259 "http://www.golz.in/detail/8787383.shtm?path=//proc/net" "Mozilla/5.0 AppleWebKit/537.36 (KHTML, like Gecko; compatible; GPTBot/1.3; +https://openai.com/gptbot)" 508 **0/508183**
216.73.216.210 - - [16/Mar/2026:08:52:56 -0700] "GET /detail/1535633.shtm?fileloc=%2F%2Fusr%2Finclude%2Fbits%2Ftypes%2Fstruct_statx.h&path=%2F%2Fusr%2Finclude%2Fbits%2Ftypes HTTP/1.1" 200 3039 "-" "Mozilla/5.0 AppleWebKit/537.36 (KHTML, like Gecko; compatible; ClaudeBot/1.0; +claudebot@anthropic.com)" 497 **0/497988**
74.7.227.169 - - [16/Mar/2026:08:52:57 -0700] "GET /detail/5247171.shtm?fileloc=//proc/net/mcfilter6&path=//proc/net HTTP/1.1" 200 2259 "http://www.golz.in/detail/5247171.shtm?path=//proc/net" "Mozilla/5.0 AppleWebKit/537.36 (KHTML, like Gecko; compatible; GPTBot/1.3; +https://openai.com/gptbot)" 503 **0/503134**
216.73.216.210 - - [16/Mar/2026:08:52:59 -0700] "GET /detail/4185250797.shtm?fileloc=%2F%2Flib64%2Fpython3.12%2Fre%2F_compiler.py&path=%2F%2Flib64%2Fpython3.12%2Fre HTTP/1.1" 200 8494 "-" "Mozilla/5.0 AppleWebKit/537.36 (KHTML, like Gecko; compatible; ClaudeBot/1.0; +claudebot@anthropic.com)" 510 **0/510463**
74.7.227.169 - - [16/Mar/2026:08:53:01 -0700] "GET /detail/5247171.shtm?fileloc=//proc/net/protocols&path=//proc/net HTTP/1.1" 200 2259 "http://www.golz.in/detail/5247171.shtm?path=//proc/net" "Mozilla/5.0 AppleWebKit/537.36 (KHTML, like Gecko; compatible; GPTBot/1.3; +https://openai.com/gptbot)" 525 **0/525819**
216.73.216.210 - - [16/Mar/2026:08:53:02 -0700] "GET /detail/4185250797.shtm?path=%2F%2Flib64%2Fpython3.12%2Fcurses%2F__pycache__ HTTP/1.1" 200 2929 "-" "Mozilla/5.0 AppleWebKit/537.36 (KHTML, like Gecko; compatible; ClaudeBot/1.0; +claudebot@anthropic.com)" 538 **0/538312**
74.7.227.169 - - [16/Mar/2026:08:53:04 -0700] "GET /detail/8787383.shtm?fileloc=//proc/net/snmp6&path=//proc/net HTTP/1.1" 200 2259 "http://www.golz.in/detail/8787383.shtm?path=//proc/net" "Mozilla/5.0 AppleWebKit/537.36 (KHTML, like Gecko; compatible; GPTBot/1.3; +https://openai.com/gptbot)" 513 **0/513033**
216.73.216.210 - - [16/Mar/2026:08:53:06 -0700] "GET /detail/1535633.shtm?fileloc=%2F%2Fusr%2Finclude%2Fbits%2Ftypes%2Fstruct_statx_timestamp.h&path=%2F%2Fusr%2Finclude%2Fbits%2Ftypes HTTP/1.1" 200 2841 "-" "Mozilla/5.0 AppleWebKit/537.36 (KHTML, like Gecko; compatible; ClaudeBot/1.0; +claudebot@anthropic.com)" 511 **0/511371**
74.7.227.169 - - [16/Mar/2026:08:53:07 -0700] "GET /detail/8787383.shtm?fileloc=//proc/net/igmp6&path=//proc/net HTTP/1.1" 200 2256 "http://www.golz.in/detail/8787383.shtm?path=//proc/net" "Mozilla/5.0 AppleWebKit/537.36 (KHTML, like Gecko; compatible; GPTBot/1.3; +https://openai.com/gptbot)" 512 **0/512496**
216.73.216.210 - - [16/Mar/2026:08:53:08 -0700] "GET /detail/1535633.shtm?fileloc=%2F%2Fusr%2Finclude%2Fbits%2Ftypes%2Fstruct_tm.h&path=%2F%2Fusr%2Finclude%2Fbits%2Ftypes HTTP/1.1" 200 2615 "-" "Mozilla/5.0 AppleWebKit/537.36 (KHTML, like Gecko; compatible; ClaudeBot/1.0; +claudebot@anthropic.com)" 511 **0/511607**
74.7.227.169 - - [16/Mar/2026:08:53:10 -0700] "GET /detail/5247171.shtm?fileloc=//proc/net/icmp6&path=//proc/net HTTP/1.1" 200 2258 "http://www.golz.in/detail/5247171.shtm?path=//proc/net" "Mozilla/5.0 AppleWebKit/537.36 (KHTML, like Gecko; compatible; GPTBot/1.3; +https://openai.com/gptbot)" 490 **0/490745**
74.7.227.169 - - [16/Mar/2026:08:53:13 -0700] "GET /detail/8787383.shtm?fileloc=//proc/net/mcfilter6&path=//proc/net HTTP/1.1" 200 2259 "http://www.golz.in/detail/8787383.shtm?path=//proc/net" "Mozilla/5.0 AppleWebKit/537.36 (KHTML, like Gecko; compatible; GPTBot/1.3; +https://openai.com/gptbot)" 504 **0/504478**
74.7.227.169 - - [16/Mar/2026:08:53:16 -0700] "GET /detail/8787383.shtm?fileloc=//proc/net/raw6&path=//proc/net HTTP/1.1" 200 2375 "http://www.golz.in/detail/8787383.shtm?path=//proc/net" "Mozilla/5.0 AppleWebKit/537.36 (KHTML, like Gecko; compatible; GPTBot/1.3; +https://openai.com/gptbot)" 515 **0/515902**
74.7.227.169 - - [16/Mar/2026:08:53:19 -0700] "GET /detail/5247171.shtm?fileloc=//proc/net/tcp6&path=//proc/net HTTP/1.1" 200 2702 "http://www.golz.in/detail/5247171.shtm?path=//proc/net" "Mozilla/5.0 AppleWebKit/537.36 (KHTML, like Gecko; compatible; GPTBot/1.3; +https://openai.com/gptbot)" 515 **0/515967**
74.7.227.169 - - [16/Mar/2026:08:53:22 -0700] "GET /detail/8787383.shtm?fileloc=//proc/net/udp6&path=//proc/net HTTP/1.1" 200 2417 "http://www.golz.in/detail/8787383.shtm?path=//proc/net" "Mozilla/5.0 AppleWebKit/537.36 (KHTML, like Gecko; compatible; GPTBot/1.3; +https://openai.com/gptbot)" 503 **0/503859**
74.7.227.169 - - [16/Mar/2026:08:53:26 -0700] "GET /detail/8787383.shtm?fileloc=//proc/net/icmp6&path=//proc/net HTTP/1.1" 200 2258 "http://www.golz.in/detail/8787383.shtm?path=//proc/net" "Mozilla/5.0 AppleWebKit/537.36 (KHTML, like Gecko; compatible; GPTBot/1.3; +https://openai.com/gptbot)" 505 **0/505939**
74.7.227.169 - - [16/Mar/2026:08:53:29 -0700] "GET /detail/8787383.shtm?fileloc=//proc/net/rt6_stats&path=//proc/net HTTP/1.1" 200 2259 "http://www.golz.in/detail/8787383.shtm?path=//proc/net" "Mozilla/5.0 AppleWebKit/537.36 (KHTML, like Gecko; compatible; GPTBot/1.3; +https://openai.com/gptbot)" 494 **0/494397**
74.7.227.169 - - [16/Mar/2026:08:53:32 -0700] "GET /detail/8787383.shtm?fileloc=//proc/net/if_inet6&path=//proc/net HTTP/1.1" 200 2258 "http://www.golz.in/detail/8787383.shtm?path=//proc/net" "Mozilla/5.0 AppleWebKit/537.36 (KHTML, like Gecko; compatible; GPTBot/1.3; +https://openai.com/gptbot)" 501 **0/501798**
74.7.227.169 - - [16/Mar/2026:08:53:35 -0700] "GET /detail/8787383.shtm?fileloc=//proc/net/tcp6&path=//proc/net HTTP/1.1" 200 2633 "http://www.golz.in/detail/8787383.shtm?path=//proc/net" "Mozilla/5.0 AppleWebKit/537.36 (KHTML, like Gecko; compatible; GPTBot/1.3; +https://openai.com/gptbot)" 504 **0/504299**
66.249.71.70 - - [16/Mar/2026:08:53:35 -0700] "GET /?detail/140827136 HTTP/1.1" 200 22699 "-" "Mozilla/5.0 (Linux; Android 6.0.1; Nexus 5X Build/MMB29P) AppleWebKit/537.36 (KHTML, like Gecko) Chrome/145.0.7632.116 Mobile Safari/537.36 (compatible; Googlebot/2.1; +http://www.google.com/bot.html)" 1823 **1/1823828**
74.7.227.169 - - [16/Mar/2026:08:53:38 -0700] "GET /detail/8787383.shtm?fileloc=//proc/net/nf_conntrack_expect&path=//proc/net HTTP/1.1" 200 2267 "http://www.golz.in/detail/8787383.shtm?path=//proc/net" "Mozilla/5.0 AppleWebKit/537.36 (KHTML, like Gecko; compatible; GPTBot/1.3; +https://openai.com/gptbot)" 507 **0/507960**
74.7.227.169 - - [16/Mar/2026:08:53:42 -0700] "GET /detail/5247171.shtm?fileloc=//proc/net/psched&path=//proc/net HTTP/1.1" 200 2258 "http://www.golz.in/detail/5247171.shtm?path=//proc/net" "Mozilla/5.0 AppleWebKit/537.36 (KHTML, like Gecko; compatible; GPTBot/1.3; +https://openai.com/gptbot)" 505 **0/505147**
216.73.216.210 - - [16/Mar/2026:08:53:42 -0700] "GET /detail/923931902.shtm?path=%2F%2Ftmp HTTP/1.1" 200 2526 "-" "Mozilla/5.0 AppleWebKit/537.36 (KHTML, like Gecko; compatible; ClaudeBot/1.0; +claudebot@anthropic.com)" 499 **0/499974**
216.73.216.210 - - [16/Mar/2026:08:53:45 -0700] "GET /detail/2099795889.shtm?path=%2F%2Fdev HTTP/1.1" 200 2669 "-" "Mozilla/5.0 AppleWebKit/537.36 (KHTML, like Gecko; compatible; ClaudeBot/1.0; +claudebot@anthropic.com)" 540 **0/540726**
74.7.227.169 - - [16/Mar/2026:08:53:45 -0700] "GET /detail/5247171.shtm?fileloc=//proc/net/packet&path=//proc/net HTTP/1.1" 200 2257 "http://www.golz.in/detail/5247171.shtm?path=//proc/net" "Mozilla/5.0 AppleWebKit/537.36 (KHTML, like Gecko; compatible; GPTBot/1.3; +https://openai.com/gptbot)" 489 **0/489392**
216.73.216.210 - - [16/Mar/2026:08:53:48 -0700] "GET /detail/2993851004.shtm?path=%2F%2Ftmp HTTP/1.1" 200 2526 "-" "Mozilla/5.0 AppleWebKit/537.36 (KHTML, like Gecko; compatible; ClaudeBot/1.0; +claudebot@anthropic.com)" 511 **0/511148**
74.7.227.169 - - [16/Mar/2026:08:53:48 -0700] "GET /detail/5247171.shtm?fileloc=//proc/net/ptype&path=//proc/net HTTP/1.1" 200 2257 "http://www.golz.in/detail/5247171.shtm?path=//proc/net" "Mozilla/5.0 AppleWebKit/537.36 (KHTML, like Gecko; compatible; GPTBot/1.3; +https://openai.com/gptbot)" 516 **0/516848**
74.7.227.169 - - [16/Mar/2026:08:53:51 -0700] "GET /detail/5247171.shtm?fileloc=//proc/net/route&path=//proc/net HTTP/1.1" 200 2256 "http://www.golz.in/detail/5247171.shtm?path=//proc/net" "Mozilla/5.0 AppleWebKit/537.36 (KHTML, like Gecko; compatible; GPTBot/1.3; +https://openai.com/gptbot)" 510 **0/510062**
216.73.216.210 - - [16/Mar/2026:08:53:51 -0700] "GET /detail/1310405249.shtm?path=%2F%2Fdev HTTP/1.1" 200 2669 "-" "Mozilla/5.0 AppleWebKit/537.36 (KHTML, like Gecko; compatible; ClaudeBot/1.0; +claudebot@anthropic.com)" 515 **0/515401**
216.73.216.210 - - [16/Mar/2026:08:53:54 -0700] "GET /detail/2140815733.shtm?path=%2F%2Fdev HTTP/1.1" 200 2669 "-" "Mozilla/5.0 AppleWebKit/537.36 (KHTML, like Gecko; compatible; ClaudeBot/1.0; +claudebot@anthropic.com)" 504 **0/504852**
74.7.227.169 - - [16/Mar/2026:08:53:54 -0700] "GET /detail/8787383.shtm?fileloc=//proc/net/ptype&path=//proc/net HTTP/1.1" 200 2257 "http://www.golz.in/detail/8787383.shtm?path=//proc/net" "Mozilla/5.0 AppleWebKit/537.36 (KHTML, like Gecko; compatible; GPTBot/1.3; +https://openai.com/gptbot)" 518 **0/518381**
216.73.216.210 - - [16/Mar/2026:08:53:57 -0700] "GET /detail/1560142394.shtm?fileloc=%2F%2Fsbin%2Fcloudlinux-selector&path=%2F%2Fsbin HTTP/1.1" 200 2586 "-" "Mozilla/5.0 AppleWebKit/537.36 (KHTML, like Gecko; compatible; ClaudeBot/1.0; +claudebot@anthropic.com)" 497 **0/497365**
74.7.227.169 - - [16/Mar/2026:08:53:57 -0700] "GET /detail/8787383.shtm?fileloc=//proc/net/psched&path=//proc/net HTTP/1.1" 200 2258 "http://www.golz.in/detail/8787383.shtm?path=//proc/net" "Mozilla/5.0 AppleWebKit/537.36 (KHTML, like Gecko; compatible; GPTBot/1.3; +https://openai.com/gptbot)" 504 **0/504256**
216.73.216.210 - - [16/Mar/2026:08:54:00 -0700] "GET /detail/2324143239.shtm?fileloc=%2F%2Fsbin%2Fcloudlinux-selector&path=%2F%2Fsbin HTTP/1.1" 200 2586 "-" "Mozilla/5.0 AppleWebKit/537.36 (KHTML, like Gecko; compatible; ClaudeBot/1.0; +claudebot@anthropic.com)" 527 **0/527709**
74.7.227.169 - - [16/Mar/2026:08:54:00 -0700] "GET /detail/8787383.shtm?fileloc=//proc/net/route&path=//proc/net HTTP/1.1" 200 2256 "http://www.golz.in/detail/8787383.shtm?path=//proc/net" "Mozilla/5.0 AppleWebKit/537.36 (KHTML, like Gecko; compatible; GPTBot/1.3; +https://openai.com/gptbot)" 515 **0/515677**
216.73.216.210 - - [16/Mar/2026:08:54:03 -0700] "GET /detail/881536404.shtm?path=%2F%2Fdev HTTP/1.1" 200 2669 "-" "Mozilla/5.0 AppleWebKit/537.36 (KHTML, like Gecko; compatible; ClaudeBot/1.0; +claudebot@anthropic.com)" 535 **0/535883**
74.7.227.169 - - [16/Mar/2026:08:54:03 -0700] "GET /detail/8787383.shtm?fileloc=//proc/net/packet&path=//proc/net HTTP/1.1" 200 2257 "http://www.golz.in/detail/8787383.shtm?path=//proc/net" "Mozilla/5.0 AppleWebKit/537.36 (KHTML, like Gecko; compatible; GPTBot/1.3; +https://openai.com/gptbot)" 513 **0/513718**
216.73.216.210 - - [16/Mar/2026:08:54:06 -0700] "GET /detail/1999025477.shtm?path=%2F%2Flib%2Fdebug HTTP/1.1" 200 2657 "-" "Mozilla/5.0 AppleWebKit/537.36 (KHTML, like Gecko; compatible; ClaudeBot/1.0; +claudebot@anthropic.com)" 497 **0/497976**
74.7.227.169 - - [16/Mar/2026:08:54:06 -0700] "GET /detail/8787383.shtm?fileloc=//proc/net/xfrm_stat&path=//proc/net HTTP/1.1" 200 2261 "http://www.golz.in/detail/8787383.shtm?path=//proc/net" "Mozilla/5.0 AppleWebKit/537.36 (KHTML, like Gecko; compatible; GPTBot/1.3; +https://openai.com/gptbot)" 533 **0/533736**
216.73.216.210 - - [16/Mar/2026:08:54:09 -0700] "GET /detail/3848507405.shtm?path=%2F%2Fdev HTTP/1.1" 200 2669 "-" "Mozilla/5.0 AppleWebKit/537.36 (KHTML, like Gecko; compatible; ClaudeBot/1.0; +claudebot@anthropic.com)" 506 **0/506614**
74.7.227.169 - - [16/Mar/2026:08:54:10 -0700] "GET /detail/8787383.shtm?fileloc=//proc/net/dev_mcast&path=//proc/net HTTP/1.1" 200 2261 "http://www.golz.in/detail/8787383.shtm?path=//proc/net" "Mozilla/5.0 AppleWebKit/537.36 (KHTML, like Gecko; compatible; GPTBot/1.3; +https://openai.com/gptbot)" 526 **0/526461**
216.73.216.210 - - [16/Mar/2026:08:54:12 -0700] "GET /detail/2872185342.shtm?fileloc=%2F%2Fsbin%2Fcloudlinux-selector&path=%2F%2Fsbin HTTP/1.1" 200 2586 "-" "Mozilla/5.0 AppleWebKit/537.36 (KHTML, like Gecko; compatible; ClaudeBot/1.0; +claudebot@anthropic.com)" 542 **0/542608**
74.7.227.169 - - [16/Mar/2026:08:54:13 -0700] "GET /detail/5247171.shtm?fileloc=//proc/net/fib_triestat&path=//proc/net HTTP/1.1" 200 2262 "http://www.golz.in/detail/5247171.shtm?path=//proc/net" "Mozilla/5.0 AppleWebKit/537.36 (KHTML, like Gecko; compatible; GPTBot/1.3; +https://openai.com/gptbot)" 502 **0/502190**
66.249.66.1 - - [16/Mar/2026:08:54:12 -0700] "GET /?detail/368072256 HTTP/1.1" 200 21852 "-" "Mozilla/5.0 (Linux; Android 6.0.1; Nexus 5X Build/MMB29P) AppleWebKit/537.36 (KHTML, like Gecko) Chrome/145.0.7632.116 Mobile Safari/537.36 (compatible; Googlebot/2.1; +http://www.google.com/bot.html)" 1799 **1/1799507**
216.73.216.210 - - [16/Mar/2026:08:54:15 -0700] "GET /detail/4163750565.shtm?fileloc=%2F%2Fusr%2Finclude%2Fncurses%2Fcursesp.h&path=%2F%2Fusr%2Finclude%2Fncurses HTTP/1.1" 200 5200 "-" "Mozilla/5.0 AppleWebKit/537.36 (KHTML, like Gecko; compatible; ClaudeBot/1.0; +claudebot@anthropic.com)" 504 **0/504492**
74.7.227.169 - - [16/Mar/2026:08:54:16 -0700] "GET /detail/5247171.shtm?fileloc=//proc/net/nf_conntrack&path=//proc/net HTTP/1.1" 200 2260 "http://www.golz.in/detail/5247171.shtm?path=//proc/net" "Mozilla/5.0 AppleWebKit/537.36 (KHTML, like Gecko; compatible; GPTBot/1.3; +https://openai.com/gptbot)" 495 **0/495788**
216.73.216.210 - - [16/Mar/2026:08:54:18 -0700] "GET /detail/3848507405.shtm?path=%2F%2Fusr%2Fbin HTTP/1.1" 200 14547 "-" "Mozilla/5.0 AppleWebKit/537.36 (KHTML, like Gecko; compatible; ClaudeBot/1.0; +claudebot@anthropic.com)" 519 **0/519876**
74.7.227.169 - - [16/Mar/2026:08:54:19 -0700] "GET /detail/8787383.shtm?fileloc=//proc/net/ip6_mr_cache&path=//proc/net HTTP/1.1" 200 2262 "http://www.golz.in/detail/8787383.shtm?path=//proc/net" "Mozilla/5.0 AppleWebKit/537.36 (KHTML, like Gecko; compatible; GPTBot/1.3; +https://openai.com/gptbot)" 505 **0/505482**
216.73.216.210 - - [16/Mar/2026:08:54:21 -0700] "GET /detail/418710611.shtm?path=%2F%2Fusr%2Fbin HTTP/1.1" 200 14547 "-" "Mozilla/5.0 AppleWebKit/537.36 (KHTML, like Gecko; compatible; ClaudeBot/1.0; +claudebot@anthropic.com)" 538 **0/538291**
74.7.227.169 - - [16/Mar/2026:08:54:22 -0700] "GET /detail/8787383.shtm?fileloc=//proc/net/ip6_flowlabel&path=//proc/net HTTP/1.1" 200 2260 "http://www.golz.in/detail/8787383.shtm?path=//proc/net" "Mozilla/5.0 AppleWebKit/537.36 (KHTML, like Gecko; compatible; GPTBot/1.3; +https://openai.com/gptbot)" 489 **0/489502**
216.73.216.210 - - [16/Mar/2026:08:54:24 -0700] "GET /detail/731175721.shtm?path=%2F%2Fusr%2Fbin HTTP/1.1" 200 14547 "-" "Mozilla/5.0 AppleWebKit/537.36 (KHTML, like Gecko; compatible; ClaudeBot/1.0; +claudebot@anthropic.com)" 538 **0/538002**
74.7.227.169 - - [16/Mar/2026:08:54:25 -0700] "GET /detail/5247171.shtm?fileloc=//proc/net/ip6_flowlabel&path=//proc/net HTTP/1.1" 200 2260 "http://www.golz.in/detail/5247171.shtm?path=//proc/net" "Mozilla/5.0 AppleWebKit/537.36 (KHTML, like Gecko; compatible; GPTBot/1.3; +https://openai.com/gptbot)" 517 **0/517477**
74.7.227.169 - - [16/Mar/2026:08:54:28 -0700] "GET /detail/5247171.shtm?fileloc=//proc/net/udplite6&path=//proc/net HTTP/1.1" 200 2263 "http://www.golz.in/detail/5247171.shtm?path=//proc/net" "Mozilla/5.0 AppleWebKit/537.36 (KHTML, like Gecko; compatible; GPTBot/1.3; +https://openai.com/gptbot)" 514 **0/514434**
74.7.227.169 - - [16/Mar/2026:08:54:32 -0700] "GET /detail/5247171.shtm?fileloc=//proc/net/anycast6&path=//proc/net HTTP/1.1" 200 2259 "http://www.golz.in/detail/5247171.shtm?path=//proc/net" "Mozilla/5.0 AppleWebKit/537.36 (KHTML, like Gecko; compatible; GPTBot/1.3; +https://openai.com/gptbot)" 508 **0/508768**
74.7.227.169 - - [16/Mar/2026:08:54:35 -0700] "GET /detail/5247171.shtm?fileloc=//proc/net/sockstat6&path=//proc/net HTTP/1.1" 200 2262 "http://www.golz.in/detail/5247171.shtm?path=//proc/net" "Mozilla/5.0 AppleWebKit/537.36 (KHTML, like Gecko; compatible; GPTBot/1.3; +https://openai.com/gptbot)" 498 **0/498800**
74.7.227.169 - - [16/Mar/2026:08:54:38 -0700] "GET /detail/5247171.shtm?fileloc=//proc/net/rt6_stats&path=//proc/net HTTP/1.1" 200 2259 "http://www.golz.in/detail/5247171.shtm?path=//proc/net" "Mozilla/5.0 AppleWebKit/537.36 (KHTML, like Gecko; compatible; GPTBot/1.3; +https://openai.com/gptbot)" 516 **0/516366**
74.7.227.169 - - [16/Mar/2026:08:54:41 -0700] "GET /detail/5247171.shtm?fileloc=//proc/net/ipv6_route&path=//proc/net HTTP/1.1" 200 2261 "http://www.golz.in/detail/5247171.shtm?path=//proc/net" "Mozilla/5.0 AppleWebKit/537.36 (KHTML, like Gecko; compatible; GPTBot/1.3; +https://openai.com/gptbot)" 533 **0/533551**
74.7.227.169 - - [16/Mar/2026:08:54:45 -0700] "GET /detail/8787383.shtm?fileloc=//proc/net/ipv6_route&path=//proc/net HTTP/1.1" 200 2261 "http://www.golz.in/detail/8787383.shtm?path=//proc/net" "Mozilla/5.0 AppleWebKit/537.36 (KHTML, like Gecko; compatible; GPTBot/1.3; +https://openai.com/gptbot)" 500 **0/500755**
66.249.66.39 - - [16/Mar/2026:08:54:45 -0700] "GET /?detail/491194714 HTTP/1.1" 200 22177 "-" "Mozilla/5.0 (Linux; Android 6.0.1; Nexus 5X Build/MMB29P) AppleWebKit/537.36 (KHTML, like Gecko) Chrome/145.0.7632.116 Mobile Safari/537.36 (compatible; Googlebot/2.1; +http://www.google.com/bot.html)" 1812 **1/1812094**
74.7.227.169 - - [16/Mar/2026:08:54:48 -0700] "GET /detail/5247171.shtm?fileloc=//proc/net/igmp6&path=//proc/net HTTP/1.1" 200 2256 "http://www.golz.in/detail/5247171.shtm?path=//proc/net" "Mozilla/5.0 AppleWebKit/537.36 (KHTML, like Gecko; compatible; GPTBot/1.3; +https://openai.com/gptbot)" 510 **0/510053**
74.7.227.169 - - [16/Mar/2026:08:54:51 -0700] "GET /detail/5247171.shtm?fileloc=//proc/net/snmp6&path=//proc/net HTTP/1.1" 200 2259 "http://www.golz.in/detail/5247171.shtm?path=//proc/net" "Mozilla/5.0 AppleWebKit/537.36 (KHTML, like Gecko; compatible; GPTBot/1.3; +https://openai.com/gptbot)" 498 **0/498267**
74.7.227.169 - - [16/Mar/2026:08:54:54 -0700] "GET /detail/8787383.shtm?fileloc=//proc/net/fib_trie&path=//proc/net HTTP/1.1" 200 2259 "http://www.golz.in/detail/8787383.shtm?path=//proc/net" "Mozilla/5.0 AppleWebKit/537.36 (KHTML, like Gecko; compatible; GPTBot/1.3; +https://openai.com/gptbot)" 516 **0/516533**
74.7.227.169 - - [16/Mar/2026:08:54:57 -0700] "GET /detail/5247171.shtm?fileloc=//proc/net/icmp&path=//proc/net HTTP/1.1" 200 2257 "http://www.golz.in/detail/5247171.shtm?path=//proc/net" "Mozilla/5.0 AppleWebKit/537.36 (KHTML, like Gecko; compatible; GPTBot/1.3; +https://openai.com/gptbot)" 523 **0/523430**
74.7.227.169 - - [16/Mar/2026:08:55:00 -0700] "GET /detail/8787383.shtm?fileloc=//proc/net/icmp&path=//proc/net HTTP/1.1" 200 2257 "http://www.golz.in/detail/8787383.shtm?path=//proc/net" "Mozilla/5.0 AppleWebKit/537.36 (KHTML, like Gecko; compatible; GPTBot/1.3; +https://openai.com/gptbot)" 517 **0/517422**
74.7.227.169 - - [16/Mar/2026:08:55:04 -0700] "GET /detail/5247171.shtm?fileloc=//proc/net/rt_cache&path=//proc/net HTTP/1.1" 200 2258 "http://www.golz.in/detail/5247171.shtm?path=//proc/net" "Mozilla/5.0 AppleWebKit/537.36 (KHTML, like Gecko; compatible; GPTBot/1.3; +https://openai.com/gptbot)" 553 **0/553424**
74.7.227.169 - - [16/Mar/2026:08:55:07 -0700] "GET /detail/8787383.shtm?fileloc=//proc/net/unix&path=//proc/net HTTP/1.1" 200 6720 "http://www.golz.in/detail/8787383.shtm?path=//proc/net" "Mozilla/5.0 AppleWebKit/537.36 (KHTML, like Gecko; compatible; GPTBot/1.3; +https://openai.com/gptbot)" 517 **0/517891**
114.119.143.213 - - [16/Mar/2026:08:55:10 -0700] "GET /detail/2812440772.shtm HTTP/1.1" 200 4098 "http://www.golz.in/sitemap.xml" "Mozilla/5.0 (Linux; Android 7.0;) AppleWebKit/537.36 (KHTML, like Gecko) Mobile Safari/537.36 (compatible; PetalBot;+https://webmaster.petalsearch.com/site/petalbot)" 517 **0/517319**
74.7.227.169 - - [16/Mar/2026:08:55:10 -0700] "GET /detail/8787383.shtm?fileloc=//proc/net/rt_cache&path=//proc/net HTTP/1.1" 200 2258 "http://www.golz.in/detail/8787383.shtm?path=//proc/net" "Mozilla/5.0 AppleWebKit/537.36 (KHTML, like Gecko; compatible; GPTBot/1.3; +https://openai.com/gptbot)" 530 **0/530350**
74.7.227.169 - - [16/Mar/2026:08:55:13 -0700] "GET /detail/8787383.shtm?fileloc=//proc/net/snmp&path=//proc/net HTTP/1.1" 200 2258 "http://www.golz.in/detail/8787383.shtm?path=//proc/net" "Mozilla/5.0 AppleWebKit/537.36 (KHTML, like Gecko; compatible; GPTBot/1.3; +https://openai.com/gptbot)" 512 **0/512121**
74.7.227.169 - - [16/Mar/2026:08:55:16 -0700] "GET /detail/5247171.shtm?fileloc=//proc/net/igmp&path=//proc/net HTTP/1.1" 200 2255 "http://www.golz.in/detail/5247171.shtm?path=//proc/net" "Mozilla/5.0 AppleWebKit/537.36 (KHTML, like Gecko; compatible; GPTBot/1.3; +https://openai.com/gptbot)" 520 **0/520725**
74.7.227.169 - - [16/Mar/2026:08:55:19 -0700] "GET /detail/5247171.shtm?fileloc=//proc/net/snmp&path=//proc/net HTTP/1.1" 200 2258 "http://www.golz.in/detail/5247171.shtm?path=//proc/net" "Mozilla/5.0 AppleWebKit/537.36 (KHTML, like Gecko; compatible; GPTBot/1.3; +https://openai.com/gptbot)" 498 **0/498502**
66.249.66.39 - - [16/Mar/2026:08:55:19 -0700] "GET /detail/1317236720.shtm HTTP/1.1" 200 22542 "-" "Mozilla/5.0 (Linux; Android 6.0.1; Nexus 5X Build/MMB29P) AppleWebKit/537.36 (KHTML, like Gecko) Chrome/145.0.7632.116 Mobile Safari/537.36 (compatible; GoogleOther)" 1826 **1/1826557**
74.7.227.169 - - [16/Mar/2026:08:55:22 -0700] "GET /detail/5247171.shtm?fileloc=//proc/net/arp&path=//proc/net HTTP/1.1" 200 2257 "http://www.golz.in/detail/5247171.shtm?path=//proc/net" "Mozilla/5.0 AppleWebKit/537.36 (KHTML, like Gecko; compatible; GPTBot/1.3; +https://openai.com/gptbot)" 527 **0/527701**
74.7.227.169 - - [16/Mar/2026:08:55:25 -0700] "GET /detail/8787383.shtm?fileloc=//proc/net/arp&path=//proc/net HTTP/1.1" 200 2257 "http://www.golz.in/detail/8787383.shtm?path=//proc/net" "Mozilla/5.0 AppleWebKit/537.36 (KHTML, like Gecko; compatible; GPTBot/1.3; +https://openai.com/gptbot)" 488 **0/488891**
74.7.227.169 - - [16/Mar/2026:08:55:28 -0700] "GET /detail/8787383.shtm?fileloc=//proc/net/tcp&path=//proc/net HTTP/1.1" 200 5198 "http://www.golz.in/detail/8787383.shtm?path=//proc/net" "Mozilla/5.0 AppleWebKit/537.36 (KHTML, like Gecko; compatible; GPTBot/1.3; +https://openai.com/gptbot)" 516 **0/516152**
74.7.227.169 - - [16/Mar/2026:08:55:32 -0700] "GET /detail/5247171.shtm?fileloc=//proc/net/udp6&path=//proc/net HTTP/1.1" 200 2417 "http://www.golz.in/detail/5247171.shtm?path=//proc/net" "Mozilla/5.0 AppleWebKit/537.36 (KHTML, like Gecko; compatible; GPTBot/1.3; +https://openai.com/gptbot)" 499 **0/499543**
74.7.227.169 - - [16/Mar/2026:08:55:35 -0700] "GET /detail/8787383.shtm?fileloc=//proc/net/rt_acct&path=//proc/net HTTP/1.1" 200 2258 "http://www.golz.in/detail/8787383.shtm?path=//proc/net" "Mozilla/5.0 AppleWebKit/537.36 (KHTML, like Gecko; compatible; GPTBot/1.3; +https://openai.com/gptbot)" 493 **0/493119**
74.7.227.169 - - [16/Mar/2026:08:55:38 -0700] "GET /detail/5247171.shtm?fileloc=//proc/net/raw&path=//proc/net HTTP/1.1" 200 2366 "http://www.golz.in/detail/5247171.shtm?path=//proc/net" "Mozilla/5.0 AppleWebKit/537.36 (KHTML, like Gecko; compatible; GPTBot/1.3; +https://openai.com/gptbot)" 501 **0/501435**
74.7.227.169 - - [16/Mar/2026:08:55:41 -0700] "GET /detail/5247171.shtm?fileloc=//proc/net/udp&path=//proc/net HTTP/1.1" 200 2444 "http://www.golz.in/detail/5247171.shtm?path=//proc/net" "Mozilla/5.0 AppleWebKit/537.36 (KHTML, like Gecko; compatible; GPTBot/1.3; +https://openai.com/gptbot)" 524 **0/524114**
74.7.227.169 - - [16/Mar/2026:08:55:44 -0700] "GET /detail/5247171.shtm?fileloc=//proc/net/raw6&path=//proc/net HTTP/1.1" 200 2375 "http://www.golz.in/detail/5247171.shtm?path=//proc/net" "Mozilla/5.0 AppleWebKit/537.36 (KHTML, like Gecko; compatible; GPTBot/1.3; +https://openai.com/gptbot)" 501 **0/501793**
74.7.227.169 - - [16/Mar/2026:08:55:47 -0700] "GET /detail/8787383.shtm?fileloc=//proc/net/igmp&path=//proc/net HTTP/1.1" 200 2255 "http://www.golz.in/detail/8787383.shtm?path=//proc/net" "Mozilla/5.0 AppleWebKit/537.36 (KHTML, like Gecko; compatible; GPTBot/1.3; +https://openai.com/gptbot)" 495 **0/495635**
66.249.71.70 - - [16/Mar/2026:08:55:47 -0700] "GET /?detail/799613536 HTTP/1.1" 200 21674 "-" "Mozilla/5.0 (Linux; Android 6.0.1; Nexus 5X Build/MMB29P) AppleWebKit/537.36 (KHTML, like Gecko) Chrome/145.0.7632.116 Mobile Safari/537.36 (compatible; Googlebot/2.1; +http://www.google.com/bot.html)" 1819 **1/1819241**
74.7.227.169 - - [16/Mar/2026:08:55:50 -0700] "GET /detail/5247171.shtm?fileloc=//proc/net/nf_conntrack_expect&path=//proc/net HTTP/1.1" 200 2267 "http://www.golz.in/detail/5247171.shtm?path=//proc/net" "Mozilla/5.0 AppleWebKit/537.36 (KHTML, like Gecko; compatible; GPTBot/1.3; +https://openai.com/gptbot)" 499 **0/499734**
74.7.227.169 - - [16/Mar/2026:08:55:53 -0700] "GET /detail/5247171.shtm?fileloc=//proc/net/if_inet6&path=//proc/net HTTP/1.1" 200 2258 "http://www.golz.in/detail/5247171.shtm?path=//proc/net" "Mozilla/5.0 AppleWebKit/537.36 (KHTML, like Gecko; compatible; GPTBot/1.3; +https://openai.com/gptbot)" 501 **0/501876**
74.7.227.169 - - [16/Mar/2026:08:55:56 -0700] "GET /detail/8787383.shtm?fileloc=//proc/net/udp&path=//proc/net HTTP/1.1" 200 2444 "http://www.golz.in/detail/8787383.shtm?path=//proc/net" "Mozilla/5.0 AppleWebKit/537.36 (KHTML, like Gecko; compatible; GPTBot/1.3; +https://openai.com/gptbot)" 502 **0/502239**
74.7.227.169 - - [16/Mar/2026:08:56:00 -0700] "GET /detail/5247171.shtm?fileloc=//proc/net/tcp&path=//proc/net HTTP/1.1" 200 4929 "http://www.golz.in/detail/5247171.shtm?path=//proc/net" "Mozilla/5.0 AppleWebKit/537.36 (KHTML, like Gecko; compatible; GPTBot/1.3; +https://openai.com/gptbot)" 527 **0/527325**
74.7.227.169 - - [16/Mar/2026:08:56:03 -0700] "GET /detail/8787383.shtm?fileloc=//proc/net/raw&path=//proc/net HTTP/1.1" 200 2366 "http://www.golz.in/detail/8787383.shtm?path=//proc/net" "Mozilla/5.0 AppleWebKit/537.36 (KHTML, like Gecko; compatible; GPTBot/1.3; +https://openai.com/gptbot)" 590 **0/590077**
74.7.227.169 - - [16/Mar/2026:08:56:06 -0700] "GET /detail/5247171.shtm?fileloc=//proc/net/xfrm_stat&path=//proc/net HTTP/1.1" 200 2261 "http://www.golz.in/detail/5247171.shtm?path=//proc/net" "Mozilla/5.0 AppleWebKit/537.36 (KHTML, like Gecko; compatible; GPTBot/1.3; +https://openai.com/gptbot)" 501 **0/501376**
74.7.227.169 - - [16/Mar/2026:08:56:09 -0700] "GET /detail/5247171.shtm?fileloc=//proc/net/dev_mcast&path=//proc/net HTTP/1.1" 200 2261 "http://www.golz.in/detail/5247171.shtm?path=//proc/net" "Mozilla/5.0 AppleWebKit/537.36 (KHTML, like Gecko; compatible; GPTBot/1.3; +https://openai.com/gptbot)" 500 **0/500527**
74.7.227.169 - - [16/Mar/2026:08:56:12 -0700] "GET /detail/5247171.shtm?fileloc=//proc/net/ip6_mr_cache&path=//proc/net HTTP/1.1" 200 2262 "http://www.golz.in/detail/5247171.shtm?path=//proc/net" "Mozilla/5.0 AppleWebKit/537.36 (KHTML, like Gecko; compatible; GPTBot/1.3; +https://openai.com/gptbot)" 488 **0/488908**
74.7.227.169 - - [16/Mar/2026:08:56:15 -0700] "GET /detail/8787383.shtm?fileloc=//proc/net/ip6_mr_vif&path=//proc/net HTTP/1.1" 200 2263 "http://www.golz.in/detail/8787383.shtm?path=//proc/net" "Mozilla/5.0 AppleWebKit/537.36 (KHTML, like Gecko; compatible; GPTBot/1.3; +https://openai.com/gptbot)" 506 **0/506768**
74.7.227.169 - - [16/Mar/2026:08:56:18 -0700] "GET /detail/5247171.shtm?fileloc=//proc/net/ip6_mr_vif&path=//proc/net HTTP/1.1" 200 2263 "http://www.golz.in/detail/5247171.shtm?path=//proc/net" "Mozilla/5.0 AppleWebKit/537.36 (KHTML, like Gecko; compatible; GPTBot/1.3; +https://openai.com/gptbot)" 490 **0/490593**
74.7.227.169 - - [16/Mar/2026:08:56:22 -0700] "GET /detail/5247171.shtm?fileloc=//proc/net/rt_acct&path=//proc/net HTTP/1.1" 200 2258 "http://www.golz.in/detail/5247171.shtm?path=//proc/net" "Mozilla/5.0 AppleWebKit/537.36 (KHTML, like Gecko; compatible; GPTBot/1.3; +https://openai.com/gptbot)" 497 **0/497631**
66.249.66.39 - - [16/Mar/2026:08:56:20 -0700] "GET /?detail/703209506 HTTP/1.1" 200 21746 "-" "Mozilla/5.0 (Linux; Android 6.0.1; Nexus 5X Build/MMB29P) AppleWebKit/537.36 (KHTML, like Gecko) Chrome/145.0.7632.116 Mobile Safari/537.36 (compatible; Googlebot/2.1; +http://www.google.com/bot.html)" 1835 **1/1835957**
74.7.227.169 - - [16/Mar/2026:08:56:25 -0700] "GET /detail/8787383.shtm?fileloc=//proc/net/ip_mr_cache&path=//proc/net HTTP/1.1" 200 2262 "http://www.golz.in/detail/8787383.shtm?path=//proc/net" "Mozilla/5.0 AppleWebKit/537.36 (KHTML, like Gecko; compatible; GPTBot/1.3; +https://openai.com/gptbot)" 503 **0/503934**
74.7.227.169 - - [16/Mar/2026:08:56:28 -0700] "GET /detail/5247171.shtm?fileloc=//proc/net/fib_trie&path=//proc/net HTTP/1.1" 200 2259 "http://www.golz.in/detail/5247171.shtm?path=//proc/net" "Mozilla/5.0 AppleWebKit/537.36 (KHTML, like Gecko; compatible; GPTBot/1.3; +https://openai.com/gptbot)" 512 **0/512006**
74.7.227.169 - - [16/Mar/2026:08:56:31 -0700] "GET /detail/5247171.shtm?fileloc=//proc/net/unix&path=//proc/net HTTP/1.1" 200 6855 "http://www.golz.in/detail/5247171.shtm?path=//proc/net" "Mozilla/5.0 AppleWebKit/537.36 (KHTML, like Gecko; compatible; GPTBot/1.3; +https://openai.com/gptbot)" 498 **0/498481**
74.7.227.169 - - [16/Mar/2026:08:56:34 -0700] "GET /detail/5247171.shtm?fileloc=//proc/net/ip_mr_vif&path=//proc/net HTTP/1.1" 200 2262 "http://www.golz.in/detail/5247171.shtm?path=//proc/net" "Mozilla/5.0 AppleWebKit/537.36 (KHTML, like Gecko; compatible; GPTBot/1.3; +https://openai.com/gptbot)" 495 **0/495273**
74.7.227.169 - - [16/Mar/2026:08:56:37 -0700] "GET /detail/9999482.shtm?path=//var/www HTTP/1.1" 200 2572 "http://www.golz.in/detail/9999482.shtm?path=//var" "Mozilla/5.0 AppleWebKit/537.36 (KHTML, like Gecko; compatible; GPTBot/1.3; +https://openai.com/gptbot)" 496 **0/496461**
74.7.227.169 - - [16/Mar/2026:08:56:40 -0700] "GET /detail/8787383.shtm?fileloc=//proc/net/ip_mr_vif&path=//proc/net HTTP/1.1" 200 2262 "http://www.golz.in/detail/8787383.shtm?path=//proc/net" "Mozilla/5.0 AppleWebKit/537.36 (KHTML, like Gecko; compatible; GPTBot/1.3; +https://openai.com/gptbot)" 489 **0/489285**
74.7.227.169 - - [16/Mar/2026:08:56:44 -0700] "GET /detail/5247171.shtm?fileloc=//proc/net/ip_mr_cache&path=//proc/net HTTP/1.1" 200 2262 "http://www.golz.in/detail/5247171.shtm?path=//proc/net" "Mozilla/5.0 AppleWebKit/537.36 (KHTML, like Gecko; compatible; GPTBot/1.3; +https://openai.com/gptbot)" 498 **0/498898**
74.7.227.169 - - [16/Mar/2026:08:56:47 -0700] "GET /detail/9999482.shtm?path=//lib/.build-id HTTP/1.1" 200 4594 "http://www.golz.in/detail/9999482.shtm?path=//lib" "Mozilla/5.0 AppleWebKit/537.36 (KHTML, like Gecko; compatible; GPTBot/1.3; +https://openai.com/gptbot)" 498 **0/498570**
74.7.227.169 - - [16/Mar/2026:08:56:50 -0700] "GET /detail/9999482.shtm?fileloc=//bin/mv&path=//bin HTTP/1.1" 200 61338 "http://www.golz.in/detail/9999482.shtm?path=//bin" "Mozilla/5.0 AppleWebKit/537.36 (KHTML, like Gecko; compatible; GPTBot/1.3; +https://openai.com/gptbot)" 541 **0/541390**
74.7.227.169 - - [16/Mar/2026:08:56:53 -0700] "GET /detail/5247171.shtm?fileloc=//proc/net/dev&path=//proc/net HTTP/1.1" 200 2418 "http://www.golz.in/detail/5247171.shtm?path=//proc/net" "Mozilla/5.0 AppleWebKit/537.36 (KHTML, like Gecko; compatible; GPTBot/1.3; +https://openai.com/gptbot)" 508 **0/508703**
66.249.66.14 - - [16/Mar/2026:08:56:55 -0700] "GET /?detail/943100035 HTTP/1.1" 200 21399 "-" "Mozilla/5.0 (Linux; Android 6.0.1; Nexus 5X Build/MMB29P) AppleWebKit/537.36 (KHTML, like Gecko) Chrome/145.0.7632.116 Mobile Safari/537.36 (compatible; Googlebot/2.1; +http://www.google.com/bot.html)" 1794 **1/1794667**
74.7.227.169 - - [16/Mar/2026:08:56:56 -0700] "GET /detail/9999482.shtm?path=//proc/net HTTP/1.1" 200 3683 "http://www.golz.in/detail/9999482.shtm?path=//proc" "Mozilla/5.0 AppleWebKit/537.36 (KHTML, like Gecko; compatible; GPTBot/1.3; +https://openai.com/gptbot)" 518 **0/518967**
74.7.227.169 - - [16/Mar/2026:08:56:59 -0700] "GET /detail/8787383.shtm?fileloc=//proc/net/dev&path=//proc/net HTTP/1.1" 200 2418 "http://www.golz.in/detail/8787383.shtm?path=//proc/net" "Mozilla/5.0 AppleWebKit/537.36 (KHTML, like Gecko; compatible; GPTBot/1.3; +https://openai.com/gptbot)" 506 **0/506819**
74.7.227.169 - - [16/Mar/2026:08:57:02 -0700] "GET /detail/5247171.shtm?path=//lib/.build-id/6d HTTP/1.1" 200 3178 "http://www.golz.in/detail/5247171.shtm?path=//lib/.build-id" "Mozilla/5.0 AppleWebKit/537.36 (KHTML, like Gecko; compatible; GPTBot/1.3; +https://openai.com/gptbot)" 558 **0/558757**
74.7.227.169 - - [16/Mar/2026:08:57:06 -0700] "GET /detail/5247171.shtm?path=//lib/.build-id/5e HTTP/1.1" 200 3008 "http://www.golz.in/detail/5247171.shtm?path=//lib/.build-id" "Mozilla/5.0 AppleWebKit/537.36 (KHTML, like Gecko; compatible; GPTBot/1.3; +https://openai.com/gptbot)" 510 **0/510415**
74.7.227.169 - - [16/Mar/2026:08:57:09 -0700] "GET /detail/5247171.shtm?path=//lib/.build-id/b1 HTTP/1.1" 200 3154 "http://www.golz.in/detail/5247171.shtm?path=//lib/.build-id" "Mozilla/5.0 AppleWebKit/537.36 (KHTML, like Gecko; compatible; GPTBot/1.3; +https://openai.com/gptbot)" 494 **0/494514**
74.7.227.169 - - [16/Mar/2026:08:57:12 -0700] "GET /detail/9999482.shtm?path=//var/www/cgi-bin HTTP/1.1" 200 2314 "http://www.golz.in/detail/9999482.shtm?path=//var/www" "Mozilla/5.0 AppleWebKit/537.36 (KHTML, like Gecko; compatible; GPTBot/1.3; +https://openai.com/gptbot)" 506 **0/506869**
74.7.227.169 - - [16/Mar/2026:08:57:15 -0700] "GET /detail/5247171.shtm?path=//lib/.build-id/b7 HTTP/1.1" 200 3149 "http://www.golz.in/detail/5247171.shtm?path=//lib/.build-id" "Mozilla/5.0 AppleWebKit/537.36 (KHTML, like Gecko; compatible; GPTBot/1.3; +https://openai.com/gptbot)" 535 **0/535198**
74.7.227.169 - - [16/Mar/2026:08:57:18 -0700] "GET /detail/5247171.shtm?path=//lib/.build-id/7d HTTP/1.1" 200 3226 "http://www.golz.in/detail/5247171.shtm?path=//lib/.build-id" "Mozilla/5.0 AppleWebKit/537.36 (KHTML, like Gecko; compatible; GPTBot/1.3; +https://openai.com/gptbot)" 518 **0/518393**
74.7.227.169 - - [16/Mar/2026:08:57:21 -0700] "GET /detail/9999482.shtm?path=//lib/.build-id/da HTTP/1.1" 200 3067 "http://www.golz.in/detail/9999482.shtm?path=//lib/.build-id" "Mozilla/5.0 AppleWebKit/537.36 (KHTML, like Gecko; compatible; GPTBot/1.3; +https://openai.com/gptbot)" 505 **0/505823**
74.7.227.169 - - [16/Mar/2026:08:57:24 -0700] "GET /detail/9999482.shtm?path=//lib/.build-id/ad HTTP/1.1" 200 3155 "http://www.golz.in/detail/9999482.shtm?path=//lib/.build-id" "Mozilla/5.0 AppleWebKit/537.36 (KHTML, like Gecko; compatible; GPTBot/1.3; +https://openai.com/gptbot)" 497 **0/497608**
74.7.227.169 - - [16/Mar/2026:08:57:27 -0700] "GET /detail/9999482.shtm?path=//lib/.build-id/aa HTTP/1.1" 200 3248 "http://www.golz.in/detail/9999482.shtm?path=//lib/.build-id" "Mozilla/5.0 AppleWebKit/537.36 (KHTML, like Gecko; compatible; GPTBot/1.3; +https://openai.com/gptbot)" 506 **0/506075**
103.112.131.44 - - [16/Mar/2026:08:57:29 -0700] "GET /wp-json/wp/v2/posts HTTP/1.1" 200 4098 "-" "Mozilla/5.0 (Windows NT 10.0; Win64; x64) AppleWebKit/537.36 (KHTML, like Gecko) Chrome/120.0.0.0 Safari/537.36" 503 **0/503421**
66.249.66.14 - - [16/Mar/2026:08:57:28 -0700] "GET /detail/3716721629.shtm HTTP/1.1" 200 23262 "-" "Mozilla/5.0 (Linux; Android 6.0.1; Nexus 5X Build/MMB29P) AppleWebKit/537.36 (KHTML, like Gecko) Chrome/145.0.7632.116 Mobile Safari/537.36 (compatible; Googlebot/2.1; +http://www.google.com/bot.html)" 1822 **1/1822517**
74.7.227.169 - - [16/Mar/2026:08:57:31 -0700] "GET /detail/9999482.shtm?fileloc=//proc/net/sockstat6&path=//proc/net HTTP/1.1" 200 2262 "http://www.golz.in/detail/9999482.shtm?path=//proc/net" "Mozilla/5.0 AppleWebKit/537.36 (KHTML, like Gecko; compatible; GPTBot/1.3; +https://openai.com/gptbot)" 541 **0/541053**
74.7.227.169 - - [16/Mar/2026:08:57:34 -0700] "GET /detail/9999482.shtm?fileloc=//proc/net/udplite6&path=//proc/net HTTP/1.1" 200 2263 "http://www.golz.in/detail/9999482.shtm?path=//proc/net" "Mozilla/5.0 AppleWebKit/537.36 (KHTML, like Gecko; compatible; GPTBot/1.3; +https://openai.com/gptbot)" 493 **0/493275**
74.7.227.169 - - [16/Mar/2026:08:57:37 -0700] "GET /detail/9999482.shtm?fileloc=//proc/net/anycast6&path=//proc/net HTTP/1.1" 200 2259 "http://www.golz.in/detail/9999482.shtm?path=//proc/net" "Mozilla/5.0 AppleWebKit/537.36 (KHTML, like Gecko; compatible; GPTBot/1.3; +https://openai.com/gptbot)" 503 **0/503781**
66.249.66.78 - - [16/Mar/2026:08:57:36 -0700] "GET /?detail/812661523 HTTP/1.1" 200 21327 "-" "Mozilla/5.0 (Linux; Android 6.0.1; Nexus 5X Build/MMB29P) AppleWebKit/537.36 (KHTML, like Gecko) Chrome/145.0.7632.116 Mobile Safari/537.36 (compatible; Googlebot/2.1; +http://www.google.com/bot.html)" 1802 **1/1802251**
74.7.227.169 - - [16/Mar/2026:08:57:40 -0700] "GET /detail/9999482.shtm?fileloc=//proc/net/mcfilter6&path=//proc/net HTTP/1.1" 200 2259 "http://www.golz.in/detail/9999482.shtm?path=//proc/net" "Mozilla/5.0 AppleWebKit/537.36 (KHTML, like Gecko; compatible; GPTBot/1.3; +https://openai.com/gptbot)" 516 **0/516589**
74.7.227.169 - - [16/Mar/2026:08:57:43 -0700] "GET /detail/9999482.shtm?fileloc=//proc/net/ip6_flowlabel&path=//proc/net HTTP/1.1" 200 2260 "http://www.golz.in/detail/9999482.shtm?path=//proc/net" "Mozilla/5.0 AppleWebKit/537.36 (KHTML, like Gecko; compatible; GPTBot/1.3; +https://openai.com/gptbot)" 499 **0/499150**
74.7.227.169 - - [16/Mar/2026:08:57:46 -0700] "GET /detail/9999482.shtm?fileloc=//proc/net/fib_triestat&path=//proc/net HTTP/1.1" 200 2262 "http://www.golz.in/detail/9999482.shtm?path=//proc/net" "Mozilla/5.0 AppleWebKit/537.36 (KHTML, like Gecko; compatible; GPTBot/1.3; +https://openai.com/gptbot)" 503 **0/503655**
74.7.227.169 - - [16/Mar/2026:08:57:49 -0700] "GET /detail/9999482.shtm?fileloc=//proc/net/protocols&path=//proc/net HTTP/1.1" 200 2259 "http://www.golz.in/detail/9999482.shtm?path=//proc/net" "Mozilla/5.0 AppleWebKit/537.36 (KHTML, like Gecko; compatible; GPTBot/1.3; +https://openai.com/gptbot)" 496 **0/496213**
74.7.227.169 - - [16/Mar/2026:08:57:52 -0700] "GET /detail/9999482.shtm?fileloc=//proc/net/netstat&path=//proc/net HTTP/1.1" 200 2258 "http://www.golz.in/detail/9999482.shtm?path=//proc/net" "Mozilla/5.0 AppleWebKit/537.36 (KHTML, like Gecko; compatible; GPTBot/1.3; +https://openai.com/gptbot)" 552 **0/552210**
74.7.227.169 - - [16/Mar/2026:08:57:55 -0700] "GET /detail/9999482.shtm?fileloc=//proc/net/connector&path=//proc/net HTTP/1.1" 200 2259 "http://www.golz.in/detail/9999482.shtm?path=//proc/net" "Mozilla/5.0 AppleWebKit/537.36 (KHTML, like Gecko; compatible; GPTBot/1.3; +https://openai.com/gptbot)" 492 **0/492835**
74.7.227.169 - - [16/Mar/2026:08:57:59 -0700] "GET /detail/9999482.shtm?fileloc=//proc/net/nf_conntrack&path=//proc/net HTTP/1.1" 200 2260 "http://www.golz.in/detail/9999482.shtm?path=//proc/net" "Mozilla/5.0 AppleWebKit/537.36 (KHTML, like Gecko; compatible; GPTBot/1.3; +https://openai.com/gptbot)" 506 **0/506033**
74.7.227.169 - - [16/Mar/2026:08:58:02 -0700] "GET /detail/9999482.shtm?fileloc=//lib/.build-id/aa/e9bea0d2d4773cf7682c9e61ce23099f4642d7&path=//lib/.build-id/aa HTTP/1.1" 200 8187 "http://www.golz.in/detail/9999482.shtm?path=//lib/.build-id/aa" "Mozilla/5.0 AppleWebKit/537.36 (KHTML, like Gecko; compatible; GPTBot/1.3; +https://openai.com/gptbot)" 606 **0/606075**
74.7.227.169 - - [16/Mar/2026:08:58:05 -0700] "GET /detail/9999482.shtm?fileloc=//proc/net/softnet_stat&path=//proc/net HTTP/1.1" 200 2261 "http://www.golz.in/detail/9999482.shtm?path=//proc/net" "Mozilla/5.0 AppleWebKit/537.36 (KHTML, like Gecko; compatible; GPTBot/1.3; +https://openai.com/gptbot)" 512 **0/512169**
74.7.227.169 - - [16/Mar/2026:08:58:08 -0700] "GET /detail/9999482.shtm?fileloc=//proc/net/netlink&path=//proc/net HTTP/1.1" 200 2257 "http://www.golz.in/detail/9999482.shtm?path=//proc/net" "Mozilla/5.0 AppleWebKit/537.36 (KHTML, like Gecko; compatible; GPTBot/1.3; +https://openai.com/gptbot)" 540 **0/540711**
74.7.227.169 - - [16/Mar/2026:08:58:11 -0700] "GET /detail/9999482.shtm?fileloc=//proc/net/mcfilter&path=//proc/net HTTP/1.1" 200 2258 "http://www.golz.in/detail/9999482.shtm?path=//proc/net" "Mozilla/5.0 AppleWebKit/537.36 (KHTML, like Gecko; compatible; GPTBot/1.3; +https://openai.com/gptbot)" 491 **0/491749**
74.7.227.169 - - [16/Mar/2026:08:58:14 -0700] "GET /detail/5247171.shtm?fileloc=//lib/.build-id/b7/1d752f840b204f2e5525d5a66072d88ce01aae&path=//lib/.build-id/b7 HTTP/1.1" 200 7308 "http://www.golz.in/detail/5247171.shtm?path=//lib/.build-id/b7" "Mozilla/5.0 AppleWebKit/537.36 (KHTML, like Gecko; compatible; GPTBot/1.3; +https://openai.com/gptbot)" 497 **0/497586**
101.33.81.73 - - [16/Mar/2026:08:58:17 -0700] "GET /?path=/home/dpknvn09897v/public_html/golz.in/wp-content HTTP/1.1" 200 3671 "-" "Mozilla/5.0 (iPhone; CPU iPhone OS 13_2_3 like Mac OS X) AppleWebKit/605.1.15 (KHTML, like Gecko) Version/13.0.3 Mobile/15E148 Safari/604.1" 522 **0/522380**
74.7.227.169 - - [16/Mar/2026:08:58:18 -0700] "GET /detail/9999482.shtm?fileloc=//proc/net/ipv6_route&path=//proc/net HTTP/1.1" 200 2261 "http://www.golz.in/detail/9999482.shtm?path=//proc/net" "Mozilla/5.0 AppleWebKit/537.36 (KHTML, like Gecko; compatible; GPTBot/1.3; +https://openai.com/gptbot)" 503 **0/503728**
74.7.227.169 - - [16/Mar/2026:08:58:21 -0700] "GET /detail/9999482.shtm?fileloc=//proc/net/udplite&path=//proc/net HTTP/1.1" 200 2261 "http://www.golz.in/detail/9999482.shtm?path=//proc/net" "Mozilla/5.0 AppleWebKit/537.36 (KHTML, like Gecko; compatible; GPTBot/1.3; +https://openai.com/gptbot)" 512 **0/512358**
74.7.227.169 - - [16/Mar/2026:08:58:24 -0700] "GET /detail/9999482.shtm?fileloc=//proc/net/sockstat&path=//proc/net HTTP/1.1" 200 2262 "http://www.golz.in/detail/9999482.shtm?path=//proc/net" "Mozilla/5.0 AppleWebKit/537.36 (KHTML, like Gecko; compatible; GPTBot/1.3; +https://openai.com/gptbot)" 511 **0/511076**
74.7.227.169 - - [16/Mar/2026:08:58:27 -0700] "GET /detail/9999482.shtm?fileloc=//proc/net/snmp6&path=//proc/net HTTP/1.1" 200 2259 "http://www.golz.in/detail/9999482.shtm?path=//proc/net" "Mozilla/5.0 AppleWebKit/537.36 (KHTML, like Gecko; compatible; GPTBot/1.3; +https://openai.com/gptbot)" 494 **0/494586**
74.7.227.169 - - [16/Mar/2026:08:58:30 -0700] "GET /detail/9999482.shtm?fileloc=//proc/net/rt6_stats&path=//proc/net HTTP/1.1" 200 2259 "http://www.golz.in/detail/9999482.shtm?path=//proc/net" "Mozilla/5.0 AppleWebKit/537.36 (KHTML, like Gecko; compatible; GPTBot/1.3; +https://openai.com/gptbot)" 508 **0/508348**
74.7.227.169 - - [16/Mar/2026:08:58:33 -0700] "GET /detail/9999482.shtm?fileloc=//proc/net/igmp6&path=//proc/net HTTP/1.1" 200 2256 "http://www.golz.in/detail/9999482.shtm?path=//proc/net" "Mozilla/5.0 AppleWebKit/537.36 (KHTML, like Gecko; compatible; GPTBot/1.3; +https://openai.com/gptbot)" 501 **0/501963**
74.7.227.169 - - [16/Mar/2026:08:58:36 -0700] "GET /detail/9999482.shtm?fileloc=//proc/net/nf_conntrack_expect&path=//proc/net HTTP/1.1" 200 2267 "http://www.golz.in/detail/9999482.shtm?path=//proc/net" "Mozilla/5.0 AppleWebKit/537.36 (KHTML, like Gecko; compatible; GPTBot/1.3; +https://openai.com/gptbot)" 498 **0/498046**
216.73.216.210 - - [16/Mar/2026:08:58:40 -0700] "GET /detail/3771452492.shtm?path=%2F%2Fusr HTTP/1.1" 200 2762 "-" "Mozilla/5.0 AppleWebKit/537.36 (KHTML, like Gecko; compatible; ClaudeBot/1.0; +claudebot@anthropic.com)" 559 **0/559002**
74.7.227.169 - - [16/Mar/2026:08:58:40 -0700] "GET /detail/9999482.shtm?fileloc=//proc/net/psched&path=//proc/net HTTP/1.1" 200 2258 "http://www.golz.in/detail/9999482.shtm?path=//proc/net" "Mozilla/5.0 AppleWebKit/537.36 (KHTML, like Gecko; compatible; GPTBot/1.3; +https://openai.com/gptbot)" 628 **0/628597**
216.73.216.210 - - [16/Mar/2026:08:58:42 -0700] "GET /detail/1975706029.shtm?path=%2F%2Fusr%2Flibexec HTTP/1.1" 403 3512 "-" "Mozilla/5.0 AppleWebKit/537.36 (KHTML, like Gecko; compatible; ClaudeBot/1.0; +claudebot@anthropic.com)" 506 **0/506106**
74.7.227.169 - - [16/Mar/2026:08:58:43 -0700] "GET /detail/9999482.shtm?fileloc=//proc/net/packet&path=//proc/net HTTP/1.1" 200 2257 "http://www.golz.in/detail/9999482.shtm?path=//proc/net" "Mozilla/5.0 AppleWebKit/537.36 (KHTML, like Gecko; compatible; GPTBot/1.3; +https://openai.com/gptbot)" 526 **0/526575**
66.249.71.70 - - [16/Mar/2026:08:58:40 -0700] "GET /?detail/242117323 HTTP/1.1" 200 21733 "-" "Mozilla/5.0 (Linux; Android 6.0.1; Nexus 5X Build/MMB29P) AppleWebKit/537.36 (KHTML, like Gecko) Chrome/145.0.7632.116 Mobile Safari/537.36 (compatible; Googlebot/2.1; +http://www.google.com/bot.html)" 5415 **5/5415509**
216.73.216.210 - - [16/Mar/2026:08:58:45 -0700] "GET /detail/4042084903.shtm?path=%2F%2Fusr HTTP/1.1" 403 3512 "-" "Mozilla/5.0 AppleWebKit/537.36 (KHTML, like Gecko; compatible; ClaudeBot/1.0; +claudebot@anthropic.com)" 498 **0/498036**
74.7.227.169 - - [16/Mar/2026:08:58:46 -0700] "GET /detail/9999482.shtm?fileloc=//proc/net/icmp6&path=//proc/net HTTP/1.1" 200 2258 "http://www.golz.in/detail/9999482.shtm?path=//proc/net" "Mozilla/5.0 AppleWebKit/537.36 (KHTML, like Gecko; compatible; GPTBot/1.3; +https://openai.com/gptbot)" 495 **0/495997**
216.73.216.210 - - [16/Mar/2026:08:58:48 -0700] "GET /detail/4084480401.shtm?path=%2F%2Fusr HTTP/1.1" 403 3512 "-" "Mozilla/5.0 AppleWebKit/537.36 (KHTML, like Gecko; compatible; ClaudeBot/1.0; +claudebot@anthropic.com)" 506 **0/506964**
74.7.227.169 - - [16/Mar/2026:08:58:49 -0700] "GET /detail/9999482.shtm?fileloc=//proc/net/route&path=//proc/net HTTP/1.1" 200 2256 "http://www.golz.in/detail/9999482.shtm?path=//proc/net" "Mozilla/5.0 AppleWebKit/537.36 (KHTML, like Gecko; compatible; GPTBot/1.3; +https://openai.com/gptbot)" 504 **0/504057**
216.73.216.210 - - [16/Mar/2026:08:58:51 -0700] "GET /detail/1999025477.shtm?path=%2F%2Flib%2Fsystemd%2Fnetwork HTTP/1.1" 403 3512 "-" "Mozilla/5.0 AppleWebKit/537.36 (KHTML, like Gecko; compatible; ClaudeBot/1.0; +claudebot@anthropic.com)" 488 **0/488313**
74.7.227.169 - - [16/Mar/2026:08:58:52 -0700] "GET /detail/9999482.shtm?fileloc=//proc/net/ptype&path=//proc/net HTTP/1.1" 200 2257 "http://www.golz.in/detail/9999482.shtm?path=//proc/net" "Mozilla/5.0 AppleWebKit/537.36 (KHTML, like Gecko; compatible; GPTBot/1.3; +https://openai.com/gptbot)" 516 **0/516614**
216.73.216.210 - - [16/Mar/2026:08:58:54 -0700] "GET /detail/268531747.shtm?path=%2F%2Fsbin HTTP/1.1" 403 3512 "-" "Mozilla/5.0 AppleWebKit/537.36 (KHTML, like Gecko; compatible; ClaudeBot/1.0; +claudebot@anthropic.com)" 543 **0/543244**
74.7.227.169 - - [16/Mar/2026:08:58:55 -0700] "GET /detail/9999482.shtm?fileloc=//proc/net/xfrm_stat&path=//proc/net HTTP/1.1" 200 2261 "http://www.golz.in/detail/9999482.shtm?path=//proc/net" "Mozilla/5.0 AppleWebKit/537.36 (KHTML, like Gecko; compatible; GPTBot/1.3; +https://openai.com/gptbot)" 529 **0/529691**
216.73.216.210 - - [16/Mar/2026:08:58:57 -0700] "GET /detail/930944872.shtm?path=%2F%2Fsbin HTTP/1.1" 403 3512 "-" "Mozilla/5.0 AppleWebKit/537.36 (KHTML, like Gecko; compatible; ClaudeBot/1.0; +claudebot@anthropic.com)" 491 **0/491192**
74.7.227.169 - - [16/Mar/2026:08:58:58 -0700] "GET /detail/9999482.shtm?fileloc=//proc/net/dev_mcast&path=//proc/net HTTP/1.1" 200 2261 "http://www.golz.in/detail/9999482.shtm?path=//proc/net" "Mozilla/5.0 AppleWebKit/537.36 (KHTML, like Gecko; compatible; GPTBot/1.3; +https://openai.com/gptbot)" 511 **0/511751**
216.73.216.210 - - [16/Mar/2026:08:59:00 -0700] "GET /detail/959576205.shtm?path=%2F%2Fsbin HTTP/1.1" 403 3512 "-" "Mozilla/5.0 AppleWebKit/537.36 (KHTML, like Gecko; compatible; ClaudeBot/1.0; +claudebot@anthropic.com)" 495 **0/495726**
74.7.227.169 - - [16/Mar/2026:08:59:01 -0700] "GET /detail/9999482.shtm?fileloc=//proc/net/udp6&path=//proc/net HTTP/1.1" 200 2417 "http://www.golz.in/detail/9999482.shtm?path=//proc/net" "Mozilla/5.0 AppleWebKit/537.36 (KHTML, like Gecko; compatible; GPTBot/1.3; +https://openai.com/gptbot)" 545 **0/545441**
216.73.216.210 - - [16/Mar/2026:08:59:03 -0700] "GET /detail/223757475.shtm?path=%2F%2Fsbin HTTP/1.1" 403 3512 "-" "Mozilla/5.0 AppleWebKit/537.36 (KHTML, like Gecko; compatible; ClaudeBot/1.0; +claudebot@anthropic.com)" 542 **0/542552**
66.249.71.70 - - [16/Mar/2026:08:59:03 -0700] "GET /?detail/204041837 HTTP/1.1" 200 22300 "-" "Mozilla/5.0 (Linux; Android 6.0.1; Nexus 5X Build/MMB29P) AppleWebKit/537.36 (KHTML, like Gecko) Chrome/145.0.7632.116 Mobile Safari/537.36 (compatible; Googlebot/2.1; +http://www.google.com/bot.html)" 1823 **1/1823522**
