216.73.216.210 - - [16/Mar/2026:09:17:02 -0700] "GET /detail/4185250797.shtm?fileloc=%2F%2Flib64%2Flibmnl.so.0.2.0&path=%2F%2Flib64 HTTP/1.1" 200 10436 "-" "Mozilla/5.0 AppleWebKit/537.36 (KHTML, like Gecko; compatible; ClaudeBot/1.0; +claudebot@anthropic.com)" 557 **0/557360**
74.7.227.169 - - [16/Mar/2026:09:17:03 -0700] "GET /detail/5247171.shtm?path=//lib/.build-id/b9 HTTP/1.1" 200 3210 "http://www.golz.in/detail/5247171.shtm?path=//lib/.build-id" "Mozilla/5.0 AppleWebKit/537.36 (KHTML, like Gecko; compatible; GPTBot/1.3; +https://openai.com/gptbot)" 525 **0/525042**
216.73.216.210 - - [16/Mar/2026:09:17:05 -0700] "GET /detail/4185250797.shtm?fileloc=%2F%2Flib64%2Flibxcb-xtest.so.0.0.0&path=%2F%2Flib64 HTTP/1.1" 200 5511 "-" "Mozilla/5.0 AppleWebKit/537.36 (KHTML, like Gecko; compatible; ClaudeBot/1.0; +claudebot@anthropic.com)" 507 **0/507348**
74.7.227.169 - - [16/Mar/2026:09:17:06 -0700] "GET /detail/5247171.shtm?path=//lib/.build-id/8b HTTP/1.1" 200 3014 "http://www.golz.in/detail/5247171.shtm?path=//lib/.build-id" "Mozilla/5.0 AppleWebKit/537.36 (KHTML, like Gecko; compatible; GPTBot/1.3; +https://openai.com/gptbot)" 538 **0/538808**
216.73.216.210 - - [16/Mar/2026:09:17:08 -0700] "GET /detail/4185250797.shtm?fileloc=%2F%2Flib64%2Flibxcb-damage.so.0&path=%2F%2Flib64 HTTP/1.1" 200 5601 "-" "Mozilla/5.0 AppleWebKit/537.36 (KHTML, like Gecko; compatible; ClaudeBot/1.0; +claudebot@anthropic.com)" 510 **0/510133**
74.7.227.169 - - [16/Mar/2026:09:17:09 -0700] "GET /detail/9999482.shtm?path=//tmp HTTP/1.1" 200 2526 "http://www.golz.in/detail/9999482.shtm?path=/" "Mozilla/5.0 AppleWebKit/537.36 (KHTML, like Gecko; compatible; GPTBot/1.3; +https://openai.com/gptbot)" 506 **0/506281**
216.73.216.210 - - [16/Mar/2026:09:17:11 -0700] "GET /detail/4185250797.shtm?fileloc=%2F%2Flib64%2Flibpipeline.so.1.5.0&path=%2F%2Flib64 HTTP/1.1" 200 25758 "-" "Mozilla/5.0 AppleWebKit/537.36 (KHTML, like Gecko; compatible; ClaudeBot/1.0; +claudebot@anthropic.com)" 529 **0/529980**
74.7.227.169 - - [16/Mar/2026:09:17:13 -0700] "GET /detail/9999482.shtm?path=//etc HTTP/1.1" 200 4624 "http://www.golz.in/detail/9999482.shtm?path=/" "Mozilla/5.0 AppleWebKit/537.36 (KHTML, like Gecko; compatible; GPTBot/1.3; +https://openai.com/gptbot)" 515 **0/515238**
216.73.216.210 - - [16/Mar/2026:09:17:14 -0700] "GET /detail/4185250797.shtm?fileloc=%2F%2Flib64%2Flibpci.so.3&path=%2F%2Flib64 HTTP/1.1" 200 24992 "-" "Mozilla/5.0 AppleWebKit/537.36 (KHTML, like Gecko; compatible; ClaudeBot/1.0; +claudebot@anthropic.com)" 509 **0/509813**
74.7.227.169 - - [16/Mar/2026:09:17:16 -0700] "GET /detail/9999482.shtm?path=//opt HTTP/1.1" 200 2784 "http://www.golz.in/detail/9999482.shtm?path=/" "Mozilla/5.0 AppleWebKit/537.36 (KHTML, like Gecko; compatible; GPTBot/1.3; +https://openai.com/gptbot)" 496 **0/496525**
216.73.216.210 - - [16/Mar/2026:09:17:17 -0700] "GET /detail/4185250797.shtm?fileloc=%2F%2Flib64%2Flibxcb.so.1.1.0&path=%2F%2Flib64 HTTP/1.1" 403 3512 "-" "Mozilla/5.0 AppleWebKit/537.36 (KHTML, like Gecko; compatible; ClaudeBot/1.0; +claudebot@anthropic.com)" 530 **0/530290**
74.7.227.169 - - [16/Mar/2026:09:17:19 -0700] "GET /detail/79877902.shtm?path=//root HTTP/1.1" 200 2294 "http://www.golz.in/detail/79877902.shtm?path=/" "Mozilla/5.0 AppleWebKit/537.36 (KHTML, like Gecko; compatible; GPTBot/1.3; +https://openai.com/gptbot)" 492 **0/492585**
216.73.216.210 - - [16/Mar/2026:09:17:20 -0700] "GET /detail/4185250797.shtm?fileloc=%2F%2Flib64%2Flibkrb5.so.3.3&path=%2F%2Flib64 HTTP/1.1" 403 3512 "-" "Mozilla/5.0 AppleWebKit/537.36 (KHTML, like Gecko; compatible; ClaudeBot/1.0; +claudebot@anthropic.com)" 499 **0/499371**
66.249.71.70 - - [16/Mar/2026:09:17:20 -0700] "GET /?detail/455648960 HTTP/1.1" 200 21330 "-" "Mozilla/5.0 (Linux; Android 6.0.1; Nexus 5X Build/MMB29P) AppleWebKit/537.36 (KHTML, like Gecko) Chrome/145.0.7632.116 Mobile Safari/537.36 (compatible; Googlebot/2.1; +http://www.google.com/bot.html)" 1795 **1/1795726**
66.249.66.163 - - [16/Mar/2026:09:17:20 -0700] "GET /?detail/941145259 HTTP/1.1" 200 22198 "-" "Mozilla/5.0 (Linux; Android 6.0.1; Nexus 5X Build/MMB29P) AppleWebKit/537.36 (KHTML, like Gecko) Chrome/145.0.7632.116 Mobile Safari/537.36 (compatible; Googlebot/2.1; +http://www.google.com/bot.html)" 1992 **1/1992220**
74.7.227.169 - - [16/Mar/2026:09:17:22 -0700] "GET /detail/79877902.shtm?path=//sbin HTTP/1.1" 200 3986 "http://www.golz.in/detail/79877902.shtm?path=/" "Mozilla/5.0 AppleWebKit/537.36 (KHTML, like Gecko; compatible; GPTBot/1.3; +https://openai.com/gptbot)" 510 **0/510396**
216.73.216.210 - - [16/Mar/2026:09:17:23 -0700] "GET /detail/4185250797.shtm?fileloc=%2F%2Flib64%2FlibXmuu.so.1&path=%2F%2Flib64 HTTP/1.1" 403 3512 "-" "Mozilla/5.0 AppleWebKit/537.36 (KHTML, like Gecko; compatible; ClaudeBot/1.0; +claudebot@anthropic.com)" 514 **0/514388**
74.7.227.169 - - [16/Mar/2026:09:17:26 -0700] "GET /detail/9999482.shtm?path=//proc/net/rpc HTTP/1.1" 200 2313 "http://www.golz.in/detail/9999482.shtm?path=//proc/net" "Mozilla/5.0 AppleWebKit/537.36 (KHTML, like Gecko; compatible; GPTBot/1.3; +https://openai.com/gptbot)" 500 **0/500386**
216.73.216.210 - - [16/Mar/2026:09:17:26 -0700] "GET /detail/4185250797.shtm?fileloc=%2F%2Flib64%2Flibgovernor.so&path=%2F%2Flib64 HTTP/1.1" 403 3512 "-" "Mozilla/5.0 AppleWebKit/537.36 (KHTML, like Gecko; compatible; ClaudeBot/1.0; +claudebot@anthropic.com)" 504 **0/504816**
74.7.227.169 - - [16/Mar/2026:09:17:29 -0700] "GET /detail/9999482.shtm?path=//lib/.build-id/a6 HTTP/1.1" 200 3152 "http://www.golz.in/detail/9999482.shtm?path=//lib/.build-id" "Mozilla/5.0 AppleWebKit/537.36 (KHTML, like Gecko; compatible; GPTBot/1.3; +https://openai.com/gptbot)" 515 **0/515803**
216.73.216.210 - - [16/Mar/2026:09:17:29 -0700] "GET /detail/4185250797.shtm?fileloc=%2F%2Flib64%2Flibksba.so.8.11.6&path=%2F%2Flib64 HTTP/1.1" 403 3512 "-" "Mozilla/5.0 AppleWebKit/537.36 (KHTML, like Gecko; compatible; ClaudeBot/1.0; +claudebot@anthropic.com)" 499 **0/499583**
74.7.227.169 - - [16/Mar/2026:09:17:32 -0700] "GET /detail/9999482.shtm?path=//lib/.build-id/d5 HTTP/1.1" 200 3310 "http://www.golz.in/detail/9999482.shtm?path=//lib/.build-id" "Mozilla/5.0 AppleWebKit/537.36 (KHTML, like Gecko; compatible; GPTBot/1.3; +https://openai.com/gptbot)" 506 **0/506640**
216.73.216.210 - - [16/Mar/2026:09:17:32 -0700] "GET /detail/4185250797.shtm?fileloc=%2F%2Flib64%2FMcrt1.o&path=%2F%2Flib64 HTTP/1.1" 403 3512 "-" "Mozilla/5.0 AppleWebKit/537.36 (KHTML, like Gecko; compatible; ClaudeBot/1.0; +claudebot@anthropic.com)" 496 **0/496626**
216.73.216.210 - - [16/Mar/2026:09:17:35 -0700] "GET /detail/4185250797.shtm?fileloc=%2F%2Flib64%2Flibdw-0.190.so&path=%2F%2Flib64 HTTP/1.1" 403 3512 "-" "Mozilla/5.0 AppleWebKit/537.36 (KHTML, like Gecko; compatible; ClaudeBot/1.0; +claudebot@anthropic.com)" 495 **0/495198**
74.7.227.169 - - [16/Mar/2026:09:17:35 -0700] "GET /detail/9999482.shtm?path=//lib/.build-id/a3 HTTP/1.1" 200 2985 "http://www.golz.in/detail/9999482.shtm?path=//lib/.build-id" "Mozilla/5.0 AppleWebKit/537.36 (KHTML, like Gecko; compatible; GPTBot/1.3; +https://openai.com/gptbot)" 500 **0/500136**
216.73.216.210 - - [16/Mar/2026:09:17:38 -0700] "GET /detail/4185250797.shtm?fileloc=%2F%2Flib64%2Flibpipeline.so.1&path=%2F%2Flib64 HTTP/1.1" 403 3512 "-" "Mozilla/5.0 AppleWebKit/537.36 (KHTML, like Gecko; compatible; ClaudeBot/1.0; +claudebot@anthropic.com)" 518 **0/518840**
74.7.227.169 - - [16/Mar/2026:09:17:38 -0700] "GET /detail/9999482.shtm?path=//lib/.build-id/d6 HTTP/1.1" 200 3222 "http://www.golz.in/detail/9999482.shtm?path=//lib/.build-id" "Mozilla/5.0 AppleWebKit/537.36 (KHTML, like Gecko; compatible; GPTBot/1.3; +https://openai.com/gptbot)" 512 **0/512728**
216.73.216.210 - - [16/Mar/2026:09:17:41 -0700] "GET /detail/4185250797.shtm?fileloc=%2F%2Flib64%2Flibverto-libev.so.1&path=%2F%2Flib64 HTTP/1.1" 403 3512 "-" "Mozilla/5.0 AppleWebKit/537.36 (KHTML, like Gecko; compatible; ClaudeBot/1.0; +claudebot@anthropic.com)" 505 **0/505326**
74.7.227.169 - - [16/Mar/2026:09:17:41 -0700] "GET /detail/9999482.shtm?path=//lib/.build-id/e1 HTTP/1.1" 200 3302 "http://www.golz.in/detail/9999482.shtm?path=//lib/.build-id" "Mozilla/5.0 AppleWebKit/537.36 (KHTML, like Gecko; compatible; GPTBot/1.3; +https://openai.com/gptbot)" 488 **0/488875**
216.73.216.210 - - [16/Mar/2026:09:17:44 -0700] "GET /detail/4185250797.shtm?fileloc=%2F%2Flib64%2Flibcrypto.so.1.1.1k&path=%2F%2Flib64 HTTP/1.1" 403 3512 "-" "Mozilla/5.0 AppleWebKit/537.36 (KHTML, like Gecko; compatible; ClaudeBot/1.0; +claudebot@anthropic.com)" 495 **0/495123**
74.7.227.169 - - [16/Mar/2026:09:17:44 -0700] "GET /detail/9999482.shtm?path=//lib/.build-id/6f HTTP/1.1" 200 3386 "http://www.golz.in/detail/9999482.shtm?path=//lib/.build-id" "Mozilla/5.0 AppleWebKit/537.36 (KHTML, like Gecko; compatible; GPTBot/1.3; +https://openai.com/gptbot)" 511 **0/511895**
216.73.216.210 - - [16/Mar/2026:09:17:47 -0700] "GET /detail/4185250797.shtm?fileloc=%2F%2Flib64%2Flibkcapi.so.1&path=%2F%2Flib64 HTTP/1.1" 403 3512 "-" "Mozilla/5.0 AppleWebKit/537.36 (KHTML, like Gecko; compatible; ClaudeBot/1.0; +claudebot@anthropic.com)" 497 **0/497155**
74.7.227.169 - - [16/Mar/2026:09:17:48 -0700] "GET /detail/9999482.shtm?fileloc=//etc/lftp.conf&path=//etc HTTP/1.1" 200 3704 "http://www.golz.in/detail/9999482.shtm?path=//etc" "Mozilla/5.0 AppleWebKit/537.36 (KHTML, like Gecko; compatible; GPTBot/1.3; +https://openai.com/gptbot)" 493 **0/493453**
216.73.216.210 - - [16/Mar/2026:09:17:50 -0700] "GET /detail/4185250797.shtm?fileloc=%2F%2Flib64%2Flibtiff.so.5&path=%2F%2Flib64 HTTP/1.1" 403 3512 "-" "Mozilla/5.0 AppleWebKit/537.36 (KHTML, like Gecko; compatible; ClaudeBot/1.0; +claudebot@anthropic.com)" 490 **0/490393**
74.7.227.169 - - [16/Mar/2026:09:17:51 -0700] "GET /detail/9999482.shtm?path=//lib/.build-id/f7 HTTP/1.1" 200 2908 "http://www.golz.in/detail/9999482.shtm?path=//lib/.build-id" "Mozilla/5.0 AppleWebKit/537.36 (KHTML, like Gecko; compatible; GPTBot/1.3; +https://openai.com/gptbot)" 497 **0/497176**
216.73.216.210 - - [16/Mar/2026:09:17:53 -0700] "GET /detail/4185250797.shtm?fileloc=%2F%2Flib64%2Flibresolv.so.2&path=%2F%2Flib64 HTTP/1.1" 403 3512 "-" "Mozilla/5.0 AppleWebKit/537.36 (KHTML, like Gecko; compatible; ClaudeBot/1.0; +claudebot@anthropic.com)" 539 **0/539124**
74.7.227.169 - - [16/Mar/2026:09:17:54 -0700] "GET /detail/9999482.shtm?path=//lib/.build-id/6d HTTP/1.1" 200 3178 "http://www.golz.in/detail/9999482.shtm?path=//lib/.build-id" "Mozilla/5.0 AppleWebKit/537.36 (KHTML, like Gecko; compatible; GPTBot/1.3; +https://openai.com/gptbot)" 492 **0/492989**
74.7.227.169 - - [16/Mar/2026:09:17:57 -0700] "GET /detail/79877902.shtm?fileloc=//sbin/exim&path=//sbin HTTP/1.1" 200 2880 "http://www.golz.in/detail/79877902.shtm?path=//sbin" "Mozilla/5.0 AppleWebKit/537.36 (KHTML, like Gecko; compatible; GPTBot/1.3; +https://openai.com/gptbot)" 518 **0/518118**
216.73.216.210 - - [16/Mar/2026:09:17:58 -0700] "GET /detail/2865008833.shtm?fileloc=%2Fhome%2Fdpknvn09897v%2F.zshrc&path=%2Fhome%2Fdpknvn09897v HTTP/1.1" 200 2613 "-" "Mozilla/5.0 AppleWebKit/537.36 (KHTML, like Gecko; compatible; ClaudeBot/1.0; +claudebot@anthropic.com)" 508 **0/508862**
66.249.66.77 - - [16/Mar/2026:09:17:59 -0700] "GET /?detail/221885373 HTTP/1.1" 200 22282 "-" "Mozilla/5.0 (Linux; Android 6.0.1; Nexus 5X Build/MMB29P) AppleWebKit/537.36 (KHTML, like Gecko) Chrome/145.0.7632.116 Mobile Safari/537.36 (compatible; Googlebot/2.1; +http://www.google.com/bot.html)" 1787 **1/1787494**
74.7.227.169 - - [16/Mar/2026:09:18:00 -0700] "GET /detail/79877902.shtm?fileloc=//sbin/pluginviewer&path=//sbin HTTP/1.1" 200 8485 "http://www.golz.in/detail/79877902.shtm?path=//sbin" "Mozilla/5.0 AppleWebKit/537.36 (KHTML, like Gecko; compatible; GPTBot/1.3; +https://openai.com/gptbot)" 511 **0/511844**
216.73.216.210 - - [16/Mar/2026:09:18:01 -0700] "GET /detail/3449432067.shtm?fileloc=%2Fhome%2Fdpknvn09897v%2F.zshrc&path=%2Fhome%2Fdpknvn09897v HTTP/1.1" 200 2613 "-" "Mozilla/5.0 AppleWebKit/537.36 (KHTML, like Gecko; compatible; ClaudeBot/1.0; +claudebot@anthropic.com)" 522 **0/522549**
74.7.227.169 - - [16/Mar/2026:09:18:04 -0700] "GET /detail/9999482.shtm?path=//lib/.build-id/6e HTTP/1.1" 200 3201 "http://www.golz.in/detail/9999482.shtm?path=//lib/.build-id" "Mozilla/5.0 AppleWebKit/537.36 (KHTML, like Gecko; compatible; GPTBot/1.3; +https://openai.com/gptbot)" 521 **0/521349**
216.73.216.210 - - [16/Mar/2026:09:18:04 -0700] "GET /detail/2436678932.shtm?fileloc=%2Fhome%2Fdpknvn09897v%2F.zshrc&path=%2Fhome%2Fdpknvn09897v HTTP/1.1" 200 2613 "-" "Mozilla/5.0 AppleWebKit/537.36 (KHTML, like Gecko; compatible; ClaudeBot/1.0; +claudebot@anthropic.com)" 506 **0/506232**
216.73.216.210 - - [16/Mar/2026:09:18:07 -0700] "GET /detail/2065136442.shtm?fileloc=%2Fhome%2Fdpknvn09897v%2F.lastlogin&path=%2Fhome%2Fdpknvn09897v HTTP/1.1" 200 2451 "-" "Mozilla/5.0 AppleWebKit/537.36 (KHTML, like Gecko; compatible; ClaudeBot/1.0; +claudebot@anthropic.com)" 522 **0/522359**
74.7.227.169 - - [16/Mar/2026:09:18:07 -0700] "GET /detail/9999482.shtm?path=//lib/.build-id/8b HTTP/1.1" 200 3014 "http://www.golz.in/detail/9999482.shtm?path=//lib/.build-id" "Mozilla/5.0 AppleWebKit/537.36 (KHTML, like Gecko; compatible; GPTBot/1.3; +https://openai.com/gptbot)" 508 **0/508392**
216.73.216.210 - - [16/Mar/2026:09:18:10 -0700] "GET /detail/2430878061.shtm?fileloc=%2Fhome%2Fdpknvn09897v%2F.lastlogin&path=%2Fhome%2Fdpknvn09897v HTTP/1.1" 200 2451 "-" "Mozilla/5.0 AppleWebKit/537.36 (KHTML, like Gecko; compatible; ClaudeBot/1.0; +claudebot@anthropic.com)" 532 **0/532094**
74.7.227.169 - - [16/Mar/2026:09:18:10 -0700] "GET /detail/9999482.shtm?path=//lib/.build-id/f9 HTTP/1.1" 200 3103 "http://www.golz.in/detail/9999482.shtm?path=//lib/.build-id" "Mozilla/5.0 AppleWebKit/537.36 (KHTML, like Gecko; compatible; GPTBot/1.3; +https://openai.com/gptbot)" 518 **0/518163**
114.119.130.213 - - [16/Mar/2026:09:18:11 -0700] "GET /detail/2771420928.shtm HTTP/1.1" 200 4098 "http://www.golz.in/sitemap.xml" "Mozilla/5.0 (Linux; Android 7.0;) AppleWebKit/537.36 (KHTML, like Gecko) Mobile Safari/537.36 (compatible; PetalBot;+https://webmaster.petalsearch.com/site/petalbot)" 511 **0/511610**
216.73.216.210 - - [16/Mar/2026:09:18:13 -0700] "GET /detail/153879087.shtm?fileloc=%2Fhome%2Fdpknvn09897v%2F.lastlogin&path=%2Fhome%2Fdpknvn09897v HTTP/1.1" 200 2451 "-" "Mozilla/5.0 AppleWebKit/537.36 (KHTML, like Gecko; compatible; ClaudeBot/1.0; +claudebot@anthropic.com)" 513 **0/513970**
74.7.227.169 - - [16/Mar/2026:09:18:13 -0700] "GET /detail/9999482.shtm?path=//lib/.build-id/7f HTTP/1.1" 200 3188 "http://www.golz.in/detail/9999482.shtm?path=//lib/.build-id" "Mozilla/5.0 AppleWebKit/537.36 (KHTML, like Gecko; compatible; GPTBot/1.3; +https://openai.com/gptbot)" 530 **0/530452**
216.73.216.210 - - [16/Mar/2026:09:18:16 -0700] "GET /detail/2865008833.shtm?fileloc=%2Fhome%2Fdpknvn09897v%2F.lastlogin&path=%2Fhome%2Fdpknvn09897v HTTP/1.1" 200 2451 "-" "Mozilla/5.0 AppleWebKit/537.36 (KHTML, like Gecko; compatible; ClaudeBot/1.0; +claudebot@anthropic.com)" 521 **0/521031**
74.7.227.169 - - [16/Mar/2026:09:18:16 -0700] "GET /detail/9999482.shtm?path=//lib/.build-id/2e HTTP/1.1" 200 3060 "http://www.golz.in/detail/9999482.shtm?path=//lib/.build-id" "Mozilla/5.0 AppleWebKit/537.36 (KHTML, like Gecko; compatible; GPTBot/1.3; +https://openai.com/gptbot)" 514 **0/514560**
216.73.216.210 - - [16/Mar/2026:09:18:19 -0700] "GET /detail/3449432067.shtm?fileloc=%2Fhome%2Fdpknvn09897v%2F.lastlogin&path=%2Fhome%2Fdpknvn09897v HTTP/1.1" 200 2451 "-" "Mozilla/5.0 AppleWebKit/537.36 (KHTML, like Gecko; compatible; ClaudeBot/1.0; +claudebot@anthropic.com)" 514 **0/514560**
74.7.227.169 - - [16/Mar/2026:09:18:19 -0700] "GET /detail/9999482.shtm?path=//lib/.build-id/9c HTTP/1.1" 200 3201 "http://www.golz.in/detail/9999482.shtm?path=//lib/.build-id" "Mozilla/5.0 AppleWebKit/537.36 (KHTML, like Gecko; compatible; GPTBot/1.3; +https://openai.com/gptbot)" 511 **0/511488**
216.73.216.210 - - [16/Mar/2026:09:18:22 -0700] "GET /detail/2436678932.shtm?fileloc=%2Fhome%2Fdpknvn09897v%2F.lastlogin&path=%2Fhome%2Fdpknvn09897v HTTP/1.1" 200 2451 "-" "Mozilla/5.0 AppleWebKit/537.36 (KHTML, like Gecko; compatible; ClaudeBot/1.0; +claudebot@anthropic.com)" 509 **0/509299**
74.7.227.169 - - [16/Mar/2026:09:18:22 -0700] "GET /detail/9999482.shtm?path=//lib/.build-id/b0 HTTP/1.1" 200 3507 "http://www.golz.in/detail/9999482.shtm?path=//lib/.build-id" "Mozilla/5.0 AppleWebKit/537.36 (KHTML, like Gecko; compatible; GPTBot/1.3; +https://openai.com/gptbot)" 506 **0/506798**
216.73.216.210 - - [16/Mar/2026:09:18:25 -0700] "GET /detail/4185250797.shtm?fileloc=%2F%2Flib64%2Flibbrotlienc.so.1&path=%2F%2Flib64 HTTP/1.1" 200 204995 "-" "Mozilla/5.0 AppleWebKit/537.36 (KHTML, like Gecko; compatible; ClaudeBot/1.0; +claudebot@anthropic.com)" 1027 **1/1027690**
74.7.227.169 - - [16/Mar/2026:09:18:26 -0700] "GET /detail/9999482.shtm?path=//lib/.build-id/b9 HTTP/1.1" 200 3210 "http://www.golz.in/detail/9999482.shtm?path=//lib/.build-id" "Mozilla/5.0 AppleWebKit/537.36 (KHTML, like Gecko; compatible; GPTBot/1.3; +https://openai.com/gptbot)" 521 **0/521688**
216.73.216.210 - - [16/Mar/2026:09:18:28 -0700] "GET /detail/4185250797.shtm?fileloc=%2F%2Flib64%2Fliblwres.so.161.0.4&path=%2F%2Flib64 HTTP/1.1" 200 32699 "-" "Mozilla/5.0 AppleWebKit/537.36 (KHTML, like Gecko; compatible; ClaudeBot/1.0; +claudebot@anthropic.com)" 527 **0/527814**
74.7.227.169 - - [16/Mar/2026:09:18:29 -0700] "GET /detail/9999482.shtm?path=//lib/.build-id/d8 HTTP/1.1" 200 3310 "http://www.golz.in/detail/9999482.shtm?path=//lib/.build-id" "Mozilla/5.0 AppleWebKit/537.36 (KHTML, like Gecko; compatible; GPTBot/1.3; +https://openai.com/gptbot)" 505 **0/505146**
216.73.216.210 - - [16/Mar/2026:09:18:31 -0700] "GET /detail/4185250797.shtm?fileloc=%2F%2Flib64%2Flibxcb-xselinux.so.0.0.0&path=%2F%2Flib64 HTTP/1.1" 200 9997 "-" "Mozilla/5.0 AppleWebKit/537.36 (KHTML, like Gecko; compatible; ClaudeBot/1.0; +claudebot@anthropic.com)" 499 **0/499722**
74.7.227.169 - - [16/Mar/2026:09:18:32 -0700] "GET /detail/9999482.shtm?path=//lib/.build-id/3c HTTP/1.1" 200 3264 "http://www.golz.in/detail/9999482.shtm?path=//lib/.build-id" "Mozilla/5.0 AppleWebKit/537.36 (KHTML, like Gecko; compatible; GPTBot/1.3; +https://openai.com/gptbot)" 511 **0/511021**
216.73.216.210 - - [16/Mar/2026:09:18:34 -0700] "GET /detail/4185250797.shtm?fileloc=%2F%2Flib64%2Flibnewt.so.0.52.20&path=%2F%2Flib64 HTTP/1.1" 200 38338 "-" "Mozilla/5.0 AppleWebKit/537.36 (KHTML, like Gecko; compatible; ClaudeBot/1.0; +claudebot@anthropic.com)" 527 **0/527325**
74.7.227.169 - - [16/Mar/2026:09:18:35 -0700] "GET /detail/9999482.shtm?path=//lib/.build-id/0e HTTP/1.1" 200 3257 "http://www.golz.in/detail/9999482.shtm?path=//lib/.build-id" "Mozilla/5.0 AppleWebKit/537.36 (KHTML, like Gecko; compatible; GPTBot/1.3; +https://openai.com/gptbot)" 511 **0/511499**
216.73.216.210 - - [16/Mar/2026:09:18:37 -0700] "GET /detail/732387836.shtm?fileloc=%2Fhome%2Fdpknvn09897v%2Faccess-logs%2Fgolz.in.golzfoundation.in&path=%2Fhome%2Fdpknvn09897v%2Faccess-logs HTTP/1.1" 200 54174 "-" "Mozilla/5.0 AppleWebKit/537.36 (KHTML, like Gecko; compatible; ClaudeBot/1.0; +claudebot@anthropic.com)" 546 **0/546372**
74.7.227.169 - - [16/Mar/2026:09:18:38 -0700] "GET /detail/9999482.shtm?path=//lib/.build-id/1b HTTP/1.1" 200 3203 "http://www.golz.in/detail/9999482.shtm?path=//lib/.build-id" "Mozilla/5.0 AppleWebKit/537.36 (KHTML, like Gecko; compatible; GPTBot/1.3; +https://openai.com/gptbot)" 507 **0/507472**
216.73.216.210 - - [16/Mar/2026:09:18:40 -0700] "GET /detail/4185250797.shtm?fileloc=%2F%2Flib64%2Flibbrotlienc.so.1.0.6&path=%2F%2Flib64 HTTP/1.1" 200 205001 "-" "Mozilla/5.0 AppleWebKit/537.36 (KHTML, like Gecko; compatible; ClaudeBot/1.0; +claudebot@anthropic.com)" 621 **0/621943**
74.7.227.169 - - [16/Mar/2026:09:18:41 -0700] "GET /detail/9999482.shtm?path=//lib/.build-id/7e HTTP/1.1" 200 3311 "http://www.golz.in/detail/9999482.shtm?path=//lib/.build-id" "Mozilla/5.0 AppleWebKit/537.36 (KHTML, like Gecko; compatible; GPTBot/1.3; +https://openai.com/gptbot)" 506 **0/506306**
216.73.216.210 - - [16/Mar/2026:09:18:43 -0700] "GET /detail/4185250797.shtm?fileloc=%2F%2Flib64%2Flibgtk-x11-2.0.so.0.2400.32&path=%2F%2Flib64 HTTP/1.1" 200 1710753 "-" "Mozilla/5.0 AppleWebKit/537.36 (KHTML, like Gecko; compatible; ClaudeBot/1.0; +claudebot@anthropic.com)" 1460 **1/1460868**
66.249.66.39 - - [16/Mar/2026:09:18:43 -0700] "GET /?detail/838757160 HTTP/1.1" 200 22301 "-" "Mozilla/5.0 (Linux; Android 6.0.1; Nexus 5X Build/MMB29P) AppleWebKit/537.36 (KHTML, like Gecko) Chrome/145.0.7632.116 Mobile Safari/537.36 (compatible; Googlebot/2.1; +http://www.google.com/bot.html)" 1810 **1/1810906**
74.7.227.169 - - [16/Mar/2026:09:18:45 -0700] "GET /detail/9999482.shtm?path=//lib/.build-id/c7 HTTP/1.1" 200 2961 "http://www.golz.in/detail/9999482.shtm?path=//lib/.build-id" "Mozilla/5.0 AppleWebKit/537.36 (KHTML, like Gecko; compatible; GPTBot/1.3; +https://openai.com/gptbot)" 506 **0/506143**
216.73.216.210 - - [16/Mar/2026:09:18:46 -0700] "GET /detail/2065136442.shtm?fileloc=%2Fhome%2Fdpknvn09897v%2F.myimunify_id&path=%2Fhome%2Fdpknvn09897v HTTP/1.1" 200 2317 "-" "Mozilla/5.0 AppleWebKit/537.36 (KHTML, like Gecko; compatible; ClaudeBot/1.0; +claudebot@anthropic.com)" 514 **0/514964**
74.7.227.169 - - [16/Mar/2026:09:18:48 -0700] "GET /detail/9999482.shtm?path=//lib/.build-id/b4 HTTP/1.1" 200 3361 "http://www.golz.in/detail/9999482.shtm?path=//lib/.build-id" "Mozilla/5.0 AppleWebKit/537.36 (KHTML, like Gecko; compatible; GPTBot/1.3; +https://openai.com/gptbot)" 514 **0/514476**
216.73.216.210 - - [16/Mar/2026:09:18:49 -0700] "GET /detail/153879087.shtm?fileloc=%2Fhome%2Fdpknvn09897v%2F.myimunify_id&path=%2Fhome%2Fdpknvn09897v HTTP/1.1" 200 2317 "-" "Mozilla/5.0 AppleWebKit/537.36 (KHTML, like Gecko; compatible; ClaudeBot/1.0; +claudebot@anthropic.com)" 559 **0/559975**
74.7.227.169 - - [16/Mar/2026:09:18:51 -0700] "GET /detail/9999482.shtm?path=//lib/.build-id/9b HTTP/1.1" 200 3153 "http://www.golz.in/detail/9999482.shtm?path=//lib/.build-id" "Mozilla/5.0 AppleWebKit/537.36 (KHTML, like Gecko; compatible; GPTBot/1.3; +https://openai.com/gptbot)" 512 **0/512280**
216.73.216.210 - - [16/Mar/2026:09:18:52 -0700] "GET /detail/2430878061.shtm?fileloc=%2Fhome%2Fdpknvn09897v%2F.myimunify_id&path=%2Fhome%2Fdpknvn09897v HTTP/1.1" 200 2317 "-" "Mozilla/5.0 AppleWebKit/537.36 (KHTML, like Gecko; compatible; ClaudeBot/1.0; +claudebot@anthropic.com)" 502 **0/502787**
74.7.227.169 - - [16/Mar/2026:09:18:54 -0700] "GET /detail/9999482.shtm?path=//lib/.build-id/2d HTTP/1.1" 200 3216 "http://www.golz.in/detail/9999482.shtm?path=//lib/.build-id" "Mozilla/5.0 AppleWebKit/537.36 (KHTML, like Gecko; compatible; GPTBot/1.3; +https://openai.com/gptbot)" 495 **0/495111**
216.73.216.210 - - [16/Mar/2026:09:18:55 -0700] "GET /detail/2865008833.shtm?fileloc=%2Fhome%2Fdpknvn09897v%2F.myimunify_id&path=%2Fhome%2Fdpknvn09897v HTTP/1.1" 200 2317 "-" "Mozilla/5.0 AppleWebKit/537.36 (KHTML, like Gecko; compatible; ClaudeBot/1.0; +claudebot@anthropic.com)" 523 **0/523498**
74.7.227.169 - - [16/Mar/2026:09:18:57 -0700] "GET /detail/9999482.shtm?path=//lib/.build-id/c4 HTTP/1.1" 200 3103 "http://www.golz.in/detail/9999482.shtm?path=//lib/.build-id" "Mozilla/5.0 AppleWebKit/537.36 (KHTML, like Gecko; compatible; GPTBot/1.3; +https://openai.com/gptbot)" 502 **0/502793**
216.73.216.210 - - [16/Mar/2026:09:18:58 -0700] "GET /detail/3449432067.shtm?fileloc=%2Fhome%2Fdpknvn09897v%2F.myimunify_id&path=%2Fhome%2Fdpknvn09897v HTTP/1.1" 200 2317 "-" "Mozilla/5.0 AppleWebKit/537.36 (KHTML, like Gecko; compatible; ClaudeBot/1.0; +claudebot@anthropic.com)" 521 **0/521537**
74.7.227.169 - - [16/Mar/2026:09:19:00 -0700] "GET /detail/9999482.shtm?path=//lib/.build-id/d4 HTTP/1.1" 200 3201 "http://www.golz.in/detail/9999482.shtm?path=//lib/.build-id" "Mozilla/5.0 AppleWebKit/537.36 (KHTML, like Gecko; compatible; GPTBot/1.3; +https://openai.com/gptbot)" 527 **0/527847**
216.73.216.210 - - [16/Mar/2026:09:19:01 -0700] "GET /detail/2436678932.shtm?fileloc=%2Fhome%2Fdpknvn09897v%2F.myimunify_id&path=%2Fhome%2Fdpknvn09897v HTTP/1.1" 200 2317 "-" "Mozilla/5.0 AppleWebKit/537.36 (KHTML, like Gecko; compatible; ClaudeBot/1.0; +claudebot@anthropic.com)" 526 **0/526485**
74.7.227.169 - - [16/Mar/2026:09:19:03 -0700] "GET /detail/9999482.shtm?fileloc=//lib/.build-id/d8/1a6fc1ddc1905c67dba0bdc6c10dedc05ddf24&path=//lib/.build-id/d8 HTTP/1.1" 200 6350 "http://www.golz.in/detail/9999482.shtm?path=//lib/.build-id/d8" "Mozilla/5.0 AppleWebKit/537.36 (KHTML, like Gecko; compatible; GPTBot/1.3; +https://openai.com/gptbot)" 527 **0/527204**
216.73.216.210 - - [16/Mar/2026:09:19:04 -0700] "GET /detail/3419524947.shtm?fileloc=%2Fhome%2Fdpknvn09897v%2F.md5sum&path=%2Fhome%2Fdpknvn09897v HTTP/1.1" 200 2269 "-" "Mozilla/5.0 AppleWebKit/537.36 (KHTML, like Gecko; compatible; ClaudeBot/1.0; +claudebot@anthropic.com)" 507 **0/507251**
74.7.227.169 - - [16/Mar/2026:09:19:07 -0700] "GET /detail/9999482.shtm?fileloc=//lib/.build-id/3c/db77580d2e748b8dfc8be757f575c8882e9236&path=//lib/.build-id/3c HTTP/1.1" 200 14050 "http://www.golz.in/detail/9999482.shtm?path=//lib/.build-id/3c" "Mozilla/5.0 AppleWebKit/537.36 (KHTML, like Gecko; compatible; GPTBot/1.3; +https://openai.com/gptbot)" 509 **0/509377**
216.73.216.210 - - [16/Mar/2026:09:19:07 -0700] "GET /detail/4185250797.shtm?fileloc=%2F%2Flib64%2Flibxcb-xselinux.so&path=%2F%2Flib64 HTTP/1.1" 200 9995 "-" "Mozilla/5.0 AppleWebKit/537.36 (KHTML, like Gecko; compatible; ClaudeBot/1.0; +claudebot@anthropic.com)" 490 **0/490979**
216.73.216.210 - - [16/Mar/2026:09:19:10 -0700] "GET /detail/4185250797.shtm?fileloc=%2F%2Flib64%2Flibmetalink.so.3&path=%2F%2Flib64 HTTP/1.1" 200 20534 "-" "Mozilla/5.0 AppleWebKit/537.36 (KHTML, like Gecko; compatible; ClaudeBot/1.0; +claudebot@anthropic.com)" 559 **0/559981**
74.7.227.169 - - [16/Mar/2026:09:19:10 -0700] "GET /detail/9999482.shtm?path=//lib/.build-id/3d HTTP/1.1" 200 2961 "http://www.golz.in/detail/9999482.shtm?path=//lib/.build-id" "Mozilla/5.0 AppleWebKit/537.36 (KHTML, like Gecko; compatible; GPTBot/1.3; +https://openai.com/gptbot)" 515 **0/515929**
216.73.216.210 - - [16/Mar/2026:09:19:13 -0700] "GET /detail/4185250797.shtm?fileloc=%2F%2Flib64%2Flibmetalink.so.3.1.0&path=%2F%2Flib64 HTTP/1.1" 200 20536 "-" "Mozilla/5.0 AppleWebKit/537.36 (KHTML, like Gecko; compatible; ClaudeBot/1.0; +claudebot@anthropic.com)" 527 **0/527685**
74.7.227.169 - - [16/Mar/2026:09:19:13 -0700] "GET /detail/9999482.shtm?path=//lib/.build-id/f0 HTTP/1.1" 200 3311 "http://www.golz.in/detail/9999482.shtm?path=//lib/.build-id" "Mozilla/5.0 AppleWebKit/537.36 (KHTML, like Gecko; compatible; GPTBot/1.3; +https://openai.com/gptbot)" 506 **0/506482**
216.73.216.210 - - [16/Mar/2026:09:19:16 -0700] "GET /detail/4185250797.shtm?fileloc=%2F%2Flib64%2Flibpoppler-glib.so.8.19.0&path=%2F%2Flib64 HTTP/1.1" 200 127440 "-" "Mozilla/5.0 AppleWebKit/537.36 (KHTML, like Gecko; compatible; ClaudeBot/1.0; +claudebot@anthropic.com)" 590 **0/590365**
74.7.227.169 - - [16/Mar/2026:09:19:16 -0700] "GET /detail/9999482.shtm?path=//lib/.build-id/4b HTTP/1.1" 200 3387 "http://www.golz.in/detail/9999482.shtm?path=//lib/.build-id" "Mozilla/5.0 AppleWebKit/537.36 (KHTML, like Gecko; compatible; GPTBot/1.3; +https://openai.com/gptbot)" 522 **0/522691**
43.159.145.149 - - [16/Mar/2026:09:19:18 -0700] "GET /?fileloc=/home/dpknvn09897v/public_html/golz.in/txets.php&path=/home/dpknvn09897v/public_html/golz.in HTTP/1.1" 200 2523 "-" "Mozilla/5.0 (iPhone; CPU iPhone OS 13_2_3 like Mac OS X) AppleWebKit/605.1.15 (KHTML, like Gecko) Version/13.0.3 Mobile/15E148 Safari/604.1" 511 **0/511309**
216.73.216.210 - - [16/Mar/2026:09:19:19 -0700] "GET /detail/4185250797.shtm?fileloc=%2F%2Flib64%2Flibpoppler.so.104.0.0&path=%2F%2Flib64 HTTP/1.1" 200 1017450 "-" "Mozilla/5.0 AppleWebKit/537.36 (KHTML, like Gecko; compatible; ClaudeBot/1.0; +claudebot@anthropic.com)" 1147 **1/1147212**
74.7.227.169 - - [16/Mar/2026:09:19:19 -0700] "GET /detail/9999482.shtm?path=//lib/.build-id/c6 HTTP/1.1" 200 3146 "http://www.golz.in/detail/9999482.shtm?path=//lib/.build-id" "Mozilla/5.0 AppleWebKit/537.36 (KHTML, like Gecko; compatible; GPTBot/1.3; +https://openai.com/gptbot)" 563 **0/563511**
216.73.216.210 - - [16/Mar/2026:09:19:22 -0700] "GET /detail/732387836.shtm?fileloc=%2Fhome%2Fdpknvn09897v%2Faccess-logs%2Fgolz.golzfoundation.in&path=%2Fhome%2Fdpknvn09897v%2Faccess-logs HTTP/1.1" 200 2280 "-" "Mozilla/5.0 AppleWebKit/537.36 (KHTML, like Gecko; compatible; ClaudeBot/1.0; +claudebot@anthropic.com)" 508 **0/508285**
74.7.227.169 - - [16/Mar/2026:09:19:23 -0700] "GET /detail/9999482.shtm?path=//lib/.build-id/9e HTTP/1.1" 200 3018 "http://www.golz.in/detail/9999482.shtm?path=//lib/.build-id" "Mozilla/5.0 AppleWebKit/537.36 (KHTML, like Gecko; compatible; GPTBot/1.3; +https://openai.com/gptbot)" 500 **0/500903**
216.73.216.210 - - [16/Mar/2026:09:19:25 -0700] "GET /detail/4185250797.shtm?fileloc=%2F%2Flib64%2Flibpoppler.so.104&path=%2F%2Flib64 HTTP/1.1" 200 1017444 "-" "Mozilla/5.0 AppleWebKit/537.36 (KHTML, like Gecko; compatible; ClaudeBot/1.0; +claudebot@anthropic.com)" 1190 **1/1190889**
74.7.227.169 - - [16/Mar/2026:09:19:26 -0700] "GET /detail/9999482.shtm?path=//lib/.build-id/3e HTTP/1.1" 200 2867 "http://www.golz.in/detail/9999482.shtm?path=//lib/.build-id" "Mozilla/5.0 AppleWebKit/537.36 (KHTML, like Gecko; compatible; GPTBot/1.3; +https://openai.com/gptbot)" 525 **0/525656**
216.73.216.210 - - [16/Mar/2026:09:19:28 -0700] "GET /detail/4185250797.shtm?fileloc=%2F%2Flib64%2Flibtss2-tcti-mssim.so.0&path=%2F%2Flib64 HTTP/1.1" 200 12705 "-" "Mozilla/5.0 AppleWebKit/537.36 (KHTML, like Gecko; compatible; ClaudeBot/1.0; +claudebot@anthropic.com)" 515 **0/515140**
74.7.227.169 - - [16/Mar/2026:09:19:29 -0700] "GET /detail/9999482.shtm?fileloc=//lib/.build-id/2d/47822290f8145d13eedf7412cf1fd14ff0f031&path=//lib/.build-id/2d HTTP/1.1" 200 7014 "http://www.golz.in/detail/9999482.shtm?path=//lib/.build-id/2d" "Mozilla/5.0 AppleWebKit/537.36 (KHTML, like Gecko; compatible; GPTBot/1.3; +https://openai.com/gptbot)" 506 **0/506199**
216.73.216.210 - - [16/Mar/2026:09:19:31 -0700] "GET /detail/4185250797.shtm?fileloc=%2F%2Flib64%2Flibtss2-tcti-mssim.so.0.0.0&path=%2F%2Flib64 HTTP/1.1" 403 3512 "-" "Mozilla/5.0 AppleWebKit/537.36 (KHTML, like Gecko; compatible; ClaudeBot/1.0; +claudebot@anthropic.com)" 522 **0/522990**
74.7.227.169 - - [16/Mar/2026:09:19:32 -0700] "GET /detail/9999482.shtm?path=//lib/.build-id/c9 HTTP/1.1" 200 3258 "http://www.golz.in/detail/9999482.shtm?path=//lib/.build-id" "Mozilla/5.0 AppleWebKit/537.36 (KHTML, like Gecko; compatible; GPTBot/1.3; +https://openai.com/gptbot)" 492 **0/492763**
216.73.216.210 - - [16/Mar/2026:09:19:34 -0700] "GET /detail/4185250797.shtm?fileloc=%2F%2Flib64%2FxsltConf.sh&path=%2F%2Flib64 HTTP/1.1" 403 3512 "-" "Mozilla/5.0 AppleWebKit/537.36 (KHTML, like Gecko; compatible; ClaudeBot/1.0; +claudebot@anthropic.com)" 507 **0/507577**
74.7.227.169 - - [16/Mar/2026:09:19:35 -0700] "GET /detail/9999482.shtm?path=//lib/.build-id/c0 HTTP/1.1" 200 3151 "http://www.golz.in/detail/9999482.shtm?path=//lib/.build-id" "Mozilla/5.0 AppleWebKit/537.36 (KHTML, like Gecko; compatible; GPTBot/1.3; +https://openai.com/gptbot)" 491 **0/491355**
216.73.216.210 - - [16/Mar/2026:09:19:37 -0700] "GET /detail/4185250797.shtm?fileloc=%2F%2Flib64%2Flibtss2-tctildr.so.0&path=%2F%2Flib64 HTTP/1.1" 403 3512 "-" "Mozilla/5.0 AppleWebKit/537.36 (KHTML, like Gecko; compatible; ClaudeBot/1.0; +claudebot@anthropic.com)" 501 **0/501611**
74.7.227.169 - - [16/Mar/2026:09:19:39 -0700] "GET /detail/9999482.shtm?path=//lib/.build-id/4d HTTP/1.1" 200 2964 "http://www.golz.in/detail/9999482.shtm?path=//lib/.build-id" "Mozilla/5.0 AppleWebKit/537.36 (KHTML, like Gecko; compatible; GPTBot/1.3; +https://openai.com/gptbot)" 509 **0/509330**
216.73.216.210 - - [16/Mar/2026:09:19:40 -0700] "GET /detail/4185250797.shtm?fileloc=%2F%2Flib64%2Feppic_makedumpfile.so&path=%2F%2Flib64 HTTP/1.1" 403 3512 "-" "Mozilla/5.0 AppleWebKit/537.36 (KHTML, like Gecko; compatible; ClaudeBot/1.0; +claudebot@anthropic.com)" 500 **0/500544**
74.7.227.169 - - [16/Mar/2026:09:19:42 -0700] "GET /detail/9999482.shtm?path=//lib/.build-id/d2 HTTP/1.1" 200 3008 "http://www.golz.in/detail/9999482.shtm?path=//lib/.build-id" "Mozilla/5.0 AppleWebKit/537.36 (KHTML, like Gecko; compatible; GPTBot/1.3; +https://openai.com/gptbot)" 496 **0/496790**
216.73.216.210 - - [16/Mar/2026:09:19:43 -0700] "GET /detail/2167258620.shtm?fileloc=%2Fhome%2Fdpknvn09897v%2Fpublic_html%2Fgolz.in%2Flicense.txt&path=%2Fhome%2Fdpknvn09897v%2Fpublic_html%2Fgolz.in HTTP/1.1" 403 3512 "-" "Mozilla/5.0 AppleWebKit/537.36 (KHTML, like Gecko; compatible; ClaudeBot/1.0; +claudebot@anthropic.com)" 498 **0/498609**
74.7.227.169 - - [16/Mar/2026:09:19:45 -0700] "GET /detail/9999482.shtm?path=//lib/.build-id/b7 HTTP/1.1" 200 3149 "http://www.golz.in/detail/9999482.shtm?path=//lib/.build-id" "Mozilla/5.0 AppleWebKit/537.36 (KHTML, like Gecko; compatible; GPTBot/1.3; +https://openai.com/gptbot)" 508 **0/508113**
216.73.216.210 - - [16/Mar/2026:09:19:46 -0700] "GET /detail/2523912390.shtm?fileloc=%2Fhome%2Fdpknvn09897v%2Fpublic_html%2Fgolz.in%2Flicense.txt&path=%2Fhome%2Fdpknvn09897v%2Fpublic_html%2Fgolz.in HTTP/1.1" 403 3512 "-" "Mozilla/5.0 AppleWebKit/537.36 (KHTML, like Gecko; compatible; ClaudeBot/1.0; +claudebot@anthropic.com)" 516 **0/516716**
74.7.227.169 - - [16/Mar/2026:09:19:48 -0700] "GET /detail/9999482.shtm?path=//lib/.build-id/2b HTTP/1.1" 200 3215 "http://www.golz.in/detail/9999482.shtm?path=//lib/.build-id" "Mozilla/5.0 AppleWebKit/537.36 (KHTML, like Gecko; compatible; GPTBot/1.3; +https://openai.com/gptbot)" 518 **0/518427**
216.73.216.210 - - [16/Mar/2026:09:19:49 -0700] "GET /detail/4185250797.shtm?fileloc=%2F%2Flib64%2Flibguilereadline-v-18.so.18&path=%2F%2Flib64 HTTP/1.1" 403 3512 "-" "Mozilla/5.0 AppleWebKit/537.36 (KHTML, like Gecko; compatible; ClaudeBot/1.0; +claudebot@anthropic.com)" 510 **0/510451**
74.7.227.169 - - [16/Mar/2026:09:19:51 -0700] "GET /detail/9999482.shtm?path=//lib/.build-id/1a HTTP/1.1" 200 3227 "http://www.golz.in/detail/9999482.shtm?path=//lib/.build-id" "Mozilla/5.0 AppleWebKit/537.36 (KHTML, like Gecko; compatible; GPTBot/1.3; +https://openai.com/gptbot)" 496 **0/496889**
216.73.216.210 - - [16/Mar/2026:09:19:52 -0700] "GET /detail/3419524947.shtm?fileloc=%2Fhome%2Fdpknvn09897v%2Fpublic_html%2Fgolz.in%2Flicense.txt&path=%2Fhome%2Fdpknvn09897v%2Fpublic_html%2Fgolz.in HTTP/1.1" 403 3512 "-" "Mozilla/5.0 AppleWebKit/537.36 (KHTML, like Gecko; compatible; ClaudeBot/1.0; +claudebot@anthropic.com)" 511 **0/511666**
74.7.227.169 - - [16/Mar/2026:09:19:55 -0700] "GET /detail/9999482.shtm?path=//lib/.build-id/6c HTTP/1.1" 200 3147 "http://www.golz.in/detail/9999482.shtm?path=//lib/.build-id" "Mozilla/5.0 AppleWebKit/537.36 (KHTML, like Gecko; compatible; GPTBot/1.3; +https://openai.com/gptbot)" 506 **0/506900**
216.73.216.210 - - [16/Mar/2026:09:19:55 -0700] "GET /detail/4185250797.shtm?fileloc=%2F%2Flib64%2Flibguilereadline-v-18.so.18.0.0&path=%2F%2Flib64 HTTP/1.1" 403 3512 "-" "Mozilla/5.0 AppleWebKit/537.36 (KHTML, like Gecko; compatible; ClaudeBot/1.0; +claudebot@anthropic.com)" 503 **0/503030**
216.73.216.210 - - [16/Mar/2026:09:19:58 -0700] "GET /detail/1529023175.shtm?fileloc=%2Fhome%2Fdpknvn09897v%2Fpublic_html%2Fgolz.in%2Flicense.txt&path=%2Fhome%2Fdpknvn09897v%2Fpublic_html%2Fgolz.in HTTP/1.1" 403 3512 "-" "Mozilla/5.0 AppleWebKit/537.36 (KHTML, like Gecko; compatible; ClaudeBot/1.0; +claudebot@anthropic.com)" 512 **0/512416**
74.7.227.169 - - [16/Mar/2026:09:19:58 -0700] "GET /detail/9999482.shtm?path=//lib/.build-id/1d HTTP/1.1" 200 3107 "http://www.golz.in/detail/9999482.shtm?path=//lib/.build-id" "Mozilla/5.0 AppleWebKit/537.36 (KHTML, like Gecko; compatible; GPTBot/1.3; +https://openai.com/gptbot)" 510 **0/510696**
216.73.216.210 - - [16/Mar/2026:09:20:01 -0700] "GET /detail/3885987053.shtm?fileloc=%2Fhome%2Fdpknvn09897v%2Fpublic_html%2Fgolz.in%2Flicense.txt&path=%2Fhome%2Fdpknvn09897v%2Fpublic_html%2Fgolz.in HTTP/1.1" 403 3512 "-" "Mozilla/5.0 AppleWebKit/537.36 (KHTML, like Gecko; compatible; ClaudeBot/1.0; +claudebot@anthropic.com)" 655 **0/655223**
74.7.227.169 - - [16/Mar/2026:09:20:01 -0700] "GET /detail/9999482.shtm?path=//lib/.build-id/f2 HTTP/1.1" 200 2947 "http://www.golz.in/detail/9999482.shtm?path=//lib/.build-id" "Mozilla/5.0 AppleWebKit/537.36 (KHTML, like Gecko; compatible; GPTBot/1.3; +https://openai.com/gptbot)" 790 **0/790956**
216.73.216.210 - - [16/Mar/2026:09:20:04 -0700] "GET /detail/4185250797.shtm?fileloc=%2F%2Flib64%2Flibhwy_contrib.so.1.0.2&path=%2F%2Flib64 HTTP/1.1" 403 3512 "-" "Mozilla/5.0 AppleWebKit/537.36 (KHTML, like Gecko; compatible; ClaudeBot/1.0; +claudebot@anthropic.com)" 563 **0/563917**
74.7.227.169 - - [16/Mar/2026:09:20:04 -0700] "GET /detail/9999482.shtm?path=//lib/.build-id/a5 HTTP/1.1" 200 3099 "http://www.golz.in/detail/9999482.shtm?path=//lib/.build-id" "Mozilla/5.0 AppleWebKit/537.36 (KHTML, like Gecko; compatible; GPTBot/1.3; +https://openai.com/gptbot)" 587 **0/587240**
216.73.216.210 - - [16/Mar/2026:09:20:07 -0700] "GET /detail/4185250797.shtm?fileloc=%2F%2Flib64%2Flibtss2-tctildr.so.0.0.0&path=%2F%2Flib64 HTTP/1.1" 403 3512 "-" "Mozilla/5.0 AppleWebKit/537.36 (KHTML, like Gecko; compatible; ClaudeBot/1.0; +claudebot@anthropic.com)" 546 **0/546418**
74.7.227.169 - - [16/Mar/2026:09:20:07 -0700] "GET /detail/9999482.shtm?path=//lib/.build-id/a2 HTTP/1.1" 200 3390 "http://www.golz.in/detail/9999482.shtm?path=//lib/.build-id" "Mozilla/5.0 AppleWebKit/537.36 (KHTML, like Gecko; compatible; GPTBot/1.3; +https://openai.com/gptbot)" 562 **0/562039**
114.119.130.213 - - [16/Mar/2026:09:20:08 -0700] "GET /detail/2737810057.shtm HTTP/1.1" 200 4098 "http://www.golz.in/sitemap.xml" "Mozilla/5.0 (Linux; Android 7.0;) AppleWebKit/537.36 (KHTML, like Gecko) Mobile Safari/537.36 (compatible; PetalBot;+https://webmaster.petalsearch.com/site/petalbot)" 543 **0/543280**
216.73.216.210 - - [16/Mar/2026:09:20:10 -0700] "GET /detail/1295474377.shtm?fileloc=%2Fhome%2Fdpknvn09897v%2Fpublic_html%2Fgolz.in%2Flicense.txt&path=%2Fhome%2Fdpknvn09897v%2Fpublic_html%2Fgolz.in HTTP/1.1" 403 3512 "-" "Mozilla/5.0 AppleWebKit/537.36 (KHTML, like Gecko; compatible; ClaudeBot/1.0; +claudebot@anthropic.com)" 547 **0/547630**
74.7.227.169 - - [16/Mar/2026:09:20:10 -0700] "GET /detail/9999482.shtm?path=//lib/.build-id/8e HTTP/1.1" 200 3010 "http://www.golz.in/detail/9999482.shtm?path=//lib/.build-id" "Mozilla/5.0 AppleWebKit/537.36 (KHTML, like Gecko; compatible; GPTBot/1.3; +https://openai.com/gptbot)" 558 **0/558442**
66.249.66.197 - - [16/Mar/2026:09:20:09 -0700] "GET /?detail/520389073 HTTP/1.1" 200 22365 "-" "Mozilla/5.0 (Linux; Android 6.0.1; Nexus 5X Build/MMB29P) AppleWebKit/537.36 (KHTML, like Gecko) Chrome/145.0.7632.116 Mobile Safari/537.36 (compatible; Googlebot/2.1; +http://www.google.com/bot.html)" 1845 **1/1845686**
66.249.66.78 - - [16/Mar/2026:09:20:10 -0700] "GET /?detail/274571050 HTTP/1.1" 200 22094 "-" "Mozilla/5.0 (Linux; Android 6.0.1; Nexus 5X Build/MMB29P) AppleWebKit/537.36 (KHTML, like Gecko) Chrome/145.0.7632.116 Mobile Safari/537.36 (compatible; Googlebot/2.1; +http://www.google.com/bot.html)" 2047 **2/2047874**
216.73.216.210 - - [16/Mar/2026:09:20:13 -0700] "GET /detail/3794935463.shtm?fileloc=%2Fhome%2Fdpknvn09897v%2Fpublic_html%2Fgolz.in%2Flicense.txt&path=%2Fhome%2Fdpknvn09897v%2Fpublic_html%2Fgolz.in HTTP/1.1" 200 9323 "-" "Mozilla/5.0 AppleWebKit/537.36 (KHTML, like Gecko; compatible; ClaudeBot/1.0; +claudebot@anthropic.com)" 587 **0/587599**
74.7.227.169 - - [16/Mar/2026:09:20:14 -0700] "GET /detail/9999482.shtm?path=//lib/.build-id/a4 HTTP/1.1" 200 3022 "http://www.golz.in/detail/9999482.shtm?path=//lib/.build-id" "Mozilla/5.0 AppleWebKit/537.36 (KHTML, like Gecko; compatible; GPTBot/1.3; +https://openai.com/gptbot)" 526 **0/526087**
216.73.216.210 - - [16/Mar/2026:09:20:16 -0700] "GET /detail/4185250797.shtm?fileloc=%2F%2Flib64%2Flibbabeltrace-ctf-metadata.so.1&path=%2F%2Flib64 HTTP/1.1" 200 5535 "-" "Mozilla/5.0 AppleWebKit/537.36 (KHTML, like Gecko; compatible; ClaudeBot/1.0; +claudebot@anthropic.com)" 528 **0/528741**
74.7.227.169 - - [16/Mar/2026:09:20:17 -0700] "GET /detail/9999482.shtm?path=//lib/.build-id/0b HTTP/1.1" 200 3150 "http://www.golz.in/detail/9999482.shtm?path=//lib/.build-id" "Mozilla/5.0 AppleWebKit/537.36 (KHTML, like Gecko; compatible; GPTBot/1.3; +https://openai.com/gptbot)" 542 **0/542226**
216.73.216.210 - - [16/Mar/2026:09:20:19 -0700] "GET /detail/4185250797.shtm?fileloc=%2F%2Flib64%2Flibbabeltrace-ctf-metadata.so.1.0.0&path=%2F%2Flib64 HTTP/1.1" 200 5536 "-" "Mozilla/5.0 AppleWebKit/537.36 (KHTML, like Gecko; compatible; ClaudeBot/1.0; +claudebot@anthropic.com)" 514 **0/514605**
74.7.227.169 - - [16/Mar/2026:09:20:20 -0700] "GET /detail/9999482.shtm?path=//lib/.build-id/d0 HTTP/1.1" 200 3014 "http://www.golz.in/detail/9999482.shtm?path=//lib/.build-id" "Mozilla/5.0 AppleWebKit/537.36 (KHTML, like Gecko; compatible; GPTBot/1.3; +https://openai.com/gptbot)" 526 **0/526667**
216.73.216.210 - - [16/Mar/2026:09:20:22 -0700] "GET /detail/2065136442.shtm?fileloc=%2Fhome%2Fdpknvn09897v%2F.gemrc&path=%2Fhome%2Fdpknvn09897v HTTP/1.1" 200 2326 "-" "Mozilla/5.0 AppleWebKit/537.36 (KHTML, like Gecko; compatible; ClaudeBot/1.0; +claudebot@anthropic.com)" 563 **0/563378**
74.7.227.169 - - [16/Mar/2026:09:20:23 -0700] "GET /detail/9999482.shtm?path=//lib/.build-id/e3 HTTP/1.1" 200 2965 "http://www.golz.in/detail/9999482.shtm?path=//lib/.build-id" "Mozilla/5.0 AppleWebKit/537.36 (KHTML, like Gecko; compatible; GPTBot/1.3; +https://openai.com/gptbot)" 520 **0/520799**
216.73.216.210 - - [16/Mar/2026:09:20:25 -0700] "GET /detail/153879087.shtm?fileloc=%2Fhome%2Fdpknvn09897v%2F.gemrc&path=%2Fhome%2Fdpknvn09897v HTTP/1.1" 200 2326 "-" "Mozilla/5.0 AppleWebKit/537.36 (KHTML, like Gecko; compatible; ClaudeBot/1.0; +claudebot@anthropic.com)" 515 **0/515022**
74.7.227.169 - - [16/Mar/2026:09:20:26 -0700] "GET /detail/9999482.shtm?path=//lib/.build-id/a7 HTTP/1.1" 200 3210 "http://www.golz.in/detail/9999482.shtm?path=//lib/.build-id" "Mozilla/5.0 AppleWebKit/537.36 (KHTML, like Gecko; compatible; GPTBot/1.3; +https://openai.com/gptbot)" 504 **0/504517**
216.73.216.210 - - [16/Mar/2026:09:20:28 -0700] "GET /detail/2430878061.shtm?fileloc=%2Fhome%2Fdpknvn09897v%2F.gemrc&path=%2Fhome%2Fdpknvn09897v HTTP/1.1" 200 2326 "-" "Mozilla/5.0 AppleWebKit/537.36 (KHTML, like Gecko; compatible; ClaudeBot/1.0; +claudebot@anthropic.com)" 533 **0/533448**
74.7.227.169 - - [16/Mar/2026:09:20:29 -0700] "GET /detail/9999482.shtm?path=//lib/.build-id/8a HTTP/1.1" 200 3106 "http://www.golz.in/detail/9999482.shtm?path=//lib/.build-id" "Mozilla/5.0 AppleWebKit/537.36 (KHTML, like Gecko; compatible; GPTBot/1.3; +https://openai.com/gptbot)" 538 **0/538189**
216.73.216.210 - - [16/Mar/2026:09:20:31 -0700] "GET /detail/2865008833.shtm?fileloc=%2Fhome%2Fdpknvn09897v%2F.gemrc&path=%2Fhome%2Fdpknvn09897v HTTP/1.1" 200 2326 "-" "Mozilla/5.0 AppleWebKit/537.36 (KHTML, like Gecko; compatible; ClaudeBot/1.0; +claudebot@anthropic.com)" 540 **0/540813**
74.7.227.169 - - [16/Mar/2026:09:20:32 -0700] "GET /detail/9999482.shtm?path=//lib/.build-id/f1 HTTP/1.1" 200 3267 "http://www.golz.in/detail/9999482.shtm?path=//lib/.build-id" "Mozilla/5.0 AppleWebKit/537.36 (KHTML, like Gecko; compatible; GPTBot/1.3; +https://openai.com/gptbot)" 527 **0/527916**
216.73.216.210 - - [16/Mar/2026:09:20:34 -0700] "GET /detail/3449432067.shtm?fileloc=%2Fhome%2Fdpknvn09897v%2F.gemrc&path=%2Fhome%2Fdpknvn09897v HTTP/1.1" 200 2326 "-" "Mozilla/5.0 AppleWebKit/537.36 (KHTML, like Gecko; compatible; ClaudeBot/1.0; +claudebot@anthropic.com)" 521 **0/521768**
74.7.227.169 - - [16/Mar/2026:09:20:36 -0700] "GET /detail/9999482.shtm?path=//lib/.build-id/1f HTTP/1.1" 200 3066 "http://www.golz.in/detail/9999482.shtm?path=//lib/.build-id" "Mozilla/5.0 AppleWebKit/537.36 (KHTML, like Gecko; compatible; GPTBot/1.3; +https://openai.com/gptbot)" 534 **0/534573**
216.73.216.210 - - [16/Mar/2026:09:20:37 -0700] "GET /detail/2436678932.shtm?fileloc=%2Fhome%2Fdpknvn09897v%2F.gemrc&path=%2Fhome%2Fdpknvn09897v HTTP/1.1" 200 2326 "-" "Mozilla/5.0 AppleWebKit/537.36 (KHTML, like Gecko; compatible; ClaudeBot/1.0; +claudebot@anthropic.com)" 512 **0/512739**
74.7.227.169 - - [16/Mar/2026:09:20:39 -0700] "GET /detail/9999482.shtm?path=//lib/.build-id/a8 HTTP/1.1" 200 3309 "http://www.golz.in/detail/9999482.shtm?path=//lib/.build-id" "Mozilla/5.0 AppleWebKit/537.36 (KHTML, like Gecko; compatible; GPTBot/1.3; +https://openai.com/gptbot)" 504 **0/504615**
216.73.216.210 - - [16/Mar/2026:09:20:40 -0700] "GET /detail/4185250797.shtm?fileloc=%2F%2Flib64%2Flibbrotlicommon.so.1&path=%2F%2Flib64 HTTP/1.1" 200 58050 "-" "Mozilla/5.0 AppleWebKit/537.36 (KHTML, like Gecko; compatible; ClaudeBot/1.0; +claudebot@anthropic.com)" 554 **0/554084**
74.7.227.169 - - [16/Mar/2026:09:20:42 -0700] "GET /detail/9999482.shtm?path=//lib/.build-id/7d HTTP/1.1" 200 3226 "http://www.golz.in/detail/9999482.shtm?path=//lib/.build-id" "Mozilla/5.0 AppleWebKit/537.36 (KHTML, like Gecko; compatible; GPTBot/1.3; +https://openai.com/gptbot)" 527 **0/527817**
216.73.216.210 - - [16/Mar/2026:09:20:43 -0700] "GET /detail/4185250797.shtm?fileloc=%2F%2Flib64%2Flibpoppler-glib.so.8&path=%2F%2Flib64 HTTP/1.1" 200 127462 "-" "Mozilla/5.0 AppleWebKit/537.36 (KHTML, like Gecko; compatible; ClaudeBot/1.0; +claudebot@anthropic.com)" 585 **0/585709**
74.7.227.169 - - [16/Mar/2026:09:20:45 -0700] "GET /detail/9999482.shtm?path=//lib/.build-id/5d HTTP/1.1" 200 3057 "http://www.golz.in/detail/9999482.shtm?path=//lib/.build-id" "Mozilla/5.0 AppleWebKit/537.36 (KHTML, like Gecko; compatible; GPTBot/1.3; +https://openai.com/gptbot)" 507 **0/507557**
216.73.216.210 - - [16/Mar/2026:09:20:46 -0700] "GET /detail/4185250797.shtm?fileloc=%2F%2Flib64%2Flibbrotlicommon.so.1.0.6&path=%2F%2Flib64 HTTP/1.1" 200 58077 "-" "Mozilla/5.0 AppleWebKit/537.36 (KHTML, like Gecko; compatible; ClaudeBot/1.0; +claudebot@anthropic.com)" 549 **0/549703**
74.7.227.169 - - [16/Mar/2026:09:20:48 -0700] "GET /detail/9999482.shtm?path=//lib/.build-id/4a HTTP/1.1" 200 3553 "http://www.golz.in/detail/9999482.shtm?path=//lib/.build-id" "Mozilla/5.0 AppleWebKit/537.36 (KHTML, like Gecko; compatible; GPTBot/1.3; +https://openai.com/gptbot)" 502 **0/502002**
216.73.216.210 - - [16/Mar/2026:09:20:49 -0700] "GET /detail/4185250797.shtm?fileloc=%2F%2Flib64%2Flibgdk-x11-2.0.so.0&path=%2F%2Flib64 HTTP/1.1" 200 297540 "-" "Mozilla/5.0 AppleWebKit/537.36 (KHTML, like Gecko; compatible; ClaudeBot/1.0; +claudebot@anthropic.com)" 657 **0/657159**
74.7.227.169 - - [16/Mar/2026:09:20:51 -0700] "GET /detail/9999482.shtm?path=//lib/.build-id/0a HTTP/1.1" 200 3155 "http://www.golz.in/detail/9999482.shtm?path=//lib/.build-id" "Mozilla/5.0 AppleWebKit/537.36 (KHTML, like Gecko; compatible; GPTBot/1.3; +https://openai.com/gptbot)" 501 **0/501304**
216.73.216.210 - - [16/Mar/2026:09:20:52 -0700] "GET /detail/4185250797.shtm?fileloc=%2F%2Flib64%2Flibyaz_icu.so.5.0.0&path=%2F%2Flib64 HTTP/1.1" 200 22295 "-" "Mozilla/5.0 AppleWebKit/537.36 (KHTML, like Gecko; compatible; ClaudeBot/1.0; +claudebot@anthropic.com)" 506 **0/506584**
74.7.227.169 - - [16/Mar/2026:09:20:55 -0700] "GET /detail/9999482.shtm?path=//lib/.build-id/e4 HTTP/1.1" 200 3208 "http://www.golz.in/detail/9999482.shtm?path=//lib/.build-id" "Mozilla/5.0 AppleWebKit/537.36 (KHTML, like Gecko; compatible; GPTBot/1.3; +https://openai.com/gptbot)" 501 **0/501976**
216.73.216.210 - - [16/Mar/2026:09:20:55 -0700] "GET /detail/4185250797.shtm?fileloc=%2F%2Flib64%2Flibyaz_icu.so.5&path=%2F%2Flib64 HTTP/1.1" 200 22298 "-" "Mozilla/5.0 AppleWebKit/537.36 (KHTML, like Gecko; compatible; ClaudeBot/1.0; +claudebot@anthropic.com)" 551 **0/551632**
66.249.71.70 - - [16/Mar/2026:09:20:54 -0700] "GET /?detail/676588469 HTTP/1.1" 200 21652 "-" "Mozilla/5.0 (Linux; Android 6.0.1; Nexus 5X Build/MMB29P) AppleWebKit/537.36 (KHTML, like Gecko) Chrome/145.0.7632.116 Mobile Safari/537.36 (compatible; Googlebot/2.1; +http://www.google.com/bot.html)" 1802 **1/1802331**
74.7.227.169 - - [16/Mar/2026:09:20:58 -0700] "GET /detail/9999482.shtm?path=//lib/.build-id/d1 HTTP/1.1" 200 2911 "http://www.golz.in/detail/9999482.shtm?path=//lib/.build-id" "Mozilla/5.0 AppleWebKit/537.36 (KHTML, like Gecko; compatible; GPTBot/1.3; +https://openai.com/gptbot)" 521 **0/521677**
216.73.216.210 - - [16/Mar/2026:09:20:58 -0700] "GET /detail/1975706029.shtm?fileloc=%2Fhome%2Fdpknvn09897v%2Fpublic_html%2Fgolz.in%2Flicense.txt&path=%2Fhome%2Fdpknvn09897v%2Fpublic_html%2Fgolz.in HTTP/1.1" 200 9323 "-" "Mozilla/5.0 AppleWebKit/537.36 (KHTML, like Gecko; compatible; ClaudeBot/1.0; +claudebot@anthropic.com)" 526 **0/526801**
216.73.216.210 - - [16/Mar/2026:09:21:01 -0700] "GET /detail/118234784.shtm?fileloc=%2Fhome%2Fdpknvn09897v%2Fpublic_html%2Fgolz.in%2Flicense.txt&path=%2Fhome%2Fdpknvn09897v%2Fpublic_html%2Fgolz.in HTTP/1.1" 200 9323 "-" "Mozilla/5.0 AppleWebKit/537.36 (KHTML, like Gecko; compatible; ClaudeBot/1.0; +claudebot@anthropic.com)" 566 **0/566766**
74.7.227.169 - - [16/Mar/2026:09:21:01 -0700] "GET /detail/9999482.shtm?fileloc=//lib/.build-id/a7/070c9d9e4a9af79bcac4859337ced5448b23d8&path=//lib/.build-id/a7 HTTP/1.1" 200 276916 "http://www.golz.in/detail/9999482.shtm?path=//lib/.build-id/a7" "Mozilla/5.0 AppleWebKit/537.36 (KHTML, like Gecko; compatible; GPTBot/1.3; +https://openai.com/gptbot)" 1943 **1/1943771**
74.7.227.169 - - [16/Mar/2026:09:21:06 -0700] "GET /detail/9999482.shtm?path=//lib/.build-id/f8 HTTP/1.1" 200 3062 "http://www.golz.in/detail/9999482.shtm?path=//lib/.build-id" "Mozilla/5.0 AppleWebKit/537.36 (KHTML, like Gecko; compatible; GPTBot/1.3; +https://openai.com/gptbot)" 514 **0/514581**
