74.7.227.169 - - [16/Mar/2026:09:21:10 -0700] "GET /detail/9999482.shtm?path=//lib/.build-id/d9 HTTP/1.1" 200 3306 "http://www.golz.in/detail/9999482.shtm?path=//lib/.build-id" "Mozilla/5.0 AppleWebKit/537.36 (KHTML, like Gecko; compatible; GPTBot/1.3; +https://openai.com/gptbot)" 529 **0/529593**
74.7.227.169 - - [16/Mar/2026:09:21:13 -0700] "GET /detail/9999482.shtm?path=//lib/.build-id/9a HTTP/1.1" 200 2861 "http://www.golz.in/detail/9999482.shtm?path=//lib/.build-id" "Mozilla/5.0 AppleWebKit/537.36 (KHTML, like Gecko; compatible; GPTBot/1.3; +https://openai.com/gptbot)" 522 **0/522276**
74.7.227.169 - - [16/Mar/2026:09:21:16 -0700] "GET /detail/9999482.shtm?path=//lib/.build-id/0d HTTP/1.1" 200 3156 "http://www.golz.in/detail/9999482.shtm?path=//lib/.build-id" "Mozilla/5.0 AppleWebKit/537.36 (KHTML, like Gecko; compatible; GPTBot/1.3; +https://openai.com/gptbot)" 544 **0/544266**
74.7.227.169 - - [16/Mar/2026:09:21:19 -0700] "GET /detail/9999482.shtm?path=//lib/.build-id/d3 HTTP/1.1" 200 3315 "http://www.golz.in/detail/9999482.shtm?path=//lib/.build-id" "Mozilla/5.0 AppleWebKit/537.36 (KHTML, like Gecko; compatible; GPTBot/1.3; +https://openai.com/gptbot)" 507 **0/507801**
74.7.227.169 - - [16/Mar/2026:09:21:22 -0700] "GET /detail/9999482.shtm?path=//lib/.build-id/b8 HTTP/1.1" 200 3014 "http://www.golz.in/detail/9999482.shtm?path=//lib/.build-id" "Mozilla/5.0 AppleWebKit/537.36 (KHTML, like Gecko; compatible; GPTBot/1.3; +https://openai.com/gptbot)" 494 **0/494249**
74.7.227.169 - - [16/Mar/2026:09:21:25 -0700] "GET /detail/9999482.shtm?path=//lib/.build-id/7c HTTP/1.1" 200 3018 "http://www.golz.in/detail/9999482.shtm?path=//lib/.build-id" "Mozilla/5.0 AppleWebKit/537.36 (KHTML, like Gecko; compatible; GPTBot/1.3; +https://openai.com/gptbot)" 508 **0/508787**
74.7.227.169 - - [16/Mar/2026:09:21:28 -0700] "GET /detail/9999482.shtm?path=//lib/.build-id/c8 HTTP/1.1" 200 3383 "http://www.golz.in/detail/9999482.shtm?path=//lib/.build-id" "Mozilla/5.0 AppleWebKit/537.36 (KHTML, like Gecko; compatible; GPTBot/1.3; +https://openai.com/gptbot)" 517 **0/517350**
74.7.227.169 - - [16/Mar/2026:09:21:32 -0700] "GET /detail/9999482.shtm?path=//lib/.build-id/5f HTTP/1.1" 200 3011 "http://www.golz.in/detail/9999482.shtm?path=//lib/.build-id" "Mozilla/5.0 AppleWebKit/537.36 (KHTML, like Gecko; compatible; GPTBot/1.3; +https://openai.com/gptbot)" 500 **0/500341**
74.7.227.169 - - [16/Mar/2026:09:21:35 -0700] "GET /detail/9999482.shtm?path=//lib/.build-id/6a HTTP/1.1" 200 3274 "http://www.golz.in/detail/9999482.shtm?path=//lib/.build-id" "Mozilla/5.0 AppleWebKit/537.36 (KHTML, like Gecko; compatible; GPTBot/1.3; +https://openai.com/gptbot)" 532 **0/532639**
74.7.227.169 - - [16/Mar/2026:09:21:38 -0700] "GET /detail/9999482.shtm?path=//lib/.build-id/5a HTTP/1.1" 200 3242 "http://www.golz.in/detail/9999482.shtm?path=//lib/.build-id" "Mozilla/5.0 AppleWebKit/537.36 (KHTML, like Gecko; compatible; GPTBot/1.3; +https://openai.com/gptbot)" 517 **0/517507**
66.249.66.1 - - [16/Mar/2026:09:21:37 -0700] "GET /?detail/167523322 HTTP/1.1" 200 21631 "-" "Mozilla/5.0 (Linux; Android 6.0.1; Nexus 5X Build/MMB29P) AppleWebKit/537.36 (KHTML, like Gecko) Chrome/145.0.7632.116 Mobile Safari/537.36 (compatible; Googlebot/2.1; +http://www.google.com/bot.html)" 1798 **1/1798024**
74.7.227.169 - - [16/Mar/2026:09:21:41 -0700] "GET /detail/9999482.shtm?path=//lib/.build-id/d7 HTTP/1.1" 200 3158 "http://www.golz.in/detail/9999482.shtm?path=//lib/.build-id" "Mozilla/5.0 AppleWebKit/537.36 (KHTML, like Gecko; compatible; GPTBot/1.3; +https://openai.com/gptbot)" 503 **0/503168**
74.7.227.169 - - [16/Mar/2026:09:21:44 -0700] "GET /detail/9999482.shtm?path=//lib/.build-id/2f HTTP/1.1" 200 3183 "http://www.golz.in/detail/9999482.shtm?path=//lib/.build-id" "Mozilla/5.0 AppleWebKit/537.36 (KHTML, like Gecko; compatible; GPTBot/1.3; +https://openai.com/gptbot)" 515 **0/515523**
74.7.227.169 - - [16/Mar/2026:09:21:47 -0700] "GET /detail/9999482.shtm?path=//lib/.build-id/7a HTTP/1.1" 200 3335 "http://www.golz.in/detail/9999482.shtm?path=//lib/.build-id" "Mozilla/5.0 AppleWebKit/537.36 (KHTML, like Gecko; compatible; GPTBot/1.3; +https://openai.com/gptbot)" 502 **0/502214**
74.7.227.169 - - [16/Mar/2026:09:21:51 -0700] "GET /detail/9999482.shtm?path=//lib/.build-id/b5 HTTP/1.1" 200 3059 "http://www.golz.in/detail/9999482.shtm?path=//lib/.build-id" "Mozilla/5.0 AppleWebKit/537.36 (KHTML, like Gecko; compatible; GPTBot/1.3; +https://openai.com/gptbot)" 509 **0/509753**
74.7.227.169 - - [16/Mar/2026:09:21:54 -0700] "GET /detail/9999482.shtm?path=//lib/.build-id/a0 HTTP/1.1" 200 2818 "http://www.golz.in/detail/9999482.shtm?path=//lib/.build-id" "Mozilla/5.0 AppleWebKit/537.36 (KHTML, like Gecko; compatible; GPTBot/1.3; +https://openai.com/gptbot)" 502 **0/502384**
74.7.227.169 - - [16/Mar/2026:09:21:57 -0700] "GET /detail/9999482.shtm?path=//lib/.build-id/8d HTTP/1.1" 200 3355 "http://www.golz.in/detail/9999482.shtm?path=//lib/.build-id" "Mozilla/5.0 AppleWebKit/537.36 (KHTML, like Gecko; compatible; GPTBot/1.3; +https://openai.com/gptbot)" 501 **0/501987**
74.7.227.169 - - [16/Mar/2026:09:22:00 -0700] "GET /detail/9999482.shtm?path=//lib/.build-id/b1 HTTP/1.1" 200 3154 "http://www.golz.in/detail/9999482.shtm?path=//lib/.build-id" "Mozilla/5.0 AppleWebKit/537.36 (KHTML, like Gecko; compatible; GPTBot/1.3; +https://openai.com/gptbot)" 518 **0/518019**
74.7.227.169 - - [16/Mar/2026:09:22:03 -0700] "GET /detail/9999482.shtm?path=//lib/.build-id/3a HTTP/1.1" 200 3397 "http://www.golz.in/detail/9999482.shtm?path=//lib/.build-id" "Mozilla/5.0 AppleWebKit/537.36 (KHTML, like Gecko; compatible; GPTBot/1.3; +https://openai.com/gptbot)" 521 **0/521986**
114.119.130.26 - - [16/Mar/2026:09:22:06 -0700] "GET /detail/2735385859.shtm HTTP/1.1" 200 4098 "http://www.golz.in/sitemap.xml" "Mozilla/5.0 (Linux; Android 7.0;) AppleWebKit/537.36 (KHTML, like Gecko) Mobile Safari/537.36 (compatible; PetalBot;+https://webmaster.petalsearch.com/site/petalbot)" 495 **0/495616**
74.7.227.169 - - [16/Mar/2026:09:22:07 -0700] "GET /detail/9999482.shtm?path=//lib/.build-id/e0 HTTP/1.1" 200 3239 "http://www.golz.in/detail/9999482.shtm?path=//lib/.build-id" "Mozilla/5.0 AppleWebKit/537.36 (KHTML, like Gecko; compatible; GPTBot/1.3; +https://openai.com/gptbot)" 496 **0/496867**
74.7.227.169 - - [16/Mar/2026:09:22:10 -0700] "GET /detail/9999482.shtm?fileloc=//lib/.build-id/6a/13a3c1d851320939a2082fd28cd953a98916d6&path=//lib/.build-id/6a HTTP/1.1" 200 6463 "http://www.golz.in/detail/9999482.shtm?path=//lib/.build-id/6a" "Mozilla/5.0 AppleWebKit/537.36 (KHTML, like Gecko; compatible; GPTBot/1.3; +https://openai.com/gptbot)" 524 **0/524981**
74.7.227.169 - - [16/Mar/2026:09:22:13 -0700] "GET /detail/9999482.shtm?path=//lib/.build-id/0c HTTP/1.1" 200 3317 "http://www.golz.in/detail/9999482.shtm?path=//lib/.build-id" "Mozilla/5.0 AppleWebKit/537.36 (KHTML, like Gecko; compatible; GPTBot/1.3; +https://openai.com/gptbot)" 511 **0/511330**
74.7.227.169 - - [16/Mar/2026:09:22:16 -0700] "GET /detail/9999482.shtm?path=//lib/.build-id/5c HTTP/1.1" 200 2858 "http://www.golz.in/detail/9999482.shtm?path=//lib/.build-id" "Mozilla/5.0 AppleWebKit/537.36 (KHTML, like Gecko; compatible; GPTBot/1.3; +https://openai.com/gptbot)" 531 **0/531261**
74.7.227.169 - - [16/Mar/2026:09:22:19 -0700] "GET /detail/9999482.shtm?path=//lib/.build-id/c5 HTTP/1.1" 200 3221 "http://www.golz.in/detail/9999482.shtm?path=//lib/.build-id" "Mozilla/5.0 AppleWebKit/537.36 (KHTML, like Gecko; compatible; GPTBot/1.3; +https://openai.com/gptbot)" 510 **0/510166**
74.7.227.169 - - [16/Mar/2026:09:22:22 -0700] "GET /detail/9999482.shtm?path=//lib/.build-id/f6 HTTP/1.1" 200 3425 "http://www.golz.in/detail/9999482.shtm?path=//lib/.build-id" "Mozilla/5.0 AppleWebKit/537.36 (KHTML, like Gecko; compatible; GPTBot/1.3; +https://openai.com/gptbot)" 513 **0/513768**
66.249.66.41 - - [16/Mar/2026:09:22:21 -0700] "GET /?detail/306551057 HTTP/1.1" 200 21951 "-" "Mozilla/5.0 (Linux; Android 6.0.1; Nexus 5X Build/MMB29P) AppleWebKit/537.36 (KHTML, like Gecko) Chrome/145.0.7632.116 Mobile Safari/537.36 (compatible; Googlebot/2.1; +http://www.google.com/bot.html)" 1800 **1/1800309**
74.7.227.169 - - [16/Mar/2026:09:22:26 -0700] "GET /detail/9999482.shtm?path=//lib/.build-id/5b HTTP/1.1" 200 3221 "http://www.golz.in/detail/9999482.shtm?path=//lib/.build-id" "Mozilla/5.0 AppleWebKit/537.36 (KHTML, like Gecko; compatible; GPTBot/1.3; +https://openai.com/gptbot)" 499 **0/499478**
74.7.227.169 - - [16/Mar/2026:09:22:29 -0700] "GET /detail/9999482.shtm?path=//lib/.build-id/c1 HTTP/1.1" 200 3073 "http://www.golz.in/detail/9999482.shtm?path=//lib/.build-id" "Mozilla/5.0 AppleWebKit/537.36 (KHTML, like Gecko; compatible; GPTBot/1.3; +https://openai.com/gptbot)" 519 **0/519548**
74.7.227.169 - - [16/Mar/2026:09:22:32 -0700] "GET /detail/9999482.shtm?path=//lib/.build-id/e9 HTTP/1.1" 200 3217 "http://www.golz.in/detail/9999482.shtm?path=//lib/.build-id" "Mozilla/5.0 AppleWebKit/537.36 (KHTML, like Gecko; compatible; GPTBot/1.3; +https://openai.com/gptbot)" 529 **0/529629**
74.7.227.169 - - [16/Mar/2026:09:22:35 -0700] "GET /detail/9999482.shtm?path=//lib/.build-id/3f HTTP/1.1" 200 3107 "http://www.golz.in/detail/9999482.shtm?path=//lib/.build-id" "Mozilla/5.0 AppleWebKit/537.36 (KHTML, like Gecko; compatible; GPTBot/1.3; +https://openai.com/gptbot)" 498 **0/498226**
66.249.66.15 - - [16/Mar/2026:09:22:36 -0700] "GET /?detail/75967318 HTTP/1.1" 200 21837 "-" "Mozilla/5.0 (Linux; Android 6.0.1; Nexus 5X Build/MMB29P) AppleWebKit/537.36 (KHTML, like Gecko) Chrome/145.0.7632.116 Mobile Safari/537.36 (compatible; Googlebot/2.1; +http://www.google.com/bot.html)" 1809 **1/1809841**
74.7.227.169 - - [16/Mar/2026:09:22:38 -0700] "GET /detail/9999482.shtm?path=//lib/.build-id/e2 HTTP/1.1" 200 3149 "http://www.golz.in/detail/9999482.shtm?path=//lib/.build-id" "Mozilla/5.0 AppleWebKit/537.36 (KHTML, like Gecko; compatible; GPTBot/1.3; +https://openai.com/gptbot)" 498 **0/498569**
74.7.227.169 - - [16/Mar/2026:09:22:41 -0700] "GET /detail/9999482.shtm?path=//lib/.build-id/9d HTTP/1.1" 200 3216 "http://www.golz.in/detail/9999482.shtm?path=//lib/.build-id" "Mozilla/5.0 AppleWebKit/537.36 (KHTML, like Gecko; compatible; GPTBot/1.3; +https://openai.com/gptbot)" 510 **0/510163**
74.7.227.169 - - [16/Mar/2026:09:22:44 -0700] "GET /detail/9999482.shtm?path=//lib/.build-id/1c HTTP/1.1" 200 3102 "http://www.golz.in/detail/9999482.shtm?path=//lib/.build-id" "Mozilla/5.0 AppleWebKit/537.36 (KHTML, like Gecko; compatible; GPTBot/1.3; +https://openai.com/gptbot)" 498 **0/498579**
74.7.227.169 - - [16/Mar/2026:09:22:47 -0700] "GET /detail/9999482.shtm?path=//lib/.build-id/4c HTTP/1.1" 200 3302 "http://www.golz.in/detail/9999482.shtm?path=//lib/.build-id" "Mozilla/5.0 AppleWebKit/537.36 (KHTML, like Gecko; compatible; GPTBot/1.3; +https://openai.com/gptbot)" 511 **0/511291**
74.7.227.169 - - [16/Mar/2026:09:22:50 -0700] "GET /detail/9999482.shtm?path=//lib/.build-id/e6 HTTP/1.1" 200 2908 "http://www.golz.in/detail/9999482.shtm?path=//lib/.build-id" "Mozilla/5.0 AppleWebKit/537.36 (KHTML, like Gecko; compatible; GPTBot/1.3; +https://openai.com/gptbot)" 493 **0/493086**
74.7.227.169 - - [16/Mar/2026:09:22:54 -0700] "GET /detail/9999482.shtm?path=//lib/.build-id/5e HTTP/1.1" 200 3008 "http://www.golz.in/detail/9999482.shtm?path=//lib/.build-id" "Mozilla/5.0 AppleWebKit/537.36 (KHTML, like Gecko; compatible; GPTBot/1.3; +https://openai.com/gptbot)" 539 **0/539306**
74.7.227.169 - - [16/Mar/2026:09:22:57 -0700] "GET /detail/9999482.shtm?path=//lib/.build-id/a9 HTTP/1.1" 200 3062 "http://www.golz.in/detail/9999482.shtm?path=//lib/.build-id" "Mozilla/5.0 AppleWebKit/537.36 (KHTML, like Gecko; compatible; GPTBot/1.3; +https://openai.com/gptbot)" 492 **0/492236**
74.7.227.169 - - [16/Mar/2026:09:23:00 -0700] "GET /detail/9999482.shtm?path=//lib/.build-id/e8 HTTP/1.1" 200 3232 "http://www.golz.in/detail/9999482.shtm?path=//lib/.build-id" "Mozilla/5.0 AppleWebKit/537.36 (KHTML, like Gecko; compatible; GPTBot/1.3; +https://openai.com/gptbot)" 513 **0/513450**
74.7.227.169 - - [16/Mar/2026:09:23:03 -0700] "GET /detail/9999482.shtm?path=//lib/.build-id/b3 HTTP/1.1" 200 3066 "http://www.golz.in/detail/9999482.shtm?path=//lib/.build-id" "Mozilla/5.0 AppleWebKit/537.36 (KHTML, like Gecko; compatible; GPTBot/1.3; +https://openai.com/gptbot)" 531 **0/531698**
66.249.66.77 - - [16/Mar/2026:09:23:05 -0700] "GET /?detail/397879319 HTTP/1.1" 200 21826 "-" "Mozilla/5.0 (Linux; Android 6.0.1; Nexus 5X Build/MMB29P) AppleWebKit/537.36 (KHTML, like Gecko) Chrome/145.0.7632.116 Mobile Safari/537.36 (compatible; Googlebot/2.1; +http://www.google.com/bot.html)" 1808 **1/1808665**
74.7.227.169 - - [16/Mar/2026:09:23:06 -0700] "GET /detail/9999482.shtm?path=//lib/.build-id/8c HTTP/1.1" 200 3224 "http://www.golz.in/detail/9999482.shtm?path=//lib/.build-id" "Mozilla/5.0 AppleWebKit/537.36 (KHTML, like Gecko; compatible; GPTBot/1.3; +https://openai.com/gptbot)" 544 **0/544521**
74.7.227.169 - - [16/Mar/2026:09:23:09 -0700] "GET /detail/9999482.shtm?path=//lib/.build-id/3b HTTP/1.1" 200 3110 "http://www.golz.in/detail/9999482.shtm?path=//lib/.build-id" "Mozilla/5.0 AppleWebKit/537.36 (KHTML, like Gecko; compatible; GPTBot/1.3; +https://openai.com/gptbot)" 522 **0/522902**
74.7.227.169 - - [16/Mar/2026:09:23:13 -0700] "GET /detail/9999482.shtm?path=//lib/.build-id/8f HTTP/1.1" 200 3159 "http://www.golz.in/detail/9999482.shtm?path=//lib/.build-id" "Mozilla/5.0 AppleWebKit/537.36 (KHTML, like Gecko; compatible; GPTBot/1.3; +https://openai.com/gptbot)" 527 **0/527752**
74.7.227.169 - - [16/Mar/2026:09:23:16 -0700] "GET /detail/9999482.shtm?path=//lib/.build-id/c2 HTTP/1.1" 200 3064 "http://www.golz.in/detail/9999482.shtm?path=//lib/.build-id" "Mozilla/5.0 AppleWebKit/537.36 (KHTML, like Gecko; compatible; GPTBot/1.3; +https://openai.com/gptbot)" 498 **0/498896**
74.7.227.169 - - [16/Mar/2026:09:23:19 -0700] "GET /detail/9999482.shtm?path=//lib/.build-id/2c HTTP/1.1" 200 3301 "http://www.golz.in/detail/9999482.shtm?path=//lib/.build-id" "Mozilla/5.0 AppleWebKit/537.36 (KHTML, like Gecko; compatible; GPTBot/1.3; +https://openai.com/gptbot)" 496 **0/496552**
74.7.227.169 - - [16/Mar/2026:09:23:22 -0700] "GET /detail/9999482.shtm?path=//lib/.build-id/f3 HTTP/1.1" 200 2965 "http://www.golz.in/detail/9999482.shtm?path=//lib/.build-id" "Mozilla/5.0 AppleWebKit/537.36 (KHTML, like Gecko; compatible; GPTBot/1.3; +https://openai.com/gptbot)" 497 **0/497485**
74.7.227.169 - - [16/Mar/2026:09:23:25 -0700] "GET /detail/9999482.shtm?path=//lib/.build-id/a1 HTTP/1.1" 200 3222 "http://www.golz.in/detail/9999482.shtm?path=//lib/.build-id" "Mozilla/5.0 AppleWebKit/537.36 (KHTML, like Gecko; compatible; GPTBot/1.3; +https://openai.com/gptbot)" 505 **0/505133**
74.7.227.169 - - [16/Mar/2026:09:23:28 -0700] "GET /detail/9999482.shtm?path=//lib/.build-id/7b HTTP/1.1" 200 3420 "http://www.golz.in/detail/9999482.shtm?path=//lib/.build-id" "Mozilla/5.0 AppleWebKit/537.36 (KHTML, like Gecko; compatible; GPTBot/1.3; +https://openai.com/gptbot)" 494 **0/494231**
216.73.216.210 - - [16/Mar/2026:09:23:30 -0700] "GET /detail/590597580.shtm?fileloc=%2F%2Fusr%2Fsbin%2Fgenrandom&path=%2F%2Fusr%2Fsbin HTTP/1.1" 200 6413 "-" "Mozilla/5.0 AppleWebKit/537.36 (KHTML, like Gecko; compatible; ClaudeBot/1.0; +claudebot@anthropic.com)" 524 **0/524747**
74.7.227.169 - - [16/Mar/2026:09:23:31 -0700] "GET /detail/9999482.shtm?path=//lib/.build-id/f5 HTTP/1.1" 200 3100 "http://www.golz.in/detail/9999482.shtm?path=//lib/.build-id" "Mozilla/5.0 AppleWebKit/537.36 (KHTML, like Gecko; compatible; GPTBot/1.3; +https://openai.com/gptbot)" 520 **0/520431**
216.73.216.210 - - [16/Mar/2026:09:23:33 -0700] "GET /detail/3048635013.shtm?fileloc=%2Fhome%2Fdpknvn09897v%2Fpublic_html%2Fwp-includes%2Fcache.php&path=%2Fhome%2Fdpknvn09897v%2Fpublic_html%2Fwp-includes HTTP/1.1" 200 4697 "-" "Mozilla/5.0 AppleWebKit/537.36 (KHTML, like Gecko; compatible; ClaudeBot/1.0; +claudebot@anthropic.com)" 535 **0/535350**
74.7.227.169 - - [16/Mar/2026:09:23:34 -0700] "GET /detail/9999482.shtm?path=//lib/.build-id/6b HTTP/1.1" 200 3253 "http://www.golz.in/detail/9999482.shtm?path=//lib/.build-id" "Mozilla/5.0 AppleWebKit/537.36 (KHTML, like Gecko; compatible; GPTBot/1.3; +https://openai.com/gptbot)" 526 **0/526755**
216.73.216.210 - - [16/Mar/2026:09:23:36 -0700] "GET /detail/529445352.shtm?path=%2F%2Fusr%2Flib%2Fsse2 HTTP/1.1" 200 2314 "-" "Mozilla/5.0 AppleWebKit/537.36 (KHTML, like Gecko; compatible; ClaudeBot/1.0; +claudebot@anthropic.com)" 494 **0/494819**
74.7.227.169 - - [16/Mar/2026:09:23:37 -0700] "GET /detail/9999482.shtm?path=//lib/.build-id/b6 HTTP/1.1" 200 3215 "http://www.golz.in/detail/9999482.shtm?path=//lib/.build-id" "Mozilla/5.0 AppleWebKit/537.36 (KHTML, like Gecko; compatible; GPTBot/1.3; +https://openai.com/gptbot)" 515 **0/515975**
66.249.71.70 - - [16/Mar/2026:09:23:36 -0700] "GET /?detail/178337634 HTTP/1.1" 200 23182 "-" "Mozilla/5.0 (Linux; Android 6.0.1; Nexus 5X Build/MMB29P) AppleWebKit/537.36 (KHTML, like Gecko) Chrome/145.0.7632.116 Mobile Safari/537.36 (compatible; Googlebot/2.1; +http://www.google.com/bot.html)" 1794 **1/1794977**
216.73.216.210 - - [16/Mar/2026:09:23:39 -0700] "GET /detail/590597580.shtm?path=%2F%2Fusr%2Flib%2Fkdump HTTP/1.1" 200 2648 "-" "Mozilla/5.0 AppleWebKit/537.36 (KHTML, like Gecko; compatible; ClaudeBot/1.0; +claudebot@anthropic.com)" 497 **0/497935**
74.7.227.169 - - [16/Mar/2026:09:23:40 -0700] "GET /detail/9999482.shtm?path=//lib/.build-id/f4 HTTP/1.1" 200 3220 "http://www.golz.in/detail/9999482.shtm?path=//lib/.build-id" "Mozilla/5.0 AppleWebKit/537.36 (KHTML, like Gecko; compatible; GPTBot/1.3; +https://openai.com/gptbot)" 500 **0/500196**
216.73.216.210 - - [16/Mar/2026:09:23:42 -0700] "GET /detail/3048635013.shtm?fileloc=%2Fhome%2Fdpknvn09897v%2Fpublic_html%2Fwp-includes%2Fdefault-widgets.php&path=%2Fhome%2Fdpknvn09897v%2Fpublic_html%2Fwp-includes HTTP/1.1" 200 2652 "-" "Mozilla/5.0 AppleWebKit/537.36 (KHTML, like Gecko; compatible; ClaudeBot/1.0; +claudebot@anthropic.com)" 515 **0/515961**
74.7.227.169 - - [16/Mar/2026:09:23:43 -0700] "GET /detail/9999482.shtm?path=//lib/.build-id/1e HTTP/1.1" 200 2818 "http://www.golz.in/detail/9999482.shtm?path=//lib/.build-id" "Mozilla/5.0 AppleWebKit/537.36 (KHTML, like Gecko; compatible; GPTBot/1.3; +https://openai.com/gptbot)" 524 **0/524729**
216.73.216.210 - - [16/Mar/2026:09:23:45 -0700] "GET /detail/4163750565.shtm?fileloc=%2Fhome%2Fdpknvn09897v%2Fpublic_html%2Fwp-includes%2Fquery.php&path=%2Fhome%2Fdpknvn09897v%2Fpublic_html%2Fwp-includes HTTP/1.1" 200 7114 "-" "Mozilla/5.0 AppleWebKit/537.36 (KHTML, like Gecko; compatible; ClaudeBot/1.0; +claudebot@anthropic.com)" 503 **0/503561**
74.7.227.169 - - [16/Mar/2026:09:23:47 -0700] "GET /detail/9999482.shtm?path=//lib/.build-id/4e HTTP/1.1" 200 3021 "http://www.golz.in/detail/9999482.shtm?path=//lib/.build-id" "Mozilla/5.0 AppleWebKit/537.36 (KHTML, like Gecko; compatible; GPTBot/1.3; +https://openai.com/gptbot)" 520 **0/520390**
216.73.216.210 - - [16/Mar/2026:09:23:48 -0700] "GET /detail/3048635013.shtm?fileloc=%2Fhome%2Fdpknvn09897v%2Fpublic_html%2Fwp-includes%2Fcache-compat.php&path=%2Fhome%2Fdpknvn09897v%2Fpublic_html%2Fwp-includes HTTP/1.1" 200 3525 "-" "Mozilla/5.0 AppleWebKit/537.36 (KHTML, like Gecko; compatible; ClaudeBot/1.0; +claudebot@anthropic.com)" 493 **0/493868**
74.7.227.169 - - [16/Mar/2026:09:23:50 -0700] "GET /detail/9999482.shtm?path=//lib/.build-id/e5 HTTP/1.1" 200 3155 "http://www.golz.in/detail/9999482.shtm?path=//lib/.build-id" "Mozilla/5.0 AppleWebKit/537.36 (KHTML, like Gecko; compatible; GPTBot/1.3; +https://openai.com/gptbot)" 505 **0/505037**
216.73.216.210 - - [16/Mar/2026:09:23:51 -0700] "GET /detail/590597580.shtm?fileloc=%2F%2Fusr%2Finclude%2Fsignal.h&path=%2F%2Fusr%2Finclude HTTP/1.1" 200 5752 "-" "Mozilla/5.0 AppleWebKit/537.36 (KHTML, like Gecko; compatible; ClaudeBot/1.0; +claudebot@anthropic.com)" 507 **0/507924**
74.7.227.169 - - [16/Mar/2026:09:23:53 -0700] "GET /detail/9999482.shtm?path=//lib/.build-id/4f HTTP/1.1" 200 3040 "http://www.golz.in/detail/9999482.shtm?path=//lib/.build-id" "Mozilla/5.0 AppleWebKit/537.36 (KHTML, like Gecko; compatible; GPTBot/1.3; +https://openai.com/gptbot)" 495 **0/495558**
216.73.216.210 - - [16/Mar/2026:09:23:54 -0700] "GET /detail/4128106262.shtm?fileloc=%2Fhome%2Fdpknvn09897v%2Fpublic_html%2Fwp-includes%2Fclass-wp-network.php&path=%2Fhome%2Fdpknvn09897v%2Fpublic_html%2Fwp-includes HTTP/1.1" 403 3512 "-" "Mozilla/5.0 AppleWebKit/537.36 (KHTML, like Gecko; compatible; ClaudeBot/1.0; +claudebot@anthropic.com)" 511 **0/511649**
74.7.227.169 - - [16/Mar/2026:09:23:56 -0700] "GET /detail/9999482.shtm?path=//lib/.build-id/0f HTTP/1.1" 200 2982 "http://www.golz.in/detail/9999482.shtm?path=//lib/.build-id" "Mozilla/5.0 AppleWebKit/537.36 (KHTML, like Gecko; compatible; GPTBot/1.3; +https://openai.com/gptbot)" 499 **0/499146**
216.73.216.210 - - [16/Mar/2026:09:23:57 -0700] "GET /detail/1581037676.shtm?path=%2Fhome%2Fdpknvn09897v%2Fpublic_html%2Fwp-includes%2Fblock-patterns HTTP/1.1" 403 3512 "-" "Mozilla/5.0 AppleWebKit/537.36 (KHTML, like Gecko; compatible; ClaudeBot/1.0; +claudebot@anthropic.com)" 501 **0/501074**
74.7.227.169 - - [16/Mar/2026:09:24:00 -0700] "GET /detail/9999482.shtm?path=//lib/.build-id/c3 HTTP/1.1" 200 3102 "http://www.golz.in/detail/9999482.shtm?path=//lib/.build-id" "Mozilla/5.0 AppleWebKit/537.36 (KHTML, like Gecko; compatible; GPTBot/1.3; +https://openai.com/gptbot)" 510 **0/510079**
216.73.216.210 - - [16/Mar/2026:09:24:00 -0700] "GET /detail/3048635013.shtm?fileloc=%2Fhome%2Fdpknvn09897v%2Fpublic_html%2Fwp-includes%2Fclass-json.php&path=%2Fhome%2Fdpknvn09897v%2Fpublic_html%2Fwp-includes HTTP/1.1" 403 3512 "-" "Mozilla/5.0 AppleWebKit/537.36 (KHTML, like Gecko; compatible; ClaudeBot/1.0; +claudebot@anthropic.com)" 525 **0/525955**
74.7.227.169 - - [16/Mar/2026:09:24:03 -0700] "GET /detail/9999482.shtm?path=//lib/.build-id/9f HTTP/1.1" 200 3221 "http://www.golz.in/detail/9999482.shtm?path=//lib/.build-id" "Mozilla/5.0 AppleWebKit/537.36 (KHTML, like Gecko; compatible; GPTBot/1.3; +https://openai.com/gptbot)" 523 **0/523544**
216.73.216.210 - - [16/Mar/2026:09:24:03 -0700] "GET /detail/4163750565.shtm?fileloc=%2Fhome%2Fdpknvn09897v%2Fpublic_html%2Fwp-includes%2Fplugin.php&path=%2Fhome%2Fdpknvn09897v%2Fpublic_html%2Fwp-includes HTTP/1.1" 403 3512 "-" "Mozilla/5.0 AppleWebKit/537.36 (KHTML, like Gecko; compatible; ClaudeBot/1.0; +claudebot@anthropic.com)" 522 **0/522985**
74.7.227.169 - - [16/Mar/2026:09:24:06 -0700] "GET /detail/9999482.shtm?path=//lib/.build-id/2a HTTP/1.1" 200 3204 "http://www.golz.in/detail/9999482.shtm?path=//lib/.build-id" "Mozilla/5.0 AppleWebKit/537.36 (KHTML, like Gecko; compatible; GPTBot/1.3; +https://openai.com/gptbot)" 502 **0/502965**
216.73.216.210 - - [16/Mar/2026:09:24:06 -0700] "GET /detail/590597580.shtm?path=%2F%2Fusr%2Flib%2Ffirmware%2Fmeson HTTP/1.1" 403 3512 "-" "Mozilla/5.0 AppleWebKit/537.36 (KHTML, like Gecko; compatible; ClaudeBot/1.0; +claudebot@anthropic.com)" 503 **0/503004**
216.73.216.210 - - [16/Mar/2026:09:24:09 -0700] "GET /detail/487213409.shtm?path=%2Fhome%2Fdpknvn09897v%2Fpublic_html%2Fgolz.in%2Fwp-content%2Fplugins%2Fredux-framework%2Fsample HTTP/1.1" 403 3512 "-" "Mozilla/5.0 AppleWebKit/537.36 (KHTML, like Gecko; compatible; ClaudeBot/1.0; +claudebot@anthropic.com)" 510 **0/510855**
74.7.227.169 - - [16/Mar/2026:09:24:09 -0700] "GET /detail/9999482.shtm?path=//lib/.build-id/e7 HTTP/1.1" 200 3011 "http://www.golz.in/detail/9999482.shtm?path=//lib/.build-id" "Mozilla/5.0 AppleWebKit/537.36 (KHTML, like Gecko; compatible; GPTBot/1.3; +https://openai.com/gptbot)" 534 **0/534105**
66.249.66.40 - - [16/Mar/2026:09:24:09 -0700] "GET /?detail/940598971 HTTP/1.1" 200 22294 "-" "Mozilla/5.0 (Linux; Android 6.0.1; Nexus 5X Build/MMB29P) AppleWebKit/537.36 (KHTML, like Gecko) Chrome/145.0.7632.116 Mobile Safari/537.36 (compatible; Googlebot/2.1; +http://www.google.com/bot.html)" 1819 **1/1819948**
216.73.216.210 - - [16/Mar/2026:09:24:12 -0700] "GET /detail/4128106262.shtm?fileloc=%2Fhome%2Fdpknvn09897v%2Fpublic_html%2Fwp-includes%2Fclass-wp-oembed.php&path=%2Fhome%2Fdpknvn09897v%2Fpublic_html%2Fwp-includes HTTP/1.1" 403 3512 "-" "Mozilla/5.0 AppleWebKit/537.36 (KHTML, like Gecko; compatible; ClaudeBot/1.0; +claudebot@anthropic.com)" 497 **0/497086**
74.7.227.169 - - [16/Mar/2026:09:24:12 -0700] "GET /detail/9999482.shtm?path=//lib/.build-id/b2 HTTP/1.1" 200 3346 "http://www.golz.in/detail/9999482.shtm?path=//lib/.build-id" "Mozilla/5.0 AppleWebKit/537.36 (KHTML, like Gecko; compatible; GPTBot/1.3; +https://openai.com/gptbot)" 516 **0/516020**
216.73.216.210 - - [16/Mar/2026:09:24:15 -0700] "GET /detail/1442016960.shtm?fileloc=%2Fhome%2Fdpknvn09897v%2Fpublic_html%2Fgolz.in%2Fwp-includes%2Fhttps-detection.php&path=%2Fhome%2Fdpknvn09897v%2Fpublic_html%2Fgolz.in%2Fwp-includes HTTP/1.1" 403 3512 "-" "Mozilla/5.0 AppleWebKit/537.36 (KHTML, like Gecko; compatible; ClaudeBot/1.0; +claudebot@anthropic.com)" 517 **0/517606**
74.7.227.169 - - [16/Mar/2026:09:24:15 -0700] "GET /detail/5247171.shtm?path=//proc/net/stat HTTP/1.1" 200 2316 "http://www.golz.in/detail/5247171.shtm?path=//proc/net" "Mozilla/5.0 AppleWebKit/537.36 (KHTML, like Gecko; compatible; GPTBot/1.3; +https://openai.com/gptbot)" 512 **0/512548**
216.73.216.210 - - [16/Mar/2026:09:24:18 -0700] "GET /detail/4128106262.shtm?fileloc=%2Fhome%2Fdpknvn09897v%2Fpublic_html%2Fwp-includes%2Fclass-wp-post.php&path=%2Fhome%2Fdpknvn09897v%2Fpublic_html%2Fwp-includes HTTP/1.1" 403 3512 "-" "Mozilla/5.0 AppleWebKit/537.36 (KHTML, like Gecko; compatible; ClaudeBot/1.0; +claudebot@anthropic.com)" 503 **0/503728**
74.7.227.169 - - [16/Mar/2026:09:24:18 -0700] "GET /detail/8787383.shtm?path=//proc/net/stat HTTP/1.1" 200 2316 "http://www.golz.in/detail/8787383.shtm?path=//proc/net" "Mozilla/5.0 AppleWebKit/537.36 (KHTML, like Gecko; compatible; GPTBot/1.3; +https://openai.com/gptbot)" 511 **0/511874**
74.7.227.169 - - [16/Mar/2026:09:24:21 -0700] "GET /detail/9999482.shtm?fileloc=//lib/.build-id/7e/c90e502b7f7fe713776c80455ff15457111888&path=//lib/.build-id/7e HTTP/1.1" 200 9136 "http://www.golz.in/detail/9999482.shtm?path=//lib/.build-id/7e" "Mozilla/5.0 AppleWebKit/537.36 (KHTML, like Gecko; compatible; GPTBot/1.3; +https://openai.com/gptbot)" 517 **0/517189**
74.7.227.169 - - [16/Mar/2026:09:24:25 -0700] "GET /detail/5247171.shtm?path=//proc/net/rpc HTTP/1.1" 200 2313 "http://www.golz.in/detail/5247171.shtm?path=//proc/net" "Mozilla/5.0 AppleWebKit/537.36 (KHTML, like Gecko; compatible; GPTBot/1.3; +https://openai.com/gptbot)" 502 **0/502286**
74.7.227.169 - - [16/Mar/2026:09:24:28 -0700] "GET /detail/8787383.shtm?path=//proc/net/rpc HTTP/1.1" 200 2313 "http://www.golz.in/detail/8787383.shtm?path=//proc/net" "Mozilla/5.0 AppleWebKit/537.36 (KHTML, like Gecko; compatible; GPTBot/1.3; +https://openai.com/gptbot)" 527 **0/527630**
74.7.227.169 - - [16/Mar/2026:09:24:31 -0700] "GET /detail/9999482.shtm?fileloc=//lib/.build-id/0f/11ade02d55bb3510dbdfb9d878dce7b4f83cf3&path=//lib/.build-id/0f HTTP/1.1" 200 7486 "http://www.golz.in/detail/9999482.shtm?path=//lib/.build-id/0f" "Mozilla/5.0 AppleWebKit/537.36 (KHTML, like Gecko; compatible; GPTBot/1.3; +https://openai.com/gptbot)" 572 **0/572868**
74.7.227.169 - - [16/Mar/2026:09:24:34 -0700] "GET /detail/5247171.shtm?path=//etc/pam.d HTTP/1.1" 200 2959 "http://www.golz.in/detail/5247171.shtm?path=//etc" "Mozilla/5.0 AppleWebKit/537.36 (KHTML, like Gecko; compatible; GPTBot/1.3; +https://openai.com/gptbot)" 517 **0/517157**
74.7.227.169 - - [16/Mar/2026:09:24:37 -0700] "GET /detail/8787383.shtm?path=//home HTTP/1.1" 200 2531 "http://www.golz.in/detail/8787383.shtm?path=/" "Mozilla/5.0 AppleWebKit/537.36 (KHTML, like Gecko; compatible; GPTBot/1.3; +https://openai.com/gptbot)" 539 **0/539200**
74.7.227.169 - - [16/Mar/2026:09:24:40 -0700] "GET /detail/5247171.shtm?path=//home HTTP/1.1" 200 2531 "http://www.golz.in/detail/5247171.shtm?path=/" "Mozilla/5.0 AppleWebKit/537.36 (KHTML, like Gecko; compatible; GPTBot/1.3; +https://openai.com/gptbot)" 509 **0/509666**
114.119.130.26 - - [16/Mar/2026:09:24:42 -0700] "GET /detail/2715702692.shtm HTTP/1.1" 200 4098 "http://www.golz.in/sitemap.xml" "Mozilla/5.0 (Linux; Android 7.0;) AppleWebKit/537.36 (KHTML, like Gecko) Mobile Safari/537.36 (compatible; PetalBot;+https://webmaster.petalsearch.com/site/petalbot)" 571 **0/571881**
66.249.66.15 - - [16/Mar/2026:09:24:41 -0700] "GET /?detail/953971868 HTTP/1.1" 200 21416 "-" "Mozilla/5.0 (Linux; Android 6.0.1; Nexus 5X Build/MMB29P) AppleWebKit/537.36 (KHTML, like Gecko) Chrome/145.0.7632.116 Mobile Safari/537.36 (compatible; Googlebot/2.1; +http://www.google.com/bot.html)" 1800 **1/1800189**
74.7.227.169 - - [16/Mar/2026:09:24:44 -0700] "GET /detail/5247171.shtm?fileloc=//bin/od&path=//bin HTTP/1.1" 200 29944 "http://www.golz.in/detail/5247171.shtm?path=//bin" "Mozilla/5.0 AppleWebKit/537.36 (KHTML, like Gecko; compatible; GPTBot/1.3; +https://openai.com/gptbot)" 576 **0/576585**
74.7.227.169 - - [16/Mar/2026:09:24:47 -0700] "GET /detail/5247171.shtm?fileloc=//bin/ps&path=//bin HTTP/1.1" 200 42350 "http://www.golz.in/detail/5247171.shtm?path=//bin" "Mozilla/5.0 AppleWebKit/537.36 (KHTML, like Gecko; compatible; GPTBot/1.3; +https://openai.com/gptbot)" 646 **0/646908**
74.7.227.169 - - [16/Mar/2026:09:24:50 -0700] "GET /detail/5247171.shtm?fileloc=//bin/cp&path=//bin HTTP/1.1" 200 61928 "http://www.golz.in/detail/5247171.shtm?path=//bin" "Mozilla/5.0 AppleWebKit/537.36 (KHTML, like Gecko; compatible; GPTBot/1.3; +https://openai.com/gptbot)" 660 **0/660997**
74.7.227.169 - - [16/Mar/2026:09:24:53 -0700] "GET /detail/5247171.shtm?fileloc=//bin/df&path=//bin HTTP/1.1" 200 39788 "http://www.golz.in/detail/5247171.shtm?path=//bin" "Mozilla/5.0 AppleWebKit/537.36 (KHTML, like Gecko; compatible; GPTBot/1.3; +https://openai.com/gptbot)" 536 **0/536048**
74.7.227.169 - - [16/Mar/2026:09:24:56 -0700] "GET /detail/8787383.shtm?fileloc=//bin/mysql&path=//bin HTTP/1.1" 200 787612 "http://www.golz.in/detail/8787383.shtm?path=//bin" "Mozilla/5.0 AppleWebKit/537.36 (KHTML, like Gecko; compatible; GPTBot/1.3; +https://openai.com/gptbot)" 1461 **1/1461618**
74.7.227.169 - - [16/Mar/2026:09:25:09 -0700] "GET /detail/8787383.shtm?fileloc=//bin/users&path=//bin HTTP/1.1" 200 15369 "http://www.golz.in/detail/8787383.shtm?path=//bin" "Mozilla/5.0 AppleWebKit/537.36 (KHTML, like Gecko; compatible; GPTBot/1.3; +https://openai.com/gptbot)" 585 **0/585193**
74.7.227.169 - - [16/Mar/2026:09:25:12 -0700] "GET /detail/8787383.shtm?fileloc=//bin/pgrep&path=//bin HTTP/1.1" 200 12211 "http://www.golz.in/detail/8787383.shtm?path=//bin" "Mozilla/5.0 AppleWebKit/537.36 (KHTML, like Gecko; compatible; GPTBot/1.3; +https://openai.com/gptbot)" 597 **0/597735**
216.73.216.210 - - [16/Mar/2026:09:25:12 -0700] "GET /detail/4163750565.shtm?fileloc=%2Fhome%2Fdpknvn09897v%2Fpublic_html%2Fwp-includes%2Ffeed.php&path=%2Fhome%2Fdpknvn09897v%2Fpublic_html%2Fwp-includes HTTP/1.1" 200 8132 "-" "Mozilla/5.0 AppleWebKit/537.36 (KHTML, like Gecko; compatible; ClaudeBot/1.0; +claudebot@anthropic.com)" 533 **0/533863**
74.7.227.169 - - [16/Mar/2026:09:25:15 -0700] "GET /detail/5247171.shtm?fileloc=//bin/chcon&path=//bin HTTP/1.1" 200 29535 "http://www.golz.in/detail/5247171.shtm?path=//bin" "Mozilla/5.0 AppleWebKit/537.36 (KHTML, like Gecko; compatible; GPTBot/1.3; +https://openai.com/gptbot)" 548 **0/548874**
216.73.216.210 - - [16/Mar/2026:09:25:15 -0700] "GET /detail/3048635013.shtm?fileloc=%2Fhome%2Fdpknvn09897v%2Fpublic_html%2Fwp-includes%2Fclass-wp-http-response.php&path=%2Fhome%2Fdpknvn09897v%2Fpublic_html%2Fwp-includes HTTP/1.1" 200 3142 "-" "Mozilla/5.0 AppleWebKit/537.36 (KHTML, like Gecko; compatible; ClaudeBot/1.0; +claudebot@anthropic.com)" 520 **0/520139**
74.7.227.169 - - [16/Mar/2026:09:25:18 -0700] "GET /detail/8787383.shtm?fileloc=//bin/gmake&path=//bin HTTP/1.1" 200 100387 "http://www.golz.in/detail/8787383.shtm?path=//bin" "Mozilla/5.0 AppleWebKit/537.36 (KHTML, like Gecko; compatible; GPTBot/1.3; +https://openai.com/gptbot)" 559 **0/559526**
216.73.216.210 - - [16/Mar/2026:09:25:18 -0700] "GET /detail/1581037676.shtm?fileloc=%2Fhome%2Fdpknvn09897v%2Fpublic_html%2Fwp-includes%2Fcss%2Fmedia-views.min.css&path=%2Fhome%2Fdpknvn09897v%2Fpublic_html%2Fwp-includes%2Fcss HTTP/1.1" 200 10502 "-" "Mozilla/5.0 AppleWebKit/537.36 (KHTML, like Gecko; compatible; ClaudeBot/1.0; +claudebot@anthropic.com)" 547 **0/547464**
74.7.227.169 - - [16/Mar/2026:09:25:21 -0700] "GET /detail/8787383.shtm?fileloc=//bin/xmlwf&path=//bin HTTP/1.1" 200 14402 "http://www.golz.in/detail/8787383.shtm?path=//bin" "Mozilla/5.0 AppleWebKit/537.36 (KHTML, like Gecko; compatible; GPTBot/1.3; +https://openai.com/gptbot)" 503 **0/503992**
216.73.216.210 - - [16/Mar/2026:09:25:21 -0700] "GET /detail/783353745.shtm?path=%2F%2Fproc%2Fbus HTTP/1.1" 200 2572 "-" "Mozilla/5.0 AppleWebKit/537.36 (KHTML, like Gecko; compatible; ClaudeBot/1.0; +claudebot@anthropic.com)" 510 **0/510562**
216.73.216.210 - - [16/Mar/2026:09:25:24 -0700] "GET /detail/4128106262.shtm?fileloc=%2Fhome%2Fdpknvn09897v%2Fpublic_html%2Fwp-includes%2Ftheme.php&path=%2Fhome%2Fdpknvn09897v%2Fpublic_html%2Fwp-includes HTTP/1.1" 200 31974 "-" "Mozilla/5.0 AppleWebKit/537.36 (KHTML, like Gecko; compatible; ClaudeBot/1.0; +claudebot@anthropic.com)" 518 **0/518373**
74.7.227.169 - - [16/Mar/2026:09:25:24 -0700] "GET /detail/5247171.shtm?fileloc=//bin/mandb&path=//bin HTTP/1.1" 200 48288 "http://www.golz.in/detail/5247171.shtm?path=//bin" "Mozilla/5.0 AppleWebKit/537.36 (KHTML, like Gecko; compatible; GPTBot/1.3; +https://openai.com/gptbot)" 600 **0/600134**
216.73.216.210 - - [16/Mar/2026:09:25:27 -0700] "GET /detail/1535633.shtm?path=%2F%2Frun%2Fdbus HTTP/1.1" 200 2305 "-" "Mozilla/5.0 AppleWebKit/537.36 (KHTML, like Gecko; compatible; ClaudeBot/1.0; +claudebot@anthropic.com)" 504 **0/504418**
74.7.227.169 - - [16/Mar/2026:09:25:27 -0700] "GET /detail/79877902.shtm?path=//run HTTP/1.1" 200 2837 "http://www.golz.in/detail/79877902.shtm?path=/" "Mozilla/5.0 AppleWebKit/537.36 (KHTML, like Gecko; compatible; GPTBot/1.3; +https://openai.com/gptbot)" 506 **0/506064**
216.73.216.210 - - [16/Mar/2026:09:25:30 -0700] "GET /detail/529445352.shtm?path=%2Fhome%2Fdpknvn09897v%2Fpublic_html%2Fgolz.in%2Fwp-includes%2Fabilities-api HTTP/1.1" 200 2746 "-" "Mozilla/5.0 AppleWebKit/537.36 (KHTML, like Gecko; compatible; ClaudeBot/1.0; +claudebot@anthropic.com)" 503 **0/503550**
74.7.227.169 - - [16/Mar/2026:09:25:30 -0700] "GET /detail/5247171.shtm?fileloc=//bin/m4&path=//bin HTTP/1.1" 200 70447 "http://www.golz.in/detail/5247171.shtm?path=//bin" "Mozilla/5.0 AppleWebKit/537.36 (KHTML, like Gecko; compatible; GPTBot/1.3; +https://openai.com/gptbot)" 537 **0/537380**
216.73.216.210 - - [16/Mar/2026:09:25:33 -0700] "GET /detail/4163750565.shtm?fileloc=%2F%2Fbin%2Fbashbug-64&path=%2F%2Fbin HTTP/1.1" 200 5469 "-" "Mozilla/5.0 AppleWebKit/537.36 (KHTML, like Gecko; compatible; ClaudeBot/1.0; +claudebot@anthropic.com)" 495 **0/495194**
74.7.227.169 - - [16/Mar/2026:09:25:34 -0700] "GET /detail/79877902.shtm?path=//usr HTTP/1.1" 200 2762 "http://www.golz.in/detail/79877902.shtm?path=/" "Mozilla/5.0 AppleWebKit/537.36 (KHTML, like Gecko; compatible; GPTBot/1.3; +https://openai.com/gptbot)" 521 **0/521553**
216.73.216.210 - - [16/Mar/2026:09:25:36 -0700] "GET /detail/783353745.shtm?path=%2F%2Fopt HTTP/1.1" 200 2784 "-" "Mozilla/5.0 AppleWebKit/537.36 (KHTML, like Gecko; compatible; ClaudeBot/1.0; +claudebot@anthropic.com)" 509 **0/509622**
74.7.227.169 - - [16/Mar/2026:09:25:37 -0700] "GET /detail/79877902.shtm?path=//var HTTP/1.1" 200 2879 "http://www.golz.in/detail/79877902.shtm?path=/" "Mozilla/5.0 AppleWebKit/537.36 (KHTML, like Gecko; compatible; GPTBot/1.3; +https://openai.com/gptbot)" 497 **0/497092**
114.119.148.242 - - [16/Mar/2026:09:25:38 -0700] "GET /detail/2714490609.shtm HTTP/1.1" 200 4098 "http://www.golz.in/sitemap.xml" "Mozilla/5.0 (Linux; Android 7.0;) AppleWebKit/537.36 (KHTML, like Gecko) Mobile Safari/537.36 (compatible; PetalBot;+https://webmaster.petalsearch.com/site/petalbot)" 507 **0/507806**
74.7.227.169 - - [16/Mar/2026:09:25:40 -0700] "GET /detail/79877902.shtm?path=//tmp HTTP/1.1" 200 2526 "http://www.golz.in/detail/79877902.shtm?path=/" "Mozilla/5.0 AppleWebKit/537.36 (KHTML, like Gecko; compatible; GPTBot/1.3; +https://openai.com/gptbot)" 509 **0/509751**
74.7.227.169 - - [16/Mar/2026:09:25:43 -0700] "GET /detail/79877902.shtm?path=//opt HTTP/1.1" 200 2784 "http://www.golz.in/detail/79877902.shtm?path=/" "Mozilla/5.0 AppleWebKit/537.36 (KHTML, like Gecko; compatible; GPTBot/1.3; +https://openai.com/gptbot)" 515 **0/515911**
74.7.227.169 - - [16/Mar/2026:09:25:46 -0700] "GET /detail/79877902.shtm?path=//bin HTTP/1.1" 200 14505 "http://www.golz.in/detail/79877902.shtm?path=/" "Mozilla/5.0 AppleWebKit/537.36 (KHTML, like Gecko; compatible; GPTBot/1.3; +https://openai.com/gptbot)" 550 **0/550044**
74.7.227.169 - - [16/Mar/2026:09:25:49 -0700] "GET /detail/79877902.shtm?path=//etc HTTP/1.1" 200 4623 "http://www.golz.in/detail/79877902.shtm?path=/" "Mozilla/5.0 AppleWebKit/537.36 (KHTML, like Gecko; compatible; GPTBot/1.3; +https://openai.com/gptbot)" 511 **0/511780**
74.7.227.169 - - [16/Mar/2026:09:25:52 -0700] "GET /detail/79877902.shtm?path=//lib HTTP/1.1" 200 3559 "http://www.golz.in/detail/79877902.shtm?path=/" "Mozilla/5.0 AppleWebKit/537.36 (KHTML, like Gecko; compatible; GPTBot/1.3; +https://openai.com/gptbot)" 511 **0/511297**
74.7.227.169 - - [16/Mar/2026:09:25:56 -0700] "GET /detail/9999482.shtm?path=//home HTTP/1.1" 200 2531 "http://www.golz.in/detail/9999482.shtm?path=/" "Mozilla/5.0 AppleWebKit/537.36 (KHTML, like Gecko; compatible; GPTBot/1.3; +https://openai.com/gptbot)" 509 **0/509461**
74.7.227.169 - - [16/Mar/2026:09:25:59 -0700] "GET /detail/8787383.shtm?fileloc=//bin/at&path=//bin HTTP/1.1" 200 2875 "http://www.golz.in/detail/8787383.shtm?path=//bin" "Mozilla/5.0 AppleWebKit/537.36 (KHTML, like Gecko; compatible; GPTBot/1.3; +https://openai.com/gptbot)" 493 **0/493185**
74.7.227.169 - - [16/Mar/2026:09:26:02 -0700] "GET /detail/8787383.shtm?fileloc=//bin/ln&path=//bin HTTP/1.1" 200 30393 "http://www.golz.in/detail/8787383.shtm?path=//bin" "Mozilla/5.0 AppleWebKit/537.36 (KHTML, like Gecko; compatible; GPTBot/1.3; +https://openai.com/gptbot)" 550 **0/550349**
74.7.227.169 - - [16/Mar/2026:09:26:05 -0700] "GET /detail/8787383.shtm?fileloc=//bin/nl&path=//bin HTTP/1.1" 200 18499 "http://www.golz.in/detail/8787383.shtm?path=//bin" "Mozilla/5.0 AppleWebKit/537.36 (KHTML, like Gecko; compatible; GPTBot/1.3; +https://openai.com/gptbot)" 521 **0/521517**
66.249.66.41 - - [16/Mar/2026:09:26:05 -0700] "GET /?detail/838424422 HTTP/1.1" 200 21955 "-" "Mozilla/5.0 (Linux; Android 6.0.1; Nexus 5X Build/MMB29P) AppleWebKit/537.36 (KHTML, like Gecko) Chrome/145.0.7632.116 Mobile Safari/537.36 (compatible; Googlebot/2.1; +http://www.google.com/bot.html)" 1821 **1/1821347**
74.7.227.169 - - [16/Mar/2026:09:26:08 -0700] "GET /detail/5247171.shtm?path=//run/dbus HTTP/1.1" 200 2305 "http://www.golz.in/detail/5247171.shtm?path=//run" "Mozilla/5.0 AppleWebKit/537.36 (KHTML, like Gecko; compatible; GPTBot/1.3; +https://openai.com/gptbot)" 507 **0/507661**
74.7.227.169 - - [16/Mar/2026:09:26:11 -0700] "GET /detail/79877902.shtm?path=//var/www HTTP/1.1" 200 2572 "http://www.golz.in/detail/79877902.shtm?path=//var" "Mozilla/5.0 AppleWebKit/537.36 (KHTML, like Gecko; compatible; GPTBot/1.3; +https://openai.com/gptbot)" 500 **0/500521**
74.7.227.169 - - [16/Mar/2026:09:26:14 -0700] "GET /detail/79877902.shtm?path=//var/php HTTP/1.1" 200 2545 "http://www.golz.in/detail/79877902.shtm?path=//var" "Mozilla/5.0 AppleWebKit/537.36 (KHTML, like Gecko; compatible; GPTBot/1.3; +https://openai.com/gptbot)" 502 **0/502754**
74.7.227.169 - - [16/Mar/2026:09:26:18 -0700] "GET /detail/5247171.shtm?path=//lib/grub HTTP/1.1" 200 2548 "http://www.golz.in/detail/5247171.shtm?path=//lib" "Mozilla/5.0 AppleWebKit/537.36 (KHTML, like Gecko; compatible; GPTBot/1.3; +https://openai.com/gptbot)" 528 **0/528566**
74.7.227.169 - - [16/Mar/2026:09:26:21 -0700] "GET /detail/79877902.shtm?fileloc=//bin/reset&path=//bin HTTP/1.1" 200 11637 "http://www.golz.in/detail/79877902.shtm?path=//bin" "Mozilla/5.0 AppleWebKit/537.36 (KHTML, like Gecko; compatible; GPTBot/1.3; +https://openai.com/gptbot)" 510 **0/510052**
74.7.227.169 - - [16/Mar/2026:09:26:24 -0700] "GET /detail/79877902.shtm?fileloc=//bin/unlink&path=//bin HTTP/1.1" 200 14486 "http://www.golz.in/detail/79877902.shtm?path=//bin" "Mozilla/5.0 AppleWebKit/537.36 (KHTML, like Gecko; compatible; GPTBot/1.3; +https://openai.com/gptbot)" 500 **0/500460**
74.7.227.169 - - [16/Mar/2026:09:26:27 -0700] "GET /detail/79877902.shtm?path=//lib/environment.d HTTP/1.1" 200 2565 "http://www.golz.in/detail/79877902.shtm?path=//lib" "Mozilla/5.0 AppleWebKit/537.36 (KHTML, like Gecko; compatible; GPTBot/1.3; +https://openai.com/gptbot)" 490 **0/490655**
74.7.227.169 - - [16/Mar/2026:09:26:31 -0700] "GET /detail/79877902.shtm?path=//etc/environment-modules HTTP/1.1" 200 2641 "http://www.golz.in/detail/79877902.shtm?path=//etc" "Mozilla/5.0 AppleWebKit/537.36 (KHTML, like Gecko; compatible; GPTBot/1.3; +https://openai.com/gptbot)" 503 **0/503613**
74.7.227.169 - - [16/Mar/2026:09:26:34 -0700] "GET /detail/79877902.shtm?fileloc=//bin/renew-dummy-cert&path=//bin HTTP/1.1" 200 2663 "http://www.golz.in/detail/79877902.shtm?path=//bin" "Mozilla/5.0 AppleWebKit/537.36 (KHTML, like Gecko; compatible; GPTBot/1.3; +https://openai.com/gptbot)" 510 **0/510587**
74.7.227.169 - - [16/Mar/2026:09:26:37 -0700] "GET /detail/79877902.shtm?path=//lib/.build-id HTTP/1.1" 200 4594 "http://www.golz.in/detail/79877902.shtm?path=//lib" "Mozilla/5.0 AppleWebKit/537.36 (KHTML, like Gecko; compatible; GPTBot/1.3; +https://openai.com/gptbot)" 517 **0/517060**
74.7.227.169 - - [16/Mar/2026:09:26:40 -0700] "GET /detail/79877902.shtm?fileloc=//bin/pango-list&path=//bin HTTP/1.1" 200 5707 "http://www.golz.in/detail/79877902.shtm?path=//bin" "Mozilla/5.0 AppleWebKit/537.36 (KHTML, like Gecko; compatible; GPTBot/1.3; +https://openai.com/gptbot)" 519 **0/519832**
74.7.227.169 - - [16/Mar/2026:09:26:43 -0700] "GET /detail/79877902.shtm?fileloc=//bin/vi&path=//bin HTTP/1.1" 200 485658 "http://www.golz.in/detail/79877902.shtm?path=//bin" "Mozilla/5.0 AppleWebKit/537.36 (KHTML, like Gecko; compatible; GPTBot/1.3; +https://openai.com/gptbot)" 812 **0/812601**
66.249.66.195 - - [16/Mar/2026:09:26:43 -0700] "GET /?detail/578296479 HTTP/1.1" 200 22099 "-" "Mozilla/5.0 (Linux; Android 6.0.1; Nexus 5X Build/MMB29P) AppleWebKit/537.36 (KHTML, like Gecko) Chrome/145.0.7632.116 Mobile Safari/537.36 (compatible; Googlebot/2.1; +http://www.google.com/bot.html)" 1801 **1/1801068**
74.7.227.169 - - [16/Mar/2026:09:26:46 -0700] "GET /detail/79877902.shtm?fileloc=//bin/ps&path=//bin HTTP/1.1" 200 42350 "http://www.golz.in/detail/79877902.shtm?path=//bin" "Mozilla/5.0 AppleWebKit/537.36 (KHTML, like Gecko; compatible; GPTBot/1.3; +https://openai.com/gptbot)" 537 **0/537581**
74.7.227.169 - - [16/Mar/2026:09:26:49 -0700] "GET /detail/79877902.shtm?fileloc=//bin/od&path=//bin HTTP/1.1" 200 29944 "http://www.golz.in/detail/79877902.shtm?path=//bin" "Mozilla/5.0 AppleWebKit/537.36 (KHTML, like Gecko; compatible; GPTBot/1.3; +https://openai.com/gptbot)" 512 **0/512034**
74.7.227.169 - - [16/Mar/2026:09:26:53 -0700] "GET /detail/79877902.shtm?fileloc=//bin/df&path=//bin HTTP/1.1" 200 39788 "http://www.golz.in/detail/79877902.shtm?path=//bin" "Mozilla/5.0 AppleWebKit/537.36 (KHTML, like Gecko; compatible; GPTBot/1.3; +https://openai.com/gptbot)" 520 **0/520763**
74.7.227.169 - - [16/Mar/2026:09:26:56 -0700] "GET /detail/79877902.shtm?fileloc=//bin/cp&path=//bin HTTP/1.1" 200 61928 "http://www.golz.in/detail/79877902.shtm?path=//bin" "Mozilla/5.0 AppleWebKit/537.36 (KHTML, like Gecko; compatible; GPTBot/1.3; +https://openai.com/gptbot)" 540 **0/540494**
74.7.227.169 - - [16/Mar/2026:09:26:59 -0700] "GET /detail/5247171.shtm?path=//run/nscd HTTP/1.1" 200 2560 "http://www.golz.in/detail/5247171.shtm?path=//run" "Mozilla/5.0 AppleWebKit/537.36 (KHTML, like Gecko; compatible; GPTBot/1.3; +https://openai.com/gptbot)" 501 **0/501384**
74.7.227.169 - - [16/Mar/2026:09:27:02 -0700] "GET /detail/5247171.shtm?path=//proc/irq HTTP/1.1" 200 3464 "http://www.golz.in/detail/5247171.shtm?path=//proc" "Mozilla/5.0 AppleWebKit/537.36 (KHTML, like Gecko; compatible; GPTBot/1.3; +https://openai.com/gptbot)" 559 **0/559946**
74.7.227.169 - - [16/Mar/2026:09:27:05 -0700] "GET /detail/5247171.shtm?path=//usr/sbin HTTP/1.1" 200 3997 "http://www.golz.in/detail/5247171.shtm?path=//usr" "Mozilla/5.0 AppleWebKit/537.36 (KHTML, like Gecko; compatible; GPTBot/1.3; +https://openai.com/gptbot)" 512 **0/512609**
74.7.227.169 - - [16/Mar/2026:09:27:08 -0700] "GET /detail/5247171.shtm?path=//proc/sys HTTP/1.1" 200 2763 "http://www.golz.in/detail/5247171.shtm?path=//proc" "Mozilla/5.0 AppleWebKit/537.36 (KHTML, like Gecko; compatible; GPTBot/1.3; +https://openai.com/gptbot)" 495 **0/495492**
74.7.227.169 - - [16/Mar/2026:09:27:11 -0700] "GET /detail/79877902.shtm?path=//lib/.build-id/35 HTTP/1.1" 200 3157 "http://www.golz.in/detail/79877902.shtm?path=//lib/.build-id" "Mozilla/5.0 AppleWebKit/537.36 (KHTML, like Gecko; compatible; GPTBot/1.3; +https://openai.com/gptbot)" 523 **0/523098**
74.7.227.169 - - [16/Mar/2026:09:27:15 -0700] "GET /detail/79877902.shtm?path=//lib/.build-id/af HTTP/1.1" 200 3107 "http://www.golz.in/detail/79877902.shtm?path=//lib/.build-id" "Mozilla/5.0 AppleWebKit/537.36 (KHTML, like Gecko; compatible; GPTBot/1.3; +https://openai.com/gptbot)" 490 **0/490027**
74.7.227.169 - - [16/Mar/2026:09:27:18 -0700] "GET /detail/79877902.shtm?path=//lib/.build-id/ee HTTP/1.1" 200 3062 "http://www.golz.in/detail/79877902.shtm?path=//lib/.build-id" "Mozilla/5.0 AppleWebKit/537.36 (KHTML, like Gecko; compatible; GPTBot/1.3; +https://openai.com/gptbot)" 496 **0/496054**
74.7.227.169 - - [16/Mar/2026:09:27:21 -0700] "GET /detail/79877902.shtm?path=//lib/.build-id/74 HTTP/1.1" 200 3305 "http://www.golz.in/detail/79877902.shtm?path=//lib/.build-id" "Mozilla/5.0 AppleWebKit/537.36 (KHTML, like Gecko; compatible; GPTBot/1.3; +https://openai.com/gptbot)" 528 **0/528172**
74.7.227.169 - - [16/Mar/2026:09:27:24 -0700] "GET /detail/79877902.shtm?path=//lib/.build-id/da HTTP/1.1" 200 3067 "http://www.golz.in/detail/79877902.shtm?path=//lib/.build-id" "Mozilla/5.0 AppleWebKit/537.36 (KHTML, like Gecko; compatible; GPTBot/1.3; +https://openai.com/gptbot)" 493 **0/493092**
74.7.227.169 - - [16/Mar/2026:09:27:27 -0700] "GET /detail/79877902.shtm?path=//lib/.build-id/ad HTTP/1.1" 200 3155 "http://www.golz.in/detail/79877902.shtm?path=//lib/.build-id" "Mozilla/5.0 AppleWebKit/537.36 (KHTML, like Gecko; compatible; GPTBot/1.3; +https://openai.com/gptbot)" 501 **0/501401**
66.249.71.70 - - [16/Mar/2026:09:27:27 -0700] "GET /?detail/197700234 HTTP/1.1" 200 22700 "-" "Mozilla/5.0 (Linux; Android 6.0.1; Nexus 5X Build/MMB29P) AppleWebKit/537.36 (KHTML, like Gecko) Chrome/145.0.7632.116 Mobile Safari/537.36 (compatible; Googlebot/2.1; +http://www.google.com/bot.html)" 1789 **1/1789723**
74.7.227.169 - - [16/Mar/2026:09:27:30 -0700] "GET /detail/79877902.shtm?path=//lib/.build-id/de HTTP/1.1" 200 3057 "http://www.golz.in/detail/79877902.shtm?path=//lib/.build-id" "Mozilla/5.0 AppleWebKit/537.36 (KHTML, like Gecko; compatible; GPTBot/1.3; +https://openai.com/gptbot)" 531 **0/531520**
74.7.227.169 - - [16/Mar/2026:09:27:33 -0700] "GET /detail/79877902.shtm?path=//lib/.build-id/ab HTTP/1.1" 200 3262 "http://www.golz.in/detail/79877902.shtm?path=//lib/.build-id" "Mozilla/5.0 AppleWebKit/537.36 (KHTML, like Gecko; compatible; GPTBot/1.3; +https://openai.com/gptbot)" 507 **0/507494**
74.7.227.169 - - [16/Mar/2026:09:27:36 -0700] "GET /detail/5247171.shtm?fileloc=//proc/irq/default_smp_affinity&path=//proc/irq HTTP/1.1" 200 2271 "http://www.golz.in/detail/5247171.shtm?path=//proc/irq" "Mozilla/5.0 AppleWebKit/537.36 (KHTML, like Gecko; compatible; GPTBot/1.3; +https://openai.com/gptbot)" 496 **0/496304**
74.7.227.169 - - [16/Mar/2026:09:27:40 -0700] "GET /detail/5247171.shtm?fileloc=//usr/sbin/nsec3hash&path=//usr/sbin HTTP/1.1" 200 6459 "http://www.golz.in/detail/5247171.shtm?path=//usr/sbin" "Mozilla/5.0 AppleWebKit/537.36 (KHTML, like Gecko; compatible; GPTBot/1.3; +https://openai.com/gptbot)" 511 **0/511685**
74.7.227.169 - - [16/Mar/2026:09:27:43 -0700] "GET /detail/79877902.shtm?path=//lib/.build-id/ea HTTP/1.1" 200 3249 "http://www.golz.in/detail/79877902.shtm?path=//lib/.build-id" "Mozilla/5.0 AppleWebKit/537.36 (KHTML, like Gecko; compatible; GPTBot/1.3; +https://openai.com/gptbot)" 504 **0/504210**
114.119.158.216 - - [16/Mar/2026:09:27:43 -0700] "GET /detail/2696790197.shtm HTTP/1.1" 200 4098 "http://www.golz.in/sitemap.xml" "Mozilla/5.0 (Linux; Android 7.0;) AppleWebKit/537.36 (KHTML, like Gecko) Mobile Safari/537.36 (compatible; PetalBot;+https://webmaster.petalsearch.com/site/petalbot)" 501 **0/501249**
74.7.227.169 - - [16/Mar/2026:09:27:46 -0700] "GET /detail/79877902.shtm?path=//lib/.build-id/ba HTTP/1.1" 200 2915 "http://www.golz.in/detail/79877902.shtm?path=//lib/.build-id" "Mozilla/5.0 AppleWebKit/537.36 (KHTML, like Gecko; compatible; GPTBot/1.3; +https://openai.com/gptbot)" 492 **0/492188**
74.7.227.169 - - [16/Mar/2026:09:27:49 -0700] "GET /detail/79877902.shtm?path=//lib/.build-id/ed HTTP/1.1" 200 3117 "http://www.golz.in/detail/79877902.shtm?path=//lib/.build-id" "Mozilla/5.0 AppleWebKit/537.36 (KHTML, like Gecko; compatible; GPTBot/1.3; +https://openai.com/gptbot)" 496 **0/496103**
